[INFO] fetching crate solana-zk-token-sdk 3.1.14...
[INFO] testing solana-zk-token-sdk-3.1.14 against 1.99.0-beta.8+cargoflags=--release for beta-release-1.100-2
[INFO] extracting crate solana-zk-token-sdk 3.1.14 into /workspace/builds/worker-0-tc1/source
[INFO] started tweaking crates.io crate solana-zk-token-sdk 3.1.14
[INFO] finished tweaking crates.io crate solana-zk-token-sdk 3.1.14
[INFO] tweaked toml for crates.io crate solana-zk-token-sdk 3.1.14 written to /workspace/builds/worker-0-tc1/source/Cargo.toml
[INFO] validating manifest of crates.io crate solana-zk-token-sdk 3.1.14 on toolchain 1.99.0-beta.8
[INFO] running `Command { std: CARGO_HOME="/workspace/cargo-home" RUSTUP_HOME="/workspace/rustup-home" "/workspace/cargo-home/bin/cargo" "+1.99.0-beta.8" "metadata" "--manifest-path" "Cargo.toml" "--no-deps", kill_on_drop: false }`
[INFO] crate crates.io crate solana-zk-token-sdk 3.1.14 already has a lockfile, it will not be regenerated
[INFO] running `Command { std: CARGO_HOME="/workspace/cargo-home" RUSTUP_HOME="/workspace/rustup-home" "/workspace/cargo-home/bin/cargo" "+1.99.0-beta.8" "fetch" "--manifest-path" "Cargo.toml", kill_on_drop: false }`
[INFO] [stderr]  Downloading crates ...
[INFO] [stderr]   Downloaded solana-address v2.0.0
[INFO] [stderr]   Downloaded solana-hash v4.0.1
[INFO] [stderr]   Downloaded cpufeatures v0.2.7
[INFO] running `Command { std: "docker" "create" "-v" "/var/lib/crater-agent-workspace/builds/worker-0-tc1/source:/opt/rustwide/workdir:ro,Z" "-v" "/var/lib/crater-agent-workspace/builds/worker-0-tc1/target:/opt/rustwide/target:rw,Z" "-v" "/var/lib/crater-agent-workspace/cargo-home:/opt/rustwide/cargo-home:ro,Z" "-v" "/var/lib/crater-agent-workspace/rustup-home:/opt/rustwide/rustup-home:ro,Z" "-m" "1610612736" "--network" "none" "ghcr.io/rust-lang/crates-build-env/linux@sha256:77db811e55d90add9212f6832c23229e3de5f1c1f9905e8cb07319ea15df73ac" "sleep" "infinity", kill_on_drop: false }`
[INFO] [stdout] 69c07812b0f0fef515caa1bf1a522debc0f08447e0a512d80ccb87071a18446e
[INFO] running `Command { std: "docker" "start" "69c07812b0f0fef515caa1bf1a522debc0f08447e0a512d80ccb87071a18446e", kill_on_drop: false }`
[INFO] running `Command { std: "docker" "inspect" "69c07812b0f0fef515caa1bf1a522debc0f08447e0a512d80ccb87071a18446e", kill_on_drop: false }`
[INFO] running `Command { std: "docker" "exec" "-e" "SOURCE_DIR=/opt/rustwide/workdir" "-e" "CARGO_HOME=/opt/rustwide/cargo-home" "-e" "RUSTUP_HOME=/opt/rustwide/rustup-home" "-e" "CARGO_TARGET_DIR=/opt/rustwide/target" "-w" "/opt/rustwide/workdir" "--user" "0:0" "69c07812b0f0fef515caa1bf1a522debc0f08447e0a512d80ccb87071a18446e" "/opt/rustwide/cargo-home/bin/cargo" "+1.99.0-beta.8" "metadata" "--no-deps" "--format-version=1", kill_on_drop: false }`
[INFO] running `Command { std: "docker" "inspect" "69c07812b0f0fef515caa1bf1a522debc0f08447e0a512d80ccb87071a18446e", kill_on_drop: false }`
[INFO] running `Command { std: "docker" "exec" "-e" "SOURCE_DIR=/opt/rustwide/workdir" "-e" "CARGO_HOME=/opt/rustwide/cargo-home" "-e" "RUSTUP_HOME=/opt/rustwide/rustup-home" "-e" "CARGO_TARGET_DIR=/opt/rustwide/target" "-e" "CARGO_INCREMENTAL=0" "-e" "RUST_BACKTRACE=full" "-e" "RUSTFLAGS=--cap-lints=warn" "-e" "RUSTDOCFLAGS=--cap-lints=warn" "-w" "/opt/rustwide/workdir" "--user" "0:0" "69c07812b0f0fef515caa1bf1a522debc0f08447e0a512d80ccb87071a18446e" "/opt/rustwide/cargo-home/bin/cargo" "+1.99.0-beta.8" "build" "--frozen" "--message-format=json" "--release", kill_on_drop: false }`
[INFO] [stderr]    Compiling libc v0.2.177
[INFO] [stderr]    Compiling version_check v0.9.4
[INFO] [stderr]    Compiling typenum v1.15.0
[INFO] [stderr]    Compiling unicode-ident v1.0.14
[INFO] [stderr]    Compiling cpufeatures v0.2.7
[INFO] [stderr]    Compiling solana-program-error v3.0.0
[INFO] [stderr]    Compiling bytemuck v1.24.0
[INFO] [stderr]    Compiling solana-hash v4.0.1
[INFO] [stderr]    Compiling num-traits v0.2.19
[INFO] [stderr]    Compiling five8_const v1.0.0
[INFO] [stderr]    Compiling five8 v1.0.0
[INFO] [stderr]    Compiling ppv-lite86 v0.2.15
[INFO] [stderr]    Compiling opaque-debug v0.3.0
[INFO] [stderr]    Compiling derivation-path v0.2.0
[INFO] [stderr]    Compiling solana-signature v3.1.0
[INFO] [stderr]    Compiling either v1.11.0
[INFO] [stderr]    Compiling proc-macro2 v1.0.101
[INFO] [stderr]    Compiling itoa v1.0.9
[INFO] [stderr]    Compiling memchr v2.6.3
[INFO] [stderr]    Compiling solana-derivation-path v3.0.0
[INFO] [stderr]    Compiling generic-array v0.14.7
[INFO] [stderr]    Compiling itertools v0.12.1
[INFO] [stderr]    Compiling solana-seed-derivable v3.0.0
[INFO] [stderr]    Compiling quote v1.0.41
[INFO] [stderr]    Compiling syn v2.0.106
[INFO] [stderr]    Compiling serde_json v1.0.145
[INFO] [stderr]    Compiling solana-instruction-error v2.0.0
[INFO] [stderr]    Compiling solana-transaction-error v3.0.0
[INFO] [stderr]    Compiling getrandom v0.2.15
[INFO] [stderr]    Compiling rand_core v0.6.4
[INFO] [stderr]    Compiling rand_chacha v0.3.1
[INFO] [stderr]    Compiling rand v0.8.5
[INFO] [stderr]    Compiling crypto-common v0.1.6
[INFO] [stderr]    Compiling block-buffer v0.10.4
[INFO] [stderr]    Compiling inout v0.1.3
[INFO] [stderr]    Compiling cipher v0.4.4
[INFO] [stderr]    Compiling universal-hash v0.5.1
[INFO] [stderr]    Compiling aead v0.5.2
[INFO] [stderr]    Compiling digest v0.10.7
[INFO] [stderr]    Compiling polyval v0.6.2
[INFO] [stderr]    Compiling ctr v0.9.2
[INFO] [stderr]    Compiling aes v0.8.4
[INFO] [stderr]    Compiling sha2 v0.10.9
[INFO] [stderr]    Compiling hmac v0.12.1
[INFO] [stderr]    Compiling pbkdf2 v0.11.0
[INFO] [stderr]    Compiling sha3 v0.10.8
[INFO] [stderr]    Compiling solana-sha256-hasher v3.1.0
[INFO] [stderr]    Compiling solana-seed-phrase v3.0.0
[INFO] [stderr]    Compiling bytemuck_derive v1.10.2
[INFO] [stderr]    Compiling zeroize_derive v1.4.2
[INFO] [stderr]    Compiling serde_derive v1.0.228
[INFO] [stderr]    Compiling thiserror-impl v2.0.17
[INFO] [stderr]    Compiling curve25519-dalek-derive v0.1.1
[INFO] [stderr]    Compiling num-derive v0.4.2
[INFO] [stderr]    Compiling zeroize v1.8.2
[INFO] [stderr]    Compiling aes-gcm-siv v0.11.1
[INFO] [stderr]    Compiling merlin v3.0.0
[INFO] [stderr]    Compiling solana-address v2.0.0
[INFO] [stderr]    Compiling solana-address v1.1.0
[INFO] [stderr]    Compiling solana-pubkey v3.0.0
[INFO] [stderr]    Compiling solana-instruction v3.0.0
[INFO] [stderr]    Compiling solana-sdk-ids v3.0.0
[INFO] [stderr]    Compiling solana-signer v3.0.0
[INFO] [stderr]    Compiling thiserror v2.0.17
[INFO] [stderr]    Compiling serde v1.0.228
[INFO] [stderr]    Compiling curve25519-dalek v4.1.3
[INFO] [stderr]    Compiling bincode v1.3.3
[INFO] [stderr]    Compiling solana-curve25519 v3.1.14
[INFO] [stderr]    Compiling solana-zk-token-sdk v3.1.14 (/opt/rustwide/workdir)
[INFO] [stderr]     Finished `release` profile [optimized] target(s) in 33.79s
[INFO] running `Command { std: "docker" "inspect" "69c07812b0f0fef515caa1bf1a522debc0f08447e0a512d80ccb87071a18446e", kill_on_drop: false }`
[INFO] running `Command { std: "docker" "exec" "-e" "SOURCE_DIR=/opt/rustwide/workdir" "-e" "CARGO_HOME=/opt/rustwide/cargo-home" "-e" "RUSTUP_HOME=/opt/rustwide/rustup-home" "-e" "CARGO_TARGET_DIR=/opt/rustwide/target" "-e" "CARGO_INCREMENTAL=0" "-e" "RUST_BACKTRACE=full" "-e" "RUSTFLAGS=--cap-lints=warn" "-e" "RUSTDOCFLAGS=--cap-lints=warn" "-w" "/opt/rustwide/workdir" "--user" "0:0" "69c07812b0f0fef515caa1bf1a522debc0f08447e0a512d80ccb87071a18446e" "/opt/rustwide/cargo-home/bin/cargo" "+1.99.0-beta.8" "test" "--frozen" "--no-run" "--message-format=json" "--release", kill_on_drop: false }`
[INFO] [stderr]    Compiling tinyvec v1.6.0
[INFO] [stderr]    Compiling thiserror-impl v1.0.69
[INFO] [stderr]    Compiling zeroize v1.8.2
[INFO] [stderr]    Compiling pbkdf2 v0.12.2
[INFO] [stderr]    Compiling curve25519-dalek v4.1.3
[INFO] [stderr]    Compiling aes-gcm-siv v0.11.1
[INFO] [stderr]    Compiling merlin v3.0.0
[INFO] [stderr]    Compiling thiserror v1.0.69
[INFO] [stderr]    Compiling unicode-normalization v0.1.22
[INFO] [stderr]    Compiling ed25519-dalek v2.2.0
[INFO] [stderr]    Compiling solana-curve25519 v3.1.14
[INFO] [stderr]    Compiling tiny-bip39 v2.0.0
[INFO] [stderr]    Compiling solana-signature v3.1.0
[INFO] [stderr]    Compiling solana-signer v3.0.0
[INFO] [stderr]    Compiling solana-keypair v3.0.1
[INFO] [stderr]    Compiling solana-zk-token-sdk v3.1.14 (/opt/rustwide/workdir)
[INFO] [stderr]     Finished `release` profile [optimized] target(s) in 16.33s
[INFO] running `Command { std: "docker" "inspect" "69c07812b0f0fef515caa1bf1a522debc0f08447e0a512d80ccb87071a18446e", kill_on_drop: false }`
[INFO] running `Command { std: "docker" "exec" "-e" "SOURCE_DIR=/opt/rustwide/workdir" "-e" "CARGO_HOME=/opt/rustwide/cargo-home" "-e" "RUSTUP_HOME=/opt/rustwide/rustup-home" "-e" "CARGO_TARGET_DIR=/opt/rustwide/target" "-e" "CARGO_INCREMENTAL=0" "-e" "RUST_BACKTRACE=full" "-e" "RUSTFLAGS=--cap-lints=warn" "-e" "RUSTDOCFLAGS=--cap-lints=warn" "-w" "/opt/rustwide/workdir" "--user" "0:0" "69c07812b0f0fef515caa1bf1a522debc0f08447e0a512d80ccb87071a18446e" "/opt/rustwide/cargo-home/bin/cargo" "+1.99.0-beta.8" "test" "--frozen" "--release", kill_on_drop: false }`
[INFO] [stderr]     Finished `release` profile [optimized] target(s) in 0.11s
[INFO] [stderr]      Running unittests src/lib.rs (/opt/rustwide/target/release/deps/solana_zk_token_sdk-a18186fdf7260e7e)
[INFO] [stdout] 
[INFO] [stdout] running 84 tests
[INFO] [stdout] test encryption::auth_encryption::tests::test_aes_encrypt_decrypt_correctness ... ok
[INFO] [stdout] test encryption::auth_encryption::tests::test_aes_key_from_seed ... ok
[INFO] [stdout] test encryption::auth_encryption::tests::test_aes_key_from ... ok
[INFO] [stdout] test encryption::auth_encryption::tests::test_aes_key_try_from_error ... ok
[INFO] [stdout] test encryption::auth_encryption::tests::test_aes_key_try_from ... ok
[INFO] [stdout] test encryption::elgamal::tests::test_keypair_from_seed ... ok
[INFO] [stdout] test encryption::elgamal::tests::test_serde_ciphertext ... ok
[INFO] [stdout] test encryption::elgamal::tests::test_homomorphic_multiplication ... ok
[INFO] [stdout] test encryption::elgamal::tests::test_homomorphic_addition ... ok
[INFO] [stdout] test encryption::elgamal::tests::test_serde_pubkey ... ok
[INFO] [stdout] test encryption::elgamal::tests::test_secret_key_new_from_signer ... ok
[INFO] [stdout] test encryption::elgamal::tests::test_serde_decrypt_handle ... ok
[INFO] [stdout] test encryption::elgamal::tests::test_decrypt_handle_bytes ... ok
[INFO] [stdout] test encryption::pedersen::tests::test_pedersen_commitment_bytes ... ok
[INFO] [stdout] test encryption::elgamal::tests::test_serde_secretkey ... ok
[INFO] [stdout] test encryption::pedersen::tests::test_pedersen_homomorphic_multiplication ... ok
[INFO] [stdout] test encryption::pedersen::tests::test_pedersen_homomorphic_addition ... ok
[INFO] [stdout] test encryption::elgamal::tests::test_write_keypair_file_overwrite_ok ... FAILED
[INFO] [stdout] test encryption::elgamal::tests::test_keypair_from_seed_phrase_and_passphrase ... ok
[INFO] [stdout] test encryption::elgamal::tests::test_write_keypair_file ... FAILED
[INFO] [stdout] test encryption::pedersen::tests::test_serde_pedersen_commitment ... ok
[INFO] [stdout] test encryption::elgamal::tests::test_write_keypair_file_truncate ... FAILED
[INFO] [stdout] test encryption::pedersen::tests::test_pedersen_homomorphic_subtraction ... ok
[INFO] [stdout] test encryption::pedersen::tests::test_serde_pedersen_opening ... ok
[INFO] [stdout] test encryption::pedersen::tests::test_pedersen_opening_bytes ... ok
[INFO] [stdout] test instruction::batched_grouped_ciphertext_validity::handles_3::test::test_ciphertext_validity_proof_instruction_correctness ... ok
[INFO] [stdout] test encryption::auth_encryption::tests::test_aes_new ... ok
[INFO] [stdout] test encryption::elgamal::tests::test_decrypt_handle ... ok
[INFO] [stdout] test instruction::batched_grouped_ciphertext_validity::handles_2::test::test_ciphertext_validity_proof_instruction_correctness ... ok
[INFO] [stdout] test encryption::elgamal::tests::test_homomorphic_subtraction ... ok
[INFO] [stdout] test instruction::ciphertext_commitment_equality::test::test_ctxt_comm_equality_proof_correctness ... ok
[INFO] [stdout] test instruction::fee_sigma::test::test_fee_sigma_instruction_correctness ... ok
[INFO] [stdout] test instruction::grouped_ciphertext_validity::handles_2::test::test_ciphertext_validity_proof_instruction_correctness ... ok
[INFO] [stdout] test instruction::grouped_ciphertext_validity::handles_3::test::test_ciphertext_validity_proof_instruction_correctness ... ok
[INFO] [stdout] test instruction::transfer::test::test_split_u64 ... ok
[INFO] [stdout] test instruction::pubkey_validity::test::test_pubkey_validity_instruction_correctness ... ok
[INFO] [stdout] test instruction::ciphertext_ciphertext_equality::test::test_ciphertext_ciphertext_instruction_correctness ... ok
[INFO] [stdout] test instruction::transfer::test::test_combine_lo_hi_u64 ... ok
[INFO] [stdout] test instruction::zero_balance::test::test_zero_balance_proof_instruction_correctness ... ok
[INFO] [stdout] test range_proof::inner_product::tests::test_basic_correctness ... ok
[INFO] [stdout] test instruction::range_proof::test::test_range_proof_64_instruction_correctness ... ok
[INFO] [stdout] test range_proof::tests::test_single_rangeproof ... ok
[INFO] [stdout] test sigma_proofs::batched_grouped_ciphertext_validity_proof::handles_2::test::test_batched_grouped_ciphertext_validity_proof ... ok
[INFO] [stdout] test sigma_proofs::batched_grouped_ciphertext_validity_proof::handles_3::test::test_batched_grouped_ciphertext_validity_proof ... ok
[INFO] [stdout] test sigma_proofs::ciphertext_ciphertext_equality_proof::test::test_ciphertext_ciphertext_equality_proof_correctness ... ok
[INFO] [stdout] test sigma_proofs::ciphertext_commitment_equality_proof::test::test_ciphertext_commitment_equality_proof_correctness ... ok
[INFO] [stdout] test instruction::batched_range_proof::batched_range_proof_u64::test::test_batched_range_proof_u64_instruction_correctness ... ok
[INFO] [stdout] test sigma_proofs::ciphertext_commitment_equality_proof::test::test_ciphertext_commitment_equality_proof_edge_cases ... ok
[INFO] [stdout] test sigma_proofs::fee_proof::test::test_fee_above_max_proof ... ok
[INFO] [stdout] test sigma_proofs::fee_proof::test::test_fee_delta_is_zero ... ok
[INFO] [stdout] test sigma_proofs::fee_proof::test::test_fee_below_max_proof ... ok
[INFO] [stdout] test sigma_proofs::grouped_ciphertext_validity_proof::handles_2::test::test_grouped_ciphertext_validity_proof_edge_cases ... ok
[INFO] [stdout] test sigma_proofs::grouped_ciphertext_validity_proof::handles_2::test::test_grouped_ciphertext_validity_proof_correctness ... ok
[INFO] [stdout] test sigma_proofs::grouped_ciphertext_validity_proof::handles_3::test::test_grouped_ciphertext_3_handles_validity_proof_correctness ... ok
[INFO] [stdout] test sigma_proofs::grouped_ciphertext_validity_proof::handles_3::test::test_grouped_ciphertext_3_handles_validity_proof_edge_cases ... ok
[INFO] [stdout] test sigma_proofs::pubkey_proof::test::test_pubkey_proof_correctness ... ok
[INFO] [stdout] test sigma_proofs::zero_balance_proof::test::test_zero_balance_proof_correctness ... ok
[INFO] [stdout] test sigma_proofs::zero_balance_proof::test::test_zero_balance_proof_edge_cases ... ok
[INFO] [stdout] test range_proof::tests::test_aggregated_rangeproof ... ok
[INFO] [stdout] test zk_token_elgamal::convert::tests::test_pod_range_proof_128 ... ok
[INFO] [stdout] test zk_token_elgamal::ops::tests::test_add_to ... ok
[INFO] [stdout] test zk_token_elgamal::convert::tests::test_pod_range_proof_64 ... ok
[INFO] [stdout] test zk_token_elgamal::ops::tests::test_subtract_from ... ok
[INFO] [stdout] test zk_token_elgamal::ops::tests::test_zero_ct ... ok
[INFO] [stdout] test zk_token_elgamal::pod::auth_encryption::tests::ae_ciphertext_fromstr ... ok
[INFO] [stdout] test zk_token_elgamal::pod::elgamal::tests::elgamal_ciphertext_fromstr ... ok
[INFO] [stdout] test zk_token_elgamal::pod::elgamal::tests::elgamal_pubkey_fromstr ... ok
[INFO] [stdout] test instruction::withdraw::test::test_withdraw_correctness ... ok
[INFO] [stdout] test zk_token_elgamal::pod::grouped_elgamal::tests::test_2_handles_ciphertext_extraction ... ok
[INFO] [stdout] test zk_token_elgamal::pod::grouped_elgamal::tests::test_3_handles_ciphertext_extraction ... ok
[INFO] [stdout] test zk_token_elgamal::ops::tests::test_transfer_arithmetic ... ok
[INFO] [stdout] test encryption::elgamal::tests::test_encrypt_decrypt_correctness_multithreaded ... ok
[INFO] [stdout] test instruction::batched_range_proof::batched_range_proof_u256::test::test_batched_range_proof_256_instruction_correctness ... ok
[INFO] [stdout] test instruction::batched_range_proof::batched_range_proof_u128::test::test_batched_range_proof_u128_instruction_correctness ... ok
[INFO] [stdout] test encryption::grouped_elgamal::tests::test_grouped_elgamal_encrypt_decrypt_correctness ... ok
[INFO] [stdout] test encryption::elgamal::tests::test_encrypt_decrypt_correctness ... ok
[INFO] [stdout] test encryption::discrete_log::tests::test_decode_correctness ... ok
[INFO] [stdout] test instruction::transfer::without_fee::test::test_transfer_correctness ... ok
[INFO] [stdout] test encryption::discrete_log::tests::test_decode_correctness_threaded ... ok
[INFO] [stdout] test zk_token_elgamal::decryption::tests::test_pod_decryption ... ok
[INFO] [stdout] test instruction::transfer::with_fee::test::test_fee_correctness ... ok
[INFO] [stdout] test encryption::discrete_log::tests::test_serialize_decode_u32_precomputation_for_G ... ok
[INFO] [stdout] test encryption::grouped_elgamal::tests::test_grouped_ciphertext_bytes ... ok
[INFO] [stdout] test instruction::transfer::without_fee::test::test_source_dest_ciphertext ... ok
[INFO] [stdout] 
[INFO] [stdout] failures:
[INFO] [stdout] 
[INFO] [stdout] ---- encryption::elgamal::tests::test_write_keypair_file_overwrite_ok stdout ----
[INFO] [stdout] 
[INFO] [stdout] thread 'encryption::elgamal::tests::test_write_keypair_file_overwrite_ok' (1413) panicked at src/encryption/elgamal.rs:1080:14:
[INFO] [stdout] called `Result::unwrap()` on an `Err` value: Os { code: 30, kind: ReadOnlyFilesystem, message: "Read-only file system" }
[INFO] [stdout] stack backtrace:
[INFO] [stdout]    0:     0x642c29cd4c71 - <<std[70759c8f55707aa4]::sys::backtrace::BacktraceLock>::print::DisplayBacktrace as core[df12db4294e9bfd3]::fmt::Display>::fmt
[INFO] [stdout]    1:     0x642c29ce9bba - core[df12db4294e9bfd3]::fmt::write
[INFO] [stdout]    2:     0x642c29cd910c - <alloc[2182bb758b4b3781]::vec::Vec<u8> as core[df12db4294e9bfd3]::io::write::Write>::write_fmt
[INFO] [stdout]    3:     0x642c29cb0566 - std[70759c8f55707aa4]::panicking::default_hook::{closure#0}
[INFO] [stdout]    4:     0x642c29ccd159 - std[70759c8f55707aa4]::panicking::default_hook
[INFO] [stdout]    5:     0x642c29c3a740 - test[9d35eded1c95d3be]::test_main_inner::<test[9d35eded1c95d3be]::test_main_static::{closure#0}>::{closure#0}
[INFO] [stdout]    6:     0x642c29ccd312 - std[70759c8f55707aa4]::panicking::panic_with_hook
[INFO] [stdout]    7:     0x642c29cb0612 - std[70759c8f55707aa4]::panicking::panic_handler::{closure#0}
[INFO] [stdout]    8:     0x642c29ca9279 - std[70759c8f55707aa4]::sys::backtrace::__rust_end_short_backtrace::<std[70759c8f55707aa4]::panicking::panic_handler::{closure#0}, !>
[INFO] [stdout]    9:     0x642c29cb120d - __rustc[8fa7c3cbc660c2b3]::rust_begin_unwind
[INFO] [stdout]   10:     0x642c29cea2ec - core[df12db4294e9bfd3]::panicking::panic_fmt
[INFO] [stdout]   11:     0x642c29cea0c2 - core[df12db4294e9bfd3]::result::unwrap_failed
[INFO] [stdout]   12:     0x642c29c179e9 - solana_zk_token_sdk[7c1f01f3761e9e15]::encryption::elgamal::tests::test_write_keypair_file_overwrite_ok
[INFO] [stdout]   13:     0x642c29bd2fa9 - <solana_zk_token_sdk[7c1f01f3761e9e15]::encryption::elgamal::tests::test_write_keypair_file_overwrite_ok::{closure#0} as core[df12db4294e9bfd3]::ops::function::FnOnce<()>>::call_once
[INFO] [stdout]   14:     0x642c29c2da2b - test[9d35eded1c95d3be]::__rust_begin_short_backtrace::<core[df12db4294e9bfd3]::result::Result<(), alloc[2182bb758b4b3781]::string::String>, fn() -> core[df12db4294e9bfd3]::result::Result<(), alloc[2182bb758b4b3781]::string::String>>
[INFO] [stdout]   15:     0x642c29c3b095 - test[9d35eded1c95d3be]::run_test::{closure#0}
[INFO] [stdout]   16:     0x642c29c34954 - std[70759c8f55707aa4]::sys::backtrace::__rust_begin_short_backtrace::<test[9d35eded1c95d3be]::run_test::{closure#1}, ()>
[INFO] [stdout]   17:     0x642c29c3e1f2 - <std[70759c8f55707aa4]::thread::lifecycle::spawn_unchecked<test[9d35eded1c95d3be]::run_test::{closure#1}, ()>::{closure#1} as core[df12db4294e9bfd3]::ops::function::FnOnce<()>>::call_once::{shim:vtable#0}
[INFO] [stdout]   18:     0x642c29cd4519 - <std[70759c8f55707aa4]::sys::thread::unix::Thread>::new::thread_start
[INFO] [stdout]   19:     0x75eeba561dfa - <unknown>
[INFO] [stdout]   20:     0x75eeba5f53d4 - clone
[INFO] [stdout]   21:                0x0 - <unknown>
[INFO] [stdout] 
[INFO] [stdout] ---- encryption::elgamal::tests::test_write_keypair_file stdout ----
[INFO] [stdout] 
[INFO] [stdout] thread 'encryption::elgamal::tests::test_write_keypair_file' (1412) panicked at src/encryption/elgamal.rs:1046:14:
[INFO] [stdout] called `Result::unwrap()` on an `Err` value: Os { code: 30, kind: ReadOnlyFilesystem, message: "Read-only file system" }
[INFO] [stdout] stack backtrace:
[INFO] [stdout]    0:     0x642c29cd4c71 - <<std[70759c8f55707aa4]::sys::backtrace::BacktraceLock>::print::DisplayBacktrace as core[df12db4294e9bfd3]::fmt::Display>::fmt
[INFO] [stdout]    1:     0x642c29ce9bba - core[df12db4294e9bfd3]::fmt::write
[INFO] [stdout]    2:     0x642c29cd910c - <alloc[2182bb758b4b3781]::vec::Vec<u8> as core[df12db4294e9bfd3]::io::write::Write>::write_fmt
[INFO] [stdout]    3:     0x642c29cb0566 - std[70759c8f55707aa4]::panicking::default_hook::{closure#0}
[INFO] [stdout]    4:     0x642c29ccd159 - std[70759c8f55707aa4]::panicking::default_hook
[INFO] [stdout]    5:     0x642c29c3a740 - test[9d35eded1c95d3be]::test_main_inner::<test[9d35eded1c95d3be]::test_main_static::{closure#0}>::{closure#0}
[INFO] [stdout]    6:     0x642c29ccd312 - std[70759c8f55707aa4]::panicking::panic_with_hook
[INFO] [stdout]    7:     0x642c29cb0612 - std[70759c8f55707aa4]::panicking::panic_handler::{closure#0}
[INFO] [stdout]    8:     0x642c29ca9279 - std[70759c8f55707aa4]::sys::backtrace::__rust_end_short_backtrace::<std[70759c8f55707aa4]::panicking::panic_handler::{closure#0}, !>
[INFO] [stdout]    9:     0x642c29cb120d - __rustc[8fa7c3cbc660c2b3]::rust_begin_unwind
[INFO] [stdout]   10:     0x642c29cea2ec - core[df12db4294e9bfd3]::panicking::panic_fmt
[INFO] [stdout]   11:     0x642c29cea0c2 - core[df12db4294e9bfd3]::result::unwrap_failed
[INFO] [stdout]   12:     0x642c29c150d0 - solana_zk_token_sdk[7c1f01f3761e9e15]::encryption::elgamal::tests::test_write_keypair_file
[INFO] [stdout]   13:     0x642c29bd2e89 - <solana_zk_token_sdk[7c1f01f3761e9e15]::encryption::elgamal::tests::test_write_keypair_file::{closure#0} as core[df12db4294e9bfd3]::ops::function::FnOnce<()>>::call_once
[INFO] [stdout]   14:     0x642c29c2da2b - test[9d35eded1c95d3be]::__rust_begin_short_backtrace::<core[df12db4294e9bfd3]::result::Result<(), alloc[2182bb758b4b3781]::string::String>, fn() -> core[df12db4294e9bfd3]::result::Result<(), alloc[2182bb758b4b3781]::string::String>>
[INFO] [stdout]   15:     0x642c29c3b095 - test[9d35eded1c95d3be]::run_test::{closure#0}
[INFO] [stdout]   16:     0x642c29c34954 - std[70759c8f55707aa4]::sys::backtrace::__rust_begin_short_backtrace::<test[9d35eded1c95d3be]::run_test::{closure#1}, ()>
[INFO] [stdout]   17:     0x642c29c3e1f2 - <std[70759c8f55707aa4]::thread::lifecycle::spawn_unchecked<test[9d35eded1c95d3be]::run_test::{closure#1}, ()>::{closure#1} as core[df12db4294e9bfd3]::ops::function::FnOnce<()>>::call_once::{shim:vtable#0}
[INFO] [stdout]   18:     0x642c29cd4519 - <std[70759c8f55707aa4]::sys::thread::unix::Thread>::new::thread_start
[INFO] [stdout]   19:     0x75eeba561dfa - <unknown>
[INFO] [stdout]   20:     0x75eeba5f53d4 - clone
[INFO] [stdout]   21:                0x0 - <unknown>
[INFO] [stdout] 
[INFO] [stdout] ---- encryption::elgamal::tests::test_write_keypair_file_truncate stdout ----
[INFO] [stdout] 
[INFO] [stdout] thread 'encryption::elgamal::tests::test_write_keypair_file_truncate' (1414) panicked at src/encryption/elgamal.rs:1092:14:
[INFO] [stdout] called `Result::unwrap()` on an `Err` value: Os { code: 30, kind: ReadOnlyFilesystem, message: "Read-only file system" }
[INFO] [stdout] stack backtrace:
[INFO] [stdout]    0:     0x642c29cd4c71 - <<std[70759c8f55707aa4]::sys::backtrace::BacktraceLock>::print::DisplayBacktrace as core[df12db4294e9bfd3]::fmt::Display>::fmt
[INFO] [stdout]    1:     0x642c29ce9bba - core[df12db4294e9bfd3]::fmt::write
[INFO] [stdout]    2:     0x642c29cd910c - <alloc[2182bb758b4b3781]::vec::Vec<u8> as core[df12db4294e9bfd3]::io::write::Write>::write_fmt
[INFO] [stdout]    3:     0x642c29cb0566 - std[70759c8f55707aa4]::panicking::default_hook::{closure#0}
[INFO] [stdout]    4:     0x642c29ccd159 - std[70759c8f55707aa4]::panicking::default_hook
[INFO] [stdout]    5:     0x642c29c3a740 - test[9d35eded1c95d3be]::test_main_inner::<test[9d35eded1c95d3be]::test_main_static::{closure#0}>::{closure#0}
[INFO] [stdout]    6:     0x642c29ccd312 - std[70759c8f55707aa4]::panicking::panic_with_hook
[INFO] [stdout]    7:     0x642c29cb0612 - std[70759c8f55707aa4]::panicking::panic_handler::{closure#0}
[INFO] [stdout]    8:     0x642c29ca9279 - std[70759c8f55707aa4]::sys::backtrace::__rust_end_short_backtrace::<std[70759c8f55707aa4]::panicking::panic_handler::{closure#0}, !>
[INFO] [stdout]    9:     0x642c29cb120d - __rustc[8fa7c3cbc660c2b3]::rust_begin_unwind
[INFO] [stdout]   10:     0x642c29cea2ec - core[df12db4294e9bfd3]::panicking::panic_fmt
[INFO] [stdout]   11:     0x642c29cea0c2 - core[df12db4294e9bfd3]::result::unwrap_failed
[INFO] [stdout]   12:     0x642c29c17651 - solana_zk_token_sdk[7c1f01f3761e9e15]::encryption::elgamal::tests::test_write_keypair_file_truncate
[INFO] [stdout]   13:     0x642c29bd2f89 - <solana_zk_token_sdk[7c1f01f3761e9e15]::encryption::elgamal::tests::test_write_keypair_file_truncate::{closure#0} as core[df12db4294e9bfd3]::ops::function::FnOnce<()>>::call_once
[INFO] [stdout]   14:     0x642c29c2da2b - test[9d35eded1c95d3be]::__rust_begin_short_backtrace::<core[df12db4294e9bfd3]::result::Result<(), alloc[2182bb758b4b3781]::string::String>, fn() -> core[df12db4294e9bfd3]::result::Result<(), alloc[2182bb758b4b3781]::string::String>>
[INFO] [stdout]   15:     0x642c29c3b095 - test[9d35eded1c95d3be]::run_test::{closure#0}
[INFO] [stdout]   16:     0x642c29c34954 - std[70759c8f55707aa4]::sys::backtrace::__rust_begin_short_backtrace::<test[9d35eded1c95d3be]::run_test::{closure#1}, ()>
[INFO] [stdout]   17:     0x642c29c3e1f2 - <std[70759c8f55707aa4]::thread::lifecycle::spawn_unchecked<test[9d35eded1c95d3be]::run_test::{closure#1}, ()>::{closure#1} as core[df12db4294e9bfd3]::ops::function::FnOnce<()>>::call_once::{shim:vtable#0}
[INFO] [stdout]   18:     0x642c29cd4519 - <std[70759c8f55707aa4]::sys::thread::unix::Thread>::new::thread_start
[INFO] [stdout]   19:     0x75eeba561dfa - <unknown>
[INFO] [stdout]   20:     0x75eeba5f53d4 - clone
[INFO] [stdout]   21:                0x0 - <unknown>
[INFO] [stdout] 
[INFO] [stdout] 
[INFO] [stdout] failures:
[INFO] [stdout]     encryption::elgamal::tests::test_write_keypair_file
[INFO] [stdout]     encryption::elgamal::tests::test_write_keypair_file_overwrite_ok
[INFO] [stdout]     encryption::elgamal::tests::test_write_keypair_file_truncate
[INFO] [stdout] 
[INFO] [stdout] test result: FAILED. 81 passed; 3 failed; 0 ignored; 0 measured; 0 filtered out; finished in 2.19s
[INFO] [stdout] 
[INFO] [stderr] error: test failed, to rerun pass `--lib`
[INFO] running `Command { std: "docker" "inspect" "69c07812b0f0fef515caa1bf1a522debc0f08447e0a512d80ccb87071a18446e", kill_on_drop: false }`
[INFO] running `Command { std: "docker" "rm" "-f" "69c07812b0f0fef515caa1bf1a522debc0f08447e0a512d80ccb87071a18446e", kill_on_drop: false }`
[INFO] [stdout] 69c07812b0f0fef515caa1bf1a522debc0f08447e0a512d80ccb87071a18446e
