[INFO] fetching crate solana-secp256k1-schnorr 0.3.0...
[INFO] testing solana-secp256k1-schnorr-0.3.0 against 1.99.0-beta.8+cargoflags=--release for beta-release-1.100-2
[INFO] extracting crate solana-secp256k1-schnorr 0.3.0 into /workspace/builds/worker-0-tc1/source
[INFO] started tweaking crates.io crate solana-secp256k1-schnorr 0.3.0
[INFO] removed 0 missing tests
[INFO] finished tweaking crates.io crate solana-secp256k1-schnorr 0.3.0
[INFO] tweaked toml for crates.io crate solana-secp256k1-schnorr 0.3.0 written to /workspace/builds/worker-0-tc1/source/Cargo.toml
[INFO] validating manifest of crates.io crate solana-secp256k1-schnorr 0.3.0 on toolchain 1.99.0-beta.8
[INFO] running `Command { std: CARGO_HOME="/workspace/cargo-home" RUSTUP_HOME="/workspace/rustup-home" "/workspace/cargo-home/bin/cargo" "+1.99.0-beta.8" "metadata" "--manifest-path" "Cargo.toml" "--no-deps", kill_on_drop: false }`
[INFO] crate crates.io crate solana-secp256k1-schnorr 0.3.0 already has a lockfile, it will not be regenerated
[INFO] running `Command { std: CARGO_HOME="/workspace/cargo-home" RUSTUP_HOME="/workspace/rustup-home" "/workspace/cargo-home/bin/cargo" "+1.99.0-beta.8" "fetch" "--manifest-path" "Cargo.toml", kill_on_drop: false }`
[INFO] [stderr]     Blocking waiting for file lock on package cache
[INFO] [stderr]     Updating crates.io index
[INFO] [stderr]     Blocking waiting for file lock on package cache
[INFO] [stderr]  Downloading crates ...
[INFO] [stderr]   Downloaded cpubits v0.1.1
[INFO] [stderr]   Downloaded solana-nostd-sha256 v0.2.0
[INFO] [stderr]   Downloaded cmov v0.5.3
[INFO] [stderr]   Downloaded svm-unit-test v0.1.5
[INFO] [stderr]   Downloaded strsim v0.11.1
[INFO] [stderr]   Downloaded fnv v1.0.7
[INFO] [stderr]   Downloaded solana-define-syscall v4.0.1
[INFO] [stderr]   Downloaded digest v0.10.7
[INFO] [stderr]   Downloaded version_check v0.9.5
[INFO] [stderr]   Downloaded block-buffer v0.10.4
[INFO] [stderr]   Downloaded semver v1.0.28
[INFO] [stderr]   Downloaded getrandom v0.2.17
[INFO] [stderr]   Downloaded solana-sdk-ids v3.1.0
[INFO] [stderr]   Downloaded void v1.0.2
[INFO] [stderr]   Downloaded solana-sysvar-id v3.1.0
[INFO] [stderr]   Downloaded solana-sdk-macro v3.0.1
[INFO] [stderr]   Downloaded tap v1.0.1
[INFO] [stderr]   Downloaded ctutils v0.4.2
[INFO] [stderr]   Downloaded solana-instruction v3.4.0
[INFO] [stderr]   Downloaded solana-pubkey v4.2.0
[INFO] [stderr]   Downloaded solana-address v2.6.0
[INFO] [stderr]   Downloaded thiserror v2.0.18
[INFO] [stderr]   Downloaded solana-hash v4.3.0
[INFO] [stderr]   Downloaded solana-program-error v3.0.1
[INFO] [stderr]   Downloaded hash32 v0.3.1
[INFO] [stderr]   Downloaded pastey v0.2.2
[INFO] [stderr]   Downloaded solana-atomic-u64 v3.0.1
[INFO] [stderr]   Downloaded redox_syscall v0.5.18
[INFO] [stderr]   Downloaded zeroize v1.8.2
[INFO] [stderr]   Downloaded curve25519-dalek-derive v0.1.1
[INFO] [stderr]   Downloaded proc-macro-crate v3.5.0
[INFO] [stderr]   Downloaded pathdiff v0.2.3
[INFO] [stderr]   Downloaded radium v0.7.0
[INFO] [stderr]   Downloaded solana-nostd-keccak v0.2.0
[INFO] [stderr]   Downloaded darling_macro v0.21.3
[INFO] [stderr]   Downloaded scopeguard v1.2.0
[INFO] [stderr]   Downloaded five8_core v1.0.0
[INFO] [stderr]   Downloaded subtle v2.6.1
[INFO] [stderr]   Downloaded crypto-common v0.1.6
[INFO] [stderr]   Downloaded zeroize_derive v1.4.3
[INFO] [stderr]   Downloaded solana-define-syscall v5.1.0
[INFO] [stderr]   Downloaded rustc_version v0.4.1
[INFO] [stderr]   Downloaded cfg_aliases v0.2.1
[INFO] [stderr]   Downloaded solana-transaction-error v3.2.0
[INFO] [stderr]   Downloaded solana-rent v3.1.0
[INFO] [stderr]   Downloaded svm-unit-test-macros v0.1.5
[INFO] [stderr]   Downloaded wincode-derive v0.4.4
[INFO] [stderr]   Downloaded solana-sha256-hasher v3.1.0
[INFO] [stderr]   Downloaded five8 v1.0.0
[INFO] [stderr]   Downloaded bytemuck_derive v1.10.2
[INFO] [stderr]   Downloaded five8_const v1.0.0
[INFO] [stderr]   Downloaded solana-instruction-error v2.3.0
[INFO] [stderr]   Downloaded rand_chacha v0.3.1
[INFO] [stderr]   Downloaded base16ct v0.2.0
[INFO] [stderr]   Downloaded wyz v0.5.1
[INFO] [stderr]   Downloaded quote v1.0.45
[INFO] [stderr]   Downloaded ident_case v1.0.1
[INFO] [stderr]   Downloaded solana-sanitize v3.0.1
[INFO] [stderr]   Downloaded cpufeatures v0.2.17
[INFO] [stderr]   Downloaded borsh-derive v1.6.1
[INFO] [stderr]   Downloaded toml_parser v1.1.2+spec-1.1.0
[INFO] [stderr]   Downloaded byteorder v1.5.0
[INFO] [stderr]   Downloaded unreachable v1.0.0
[INFO] [stderr]   Downloaded thiserror-impl v2.0.18
[INFO] [stderr]   Downloaded lock_api v0.4.14
[INFO] [stderr]   Downloaded bytemuck v1.25.0
[INFO] [stderr]   Downloaded sha2 v0.10.9
[INFO] [stderr]   Downloaded generic-array v0.14.9
[INFO] [stderr]   Downloaded rand_core v0.6.4
[INFO] [stderr]   Downloaded toml_datetime v1.1.1+spec-1.1.0
[INFO] [stderr]   Downloaded once_cell v1.21.4
[INFO] [stderr]   Downloaded bincode v1.3.3
[INFO] [stderr]   Downloaded solana-transaction-context v4.0.0-rc.0
[INFO] [stderr]   Downloaded rustc-demangle v0.1.27
[INFO] [stderr]   Downloaded log v0.4.29
[INFO] [stderr]   Downloaded either v1.15.0
[INFO] [stderr]   Downloaded ascii v0.9.3
[INFO] [stderr]   Downloaded bs58 v0.5.1
[INFO] [stderr]   Downloaded unicode-ident v1.0.24
[INFO] [stderr]   Downloaded darling v0.21.3
[INFO] [stderr]   Downloaded parking_lot v0.12.5
[INFO] [stderr]   Downloaded parking_lot_core v0.9.12
[INFO] [stderr]   Downloaded bitflags v2.11.1
[INFO] [stderr]   Downloaded const-oid v0.9.6
[INFO] [stderr]   Downloaded proc-macro2 v1.0.106
[INFO] [stderr]   Downloaded darling_core v0.21.3
[INFO] [stderr]   Downloaded borsh v1.6.1
[INFO] [stderr]   Downloaded bytes v1.11.1
[INFO] [stderr]   Downloaded toml_edit v0.25.11+spec-1.1.0
[INFO] [stderr]   Downloaded memchr v2.8.0
[INFO] [stderr]   Downloaded indexmap v2.14.0
[INFO] [stderr]   Downloaded mollusk-svm v0.12.1-agave-4.0
[INFO] [stderr]   Downloaded zerocopy-derive v0.8.48
[INFO] [stderr]   Downloaded combine v3.8.1
[INFO] [stderr]   Downloaded solana-program-memory v3.1.0
[INFO] [stderr]   Downloaded feature-probe v0.1.1
[INFO] [stderr]   Downloaded solana-program-entrypoint v3.1.1
[INFO] [stderr]   Downloaded solana-clock v3.0.1
[INFO] [stderr]   Downloaded solana-svm-feature-set v4.0.0-rc.0
[INFO] [stderr]   Downloaded solana-svm-callback v4.0.0-rc.0
[INFO] [stderr]   Downloaded solana-precompile-error v3.0.0
[INFO] [stderr]   Downloaded rfc6979 v0.4.0
[INFO] [stderr]   Downloaded solana-poseidon v4.0.0
[INFO] [stderr]   Downloaded enum-ordinalize-derive v4.3.2
[INFO] [stderr]   Downloaded ark-serialize v0.5.0
[INFO] [stderr]   Downloaded ark-serialize-derive v0.5.0
[INFO] [stderr]   Downloaded ark-ff-asm v0.5.0
[INFO] [stderr]   Downloaded ark-bn254 v0.5.0
[INFO] [stderr]   Downloaded syn v2.0.117
[INFO] [stderr]   Downloaded wincode v0.5.3
[INFO] [stderr]   Downloaded typenum v1.20.0
[INFO] [stderr]   Downloaded curve25519-dalek v4.1.3
[INFO] [stderr]   Downloaded winnow v1.0.2
[INFO] [stderr]   Downloaded hashbrown v0.17.0
[INFO] [stderr]   Downloaded solana-sbpf v0.14.4
[INFO] [stderr]   Downloaded rand v0.8.6
[INFO] [stderr]   Downloaded zerocopy v0.8.48
[INFO] [stderr]   Downloaded solana-account-info v3.1.1
[INFO] [stderr]   Downloaded solana-account v3.4.0
[INFO] [stderr]   Downloaded solana-sysvar v3.1.1
[INFO] [stderr]   Downloaded solana-slot-history v3.0.0
[INFO] [stderr]   Downloaded bv v0.11.1
[INFO] [stderr]   Downloaded solana-slot-hashes v3.0.1
[INFO] [stderr]   Downloaded solana-last-restart-slot v3.0.0
[INFO] [stderr]   Downloaded solana-fee-calculator v3.2.0
[INFO] [stderr]   Downloaded solana-epoch-schedule v3.1.0
[INFO] [stderr]   Downloaded solana-epoch-rewards v3.0.1
[INFO] [stderr]   Downloaded serde_bytes v0.11.19
[INFO] [stderr]   Downloaded qualifier_attr v0.2.2
[INFO] [stderr]   Downloaded solana-system-interface v3.2.0
[INFO] [stderr]   Downloaded solana-msg v3.1.0
[INFO] [stderr]   Downloaded solana-stake-interface v2.0.2
[INFO] [stderr]   Downloaded solana-system-interface v2.0.0
[INFO] [stderr]   Downloaded funty v2.0.0
[INFO] [stderr]   Downloaded ark-ff-macros v0.5.0
[INFO] [stderr]   Downloaded solana-svm-type-overrides v4.0.0-rc.0
[INFO] [stderr]   Downloaded solana-stable-layout v3.0.1
[INFO] [stderr]   Downloaded ed25519 v2.2.3
[INFO] [stderr]   Downloaded solana-cpi v3.1.0
[INFO] [stderr]   Downloaded solana-address v1.1.0
[INFO] [stderr]   Downloaded solana-system-program v4.0.0-rc.0
[INFO] [stderr]   Downloaded signature v2.2.0
[INFO] [stderr]   Downloaded pkcs8 v0.10.2
[INFO] [stderr]   Downloaded enum-iterator-derive v1.5.0
[INFO] [stderr]   Downloaded solana-loader-v3-interface v6.1.1
[INFO] [stderr]   Downloaded thiserror v1.0.69
[INFO] [stderr]   Downloaded thiserror-impl v1.0.69
[INFO] [stderr]   Downloaded paste v1.0.15
[INFO] [stderr]   Downloaded enum-ordinalize v4.3.2
[INFO] [stderr]   Downloaded arrayvec v0.7.6
[INFO] [stderr]   Downloaded ark-std v0.5.0
[INFO] [stderr]   Downloaded ark-serialize v0.4.2
[INFO] [stderr]   Downloaded ark-ff-macros v0.4.2
[INFO] [stderr]   Downloaded ark-ff-asm v0.4.2
[INFO] [stderr]   Downloaded ark-bn254 v0.4.0
[INFO] [stderr]   Downloaded digest v0.9.0
[INFO] [stderr]   Downloaded fiat-crypto v0.2.9
[INFO] [stderr]   Downloaded solana-svm-transaction v4.0.0-rc.0
[INFO] [stderr]   Downloaded solana-signature v3.4.0
[INFO] [stderr]   Downloaded ed25519-dalek v2.2.0
[INFO] [stderr]   Downloaded der v0.7.10
[INFO] [stderr]   Downloaded base64ct v1.8.3
[INFO] [stderr]   Downloaded solana-message v3.1.0
[INFO] [stderr]   Downloaded solana-svm-timings v4.0.0-rc.0
[INFO] [stderr]   Downloaded enum-iterator v2.3.0
[INFO] [stderr]   Downloaded eager v0.1.0
[INFO] [stderr]   Downloaded num v0.2.1
[INFO] [stderr]   Downloaded num-rational v0.2.4
[INFO] [stderr]   Downloaded signal-hook-registry v1.4.8
[INFO] [stderr]   Downloaded errno v0.3.14
[INFO] [stderr]   Downloaded spki v0.7.3
[INFO] [stderr]   Downloaded solana-define-syscall v3.0.0
[INFO] [stderr]   Downloaded rand_hc v0.2.0
[INFO] [stderr]   Downloaded libsecp256k1-gen-genmult v0.2.1
[INFO] [stderr]   Downloaded wit-bindgen v0.57.1
[INFO] [stderr]   Downloaded percentage v0.1.0
[INFO] [stderr]   Downloaded solana-keccak-hasher v3.1.0
[INFO] [stderr]   Downloaded solana-blake3-hasher v3.1.0
[INFO] [stderr]   Downloaded opaque-debug v0.3.1
[INFO] [stderr]   Downloaded pairing v0.23.0
[INFO] [stderr]   Downloaded byte-slice-cast v1.2.3
[INFO] [stderr]   Downloaded solana-seed-phrase v3.0.0
[INFO] [stderr]   Downloaded solana-nonce v3.2.0
[INFO] [stderr]   Downloaded arrayref v0.3.9
[INFO] [stderr]   Downloaded solana-signer v3.0.0
[INFO] [stderr]   Downloaded solana-pubkey v3.0.0
[INFO] [stderr]   Downloaded rand v0.9.4
[INFO] [stderr]   Downloaded solana-hash v3.1.0
[INFO] [stderr]   Downloaded env_filter v1.0.1
[INFO] [stderr]   Downloaded rand_core v0.9.5
[INFO] [stderr]   Downloaded portable-atomic-util v0.2.7
[INFO] [stderr]   Downloaded is_terminal_polyfill v1.70.2
[INFO] [stderr]   Downloaded solana-big-mod-exp v3.0.0
[INFO] [stderr]   Downloaded block-buffer v0.9.0
[INFO] [stderr]   Downloaded rand_chacha v0.2.2
[INFO] [stderr]   Downloaded num_cpus v1.17.0
[INFO] [stderr]   Downloaded jiff-static v0.2.24
[INFO] [stderr]   Downloaded wasip2 v1.0.3+wasi-0.2.9
[INFO] [stderr]   Downloaded cpufeatures v0.3.0
[INFO] [stderr]   Downloaded libc v0.2.186
[INFO] [stderr]   Downloaded solana-svm-log-collector v4.0.0-rc.0
[INFO] [stderr]   Downloaded solana-fee-structure v3.0.0
[INFO] [stderr]   Downloaded solana-nonce-account v3.0.0
[INFO] [stderr]   Downloaded portable-atomic v1.13.1
[INFO] [stderr]   Downloaded regex v1.12.3
[INFO] [stderr]   Downloaded aho-corasick v1.1.4
[INFO] [stderr]   Downloaded utf8parse v0.2.2
[INFO] [stderr]   Downloaded ecdsa v0.16.9
[INFO] [stderr]   Downloaded hmac v0.12.1
[INFO] [stderr]   Downloaded educe v0.6.0
[INFO] [stderr]   Downloaded ark-serialize-derive v0.4.2
[INFO] [stderr]   Downloaded solana-curve25519 v4.0.0
[INFO] [stderr]   Downloaded libsecp256k1-gen-ecmult v0.2.1
[INFO] [stderr]   Downloaded threadpool v1.8.1
[INFO] [stderr]   Downloaded pbkdf2 v0.11.0
[INFO] [stderr]   Downloaded tinyvec_macros v0.1.1
[INFO] [stderr]   Downloaded solana-instructions-sysvar v3.0.0
[INFO] [stderr]   Downloaded solana-transaction v3.1.0
[INFO] [stderr]   Downloaded num-bigint v0.2.6
[INFO] [stderr]   Downloaded num-iter v0.1.45
[INFO] [stderr]   Downloaded solana-bincode v3.1.0
[INFO] [stderr]   Downloaded solana-logger v3.0.0
[INFO] [stderr]   Downloaded env_logger v0.11.10
[INFO] [stderr]   Downloaded anstream v1.0.0
[INFO] [stderr]   Downloaded libsecp256k1-core v0.2.2
[INFO] [stderr]   Downloaded solana-keypair v3.1.2
[INFO] [stderr]   Downloaded solana-serialize-utils v3.1.1
[INFO] [stderr]   Downloaded solana-program-runtime v4.0.0-rc.0
[INFO] [stderr]   Downloaded solana-svm-measure v4.0.0-rc.0
[INFO] [stderr]   Downloaded itertools v0.14.0
[INFO] [stderr]   Downloaded ark-std v0.4.0
[INFO] [stderr]   Downloaded keccak v0.1.6
[INFO] [stderr]   Downloaded rand_core v0.5.1
[INFO] [stderr]   Downloaded hermit-abi v0.5.2
[INFO] [stderr]   Downloaded constant_time_eq v0.4.2
[INFO] [stderr]   Downloaded getrandom v0.1.16
[INFO] [stderr]   Downloaded ark-ec v0.5.0
[INFO] [stderr]   Downloaded sha2 v0.9.9
[INFO] [stderr]   Downloaded glob v0.3.3
[INFO] [stderr]   Downloaded solana-nostd-secp256k1-recover v0.2.0
[INFO] [stderr]   Downloaded bitvec v1.0.1
[INFO] [stderr]   Downloaded ahash v0.8.12
[INFO] [stderr]   Downloaded wasi v0.9.0+wasi-snapshot-preview1
[INFO] [stderr]   Downloaded anstyle v1.0.14
[INFO] [stderr]   Downloaded ark-poly v0.4.2
[INFO] [stderr]   Downloaded solana-bn254 v3.2.1
[INFO] [stderr]   Downloaded find-msvc-tools v0.1.9
[INFO] [stderr]   Downloaded libsecp256k1 v0.6.0
[INFO] [stderr]   Downloaded mollusk-svm-result v0.12.1-agave-4.0
[INFO] [stderr]   Downloaded agave-feature-set v4.0.0-rc.0
[INFO] [stderr]   Downloaded ark-ff v0.5.0
[INFO] [stderr]   Downloaded ark-poly v0.5.0
[INFO] [stderr]   Downloaded shlex v1.3.0
[INFO] [stderr]   Downloaded base64 v0.12.3
[INFO] [stderr]   Downloaded mollusk-svm-error v0.12.1-agave-4.0
[INFO] [stderr]   Downloaded tinyvec v1.11.0
[INFO] [stderr]   Downloaded allocator-api2 v0.2.21
[INFO] [stderr]   Downloaded derivative v2.2.0
[INFO] [stderr]   Downloaded ark-ec v0.4.2
[INFO] [stderr]   Downloaded agave-bls12-381 v4.0.0-rc.0
[INFO] [stderr]   Downloaded blstrs v0.7.1
[INFO] [stderr]   Downloaded solana-secp256k1 v0.2.1
[INFO] [stderr]   Downloaded ark-ff v0.4.2
[INFO] [stderr]   Downloaded base64 v0.22.1
[INFO] [stderr]   Downloaded crypto-bigint v0.5.5
[INFO] [stderr]   Downloaded hashbrown v0.13.2
[INFO] [stderr]   Downloaded cc v1.2.62
[INFO] [stderr]   Downloaded itertools v0.10.5
[INFO] [stderr]   Downloaded rand v0.7.3
[INFO] [stderr]   Downloaded solana-packet v4.1.0
[INFO] [stderr]   Downloaded signal-hook v0.3.18
[INFO] [stderr]   Downloaded regex-syntax v0.8.10
[INFO] [stderr]   Downloaded itertools v0.13.0
[INFO] [stderr]   Downloaded jiff v0.2.24
[INFO] [stderr]   Downloaded regex-automata v0.4.14
[INFO] [stderr]   Downloaded blake3 v1.8.5
[INFO] [stderr]   Downloaded k256 v0.13.4
[INFO] [stderr]   Downloaded num-complex v0.2.4
[INFO] [stderr]   Downloaded solana-bpf-loader-program v4.0.0-rc.0
[INFO] [stderr]   Downloaded syn v1.0.109
[INFO] [stderr]   Downloaded crypto-bigint v0.7.3
[INFO] [stderr]   Downloaded anstyle-wincon v3.0.11
[INFO] [stderr]   Downloaded solana-compute-budget v4.0.0-rc.0
[INFO] [stderr]   Downloaded group v0.13.0
[INFO] [stderr]   Downloaded light-poseidon v0.4.0
[INFO] [stderr]   Downloaded light-poseidon v0.2.0
[INFO] [stderr]   Downloaded anstyle-query v1.1.5
[INFO] [stderr]   Downloaded colorchoice v1.0.5
[INFO] [stderr]   Downloaded blst v0.3.16
[INFO] [stderr]   Downloaded once_cell_polyfill v1.70.2
[INFO] [stderr]   Downloaded rand_xorshift v0.3.0
[INFO] [stderr]   Downloaded sec1 v0.7.3
[INFO] [stderr]   Downloaded ff v0.13.1
[INFO] [stderr]   Downloaded solana-loader-v4-interface v3.1.0
[INFO] [stderr]   Downloaded elliptic-curve v0.13.8
[INFO] [stderr]   Downloaded anstyle-parse v1.0.0
[INFO] [stderr]   Downloaded agave-syscalls v4.0.0-rc.0
[INFO] [stderr]   Downloaded solana-secp256k1-recover v3.1.1
[INFO] [stderr]   Downloaded sha2-const-stable v0.1.0
[INFO] [stderr]   Downloaded sha3 v0.10.9
[INFO] running `Command { std: "docker" "create" "-v" "/var/lib/crater-agent-workspace/builds/worker-0-tc1/source:/opt/rustwide/workdir:ro,Z" "-v" "/var/lib/crater-agent-workspace/builds/worker-0-tc1/target:/opt/rustwide/target:rw,Z" "-v" "/var/lib/crater-agent-workspace/cargo-home:/opt/rustwide/cargo-home:ro,Z" "-v" "/var/lib/crater-agent-workspace/rustup-home:/opt/rustwide/rustup-home:ro,Z" "-m" "1610612736" "--network" "none" "ghcr.io/rust-lang/crates-build-env/linux@sha256:77db811e55d90add9212f6832c23229e3de5f1c1f9905e8cb07319ea15df73ac" "sleep" "infinity", kill_on_drop: false }`
[INFO] [stdout] 308cc30c740764cfba848c2b7ec39d8549a277934617a35be1f7aaaf41cb5e00
[INFO] running `Command { std: "docker" "start" "308cc30c740764cfba848c2b7ec39d8549a277934617a35be1f7aaaf41cb5e00", kill_on_drop: false }`
[INFO] running `Command { std: "docker" "inspect" "308cc30c740764cfba848c2b7ec39d8549a277934617a35be1f7aaaf41cb5e00", kill_on_drop: false }`
[INFO] running `Command { std: "docker" "exec" "-e" "SOURCE_DIR=/opt/rustwide/workdir" "-e" "CARGO_HOME=/opt/rustwide/cargo-home" "-e" "RUSTUP_HOME=/opt/rustwide/rustup-home" "-e" "CARGO_TARGET_DIR=/opt/rustwide/target" "-w" "/opt/rustwide/workdir" "--user" "0:0" "308cc30c740764cfba848c2b7ec39d8549a277934617a35be1f7aaaf41cb5e00" "/opt/rustwide/cargo-home/bin/cargo" "+1.99.0-beta.8" "metadata" "--no-deps" "--format-version=1", kill_on_drop: false }`
[INFO] running `Command { std: "docker" "inspect" "308cc30c740764cfba848c2b7ec39d8549a277934617a35be1f7aaaf41cb5e00", kill_on_drop: false }`
[INFO] running `Command { std: "docker" "exec" "-e" "SOURCE_DIR=/opt/rustwide/workdir" "-e" "CARGO_HOME=/opt/rustwide/cargo-home" "-e" "RUSTUP_HOME=/opt/rustwide/rustup-home" "-e" "CARGO_TARGET_DIR=/opt/rustwide/target" "-e" "CARGO_INCREMENTAL=0" "-e" "RUST_BACKTRACE=full" "-e" "RUSTFLAGS=--cap-lints=warn" "-e" "RUSTDOCFLAGS=--cap-lints=warn" "-w" "/opt/rustwide/workdir" "--user" "0:0" "308cc30c740764cfba848c2b7ec39d8549a277934617a35be1f7aaaf41cb5e00" "/opt/rustwide/cargo-home/bin/cargo" "+1.99.0-beta.8" "build" "--frozen" "--message-format=json" "--release", kill_on_drop: false }`
[INFO] [stderr]    Compiling version_check v0.9.5
[INFO] [stderr]    Compiling zeroize v1.8.2
[INFO] [stderr]    Compiling typenum v1.20.0
[INFO] [stderr]    Compiling subtle v2.6.1
[INFO] [stderr]    Compiling const-oid v0.9.6
[INFO] [stderr]    Compiling rand_core v0.6.4
[INFO] [stderr]    Compiling base16ct v0.2.0
[INFO] [stderr]    Compiling cpufeatures v0.2.17
[INFO] [stderr]    Compiling der v0.7.10
[INFO] [stderr]    Compiling autocfg v1.5.0
[INFO] [stderr]    Compiling cfg-if v1.0.4
[INFO] [stderr]    Compiling ff v0.13.1
[INFO] [stderr]    Compiling cmov v0.5.3
[INFO] [stderr]    Compiling solana-program-error v3.0.1
[INFO] [stderr]    Compiling keccak v0.1.6
[INFO] [stderr]    Compiling generic-array v0.14.9
[INFO] [stderr]    Compiling group v0.13.0
[INFO] [stderr]    Compiling cpubits v0.1.1
[INFO] [stderr]    Compiling ctutils v0.4.2
[INFO] [stderr]    Compiling num-traits v0.2.19
[INFO] [stderr]    Compiling crypto-bigint v0.7.3
[INFO] [stderr]    Compiling block-buffer v0.10.4
[INFO] [stderr]    Compiling crypto-common v0.1.6
[INFO] [stderr]    Compiling crypto-bigint v0.5.5
[INFO] [stderr]    Compiling sec1 v0.7.3
[INFO] [stderr]    Compiling digest v0.10.7
[INFO] [stderr]    Compiling hmac v0.12.1
[INFO] [stderr]    Compiling sha2 v0.10.9
[INFO] [stderr]    Compiling signature v2.2.0
[INFO] [stderr]    Compiling sha3 v0.10.9
[INFO] [stderr]    Compiling rfc6979 v0.4.0
[INFO] [stderr]    Compiling solana-nostd-sha256 v0.2.0
[INFO] [stderr]    Compiling solana-nostd-keccak v0.2.0
[INFO] [stderr]    Compiling elliptic-curve v0.13.8
[INFO] [stderr]    Compiling ecdsa v0.16.9
[INFO] [stderr]    Compiling k256 v0.13.4
[INFO] [stderr]    Compiling solana-nostd-secp256k1-recover v0.2.0
[INFO] [stderr]    Compiling solana-secp256k1 v0.2.1
[INFO] [stderr]    Compiling solana-secp256k1-schnorr v0.3.0 (/opt/rustwide/workdir)
[INFO] [stderr]     Finished `release` profile [optimized] target(s) in 19.53s
[INFO] running `Command { std: "docker" "inspect" "308cc30c740764cfba848c2b7ec39d8549a277934617a35be1f7aaaf41cb5e00", kill_on_drop: false }`
[INFO] running `Command { std: "docker" "exec" "-e" "SOURCE_DIR=/opt/rustwide/workdir" "-e" "CARGO_HOME=/opt/rustwide/cargo-home" "-e" "RUSTUP_HOME=/opt/rustwide/rustup-home" "-e" "CARGO_TARGET_DIR=/opt/rustwide/target" "-e" "CARGO_INCREMENTAL=0" "-e" "RUST_BACKTRACE=full" "-e" "RUSTFLAGS=--cap-lints=warn" "-e" "RUSTDOCFLAGS=--cap-lints=warn" "-w" "/opt/rustwide/workdir" "--user" "0:0" "308cc30c740764cfba848c2b7ec39d8549a277934617a35be1f7aaaf41cb5e00" "/opt/rustwide/cargo-home/bin/cargo" "+1.99.0-beta.8" "test" "--frozen" "--no-run" "--message-format=json" "--release", kill_on_drop: false }`
[INFO] [stderr]    Compiling quote v1.0.45
[INFO] [stderr]    Compiling proc-macro2 v1.0.106
[INFO] [stderr]    Compiling unicode-ident v1.0.24
[INFO] [stderr]    Compiling libc v0.2.186
[INFO] [stderr]    Compiling subtle v2.6.1
[INFO] [stderr]    Compiling serde_core v1.0.228
[INFO] [stderr]    Compiling serde v1.0.228
[INFO] [stderr]    Compiling num-traits v0.2.19
[INFO] [stderr]    Compiling five8_core v1.0.0
[INFO] [stderr]    Compiling solana-sanitize v3.0.1
[INFO] [stderr]    Compiling semver v1.0.28
[INFO] [stderr]    Compiling five8 v1.0.0
[INFO] [stderr]    Compiling solana-atomic-u64 v3.0.1
[INFO] [stderr]    Compiling zerocopy v0.8.48
[INFO] [stderr]    Compiling five8_const v1.0.0
[INFO] [stderr]    Compiling sha2-const-stable v0.1.0
[INFO] [stderr]    Compiling rustc_version v0.4.1
[INFO] [stderr]    Compiling getrandom v0.3.4
[INFO] [stderr]    Compiling either v1.15.0
[INFO] [stderr]    Compiling curve25519-dalek v4.1.3
[INFO] [stderr]    Compiling once_cell v1.21.4
[INFO] [stderr]    Compiling log v0.4.29
[INFO] [stderr]    Compiling syn v2.0.117
[INFO] [stderr]    Compiling bs58 v0.5.1
[INFO] [stderr]    Compiling radium v0.7.0
[INFO] [stderr]    Compiling ahash v0.8.12
[INFO] [stderr]    Compiling paste v1.0.15
[INFO] [stderr]    Compiling num-integer v0.1.46
[INFO] [stderr]    Compiling feature-probe v0.1.1
[INFO] [stderr]    Compiling tap v1.0.1
[INFO] [stderr]    Compiling lazy_static v1.5.0
[INFO] [stderr]    Compiling num-bigint v0.4.6
[INFO] [stderr]    Compiling solana-program-memory v3.1.0
[INFO] [stderr]    Compiling getrandom v0.2.17
[INFO] [stderr]    Compiling rand_core v0.6.4
[INFO] [stderr]    Compiling wyz v0.5.1
[INFO] [stderr]    Compiling bv v0.11.1
[INFO] [stderr]    Compiling syn v1.0.109
[INFO] [stderr]    Compiling funty v2.0.0
[INFO] [stderr]    Compiling memchr v2.8.0
[INFO] [stderr]    Compiling thiserror v2.0.18
[INFO] [stderr]    Compiling bitvec v1.0.1
[INFO] [stderr]    Compiling rand_xorshift v0.3.0
[INFO] [stderr]    Compiling crunchy v0.2.4
[INFO] [stderr]    Compiling solana-define-syscall v4.0.1
[INFO] [stderr]    Compiling serde_bytes v0.11.19
[INFO] [stderr]    Compiling arrayvec v0.7.6
[INFO] [stderr]    Compiling base64 v0.22.1
[INFO] [stderr]    Compiling find-msvc-tools v0.1.9
[INFO] [stderr]    Compiling shlex v1.3.0
[INFO] [stderr]    Compiling generic-array v0.14.9
[INFO] [stderr]    Compiling cc v1.2.62
[INFO] [stderr]    Compiling rand_core v0.9.5
[INFO] [stderr]    Compiling num-bigint v0.2.6
[INFO] [stderr]    Compiling typenum v1.20.0
[INFO] [stderr]    Compiling base16ct v0.2.0
[INFO] [stderr]    Compiling itertools v0.13.0
[INFO] [stderr]    Compiling ff v0.13.1
[INFO] [stderr]    Compiling ppv-lite86 v0.2.21
[INFO] [stderr]    Compiling num-rational v0.2.4
[INFO] [stderr]    Compiling num-complex v0.2.4
[INFO] [stderr]    Compiling byteorder v1.5.0
[INFO] [stderr]    Compiling solana-msg v3.1.0
[INFO] [stderr]    Compiling void v1.0.2
[INFO] [stderr]    Compiling allocator-api2 v0.2.21
[INFO] [stderr]    Compiling unreachable v1.0.0
[INFO] [stderr]    Compiling digest v0.9.0
[INFO] [stderr]    Compiling rand_chacha v0.3.1
[INFO] [stderr]    Compiling rand_chacha v0.9.0
[INFO] [stderr]    Compiling itertools v0.10.5
[INFO] [stderr]    Compiling rand v0.9.4
[INFO] [stderr]    Compiling rand v0.8.6
[INFO] [stderr]    Compiling hashbrown v0.15.5
[INFO] [stderr]    Compiling ascii v0.9.3
[INFO] [stderr]    Compiling bitflags v2.11.1
[INFO] [stderr]    Compiling zeroize_derive v1.4.3
[INFO] [stderr]    Compiling serde_derive v1.0.228
[INFO] [stderr]    Compiling bytemuck_derive v1.10.2
[INFO] [stderr]    Compiling curve25519-dalek-derive v0.1.1
[INFO] [stderr]    Compiling solana-sdk-macro v3.0.1
[INFO] [stderr]    Compiling thiserror-impl v2.0.18
[INFO] [stderr]    Compiling zeroize v1.8.2
[INFO] [stderr]    Compiling der v0.7.10
[INFO] [stderr]    Compiling group v0.13.0
[INFO] [stderr]    Compiling enum-ordinalize-derive v4.3.2
[INFO] [stderr]    Compiling enum-ordinalize v4.3.2
[INFO] [stderr]    Compiling ark-std v0.5.0
[INFO] [stderr]    Compiling block-buffer v0.10.4
[INFO] [stderr]    Compiling crypto-common v0.1.6
[INFO] [stderr]    Compiling digest v0.10.7
[INFO] [stderr]    Compiling bytemuck v1.25.0
[INFO] [stderr]    Compiling ark-serialize-derive v0.5.0
[INFO] [stderr]    Compiling sha2 v0.10.9
[INFO] [stderr]    Compiling signature v2.2.0
[INFO] [stderr]    Compiling hmac v0.12.1
[INFO] [stderr]    Compiling ed25519 v2.2.3
[INFO] [stderr]    Compiling qualifier_attr v0.2.2
[INFO] [stderr]    Compiling ark-serialize v0.5.0
[INFO] [stderr]    Compiling ark-serialize-derive v0.4.2
[INFO] [stderr]    Compiling crypto-bigint v0.5.5
[INFO] [stderr]    Compiling spki v0.7.3
[INFO] [stderr]    Compiling sec1 v0.7.3
[INFO] [stderr]    Compiling educe v0.6.0
[INFO] [stderr]    Compiling pkcs8 v0.10.2
[INFO] [stderr]    Compiling ark-std v0.4.0
[INFO] [stderr]    Compiling ark-ff-asm v0.5.0
[INFO] [stderr]    Compiling ark-ff-macros v0.5.0
[INFO] [stderr]    Compiling ark-serialize v0.4.2
[INFO] [stderr]    Compiling ark-ff-asm v0.4.2
[INFO] [stderr]    Compiling derivative v2.2.0
[INFO] [stderr]    Compiling ark-ff-macros v0.4.2
[INFO] [stderr]    Compiling elliptic-curve v0.13.8
[INFO] [stderr]    Compiling rfc6979 v0.4.0
[INFO] [stderr]    Compiling getrandom v0.1.16
[INFO] [stderr]    Compiling combine v3.8.1
[INFO] [stderr]    Compiling enum-iterator-derive v1.5.0
[INFO] [stderr]    Compiling ecdsa v0.16.9
[INFO] [stderr]    Compiling libsecp256k1-core v0.2.2
[INFO] [stderr]    Compiling solana-hash v4.3.0
[INFO] [stderr]    Compiling solana-sha256-hasher v3.1.0
[INFO] [stderr]    Compiling solana-instruction-error v2.3.0
[INFO] [stderr]    Compiling bincode v1.3.3
[INFO] [stderr]    Compiling solana-fee-calculator v3.2.0
[INFO] [stderr]    Compiling solana-transaction-error v3.2.0
[INFO] [stderr]    Compiling ark-ff v0.5.0
[INFO] [stderr]    Compiling ark-ff v0.4.2
[INFO] [stderr]    Compiling hash32 v0.3.1
[INFO] [stderr]    Compiling hashbrown v0.13.2
[INFO] [stderr]    Compiling num-iter v0.1.45
[INFO] [stderr]    Compiling thiserror v1.0.69
[INFO] [stderr]    Compiling rustc-demangle v0.1.27
[INFO] [stderr]    Compiling num v0.2.1
[INFO] [stderr]    Compiling k256 v0.13.4
[INFO] [stderr]    Compiling enum-iterator v2.3.0
[INFO] [stderr]    Compiling solana-address v2.6.0
[INFO] [stderr]    Compiling solana-pubkey v4.2.0
[INFO] [stderr]    Compiling solana-sdk-ids v3.1.0
[INFO] [stderr]    Compiling solana-instruction v3.4.0
[INFO] [stderr]    Compiling solana-sysvar-id v3.1.0
[INFO] [stderr]    Compiling solana-account-info v3.1.1
[INFO] [stderr]    Compiling solana-address v1.1.0
[INFO] [stderr]    Compiling solana-pubkey v3.0.0
[INFO] [stderr]    Compiling solana-epoch-schedule v3.1.0
[INFO] [stderr]    Compiling solana-program-entrypoint v3.1.1
[INFO] [stderr]    Compiling solana-clock v3.0.1
[INFO] [stderr]    Compiling solana-slot-history v3.0.0
[INFO] [stderr]    Compiling solana-last-restart-slot v3.0.0
[INFO] [stderr]    Compiling solana-rent v3.1.0
[INFO] [stderr]    Compiling solana-epoch-rewards v3.0.1
[INFO] [stderr]    Compiling solana-slot-hashes v3.0.1
[INFO] [stderr]    Compiling ed25519-dalek v2.2.0
[INFO] [stderr]    Compiling solana-sysvar v3.1.1
[INFO] [stderr]    Compiling solana-signature v3.4.0
[INFO] [stderr]    Compiling solana-system-interface v2.0.0
[INFO] [stderr]    Compiling solana-account v3.4.0
[INFO] [stderr]    Compiling solana-message v3.1.0
[INFO] [stderr]    Compiling solana-serialize-utils v3.1.1
[INFO] [stderr]    Compiling solana-cpi v3.1.0
[INFO] [stderr]    Compiling solana-instructions-sysvar v3.0.0
[INFO] [stderr]    Compiling thiserror-impl v1.0.69
[INFO] [stderr]    Compiling blst v0.3.16
[INFO] [stderr]    Compiling solana-transaction v3.1.0
[INFO] [stderr]    Compiling solana-sbpf v0.14.4
[INFO] [stderr]    Compiling num_cpus v1.17.0
[INFO] [stderr]    Compiling solana-precompile-error v3.0.0
[INFO] [stderr]    Compiling solana-svm-feature-set v4.0.0-rc.0
[INFO] [stderr]    Compiling eager v0.1.0
[INFO] [stderr]    Compiling sha3 v0.10.9
[INFO] [stderr]    Compiling solana-svm-timings v4.0.0-rc.0
[INFO] [stderr]    Compiling solana-svm-callback v4.0.0-rc.0
[INFO] [stderr]    Compiling threadpool v1.8.1
[INFO] [stderr]    Compiling solana-svm-transaction v4.0.0-rc.0
[INFO] [stderr]    Compiling solana-stake-interface v2.0.2
[INFO] [stderr]    Compiling solana-system-interface v3.2.0
[INFO] [stderr]    Compiling solana-loader-v3-interface v6.1.1
[INFO] [stderr]    Compiling solana-stable-layout v3.0.1
[INFO] [stderr]    Compiling rand_core v0.5.1
[INFO] [stderr]    Compiling percentage v0.1.0
[INFO] [stderr]    Compiling libsecp256k1-gen-genmult v0.2.1
[INFO] [stderr]    Compiling libsecp256k1-gen-ecmult v0.2.1
[INFO] [stderr]    Compiling solana-svm-type-overrides v4.0.0-rc.0
[INFO] [stderr]    Compiling blake3 v1.8.5
[INFO] [stderr]    Compiling aho-corasick v1.1.4
[INFO] [stderr]    Compiling solana-svm-log-collector v4.0.0-rc.0
[INFO] [stderr]    Compiling ark-poly v0.4.2
[INFO] [stderr]    Compiling itertools v0.14.0
[INFO] [stderr]    Compiling solana-svm-measure v4.0.0-rc.0
[INFO] [stderr]    Compiling regex-syntax v0.8.10
[INFO] [stderr]    Compiling arrayref v0.3.9
[INFO] [stderr]    Compiling solana-fee-structure v3.0.0
[INFO] [stderr]    Compiling ark-poly v0.5.0
[INFO] [stderr]    Compiling libsecp256k1 v0.6.0
[INFO] [stderr]    Compiling rand_chacha v0.2.2
[INFO] [stderr]    Compiling ark-ec v0.4.2
[INFO] [stderr]    Compiling solana-transaction-context v4.0.0-rc.0
[INFO] [stderr]    Compiling ark-ec v0.5.0
[INFO] [stderr]    Compiling solana-program-runtime v4.0.0-rc.0
[INFO] [stderr]    Compiling regex-automata v0.4.14
[INFO] [stderr]    Compiling ark-bn254 v0.4.0
[INFO] [stderr]    Compiling block-buffer v0.9.0
[INFO] [stderr]    Compiling pairing v0.23.0
[INFO] [stderr]    Compiling byte-slice-cast v1.2.3
[INFO] [stderr]    Compiling opaque-debug v0.3.1
[INFO] [stderr]    Compiling utf8parse v0.2.2
[INFO] [stderr]    Compiling constant_time_eq v0.4.2
[INFO] [stderr]    Compiling cpufeatures v0.3.0
[INFO] [stderr]    Compiling ark-bn254 v0.5.0
[INFO] [stderr]    Compiling light-poseidon v0.4.0
[INFO] [stderr]    Compiling anstyle-parse v1.0.0
[INFO] [stderr]    Compiling sha2 v0.9.9
[INFO] [stderr]    Compiling regex v1.12.3
[INFO] [stderr]    Compiling blstrs v0.7.1
[INFO] [stderr]    Compiling light-poseidon v0.2.0
[INFO] [stderr]    Compiling rand v0.7.3
[INFO] [stderr]    Compiling pbkdf2 v0.11.0
[INFO] [stderr]    Compiling errno v0.3.14
[INFO] [stderr]    Compiling anstyle v1.0.14
[INFO] [stderr]    Compiling anstyle-query v1.1.5
[INFO] [stderr]    Compiling base64 v0.12.3
[INFO] [stderr]    Compiling is_terminal_polyfill v1.70.2
[INFO] [stderr]    Compiling signal-hook v0.3.18
[INFO] [stderr]    Compiling colorchoice v1.0.5
[INFO] [stderr]    Compiling anstream v1.0.0
[INFO] [stderr]    Compiling solana-poseidon v4.0.0
[INFO] [stderr]    Compiling signal-hook-registry v1.4.8
[INFO] [stderr]    Compiling solana-seed-phrase v3.0.0
[INFO] [stderr]    Compiling agave-bls12-381 v4.0.0-rc.0
[INFO] [stderr]    Compiling env_filter v1.0.1
[INFO] [stderr]    Compiling solana-bn254 v3.2.1
[INFO] [stderr]    Compiling solana-blake3-hasher v3.1.0
[INFO] [stderr]    Compiling solana-keccak-hasher v3.1.0
[INFO] [stderr]    Compiling solana-signer v3.0.0
[INFO] [stderr]    Compiling solana-packet v4.1.0
[INFO] [stderr]    Compiling solana-nonce v3.2.0
[INFO] [stderr]    Compiling solana-secp256k1-recover v3.1.1
[INFO] [stderr]    Compiling solana-curve25519 v4.0.0
[INFO] [stderr]    Compiling solana-bincode v3.1.0
[INFO] [stderr]    Compiling solana-hash v3.1.0
[INFO] [stderr]    Compiling solana-big-mod-exp v3.0.0
[INFO] [stderr]    Compiling jiff v0.2.24
[INFO] [stderr]    Compiling solana-nonce-account v3.0.0
[INFO] [stderr]    Compiling solana-keypair v3.1.2
[INFO] [stderr]    Compiling solana-loader-v4-interface v3.1.0
[INFO] [stderr]    Compiling crypto-bigint v0.7.3
[INFO] [stderr]    Compiling agave-syscalls v4.0.0-rc.0
[INFO] [stderr]    Compiling agave-feature-set v4.0.0-rc.0
[INFO] [stderr]    Compiling solana-system-program v4.0.0-rc.0
[INFO] [stderr]    Compiling solana-bpf-loader-program v4.0.0-rc.0
[INFO] [stderr]    Compiling env_logger v0.11.10
[INFO] [stderr]    Compiling solana-compute-budget v4.0.0-rc.0
[INFO] [stderr]    Compiling solana-logger v3.0.0
[INFO] [stderr]    Compiling mollusk-svm-result v0.12.1-agave-4.0
[INFO] [stderr]    Compiling mollusk-svm-error v0.12.1-agave-4.0
[INFO] [stderr]    Compiling solana-nostd-secp256k1-recover v0.2.0
[INFO] [stderr]    Compiling mollusk-svm v0.12.1-agave-4.0
[INFO] [stderr]    Compiling solana-secp256k1 v0.2.1
[INFO] [stderr]    Compiling solana-nostd-keccak v0.2.0
[INFO] [stderr]    Compiling solana-nostd-sha256 v0.2.0
[INFO] [stderr]    Compiling svm-unit-test-macros v0.1.5
[INFO] [stderr]    Compiling pathdiff v0.2.3
[INFO] [stderr]    Compiling solana-secp256k1-schnorr v0.3.0 (/opt/rustwide/workdir)
[INFO] [stderr]    Compiling svm-unit-test v0.1.5
[INFO] [stderr]     Finished `release` profile [optimized] target(s) in 5m 43s
[INFO] running `Command { std: "docker" "inspect" "308cc30c740764cfba848c2b7ec39d8549a277934617a35be1f7aaaf41cb5e00", kill_on_drop: false }`
[INFO] running `Command { std: "docker" "exec" "-e" "SOURCE_DIR=/opt/rustwide/workdir" "-e" "CARGO_HOME=/opt/rustwide/cargo-home" "-e" "RUSTUP_HOME=/opt/rustwide/rustup-home" "-e" "CARGO_TARGET_DIR=/opt/rustwide/target" "-e" "CARGO_INCREMENTAL=0" "-e" "RUST_BACKTRACE=full" "-e" "RUSTFLAGS=--cap-lints=warn" "-e" "RUSTDOCFLAGS=--cap-lints=warn" "-w" "/opt/rustwide/workdir" "--user" "0:0" "308cc30c740764cfba848c2b7ec39d8549a277934617a35be1f7aaaf41cb5e00" "/opt/rustwide/cargo-home/bin/cargo" "+1.99.0-beta.8" "test" "--frozen" "--release", kill_on_drop: false }`
[INFO] [stderr]     Finished `release` profile [optimized] target(s) in 0.60s
[INFO] [stderr]      Running unittests src/lib.rs (/opt/rustwide/target/release/deps/solana_secp256k1_schnorr-0e97a2e118724b87)
[INFO] [stdout] 
[INFO] [stdout] running 6 tests
[INFO] [stdout] test tests::test_signature_generation_bip340 ... ok
[INFO] [stdout] test tests::test_signature_verification_keccak256 ... ok
[INFO] [stdout] test tests::test_signature_verification_sha256 ... ok
[INFO] [stdout] test tests::test_signature_generation_keccak256 ... ok
[INFO] [stdout] test tests::test_signature_generation_sha256 ... ok
[INFO] [stderr]      Running tests/sbpf.rs (/opt/rustwide/target/release/deps/sbpf-c3bb95f1b6be9b0f)
[INFO] [stdout] test tests::test_signature_verification_bip340 ... ok
[INFO] [stdout] 
[INFO] [stdout] test result: ok. 6 passed; 0 failed; 0 ignored; 0 measured; 0 filtered out; finished in 0.01s
[INFO] [stdout] 
[INFO] [stdout] 
[INFO] [stdout] running 2 tests
[INFO] [stderr] error: no such command: `build-sbf`
[INFO] [stderr] 
[INFO] [stderr] help: view all installed commands with `cargo --list`
[INFO] [stderr] help: find a package to install `build-sbf` with `cargo search cargo-build-sbf`
[INFO] [stdout] test bench_sign ... FAILED
[INFO] [stderr] error: no such command: `build-sbf`
[INFO] [stderr] 
[INFO] [stderr] help: view all installed commands with `cargo --list`
[INFO] [stderr] help: find a package to install `build-sbf` with `cargo search cargo-build-sbf`
[INFO] [stdout] test bench_verify ... FAILED
[INFO] [stdout] 
[INFO] [stdout] failures:
[INFO] [stdout] 
[INFO] [stdout] ---- bench_sign stdout ----
[INFO] [stdout] 
[INFO] [stdout] thread 'bench_sign' (4585) panicked at /opt/rustwide/cargo-home/registry/src/index.crates.io-1949cf8c6b5b557f/svm-unit-test-0.1.5/src/builder.rs:133:5:
[INFO] [stdout] `cargo build-sbf` failed for svm_test `bench_sign` (manifest: /opt/rustwide/target/tmp/suite-0269231cf891323b/build/bench_sign/Cargo.toml)
[INFO] [stdout] stack backtrace:
[INFO] [stdout]    0:     0x5dfa2f6a1911 - <<std[70759c8f55707aa4]::sys::backtrace::BacktraceLock>::print::DisplayBacktrace as core[df12db4294e9bfd3]::fmt::Display>::fmt
[INFO] [stdout]    1:     0x5dfa2f6b915a - core[df12db4294e9bfd3]::fmt::write
[INFO] [stdout]    2:     0x5dfa2f6a781c - <alloc[2182bb758b4b3781]::vec::Vec<u8> as core[df12db4294e9bfd3]::io::write::Write>::write_fmt
[INFO] [stdout]    3:     0x5dfa2f67bf96 - std[70759c8f55707aa4]::panicking::default_hook::{closure#0}
[INFO] [stdout]    4:     0x5dfa2f699119 - std[70759c8f55707aa4]::panicking::default_hook
[INFO] [stdout]    5:     0x5dfa2f0c0790 - test[9d35eded1c95d3be]::test_main_inner::<test[9d35eded1c95d3be]::test_main_static::{closure#0}>::{closure#0}
[INFO] [stdout]    6:     0x5dfa2f699442 - std[70759c8f55707aa4]::panicking::panic_with_hook
[INFO] [stdout]    7:     0x5dfa2f67c042 - std[70759c8f55707aa4]::panicking::panic_handler::{closure#0}
[INFO] [stdout]    8:     0x5dfa2f674a19 - std[70759c8f55707aa4]::sys::backtrace::__rust_end_short_backtrace::<std[70759c8f55707aa4]::panicking::panic_handler::{closure#0}, !>
[INFO] [stdout]    9:     0x5dfa2f67cd2d - __rustc[8fa7c3cbc660c2b3]::rust_begin_unwind
[INFO] [stdout]   10:     0x5dfa2f6b993c - core[df12db4294e9bfd3]::panicking::panic_fmt
[INFO] [stdout]   11:     0x5dfa2f10e654 - svm_unit_test[3fd765a0072feb8f]::builder::build_one_test
[INFO] [stdout]   12:     0x5dfa2f10be52 - <std[70759c8f55707aa4]::sync::once::Once>::call_once_force::<<std[70759c8f55707aa4]::sync::once_lock::OnceLock<&std[70759c8f55707aa4]::path::Path>>::initialize<<std[70759c8f55707aa4]::sync::once_lock::OnceLock<&std[70759c8f55707aa4]::path::Path>>::get_or_init<svm_unit_test[3fd765a0072feb8f]::suite::ensure_test_built::{closure#2}>::{closure#0}, !>::{closure#0}>::{closure#0}
[INFO] [stdout]   13:     0x5dfa2f681cc9 - <std[70759c8f55707aa4]::sys::sync::once::futex::Once>::call
[INFO] [stdout]   14:     0x5dfa2f10b2ab - <std[70759c8f55707aa4]::sync::once_lock::OnceLock<&std[70759c8f55707aa4]::path::Path>>::initialize::<<std[70759c8f55707aa4]::sync::once_lock::OnceLock<&std[70759c8f55707aa4]::path::Path>>::get_or_init<svm_unit_test[3fd765a0072feb8f]::suite::ensure_test_built::{closure#2}>::{closure#0}, !>
[INFO] [stdout]   15:     0x5dfa2f0fc0c1 - svm_unit_test[3fd765a0072feb8f]::suite::ensure_test_built
[INFO] [stdout]   16:     0x5dfa2f0b3850 - <sbpf[a8fbc5c0b2799afa]::bench_sign::{closure#0} as core[df12db4294e9bfd3]::ops::function::FnOnce<()>>::call_once
[INFO] [stdout]   17:     0x5dfa2f0b3a7b - test[9d35eded1c95d3be]::__rust_begin_short_backtrace::<core[df12db4294e9bfd3]::result::Result<(), alloc[2182bb758b4b3781]::string::String>, fn() -> core[df12db4294e9bfd3]::result::Result<(), alloc[2182bb758b4b3781]::string::String>>
[INFO] [stdout]   18:     0x5dfa2f0c10e5 - test[9d35eded1c95d3be]::run_test::{closure#0}
[INFO] [stdout]   19:     0x5dfa2f0ba9a4 - std[70759c8f55707aa4]::sys::backtrace::__rust_begin_short_backtrace::<test[9d35eded1c95d3be]::run_test::{closure#1}, ()>
[INFO] [stdout]   20:     0x5dfa2f0c4242 - <std[70759c8f55707aa4]::thread::lifecycle::spawn_unchecked<test[9d35eded1c95d3be]::run_test::{closure#1}, ()>::{closure#1} as core[df12db4294e9bfd3]::ops::function::FnOnce<()>>::call_once::{shim:vtable#0}
[INFO] [stdout]   21:     0x5dfa2f6a0959 - <std[70759c8f55707aa4]::sys::thread::unix::Thread>::new::thread_start
[INFO] [stdout]   22:     0x7be964a8ddfa - <unknown>
[INFO] [stdout]   23:     0x7be964b213d4 - clone
[INFO] [stdout]   24:                0x0 - <unknown>
[INFO] [stdout] 
[INFO] [stdout] ---- bench_verify stdout ----
[INFO] [stdout] 
[INFO] [stdout] thread 'bench_verify' (4586) panicked at /opt/rustwide/cargo-home/registry/src/index.crates.io-1949cf8c6b5b557f/svm-unit-test-0.1.5/src/builder.rs:133:5:
[INFO] [stdout] `cargo build-sbf` failed for svm_test `bench_verify` (manifest: /opt/rustwide/target/tmp/suite-0269231cf891323b/build/bench_verify/Cargo.toml)
[INFO] [stdout] stack backtrace:
[INFO] [stdout]    0:     0x5dfa2f6a1911 - <<std[70759c8f55707aa4]::sys::backtrace::BacktraceLock>::print::DisplayBacktrace as core[df12db4294e9bfd3]::fmt::Display>::fmt
[INFO] [stdout]    1:     0x5dfa2f6b915a - core[df12db4294e9bfd3]::fmt::write
[INFO] [stdout]    2:     0x5dfa2f6a781c - <alloc[2182bb758b4b3781]::vec::Vec<u8> as core[df12db4294e9bfd3]::io::write::Write>::write_fmt
[INFO] [stdout]    3:     0x5dfa2f67bf96 - std[70759c8f55707aa4]::panicking::default_hook::{closure#0}
[INFO] [stdout]    4:     0x5dfa2f699119 - std[70759c8f55707aa4]::panicking::default_hook
[INFO] [stdout]    5:     0x5dfa2f0c0790 - test[9d35eded1c95d3be]::test_main_inner::<test[9d35eded1c95d3be]::test_main_static::{closure#0}>::{closure#0}
[INFO] [stdout]    6:     0x5dfa2f699442 - std[70759c8f55707aa4]::panicking::panic_with_hook
[INFO] [stdout]    7:     0x5dfa2f67c042 - std[70759c8f55707aa4]::panicking::panic_handler::{closure#0}
[INFO] [stdout]    8:     0x5dfa2f674a19 - std[70759c8f55707aa4]::sys::backtrace::__rust_end_short_backtrace::<std[70759c8f55707aa4]::panicking::panic_handler::{closure#0}, !>
[INFO] [stdout]    9:     0x5dfa2f67cd2d - __rustc[8fa7c3cbc660c2b3]::rust_begin_unwind
[INFO] [stdout]   10:     0x5dfa2f6b993c - core[df12db4294e9bfd3]::panicking::panic_fmt
[INFO] [stdout]   11:     0x5dfa2f10e654 - svm_unit_test[3fd765a0072feb8f]::builder::build_one_test
[INFO] [stdout]   12:     0x5dfa2f10be52 - <std[70759c8f55707aa4]::sync::once::Once>::call_once_force::<<std[70759c8f55707aa4]::sync::once_lock::OnceLock<&std[70759c8f55707aa4]::path::Path>>::initialize<<std[70759c8f55707aa4]::sync::once_lock::OnceLock<&std[70759c8f55707aa4]::path::Path>>::get_or_init<svm_unit_test[3fd765a0072feb8f]::suite::ensure_test_built::{closure#2}>::{closure#0}, !>::{closure#0}>::{closure#0}
[INFO] [stdout]   13:     0x5dfa2f681cc9 - <std[70759c8f55707aa4]::sys::sync::once::futex::Once>::call
[INFO] [stdout]   14:     0x5dfa2f10b2ab - <std[70759c8f55707aa4]::sync::once_lock::OnceLock<&std[70759c8f55707aa4]::path::Path>>::initialize::<<std[70759c8f55707aa4]::sync::once_lock::OnceLock<&std[70759c8f55707aa4]::path::Path>>::get_or_init<svm_unit_test[3fd765a0072feb8f]::suite::ensure_test_built::{closure#2}>::{closure#0}, !>
[INFO] [stdout]   15:     0x5dfa2f0fc0c1 - svm_unit_test[3fd765a0072feb8f]::suite::ensure_test_built
[INFO] [stdout]   16:     0x5dfa2f0b3960 - <sbpf[a8fbc5c0b2799afa]::bench_verify::{closure#0} as core[df12db4294e9bfd3]::ops::function::FnOnce<()>>::call_once
[INFO] [stdout]   17:     0x5dfa2f0b3a7b - test[9d35eded1c95d3be]::__rust_begin_short_backtrace::<core[df12db4294e9bfd3]::result::Result<(), alloc[2182bb758b4b3781]::string::String>, fn() -> core[df12db4294e9bfd3]::result::Result<(), alloc[2182bb758b4b3781]::string::String>>
[INFO] [stdout]   18:     0x5dfa2f0c10e5 - test[9d35eded1c95d3be]::run_test::{closure#0}
[INFO] [stdout]   19:     0x5dfa2f0ba9a4 - std[70759c8f55707aa4]::sys::backtrace::__rust_begin_short_backtrace::<test[9d35eded1c95d3be]::run_test::{closure#1}, ()>
[INFO] [stdout]   20:     0x5dfa2f0c4242 - <std[70759c8f55707aa4]::thread::lifecycle::spawn_unchecked<test[9d35eded1c95d3be]::run_test::{closure#1}, ()>::{closure#1} as core[df12db4294e9bfd3]::ops::function::FnOnce<()>>::call_once::{shim:vtable#0}
[INFO] [stdout]   21:     0x5dfa2f6a0959 - <std[70759c8f55707aa4]::sys::thread::unix::Thread>::new::thread_start
[INFO] [stdout]   22:     0x7be964a8ddfa - <unknown>
[INFO] [stdout]   23:     0x7be964b213d4 - clone
[INFO] [stdout]   24:                0x0 - <unknown>
[INFO] [stdout] 
[INFO] [stdout] 
[INFO] [stdout] failures:
[INFO] [stdout]     bench_sign
[INFO] [stdout]     bench_verify
[INFO] [stdout] 
[INFO] [stdout] test result: FAILED. 0 passed; 2 failed; 0 ignored; 0 measured; 0 filtered out; finished in 0.12s
[INFO] [stdout] 
[INFO] [stderr] error: test failed, to rerun pass `--test sbpf`
[INFO] running `Command { std: "docker" "inspect" "308cc30c740764cfba848c2b7ec39d8549a277934617a35be1f7aaaf41cb5e00", kill_on_drop: false }`
[INFO] running `Command { std: "docker" "rm" "-f" "308cc30c740764cfba848c2b7ec39d8549a277934617a35be1f7aaaf41cb5e00", kill_on_drop: false }`
[INFO] [stdout] 308cc30c740764cfba848c2b7ec39d8549a277934617a35be1f7aaaf41cb5e00
