[INFO] fetching crate solana-secp256k1-program 3.1.0...
[INFO] testing solana-secp256k1-program-3.1.0 against 1.100.0-beta.1+cargoflags=--release for beta-release-1.100-2
[INFO] extracting crate solana-secp256k1-program 3.1.0 into /workspace/builds/worker-4-tc2/source
[INFO] started tweaking crates.io crate solana-secp256k1-program 3.1.0
[INFO] finished tweaking crates.io crate solana-secp256k1-program 3.1.0
[INFO] tweaked toml for crates.io crate solana-secp256k1-program 3.1.0 written to /workspace/builds/worker-4-tc2/source/Cargo.toml
[INFO] validating manifest of crates.io crate solana-secp256k1-program 3.1.0 on toolchain 1.100.0-beta.1
[INFO] running `Command { std: CARGO_HOME="/workspace/cargo-home" RUSTUP_HOME="/workspace/rustup-home" "/workspace/cargo-home/bin/cargo" "+1.100.0-beta.1" "metadata" "--manifest-path" "Cargo.toml" "--no-deps", kill_on_drop: false }`
[INFO] crate crates.io crate solana-secp256k1-program 3.1.0 already has a lockfile, it will not be regenerated
[INFO] running `Command { std: CARGO_HOME="/workspace/cargo-home" RUSTUP_HOME="/workspace/rustup-home" "/workspace/cargo-home/bin/cargo" "+1.100.0-beta.1" "fetch" "--manifest-path" "Cargo.toml", kill_on_drop: false }`
[INFO] running `Command { std: "docker" "create" "-v" "/var/lib/crater-agent-workspace/builds/worker-4-tc2/source:/opt/rustwide/workdir:ro,Z" "-v" "/var/lib/crater-agent-workspace/builds/worker-4-tc2/target:/opt/rustwide/target:rw,Z" "-v" "/var/lib/crater-agent-workspace/cargo-home:/opt/rustwide/cargo-home:ro,Z" "-v" "/var/lib/crater-agent-workspace/rustup-home:/opt/rustwide/rustup-home:ro,Z" "-m" "1610612736" "--network" "none" "ghcr.io/rust-lang/crates-build-env/linux@sha256:77db811e55d90add9212f6832c23229e3de5f1c1f9905e8cb07319ea15df73ac" "sleep" "infinity", kill_on_drop: false }`
[INFO] [stdout] 143d59f4517645ec7ef91d5b254eca0053b8e4b222ebb22958bbdccf7c631c8b
[INFO] running `Command { std: "docker" "start" "143d59f4517645ec7ef91d5b254eca0053b8e4b222ebb22958bbdccf7c631c8b", kill_on_drop: false }`
[INFO] running `Command { std: "docker" "inspect" "143d59f4517645ec7ef91d5b254eca0053b8e4b222ebb22958bbdccf7c631c8b", kill_on_drop: false }`
[INFO] running `Command { std: "docker" "exec" "-e" "SOURCE_DIR=/opt/rustwide/workdir" "-e" "CARGO_HOME=/opt/rustwide/cargo-home" "-e" "RUSTUP_HOME=/opt/rustwide/rustup-home" "-e" "CARGO_TARGET_DIR=/opt/rustwide/target" "-w" "/opt/rustwide/workdir" "--user" "0:0" "143d59f4517645ec7ef91d5b254eca0053b8e4b222ebb22958bbdccf7c631c8b" "/opt/rustwide/cargo-home/bin/cargo" "+1.100.0-beta.1" "metadata" "--no-deps" "--format-version=1", kill_on_drop: false }`
[INFO] running `Command { std: "docker" "inspect" "143d59f4517645ec7ef91d5b254eca0053b8e4b222ebb22958bbdccf7c631c8b", kill_on_drop: false }`
[INFO] running `Command { std: "docker" "exec" "-e" "SOURCE_DIR=/opt/rustwide/workdir" "-e" "CARGO_HOME=/opt/rustwide/cargo-home" "-e" "RUSTUP_HOME=/opt/rustwide/rustup-home" "-e" "CARGO_TARGET_DIR=/opt/rustwide/target" "-e" "CARGO_INCREMENTAL=0" "-e" "RUST_BACKTRACE=full" "-e" "RUSTFLAGS=--cap-lints=warn" "-e" "RUSTDOCFLAGS=--cap-lints=warn" "-w" "/opt/rustwide/workdir" "--user" "0:0" "143d59f4517645ec7ef91d5b254eca0053b8e4b222ebb22958bbdccf7c631c8b" "/opt/rustwide/cargo-home/bin/cargo" "+1.100.0-beta.1" "build" "--frozen" "--message-format=json" "--release", kill_on_drop: false }`
[INFO] [stderr]    Compiling zeroize v1.9.0
[INFO] [stderr]    Compiling subtle v2.6.1
[INFO] [stderr]    Compiling base16ct v0.2.0
[INFO] [stderr]    Compiling five8_core v1.0.0
[INFO] [stderr]    Compiling keccak v0.1.6
[INFO] [stderr]    Compiling once_cell v1.21.4
[INFO] [stderr]    Compiling solana-sanitize v3.0.1
[INFO] [stderr]    Compiling generic-array v0.14.9
[INFO] [stderr]    Compiling getrandom v0.2.17
[INFO] [stderr]    Compiling five8 v1.0.0
[INFO] [stderr]    Compiling solana-hash v4.7.0
[INFO] [stderr]    Compiling solana-signature v3.6.0
[INFO] [stderr]    Compiling der v0.7.10
[INFO] [stderr]    Compiling rand_core v0.6.4
[INFO] [stderr]    Compiling ff v0.13.1
[INFO] [stderr]    Compiling group v0.13.0
[INFO] [stderr]    Compiling block-buffer v0.10.4
[INFO] [stderr]    Compiling crypto-common v0.1.6
[INFO] [stderr]    Compiling crypto-bigint v0.5.5
[INFO] [stderr]    Compiling digest v0.10.7
[INFO] [stderr]    Compiling hmac v0.12.1
[INFO] [stderr]    Compiling signature v2.2.0
[INFO] [stderr]    Compiling sha2 v0.10.9
[INFO] [stderr]    Compiling sha3 v0.10.9
[INFO] [stderr]    Compiling rfc6979 v0.4.0
[INFO] [stderr]    Compiling spki v0.7.3
[INFO] [stderr]    Compiling sec1 v0.7.3
[INFO] [stderr]    Compiling solana-keccak-hasher v3.1.0
[INFO] [stderr]    Compiling pkcs8 v0.10.2
[INFO] [stderr]    Compiling elliptic-curve v0.13.8
[INFO] [stderr]    Compiling ecdsa v0.16.9
[INFO] [stderr]    Compiling k256 v0.13.4
[INFO] [stderr]    Compiling solana-secp256k1-program v3.1.0 (/opt/rustwide/workdir)
[INFO] [stderr]     Finished `release` profile [optimized] target(s) in 11.01s
[INFO] running `Command { std: "docker" "inspect" "143d59f4517645ec7ef91d5b254eca0053b8e4b222ebb22958bbdccf7c631c8b", kill_on_drop: false }`
[INFO] running `Command { std: "docker" "exec" "-e" "SOURCE_DIR=/opt/rustwide/workdir" "-e" "CARGO_HOME=/opt/rustwide/cargo-home" "-e" "RUSTUP_HOME=/opt/rustwide/rustup-home" "-e" "CARGO_TARGET_DIR=/opt/rustwide/target" "-e" "CARGO_INCREMENTAL=0" "-e" "RUST_BACKTRACE=full" "-e" "RUSTFLAGS=--cap-lints=warn" "-e" "RUSTDOCFLAGS=--cap-lints=warn" "-w" "/opt/rustwide/workdir" "--user" "0:0" "143d59f4517645ec7ef91d5b254eca0053b8e4b222ebb22958bbdccf7c631c8b" "/opt/rustwide/cargo-home/bin/cargo" "+1.100.0-beta.1" "test" "--frozen" "--no-run" "--message-format=json" "--release", kill_on_drop: false }`
[INFO] [stderr]    Compiling solana-program-error v3.0.1
[INFO] [stderr]    Compiling zerocopy v0.8.55
[INFO] [stderr]    Compiling anyhow v1.0.104
[INFO] [stderr]    Compiling solana-program-memory v3.1.0
[INFO] [stderr]    Compiling five8_const v1.0.0
[INFO] [stderr]    Compiling solana-msg v3.1.0
[INFO] [stderr]    Compiling solana-instruction-error v3.1.0
[INFO] [stderr]    Compiling solana-address v2.9.0
[INFO] [stderr]    Compiling solana-pubkey v4.4.0
[INFO] [stderr]    Compiling solana-sdk-ids v3.1.0
[INFO] [stderr]    Compiling solana-account-info v3.1.1
[INFO] [stderr]    Compiling solana-instruction v4.0.0
[INFO] [stderr]    Compiling solana-serialize-utils v4.0.0
[INFO] [stderr]    Compiling solana-sysvar-id v3.1.0
[INFO] [stderr]    Compiling solana-instructions-sysvar v5.0.0
[INFO] [stderr]    Compiling ppv-lite86 v0.2.21
[INFO] [stderr]    Compiling rand_chacha v0.3.1
[INFO] [stderr]    Compiling rand v0.8.7
[INFO] [stderr]    Compiling solana-secp256k1-program v3.1.0 (/opt/rustwide/workdir)
[INFO] [stderr]     Finished `release` profile [optimized] target(s) in 8.21s
[INFO] running `Command { std: "docker" "inspect" "143d59f4517645ec7ef91d5b254eca0053b8e4b222ebb22958bbdccf7c631c8b", kill_on_drop: false }`
[INFO] running `Command { std: "docker" "exec" "-e" "SOURCE_DIR=/opt/rustwide/workdir" "-e" "CARGO_HOME=/opt/rustwide/cargo-home" "-e" "RUSTUP_HOME=/opt/rustwide/rustup-home" "-e" "CARGO_TARGET_DIR=/opt/rustwide/target" "-e" "CARGO_INCREMENTAL=0" "-e" "RUST_BACKTRACE=full" "-e" "RUSTFLAGS=--cap-lints=warn" "-e" "RUSTDOCFLAGS=--cap-lints=warn" "-w" "/opt/rustwide/workdir" "--user" "0:0" "143d59f4517645ec7ef91d5b254eca0053b8e4b222ebb22958bbdccf7c631c8b" "/opt/rustwide/cargo-home/bin/cargo" "+1.100.0-beta.1" "test" "--frozen" "--release", kill_on_drop: false }`
[INFO] [stderr]     Finished `release` profile [optimized] target(s) in 0.10s
[INFO] [stderr]      Running unittests src/lib.rs (/opt/rustwide/target/release/build/solana-secp256k1-program/6fe6fca5bc16906f/out/solana_secp256k1_program-6fe6fca5bc16906f)
[INFO] [stdout] 
[INFO] [stdout] running 1 test
[INFO] [stdout] test tests::test_eth_address_from_pubkey ... ok
[INFO] [stdout] 
[INFO] [stdout] test result: ok. 1 passed; 0 failed; 0 ignored; 0 measured; 0 filtered out; finished in 0.00s
[INFO] [stdout] 
[INFO] [stderr]    Doc-tests solana_secp256k1_program
[INFO] [stdout] 
[INFO] [stdout] running 5 tests
[INFO] [stdout] test src/lib.rs - (line 283) - compile ... FAILED
[INFO] [stdout] test src/lib.rs - (line 429) - compile ... FAILED
[INFO] [stdout] test src/lib.rs - (line 217) - compile ... ok
[INFO] [stdout] test src/lib.rs - (line 645) - compile ... FAILED
[INFO] [stderr] error: doctest failed, to rerun pass `--doc`
[INFO] [stdout] test src/lib.rs - (line 500) - compile ... FAILED
[INFO] [stdout] 
[INFO] [stdout] failures:
[INFO] [stdout] 
[INFO] [stdout] ---- src/lib.rs - (line 283) stdout ----
[INFO] [stdout] error[E0432]: unresolved import `solana_sdk_ids`
[INFO] [stdout]    --> src/lib.rs:337:5
[INFO] [stdout]     |
[INFO] [stdout] 337 | use solana_sdk_ids::secp256k1_program;
[INFO] [stdout]     |     ^^^^^^^^^^^^^^ use of unresolved module or unlinked crate `solana_sdk_ids`
[INFO] [stdout]     |
[INFO] [stdout]     = help: if you wanted to use a crate named `solana_sdk_ids`, use `cargo add solana_sdk_ids` to add it to your `Cargo.toml`
[INFO] [stdout] 
[INFO] [stdout] error[E0433]: cannot find module or crate `solana_sdk_ids` in this scope
[INFO] [stdout]    --> src/lib.rs:359:13
[INFO] [stdout]     |
[INFO] [stdout] 359 |     assert!(solana_sdk_ids::sysvar::instructions::check_id(
[INFO] [stdout]     |             ^^^^^^^^^^^^^^ use of unresolved module or unlinked crate `solana_sdk_ids`
[INFO] [stdout]     |
[INFO] [stdout]     = help: if you wanted to use a crate named `solana_sdk_ids`, use `cargo add solana_sdk_ids` to add it to your `Cargo.toml`
[INFO] [stdout] 
[INFO] [stdout] error: aborting due to 2 previous errors
[INFO] [stdout] 
[INFO] [stdout] Some errors have detailed explanations: E0432, E0433.
[INFO] [stdout] For more information about an error, try `rustc --explain E0432`.
[INFO] [stdout] Couldn't compile the test.
[INFO] [stdout] ---- src/lib.rs - (line 429) stdout ----
[INFO] [stdout] error[E0432]: unresolved import `solana_example_mocks`
[INFO] [stdout]    --> src/lib.rs:431:5
[INFO] [stdout]     |
[INFO] [stdout] 431 | use solana_example_mocks::{solana_keypair, solana_rpc_client, solana_signer, solana_transaction};
[INFO] [stdout]     |     ^^^^^^^^^^^^^^^^^^^^ use of unresolved module or unlinked crate `solana_example_mocks`
[INFO] [stdout]     |
[INFO] [stdout]     = help: if you wanted to use a crate named `solana_example_mocks`, use `cargo add solana_example_mocks` to add it to your `Cargo.toml`
[INFO] [stdout] 
[INFO] [stdout] error[E0432]: unresolved import `solana_secp256k1_program::new_secp256k1_instruction_with_signature`
[INFO] [stdout]    --> src/lib.rs:439:30
[INFO] [stdout]     |
[INFO] [stdout] 439 |     eth_address_from_pubkey, new_secp256k1_instruction_with_signature,
[INFO] [stdout]     |                              ^^^^^^^^^^^^^^^^^^^^^^^^^^^^^^^^^^^^^^^^ no `new_secp256k1_instruction_with_signature` in the root
[INFO] [stdout]     |
[INFO] [stdout] note: found an item that was configured out
[INFO] [stdout]    --> src/lib.rs:869:8
[INFO] [stdout]     |
[INFO] [stdout] 866 |     any(feature = "bincode", feature = "wincode"),
[INFO] [stdout]     |        ------------------------------------------ the item is gated here
[INFO] [stdout] ...
[INFO] [stdout] 869 | pub fn new_secp256k1_instruction_with_signature(
[INFO] [stdout]     |        ^^^^^^^^^^^^^^^^^^^^^^^^^^^^^^^^^^^^^^^^
[INFO] [stdout] 
[INFO] [stdout] error[E0433]: cannot find module or crate `solana_sdk_ids` in this scope
[INFO] [stdout]    --> src/lib.rs:461:39
[INFO] [stdout]     |
[INFO] [stdout] 461 |             AccountMeta::new_readonly(solana_sdk_ids::sysvar::instructions::ID, false)
[INFO] [stdout]     |                                       ^^^^^^^^^^^^^^ use of unresolved module or unlinked crate `solana_sdk_ids`
[INFO] [stdout]     |
[INFO] [stdout]     = help: if you wanted to use a crate named `solana_sdk_ids`, use `cargo add solana_sdk_ids` to add it to your `Cargo.toml`
[INFO] [stdout] 
[INFO] [stdout] error: aborting due to 3 previous errors
[INFO] [stdout] 
[INFO] [stdout] Some errors have detailed explanations: E0432, E0433.
[INFO] [stdout] For more information about an error, try `rustc --explain E0432`.
[INFO] [stdout] Couldn't compile the test.
[INFO] [stdout] ---- src/lib.rs - (line 645) stdout ----
[INFO] [stdout] error[E0432]: unresolved import `solana_example_mocks`
[INFO] [stdout]    --> src/lib.rs:647:5
[INFO] [stdout]     |
[INFO] [stdout] 647 | use solana_example_mocks::{solana_keypair, solana_rpc_client, solana_signer, solana_transaction};
[INFO] [stdout]     |     ^^^^^^^^^^^^^^^^^^^^ use of unresolved module or unlinked crate `solana_example_mocks`
[INFO] [stdout]     |
[INFO] [stdout]     = help: if you wanted to use a crate named `solana_example_mocks`, use `cargo add solana_example_mocks` to add it to your `Cargo.toml`
[INFO] [stdout] 
[INFO] [stdout] error[E0433]: cannot find module or crate `solana_sdk_ids` in this scope
[INFO] [stdout]    --> src/lib.rs:770:9
[INFO] [stdout]     |
[INFO] [stdout] 770 |         solana_sdk_ids::secp256k1_program::ID,
[INFO] [stdout]     |         ^^^^^^^^^^^^^^ use of unresolved module or unlinked crate `solana_sdk_ids`
[INFO] [stdout]     |
[INFO] [stdout]     = help: if you wanted to use a crate named `solana_sdk_ids`, use `cargo add solana_sdk_ids` to add it to your `Cargo.toml`
[INFO] [stdout] 
[INFO] [stdout] error[E0433]: cannot find module or crate `solana_sdk_ids` in this scope
[INFO] [stdout]    --> src/lib.rs:779:39
[INFO] [stdout]     |
[INFO] [stdout] 779 |             AccountMeta::new_readonly(solana_sdk_ids::sysvar::instructions::ID, false)
[INFO] [stdout]     |                                       ^^^^^^^^^^^^^^ use of unresolved module or unlinked crate `solana_sdk_ids`
[INFO] [stdout]     |
[INFO] [stdout]     = help: if you wanted to use a crate named `solana_sdk_ids`, use `cargo add solana_sdk_ids` to add it to your `Cargo.toml`
[INFO] [stdout] 
[INFO] [stdout] error[E0433]: cannot find module or crate `bincode` in this scope
[INFO] [stdout]    --> src/lib.rs:727:23
[INFO] [stdout]     |
[INFO] [stdout] 727 |         let offsets = bincode::serialize(&offsets)?;
[INFO] [stdout]     |                       ^^^^^^^ use of unresolved module or unlinked crate `bincode`
[INFO] [stdout]     |
[INFO] [stdout]     = help: if you wanted to use a crate named `bincode`, use `cargo add bincode` to add it to your `Cargo.toml`
[INFO] [stdout] 
[INFO] [stdout] error: aborting due to 4 previous errors
[INFO] [stdout] 
[INFO] [stdout] Some errors have detailed explanations: E0432, E0433.
[INFO] [stdout] For more information about an error, try `rustc --explain E0432`.
[INFO] [stdout] Couldn't compile the test.
[INFO] [stdout] ---- src/lib.rs - (line 500) stdout ----
[INFO] [stdout] error[E0432]: unresolved import `solana_sdk_ids`
[INFO] [stdout]    --> src/lib.rs:553:5
[INFO] [stdout]     |
[INFO] [stdout] 553 | use solana_sdk_ids::secp256k1_program;
[INFO] [stdout]     |     ^^^^^^^^^^^^^^ use of unresolved module or unlinked crate `solana_sdk_ids`
[INFO] [stdout]     |
[INFO] [stdout]     = help: if you wanted to use a crate named `solana_sdk_ids`, use `cargo add solana_sdk_ids` to add it to your `Cargo.toml`
[INFO] [stdout] 
[INFO] [stdout] error[E0433]: cannot find module or crate `solana_sdk_ids` in this scope
[INFO] [stdout]    --> src/lib.rs:619:13
[INFO] [stdout]     |
[INFO] [stdout] 619 |     assert!(solana_sdk_ids::sysvar::instructions::check_id(
[INFO] [stdout]     |             ^^^^^^^^^^^^^^ use of unresolved module or unlinked crate `solana_sdk_ids`
[INFO] [stdout]     |
[INFO] [stdout]     = help: if you wanted to use a crate named `solana_sdk_ids`, use `cargo add solana_sdk_ids` to add it to your `Cargo.toml`
[INFO] [stdout] 
[INFO] [stdout] error: aborting due to 2 previous errors
[INFO] [stdout] 
[INFO] [stdout] Some errors have detailed explanations: E0432, E0433.
[INFO] [stdout] For more information about an error, try `rustc --explain E0432`.
[INFO] [stdout] Couldn't compile the test.
[INFO] [stdout] 
[INFO] [stdout] failures:
[INFO] [stdout]     src/lib.rs - (line 283)
[INFO] [stdout]     src/lib.rs - (line 429)
[INFO] [stdout]     src/lib.rs - (line 500)
[INFO] [stdout]     src/lib.rs - (line 645)
[INFO] [stdout] 
[INFO] [stdout] test result: FAILED. 1 passed; 4 failed; 0 ignored; 0 measured; 0 filtered out; finished in 0.22s
[INFO] [stdout] 
[INFO] running `Command { std: "docker" "inspect" "143d59f4517645ec7ef91d5b254eca0053b8e4b222ebb22958bbdccf7c631c8b", kill_on_drop: false }`
[INFO] running `Command { std: "docker" "rm" "-f" "143d59f4517645ec7ef91d5b254eca0053b8e4b222ebb22958bbdccf7c631c8b", kill_on_drop: false }`
[INFO] [stdout] 143d59f4517645ec7ef91d5b254eca0053b8e4b222ebb22958bbdccf7c631c8b
