[INFO] fetching crate softgpu-hsa 0.8.0...
[INFO] testing softgpu-hsa-0.8.0 against 1.99.0-beta.8+cargoflags=--release for beta-release-1.100-2
[INFO] extracting crate softgpu-hsa 0.8.0 into /workspace/builds/worker-6-tc1/source
[INFO] started tweaking crates.io crate softgpu-hsa 0.8.0
[INFO] removed 0 missing tests
[INFO] finished tweaking crates.io crate softgpu-hsa 0.8.0
[INFO] tweaked toml for crates.io crate softgpu-hsa 0.8.0 written to /workspace/builds/worker-6-tc1/source/Cargo.toml
[INFO] validating manifest of crates.io crate softgpu-hsa 0.8.0 on toolchain 1.99.0-beta.8
[INFO] running `Command { std: CARGO_HOME="/workspace/cargo-home" RUSTUP_HOME="/workspace/rustup-home" "/workspace/cargo-home/bin/cargo" "+1.99.0-beta.8" "metadata" "--manifest-path" "Cargo.toml" "--no-deps", kill_on_drop: false }`
[INFO] crate crates.io crate softgpu-hsa 0.8.0 already has a lockfile, it will not be regenerated
[INFO] running `Command { std: CARGO_HOME="/workspace/cargo-home" RUSTUP_HOME="/workspace/rustup-home" "/workspace/cargo-home/bin/cargo" "+1.99.0-beta.8" "fetch" "--manifest-path" "Cargo.toml", kill_on_drop: false }`
[INFO] [stderr]     Updating crates.io index
[INFO] [stderr]  Downloading crates ...
[INFO] [stderr]   Downloaded softgpu-amd-isa v0.8.0
[INFO] [stderr]   Downloaded softgpu-core v0.8.0
[INFO] [stderr]   Downloaded softgpu-amd-code-object v0.8.0
[INFO] running `Command { std: "docker" "create" "-v" "/var/lib/crater-agent-workspace/builds/worker-6-tc1/source:/opt/rustwide/workdir:ro,Z" "-v" "/var/lib/crater-agent-workspace/builds/worker-6-tc1/target:/opt/rustwide/target:rw,Z" "-v" "/var/lib/crater-agent-workspace/cargo-home:/opt/rustwide/cargo-home:ro,Z" "-v" "/var/lib/crater-agent-workspace/rustup-home:/opt/rustwide/rustup-home:ro,Z" "-m" "1610612736" "--network" "none" "ghcr.io/rust-lang/crates-build-env/linux@sha256:77db811e55d90add9212f6832c23229e3de5f1c1f9905e8cb07319ea15df73ac" "sleep" "infinity", kill_on_drop: false }`
[INFO] [stdout] a66bc496330d5c755f7365b41bb845f41250f4346a8d40fc45f9f4d6f64bf02c
[INFO] running `Command { std: "docker" "start" "a66bc496330d5c755f7365b41bb845f41250f4346a8d40fc45f9f4d6f64bf02c", kill_on_drop: false }`
[INFO] running `Command { std: "docker" "inspect" "a66bc496330d5c755f7365b41bb845f41250f4346a8d40fc45f9f4d6f64bf02c", kill_on_drop: false }`
[INFO] running `Command { std: "docker" "exec" "-e" "SOURCE_DIR=/opt/rustwide/workdir" "-e" "CARGO_HOME=/opt/rustwide/cargo-home" "-e" "RUSTUP_HOME=/opt/rustwide/rustup-home" "-e" "CARGO_TARGET_DIR=/opt/rustwide/target" "-w" "/opt/rustwide/workdir" "--user" "0:0" "a66bc496330d5c755f7365b41bb845f41250f4346a8d40fc45f9f4d6f64bf02c" "/opt/rustwide/cargo-home/bin/cargo" "+1.99.0-beta.8" "metadata" "--no-deps" "--format-version=1", kill_on_drop: false }`
[INFO] running `Command { std: "docker" "inspect" "a66bc496330d5c755f7365b41bb845f41250f4346a8d40fc45f9f4d6f64bf02c", kill_on_drop: false }`
[INFO] running `Command { std: "docker" "exec" "-e" "SOURCE_DIR=/opt/rustwide/workdir" "-e" "CARGO_HOME=/opt/rustwide/cargo-home" "-e" "RUSTUP_HOME=/opt/rustwide/rustup-home" "-e" "CARGO_TARGET_DIR=/opt/rustwide/target" "-e" "CARGO_INCREMENTAL=0" "-e" "RUST_BACKTRACE=full" "-e" "RUSTFLAGS=--cap-lints=warn" "-e" "RUSTDOCFLAGS=--cap-lints=warn" "-w" "/opt/rustwide/workdir" "--user" "0:0" "a66bc496330d5c755f7365b41bb845f41250f4346a8d40fc45f9f4d6f64bf02c" "/opt/rustwide/cargo-home/bin/cargo" "+1.99.0-beta.8" "build" "--frozen" "--message-format=json" "--release", kill_on_drop: false }`
[INFO] [stderr]    Compiling proc-macro2 v1.0.107
[INFO] [stderr]    Compiling serde_json v1.0.151
[INFO] [stderr]    Compiling find-msvc-tools v0.1.12
[INFO] [stderr]    Compiling cc v1.4.6
[INFO] [stderr]    Compiling quote v1.0.47
[INFO] [stderr]    Compiling syn v3.0.5
[INFO] [stderr]    Compiling softgpu-hsa v0.8.0 (/opt/rustwide/workdir)
[INFO] [stderr]    Compiling serde_derive v1.0.229
[INFO] [stderr]    Compiling serde v1.0.229
[INFO] [stderr]    Compiling softgpu-amd-code-object v0.8.0
[INFO] [stderr]    Compiling softgpu-amd-isa v0.8.0
[INFO] [stderr]    Compiling softgpu-core v0.8.0
[INFO] [stderr]     Finished `release` profile [optimized] target(s) in 12.54s
[INFO] running `Command { std: "docker" "inspect" "a66bc496330d5c755f7365b41bb845f41250f4346a8d40fc45f9f4d6f64bf02c", kill_on_drop: false }`
[INFO] running `Command { std: "docker" "exec" "-e" "SOURCE_DIR=/opt/rustwide/workdir" "-e" "CARGO_HOME=/opt/rustwide/cargo-home" "-e" "RUSTUP_HOME=/opt/rustwide/rustup-home" "-e" "CARGO_TARGET_DIR=/opt/rustwide/target" "-e" "CARGO_INCREMENTAL=0" "-e" "RUST_BACKTRACE=full" "-e" "RUSTFLAGS=--cap-lints=warn" "-e" "RUSTDOCFLAGS=--cap-lints=warn" "-w" "/opt/rustwide/workdir" "--user" "0:0" "a66bc496330d5c755f7365b41bb845f41250f4346a8d40fc45f9f4d6f64bf02c" "/opt/rustwide/cargo-home/bin/cargo" "+1.99.0-beta.8" "test" "--frozen" "--no-run" "--message-format=json" "--release", kill_on_drop: false }`
[INFO] [stderr]    Compiling softgpu-hsa v0.8.0 (/opt/rustwide/workdir)
[INFO] [stderr]     Finished `release` profile [optimized] target(s) in 1.82s
[INFO] running `Command { std: "docker" "inspect" "a66bc496330d5c755f7365b41bb845f41250f4346a8d40fc45f9f4d6f64bf02c", kill_on_drop: false }`
[INFO] running `Command { std: "docker" "exec" "-e" "SOURCE_DIR=/opt/rustwide/workdir" "-e" "CARGO_HOME=/opt/rustwide/cargo-home" "-e" "RUSTUP_HOME=/opt/rustwide/rustup-home" "-e" "CARGO_TARGET_DIR=/opt/rustwide/target" "-e" "CARGO_INCREMENTAL=0" "-e" "RUST_BACKTRACE=full" "-e" "RUSTFLAGS=--cap-lints=warn" "-e" "RUSTDOCFLAGS=--cap-lints=warn" "-w" "/opt/rustwide/workdir" "--user" "0:0" "a66bc496330d5c755f7365b41bb845f41250f4346a8d40fc45f9f4d6f64bf02c" "/opt/rustwide/cargo-home/bin/cargo" "+1.99.0-beta.8" "test" "--frozen" "--release", kill_on_drop: false }`
[INFO] [stderr]     Finished `release` profile [optimized] target(s) in 0.06s
[INFO] [stderr]      Running unittests src/lib.rs (/opt/rustwide/target/release/deps/hsa_runtime64-22e8171bb89e963e)
[INFO] [stdout] 
[INFO] [stdout] running 2 tests
[INFO] [stdout] test ffi::tests::agent_handle_is_64_bit_struct ... ok
[INFO] [stdout] test status::tests::known_and_unknown_status_strings ... ok
[INFO] [stdout] 
[INFO] [stdout] test result: ok. 2 passed; 0 failed; 0 ignored; 0 measured; 0 filtered out; finished in 0.00s
[INFO] [stdout] 
[INFO] [stderr]      Running tests/advertised_fields.rs (/opt/rustwide/target/release/deps/advertised_fields-220769fec43e7b72)
[INFO] [stdout] 
[INFO] [stdout] running 2 tests
[INFO] [stdout] test advertised_agent_fields_match_profile_provenance ... FAILED
[INFO] [stdout] test system_get_info_version_and_rejects_unknown ... FAILED
[INFO] [stderr] error: test failed, to rerun pass `--test advertised_fields`
[INFO] [stdout] 
[INFO] [stdout] failures:
[INFO] [stdout] 
[INFO] [stdout] ---- advertised_agent_fields_match_profile_provenance stdout ----
[INFO] [stdout] 
[INFO] [stdout] thread 'advertised_agent_fields_match_profile_provenance' (551) panicked at tests/advertised_fields.rs:21:72:
[INFO] [stdout] called `Result::unwrap()` on an `Err` value: Error { category: Io, message: "No such file or directory (os error 2)", remediation: Some("check that the path exists and is readable") }
[INFO] [stdout] stack backtrace:
[INFO] [stdout]    0:     0x602ef473ab51 - <<std[70759c8f55707aa4]::sys::backtrace::BacktraceLock>::print::DisplayBacktrace as core[df12db4294e9bfd3]::fmt::Display>::fmt
[INFO] [stdout]    1:     0x602ef474f8ca - core[df12db4294e9bfd3]::fmt::write
[INFO] [stdout]    2:     0x602ef473efec - <alloc[2182bb758b4b3781]::vec::Vec<u8> as core[df12db4294e9bfd3]::io::write::Write>::write_fmt
[INFO] [stdout]    3:     0x602ef4716c96 - std[70759c8f55707aa4]::panicking::default_hook::{closure#0}
[INFO] [stdout]    4:     0x602ef4732f99 - std[70759c8f55707aa4]::panicking::default_hook
[INFO] [stdout]    5:     0x602ef46b6200 - test[9d35eded1c95d3be]::test_main_inner::<test[9d35eded1c95d3be]::test_main_static::{closure#0}>::{closure#0}
[INFO] [stdout]    6:     0x602ef4733152 - std[70759c8f55707aa4]::panicking::panic_with_hook
[INFO] [stdout]    7:     0x602ef4716d42 - std[70759c8f55707aa4]::panicking::panic_handler::{closure#0}
[INFO] [stdout]    8:     0x602ef470f939 - std[70759c8f55707aa4]::sys::backtrace::__rust_end_short_backtrace::<std[70759c8f55707aa4]::panicking::panic_handler::{closure#0}, !>
[INFO] [stdout]    9:     0x602ef471793d - __rustc[8fa7c3cbc660c2b3]::rust_begin_unwind
[INFO] [stdout]   10:     0x602ef474fffc - core[df12db4294e9bfd3]::panicking::panic_fmt
[INFO] [stdout]   11:     0x602ef474fdd2 - core[df12db4294e9bfd3]::result::unwrap_failed
[INFO] [stdout]   12:     0x602ef46a835b - advertised_fields[1945661184679dec]::reset_runtime
[INFO] [stdout]   13:     0x602ef46a8b0f - <advertised_fields[1945661184679dec]::advertised_agent_fields_match_profile_provenance::{closure#0} as core[df12db4294e9bfd3]::ops::function::FnOnce<()>>::call_once
[INFO] [stdout]   14:     0x602ef46a94eb - test[9d35eded1c95d3be]::__rust_begin_short_backtrace::<core[df12db4294e9bfd3]::result::Result<(), alloc[2182bb758b4b3781]::string::String>, fn() -> core[df12db4294e9bfd3]::result::Result<(), alloc[2182bb758b4b3781]::string::String>>
[INFO] [stdout]   15:     0x602ef46b6b55 - test[9d35eded1c95d3be]::run_test::{closure#0}
[INFO] [stdout]   16:     0x602ef46b0414 - std[70759c8f55707aa4]::sys::backtrace::__rust_begin_short_backtrace::<test[9d35eded1c95d3be]::run_test::{closure#1}, ()>
[INFO] [stdout]   17:     0x602ef46b9cb2 - <std[70759c8f55707aa4]::thread::lifecycle::spawn_unchecked<test[9d35eded1c95d3be]::run_test::{closure#1}, ()>::{closure#1} as core[df12db4294e9bfd3]::ops::function::FnOnce<()>>::call_once::{shim:vtable#0}
[INFO] [stdout]   18:     0x602ef473a109 - <std[70759c8f55707aa4]::sys::thread::unix::Thread>::new::thread_start
[INFO] [stdout]   19:     0x7c62d09a0dfa - <unknown>
[INFO] [stdout]   20:     0x7c62d0a343d4 - clone
[INFO] [stdout]   21:                0x0 - <unknown>
[INFO] [stdout] 
[INFO] [stdout] ---- system_get_info_version_and_rejects_unknown stdout ----
[INFO] [stdout] 
[INFO] [stdout] thread 'system_get_info_version_and_rejects_unknown' (552) panicked at tests/advertised_fields.rs:21:72:
[INFO] [stdout] called `Result::unwrap()` on an `Err` value: Error { category: Io, message: "No such file or directory (os error 2)", remediation: Some("check that the path exists and is readable") }
[INFO] [stdout] stack backtrace:
[INFO] [stdout]    0:     0x602ef473ab51 - <<std[70759c8f55707aa4]::sys::backtrace::BacktraceLock>::print::DisplayBacktrace as core[df12db4294e9bfd3]::fmt::Display>::fmt
[INFO] [stdout]    1:     0x602ef474f8ca - core[df12db4294e9bfd3]::fmt::write
[INFO] [stdout]    2:     0x602ef473efec - <alloc[2182bb758b4b3781]::vec::Vec<u8> as core[df12db4294e9bfd3]::io::write::Write>::write_fmt
[INFO] [stdout]    3:     0x602ef4716c96 - std[70759c8f55707aa4]::panicking::default_hook::{closure#0}
[INFO] [stdout]    4:     0x602ef4732f99 - std[70759c8f55707aa4]::panicking::default_hook
[INFO] [stdout]    5:     0x602ef46b6200 - test[9d35eded1c95d3be]::test_main_inner::<test[9d35eded1c95d3be]::test_main_static::{closure#0}>::{closure#0}
[INFO] [stdout]    6:     0x602ef4733152 - std[70759c8f55707aa4]::panicking::panic_with_hook
[INFO] [stdout]    7:     0x602ef4716d42 - std[70759c8f55707aa4]::panicking::panic_handler::{closure#0}
[INFO] [stdout]    8:     0x602ef470f939 - std[70759c8f55707aa4]::sys::backtrace::__rust_end_short_backtrace::<std[70759c8f55707aa4]::panicking::panic_handler::{closure#0}, !>
[INFO] [stdout]    9:     0x602ef471793d - __rustc[8fa7c3cbc660c2b3]::rust_begin_unwind
[INFO] [stdout]   10:     0x602ef474fffc - core[df12db4294e9bfd3]::panicking::panic_fmt
[INFO] [stdout]   11:     0x602ef474fdd2 - core[df12db4294e9bfd3]::result::unwrap_failed
[INFO] [stdout]   12:     0x602ef46a835b - advertised_fields[1945661184679dec]::reset_runtime
[INFO] [stdout]   13:     0x602ef46a8935 - <advertised_fields[1945661184679dec]::system_get_info_version_and_rejects_unknown::{closure#0} as core[df12db4294e9bfd3]::ops::function::FnOnce<()>>::call_once
[INFO] [stdout]   14:     0x602ef46a94eb - test[9d35eded1c95d3be]::__rust_begin_short_backtrace::<core[df12db4294e9bfd3]::result::Result<(), alloc[2182bb758b4b3781]::string::String>, fn() -> core[df12db4294e9bfd3]::result::Result<(), alloc[2182bb758b4b3781]::string::String>>
[INFO] [stdout]   15:     0x602ef46b6b55 - test[9d35eded1c95d3be]::run_test::{closure#0}
[INFO] [stdout]   16:     0x602ef46b0414 - std[70759c8f55707aa4]::sys::backtrace::__rust_begin_short_backtrace::<test[9d35eded1c95d3be]::run_test::{closure#1}, ()>
[INFO] [stdout]   17:     0x602ef46b9cb2 - <std[70759c8f55707aa4]::thread::lifecycle::spawn_unchecked<test[9d35eded1c95d3be]::run_test::{closure#1}, ()>::{closure#1} as core[df12db4294e9bfd3]::ops::function::FnOnce<()>>::call_once::{shim:vtable#0}
[INFO] [stdout]   18:     0x602ef473a109 - <std[70759c8f55707aa4]::sys::thread::unix::Thread>::new::thread_start
[INFO] [stdout]   19:     0x7c62d09a0dfa - <unknown>
[INFO] [stdout]   20:     0x7c62d0a343d4 - clone
[INFO] [stdout]   21:                0x0 - <unknown>
[INFO] [stdout] 
[INFO] [stdout] 
[INFO] [stdout] failures:
[INFO] [stdout]     advertised_agent_fields_match_profile_provenance
[INFO] [stdout]     system_get_info_version_and_rejects_unknown
[INFO] [stdout] 
[INFO] [stdout] test result: FAILED. 0 passed; 2 failed; 0 ignored; 0 measured; 0 filtered out; finished in 0.00s
[INFO] [stdout] 
[INFO] running `Command { std: "docker" "inspect" "a66bc496330d5c755f7365b41bb845f41250f4346a8d40fc45f9f4d6f64bf02c", kill_on_drop: false }`
[INFO] running `Command { std: "docker" "rm" "-f" "a66bc496330d5c755f7365b41bb845f41250f4346a8d40fc45f9f4d6f64bf02c", kill_on_drop: false }`
[INFO] [stdout] a66bc496330d5c755f7365b41bb845f41250f4346a8d40fc45f9f4d6f64bf02c
