[INFO] fetching crate socketry-markdown 0.7.0...
[INFO] testing socketry-markdown-0.7.0 against 1.100.0-beta.1+cargoflags=--release for beta-release-1.100-2
[INFO] extracting crate socketry-markdown 0.7.0 into /workspace/builds/worker-5-tc2/source
[INFO] started tweaking crates.io crate socketry-markdown 0.7.0
[INFO] finished tweaking crates.io crate socketry-markdown 0.7.0
[INFO] tweaked toml for crates.io crate socketry-markdown 0.7.0 written to /workspace/builds/worker-5-tc2/source/Cargo.toml
[INFO] validating manifest of crates.io crate socketry-markdown 0.7.0 on toolchain 1.100.0-beta.1
[INFO] running `Command { std: CARGO_HOME="/workspace/cargo-home" RUSTUP_HOME="/workspace/rustup-home" "/workspace/cargo-home/bin/cargo" "+1.100.0-beta.1" "metadata" "--manifest-path" "Cargo.toml" "--no-deps", kill_on_drop: false }`
[INFO] crate crates.io crate socketry-markdown 0.7.0 already has a lockfile, it will not be regenerated
[INFO] running `Command { std: CARGO_HOME="/workspace/cargo-home" RUSTUP_HOME="/workspace/rustup-home" "/workspace/cargo-home/bin/cargo" "+1.100.0-beta.1" "fetch" "--manifest-path" "Cargo.toml", kill_on_drop: false }`
[INFO] running `Command { std: "docker" "create" "-v" "/var/lib/crater-agent-workspace/builds/worker-5-tc2/source:/opt/rustwide/workdir:ro,Z" "-v" "/var/lib/crater-agent-workspace/builds/worker-5-tc2/target:/opt/rustwide/target:rw,Z" "-v" "/var/lib/crater-agent-workspace/cargo-home:/opt/rustwide/cargo-home:ro,Z" "-v" "/var/lib/crater-agent-workspace/rustup-home:/opt/rustwide/rustup-home:ro,Z" "-m" "1610612736" "--network" "none" "ghcr.io/rust-lang/crates-build-env/linux@sha256:77db811e55d90add9212f6832c23229e3de5f1c1f9905e8cb07319ea15df73ac" "sleep" "infinity", kill_on_drop: false }`
[INFO] [stdout] 954a246cfd30727322298fdd62d7749f71bbf1fcd07b89488f7ec10004ff0901
[INFO] running `Command { std: "docker" "start" "954a246cfd30727322298fdd62d7749f71bbf1fcd07b89488f7ec10004ff0901", kill_on_drop: false }`
[INFO] running `Command { std: "docker" "inspect" "954a246cfd30727322298fdd62d7749f71bbf1fcd07b89488f7ec10004ff0901", kill_on_drop: false }`
[INFO] running `Command { std: "docker" "exec" "-e" "SOURCE_DIR=/opt/rustwide/workdir" "-e" "CARGO_HOME=/opt/rustwide/cargo-home" "-e" "RUSTUP_HOME=/opt/rustwide/rustup-home" "-e" "CARGO_TARGET_DIR=/opt/rustwide/target" "-w" "/opt/rustwide/workdir" "--user" "0:0" "954a246cfd30727322298fdd62d7749f71bbf1fcd07b89488f7ec10004ff0901" "/opt/rustwide/cargo-home/bin/cargo" "+1.100.0-beta.1" "metadata" "--no-deps" "--format-version=1", kill_on_drop: false }`
[INFO] running `Command { std: "docker" "inspect" "954a246cfd30727322298fdd62d7749f71bbf1fcd07b89488f7ec10004ff0901", kill_on_drop: false }`
[INFO] running `Command { std: "docker" "exec" "-e" "SOURCE_DIR=/opt/rustwide/workdir" "-e" "CARGO_HOME=/opt/rustwide/cargo-home" "-e" "RUSTUP_HOME=/opt/rustwide/rustup-home" "-e" "CARGO_TARGET_DIR=/opt/rustwide/target" "-e" "CARGO_INCREMENTAL=0" "-e" "RUST_BACKTRACE=full" "-e" "RUSTFLAGS=--cap-lints=warn" "-e" "RUSTDOCFLAGS=--cap-lints=warn" "-w" "/opt/rustwide/workdir" "--user" "0:0" "954a246cfd30727322298fdd62d7749f71bbf1fcd07b89488f7ec10004ff0901" "/opt/rustwide/cargo-home/bin/cargo" "+1.100.0-beta.1" "build" "--frozen" "--message-format=json" "--release", kill_on_drop: false }`
[INFO] [stderr]    Compiling unicode-id v0.3.7
[INFO] [stderr]    Compiling socketry-markdown v0.7.0 (/opt/rustwide/workdir)
[INFO] [stderr]     Finished `release` profile [optimized] target(s) in 13.34s
[INFO] running `Command { std: "docker" "inspect" "954a246cfd30727322298fdd62d7749f71bbf1fcd07b89488f7ec10004ff0901", kill_on_drop: false }`
[INFO] running `Command { std: "docker" "exec" "-e" "SOURCE_DIR=/opt/rustwide/workdir" "-e" "CARGO_HOME=/opt/rustwide/cargo-home" "-e" "RUSTUP_HOME=/opt/rustwide/rustup-home" "-e" "CARGO_TARGET_DIR=/opt/rustwide/target" "-e" "CARGO_INCREMENTAL=0" "-e" "RUST_BACKTRACE=full" "-e" "RUSTFLAGS=--cap-lints=warn" "-e" "RUSTDOCFLAGS=--cap-lints=warn" "-w" "/opt/rustwide/workdir" "--user" "0:0" "954a246cfd30727322298fdd62d7749f71bbf1fcd07b89488f7ec10004ff0901" "/opt/rustwide/cargo-home/bin/cargo" "+1.100.0-beta.1" "test" "--frozen" "--no-run" "--message-format=json" "--release", kill_on_drop: false }`
[INFO] [stderr]    Compiling zerocopy v0.8.59
[INFO] [stderr]    Compiling syn v3.0.6
[INFO] [stderr]    Compiling syn v2.0.119
[INFO] [stderr]    Compiling allocator-api2 v0.2.21
[INFO] [stderr]    Compiling serde_core v1.0.229
[INFO] [stderr]    Compiling smallvec v1.16.2
[INFO] [stderr]    Compiling rand_core v0.6.4
[INFO] [stderr]    Compiling siphasher v1.0.4
[INFO] [stderr]    Compiling rand v0.8.8
[INFO] [stderr]    Compiling phf_shared v0.11.3
[INFO] [stderr]    Compiling better_scoped_tls v1.0.1
[INFO] [stderr]    Compiling swc_visit v2.0.2
[INFO] [stderr]    Compiling camino v1.2.6
[INFO] [stderr]    Compiling serde_json v1.0.151
[INFO] [stderr]    Compiling siphasher v0.3.11
[INFO] [stderr]    Compiling thiserror v2.0.21
[INFO] [stderr]    Compiling vergen-lib v9.1.0
[INFO] [stderr]    Compiling unicode-id-start v1.5.0
[INFO] [stderr]    Compiling vergen v9.1.0
[INFO] [stderr]    Compiling smartstring v1.0.1
[INFO] [stderr]    Compiling indexmap v2.14.2
[INFO] [stderr]    Compiling num_cpus v1.17.0
[INFO] [stderr]    Compiling par-core v2.0.0
[INFO] [stderr]    Compiling phf_generator v0.11.3
[INFO] [stderr]    Compiling seq-macro v0.3.6
[INFO] [stderr]    Compiling clap_builder v4.6.7
[INFO] [stderr]    Compiling bumpalo v3.20.3
[INFO] [stderr]    Compiling itertools v0.10.5
[INFO] [stderr]    Compiling jiff-core v0.1.1
[INFO] [stderr]    Compiling env_filter v2.0.0
[INFO] [stderr]    Compiling synstructure v0.14.0
[INFO] [stderr]    Compiling cargo-platform v0.3.3
[INFO] [stderr]    Compiling semver v1.0.28
[INFO] [stderr]    Compiling clap v4.6.7
[INFO] [stderr]    Compiling jiff v0.2.37
[INFO] [stderr]    Compiling criterion-plot v0.5.0
[INFO] [stderr]    Compiling serde_derive v1.0.229
[INFO] [stderr]    Compiling zerofrom-derive v0.1.8
[INFO] [stderr]    Compiling yoke-derive v0.8.4
[INFO] [stderr]    Compiling zerovec-derive v0.11.6
[INFO] [stderr]    Compiling displaydoc v0.2.7
[INFO] [stderr]    Compiling zerofrom v0.1.8
[INFO] [stderr]    Compiling swc_macros_common v1.0.1
[INFO] [stderr]    Compiling yoke v0.8.3
[INFO] [stderr]    Compiling zerotrie v0.2.5
[INFO] [stderr]    Compiling darling_core v0.20.11
[INFO] [stderr]    Compiling thiserror-impl v2.0.21
[INFO] [stderr]    Compiling zerovec v0.11.8
[INFO] [stderr]    Compiling anstream v1.0.0
[INFO] [stderr]    Compiling swc_allocator v4.0.1
[INFO] [stderr]    Compiling tinystr v0.8.4
[INFO] [stderr]    Compiling potential_utf v0.1.6
[INFO] [stderr]    Compiling icu_collections v2.3.0
[INFO] [stderr]    Compiling icu_locale_core v2.3.0
[INFO] [stderr]    Compiling zerocopy-derive v0.8.59
[INFO] [stderr]    Compiling tracing-attributes v0.1.31
[INFO] [stderr]    Compiling from_variant v3.0.0
[INFO] [stderr]    Compiling serde v1.0.229
[INFO] [stderr]    Compiling ast_node v5.0.0
[INFO] [stderr]    Compiling icu_provider v2.3.1
[INFO] [stderr]    Compiling darling_macro v0.20.11
[INFO] [stderr]    Compiling icu_properties v2.3.0
[INFO] [stderr]    Compiling icu_normalizer v2.3.0
[INFO] [stderr]    Compiling triomphe v0.1.16
[INFO] [stderr]    Compiling darling v0.20.11
[INFO] [stderr]    Compiling derive_builder_core v0.20.2
[INFO] [stderr]    Compiling num-bigint v0.4.8
[INFO] [stderr]    Compiling bytes-str v0.2.9
[INFO] [stderr]    Compiling idna_adapter v1.2.2
[INFO] [stderr]    Compiling idna v1.1.0
[INFO] [stderr]    Compiling tracing v0.1.44
[INFO] [stderr]    Compiling phf_macros v0.11.3
[INFO] [stderr]    Compiling url v2.5.8
[INFO] [stderr]    Compiling swc_eq_ignore_macros v1.0.1
[INFO] [stderr]    Compiling phf v0.11.3
[INFO] [stderr]    Compiling derive_builder_macro v0.20.2
[INFO] [stderr]    Compiling string_enum v1.0.2
[INFO] [stderr]    Compiling is-macro v0.3.8
[INFO] [stderr]    Compiling derive_builder v0.20.2
[INFO] [stderr]    Compiling tinytemplate v1.2.1
[INFO] [stderr]    Compiling rayon v1.12.0
[INFO] [stderr]    Compiling cargo_metadata v0.23.1
[INFO] [stderr]    Compiling plotters v0.3.7
[INFO] [stderr]    Compiling is-terminal v0.4.17
[INFO] [stderr]    Compiling env_logger v0.11.11
[INFO] [stderr]    Compiling swc_core v50.2.3
[INFO] [stderr]    Compiling ahash v0.8.12
[INFO] [stderr]    Compiling half v2.7.1
[INFO] [stderr]    Compiling hashbrown v0.14.5
[INFO] [stderr]    Compiling ciborium-ll v0.2.2
[INFO] [stderr]    Compiling ciborium v0.2.2
[INFO] [stderr]    Compiling criterion v0.5.1
[INFO] [stderr]    Compiling hstr v3.0.6
[INFO] [stderr]    Compiling swc_atoms v9.0.3
[INFO] [stderr]    Compiling swc_common v18.0.1
[INFO] [stderr]    Compiling swc_ecma_ast v19.0.0
[INFO] [stderr]    Compiling swc_ecma_visit v19.0.0
[INFO] [stderr]    Compiling swc_ecma_parser v29.0.2
[INFO] [stderr]    Compiling swc_ecma_utils v25.0.0
[INFO] [stderr]    Compiling swc_ecma_transforms_base v32.0.0
[INFO] [stderr]    Compiling socketry-markdown v0.7.0 (/opt/rustwide/workdir)
[INFO] [stderr]     Finished `release` profile [optimized] target(s) in 2m 51s
[INFO] running `Command { std: "docker" "inspect" "954a246cfd30727322298fdd62d7749f71bbf1fcd07b89488f7ec10004ff0901", kill_on_drop: false }`
[INFO] running `Command { std: "docker" "exec" "-e" "SOURCE_DIR=/opt/rustwide/workdir" "-e" "CARGO_HOME=/opt/rustwide/cargo-home" "-e" "RUSTUP_HOME=/opt/rustwide/rustup-home" "-e" "CARGO_TARGET_DIR=/opt/rustwide/target" "-e" "CARGO_INCREMENTAL=0" "-e" "RUST_BACKTRACE=full" "-e" "RUSTFLAGS=--cap-lints=warn" "-e" "RUSTDOCFLAGS=--cap-lints=warn" "-w" "/opt/rustwide/workdir" "--user" "0:0" "954a246cfd30727322298fdd62d7749f71bbf1fcd07b89488f7ec10004ff0901" "/opt/rustwide/cargo-home/bin/cargo" "+1.100.0-beta.1" "test" "--frozen" "--release", kill_on_drop: false }`
[INFO] [stderr]     Finished `release` profile [optimized] target(s) in 0.34s
[INFO] [stderr]      Running unittests src/lib.rs (/opt/rustwide/target/release/build/socketry-markdown/7ba16522a442addb/out/socketry_markdown-7ba16522a442addb)
[INFO] [stdout] 
[INFO] [stdout] running 153 tests
[INFO] [stdout] test configuration::tests::test_options ... ok
[INFO] [stdout] test configuration::tests::test_constructs ... ok
[INFO] [stdout] test construct::html_flow::tests::records_the_shallowest_indentation_for_html_continuations ... ok
[INFO] [stdout] test construct::html_flow::tests::tracks_blank_lines_for_basic_and_complete_html ... ok
[INFO] [stdout] test construct::tests::blank_line_after_rejects_non_line_endings - should panic ... ok
[INFO] [stdout] test construct::partial_mdx_expression::tests::records_mdx_expression_parser_eof ... ok
[INFO] [stdout] test configuration::tests::test_compile_options ... ok
[INFO] [stdout] test construct::html_flow::tests::blank_lines_after_comments_use_the_general_flow_path ... ok
[INFO] [stdout] test construct::tests::accepts_eof_and_line_endings_after_content_definitions_and_frontmatter ... ok
[INFO] [stdout] test construct::tests::content_chunk_rejects_an_empty_start - should panic ... ok
[INFO] [stdout] test configuration::tests::test_parse_options ... ok
[INFO] [stdout] test construct::partial_mdx_expression::tests::rejects_unknown_expression_token_names - should panic ... ok
[INFO] [stdout] test construct::html_text::tests::unterminated_cdata_is_rejected_at_eof ... ok
[INFO] [stdout] test construct::tests::full_reference_start_requires_an_opening_bracket - should panic ... ok
[INFO] [stdout] test construct::tests::gfm_autolink_literal_accepts_uppercase_protocol_and_www_prefixes ... ok
[INFO] [stdout] test construct::tests::partial_data_retries_when_there_is_no_initial_marker ... ok
[INFO] [stdout] test construct::tests::frontmatter_content_end_rejects_other_bytes - should panic ... ok
[INFO] [stdout] test construct::tests::frontmatter_after_rejects_other_bytes - should panic ... FAILED
[INFO] [stdout] test construct::tests::content_definition_after_rejects_other_bytes - should panic ... FAILED
[INFO] [stdout] test construct::tests::content_resolver_subtokenizes_even_an_empty_event_stream ... ok
[INFO] [stdout] test construct::tests::html_text_line_ending_requires_a_line_ending - should panic ... ok
[INFO] [stdout] test construct::tests::reports_mdx_expression_parse_errors ... ok
[INFO] [stdout] test construct::tests::reports_mdx_expression_errors_without_a_matching_source_position ... ok
[INFO] [stdout] test construct::tests::reports_mdx_esm_parse_errors_during_content_resolution ... ok
[INFO] [stdout] test construct::tests::jsx_tag_end_requires_a_closing_angle_bracket - should panic ... ok
[INFO] [stdout] test construct::tests::reports_mdx_flow_expression_errors_inside_block_quotes ... ok
[INFO] [stdout] test construct::tests::resource_start_requires_an_opening_parenthesis - should panic ... ok
[INFO] [stdout] test event::tests::cannot_shift_a_point_past_a_line_ending - should panic ... ok
[INFO] [stdout] test event::tests::shifts_points_across_tabs ... ok
[INFO] [stdout] test construct::tests::raw_flow_info_rejects_its_own_fence_marker ... ok
[INFO] [stdout] test markdown::handle::inline_code::tests::preserves_inline_code_when_no_unsafe_break_pattern_matches ... ok
[INFO] [stdout] test construct::tests::html_flow_continuation_requires_a_line_ending - should panic ... ok
[INFO] [stdout] test markdown::handle::inline_math::tests::preserves_inline_math_when_no_unsafe_break_pattern_matches ... ok
[INFO] [stdout] test markdown::handle::inline_code::tests::replaces_a_crlf_line_ending_with_one_space ... ok
[INFO] [stdout] test markdown::handle::list::tests::handles_empty_list_items_when_avoiding_rule_markers ... ok
[INFO] [stdout] test markdown::state::tests::escapes_pipes_outside_unmatched_code_spans_and_after_even_backslashes ... ok
[INFO] [stdout] test markdown::state::tests::escapes_punctuation_unsafe_at_the_end_of_the_ascii_range ... ok
[INFO] [stdout] test markdown::handle::inline_math::tests::replaces_a_crlf_line_ending_with_one_space ... ok
[INFO] [stdout] test markdown::state::tests::joins_code_and_spread_list_children_consistently ... ok
[INFO] [stdout] test markdown::state::tests::joins_flow_nodes_with_each_supported_separator ... ok
[INFO] [stdout] test markdown::handle::list::tests::ignores_non_list_item_children_when_avoiding_rule_markers ... ok
[INFO] [stdout] test markdown::state::tests::detects_matching_and_nonmatching_code_fences ... ok
[INFO] [stdout] test markdown::state::tests::handles_adjacent_text_nodes_when_looking_ahead_in_phrasing ... ok
[INFO] [stdout] test markdown::handle::list::tests::keeps_the_rule_marker_when_no_item_starts_with_a_thematic_break ... ok
[INFO] [stdout] test markdown::state::tests::decodes_associations_and_escapes_at_unicode_byte_offsets ... ok
[INFO] [stdout] test markdown::state::tests::leaves_text_unchanged_when_no_unsafe_patterns_are_configured ... ok
[INFO] [stdout] test markdown::state::tests::merges_duplicate_unsafe_positions_and_encodes_other_markers ... ok
[INFO] [stdout] test markdown::util::format_heading_as_setext::tests::selects_setext_for_options_and_literal_line_breaks ... ok
[INFO] [stdout] test markdown::state::tests::propagates_errors_from_phrasing_lookahead ... ok
[INFO] [stdout] test markdown::state::tests::serializes_fragment_footnote_and_empty_jsx_paths ... ok
[INFO] [stdout] test markdown::handle::list::tests::changes_the_list_marker_when_an_item_starts_with_a_thematic_break ... ok
[INFO] [stdout] test mdast::tests::break_node ... ok
[INFO] [stdout] test mdast::headings::tests::extracts_all_headings_and_resolves_explicit_slug_collisions ... ok
[INFO] [stdout] test mdast::headings::tests::extracts_headings_with_filtered_unique_anchors ... ok
[INFO] [stdout] test mdast::headings::tests::normalizes_slug_whitespace_and_chomps_line_endings ... ok
[INFO] [stdout] test mdast::tests::code_accessors_cover_optional_metadata ... ok
[INFO] [stdout] test mdast::tests::definition ... ok
[INFO] [stdout] test mdast::tests::delete ... ok
[INFO] [stdout] test markdown::util::format_link_as_auto_link::tests::selects_only_safe_single_text_autolinks ... ok
[INFO] [stdout] test markdown::util::longest_char_streak::tests::longest_streak_tests ... ok
[INFO] [stdout] test markdown::util::tests::validates_markdown_serialization_markers ... ok
[INFO] [stdout] test mdast::tests::footnote_definition ... ok
[INFO] [stdout] test mdast::tests::emphasis ... ok
[INFO] [stdout] test mdast::tests::footnote_reference ... ok
[INFO] [stdout] test mdast::tests::fragment_node_methods ... ok
[INFO] [stdout] test mdast::tests::heading ... ok
[INFO] [stdout] test mdast::tests::image_reference ... ok
[INFO] [stdout] test mdast::tests::html ... ok
[INFO] [stdout] test mdast::tests::image ... ok
[INFO] [stdout] test mdast::tests::inline_code ... ok
[INFO] [stdout] test mdast::tests::inline_math ... ok
[INFO] [stdout] test mdast::tests::link ... ok
[INFO] [stdout] test mdast::tests::mdx_flow_expression ... ok
[INFO] [stdout] test mdast::tests::mdx_jsx_flow_element ... ok
[INFO] [stdout] test mdast::tests::link_reference ... ok
[INFO] [stdout] test mdast::tests::mdx_jsx_text_element ... ok
[INFO] [stdout] test mdast::tests::math ... ok
[INFO] [stdout] test mdast::tests::mdx_text_expression ... ok
[INFO] [stdout] test mdast::tests::mdxjs_esm ... ok
[INFO] [stdout] test mdast::tests::list ... ok
[INFO] [stdout] test mdast::tests::node_text_and_heading_helpers ... ok
[INFO] [stdout] test mdast::tests::code ... ok
[INFO] [stdout] test mdast::tests::list_item ... ok
[INFO] [stdout] test mdast::tests::paragraph ... ok
[INFO] [stdout] test mdast::tests::replaces_heading_sections_with_all_options ... ok
[INFO] [stdout] test mdast::tests::block_quote ... ok
[INFO] [stdout] test mdast::tests::node_serializes_markdown_with_custom_options ... ok
[INFO] [stdout] test mdast::tests::strong ... ok
[INFO] [stdout] test mdast::tests::walks_and_mutates_nested_children ... ok
[INFO] [stdout] test mdast::tests::table ... ok
[INFO] [stdout] test mdast::tests::table_cell ... ok
[INFO] [stdout] test message::tests::displays_a_message_with_its_place ... ok
[INFO] [stdout] test mdast::tests::table_row ... ok
[INFO] [stdout] test mdast::tests::thematic_break ... ok
[INFO] [stdout] test renderer::html_renderer::tests::omits_empty_nodes_from_lists_and_only_terminates_code_when_needed ... ok
[INFO] [stdout] test renderer::html_renderer::tests::renders_footnotes_without_preceding_root_content ... ok
[INFO] [stdout] test mdast::tests::root ... ok
[INFO] [stdout] test mdast::tests::text ... ok
[INFO] [stdout] test renderer::html_renderer::tests::skips_footnote_entries_without_definitions ... ok
[INFO] [stdout] test renderer::tests::renders_nodes_and_their_children_by_default ... ok
[INFO] [stdout] test state::tests::intermediate_states_cannot_become_results - should panic ... ok
[INFO] [stdout] test to_html::tests::emits_language_classes_for_inline_code_info ... ok
[INFO] [stdout] test to_html::tests::preserves_autolink_before_inline_code_info ... ok
[INFO] [stdout] test to_html::tests::renders_inline_code_info_inside_image_alt_text ... ok
[INFO] [stdout] test to_html::tests::reports_html_compilation_errors_when_generating_heading_ids ... ok
[INFO] [stdout] test to_html::tests::suppresses_gfm_markup_inside_image_alt_text ... ok
[INFO] [stdout] test to_mdast::tests::compiles_extension_document ... ok
[INFO] [stdout] test to_mdast::tests::parses_exported_mdx_esm ... ok
[INFO] [stdout] test to_mdast::tests::parses_unicode_jsx_name_continuations ... ok
[INFO] [stdout] test to_mdast::tests::preserves_empty_link_labels ... ok
[INFO] [stdout] test to_mdast::tests::preserves_preceding_content_when_inline_code_info_has_no_text_prefix_node ... ok
[INFO] [stdout] test to_html::tests::removes_inline_code_info_already_written_to_the_output_buffer ... ok
[INFO] [stdout] test to_html::tests::suppresses_task_checkbox_markup_inside_image_alt_text ... ok
[INFO] [stdout] test to_mdast::tests::propagates_exit_errors_across_jsx_parent_boundaries ... ok
[INFO] [stdout] test to_mdast::tests::propagates_raw_text_exit_errors_across_jsx_parent_boundaries ... ok
[INFO] [stdout] test to_mdast::tests::recognizes_uppercase_gfm_autolink_prefixes ... ok
[INFO] [stdout] test to_mdast::tests::removes_inline_code_info_when_the_text_has_no_position ... ok
[INFO] [stdout] test to_mdast::tests::reports_jsx_tag_mismatch_errors ... ok
[INFO] [stdout] test to_mdast::tests::reports_parse_errors_from_the_public_entry_point ... ok
[INFO] [stdout] test to_mdast::tests::skips_checkbox_prefix_adjustment_for_nonparagraph_task_content ... ok
[INFO] [stdout] test to_mdast::tests::skips_checkbox_prefix_adjustment_for_nontext_paragraph_content ... ok
[INFO] [stdout] test to_mdast::tests::skips_checkbox_prefix_adjustment_for_unexpected_tail_nodes ... ok
[INFO] [stdout] test to_mdast::tests::handles_inline_code_info_without_a_preceding_text_node ... ok
[INFO] [stdout] test to_mdast::tests::trims_crlf_and_cr_line_endings_from_literal_values ... ok
[INFO] [stdout] test to_mdast::tests::updates_text_positions_when_removing_inline_code_info ... ok
[INFO] [stdout] test tokenizer::tests::blank_line_before_handles_html_marker_kinds ... ok
[INFO] [stdout] test tokenizer::tests::blank_line_end_states_consume_whitespace_and_finish_retained_lines ... ok
[INFO] [stdout] test tokenizer::tests::byte_action_rejects_points_past_the_input - should panic ... ok
[INFO] [stdout] test tokenizer::tests::frontmatter_after_accepts_eof ... ok
[INFO] [stdout] test unist::tests::point ... ok
[INFO] [stdout] test unist::tests::position ... ok
[INFO] [stdout] test util::char::tests::test_classify ... ok
[INFO] [stdout] test util::char::tests::test_format ... ok
[INFO] [stdout] test util::char::tests::test_format_byte ... ok
[INFO] [stdout] test util::char::tests::test_format_opt ... ok
[INFO] [stdout] test util::character_reference::tests::replaces_disallowed_numeric_codepoints_but_keeps_ascii_whitespace ... ok
[INFO] [stdout] test util::character_reference::tests::value_test_rejects_unknown_markers - should panic ... ok
[INFO] [stdout] test util::constant::tests::constants ... ok
[INFO] [stdout] test util::gfm_tagfilter::tests::filters_disallowed_tags_with_html_separators ... ok
[INFO] [stdout] test util::inline_code_info::tests::recognizes_only_prefixed_info_tokens ... ok
[INFO] [stdout] test util::line_ending::tests::test_line_ending ... ok
[INFO] [stdout] test util::location::tests::returns_none_for_offsets_past_the_document ... ok
[INFO] [stdout] test util::location::tests::test_empty ... ok
[INFO] [stdout] test util::location::tests::test_location_cr ... ok
[INFO] [stdout] test util::location::tests::test_location_cr_lf ... ok
[INFO] [stdout] test util::location::tests::test_location_lf ... ok
[INFO] [stdout] test util::mdx::tests::test_mdx_esm_parse ... ok
[INFO] [stdout] test to_mdast::tests::compiles_html_autolinks_and_reference_forms ... ok
[INFO] [stdout] test util::mdx::tests::test_mdx_expression_parse ... ok
[INFO] [stdout] test to_mdast::tests::handles_checked_items_without_a_text_prefix ... ok
[INFO] [stdout] test to_mdast::tests::parses_frontmatter_at_end_of_input ... ok
[INFO] [stdout] test util::character_reference::tests::decode_rejects_unknown_markers - should panic ... ok
[INFO] [stdout] test util::character_reference::tests::value_max_rejects_unknown_markers - should panic ... ok
[INFO] [stdout] 
[INFO] [stdout] failures:
[INFO] [stdout] 
[INFO] [stdout] ---- construct::tests::frontmatter_after_rejects_other_bytes stdout ----
[INFO] [stdout] 
[INFO] [stdout] thread 'construct::tests::frontmatter_after_rejects_other_bytes' (1936) panicked at src/tokenizer.rs:531:40:
[INFO] [stdout] cannot close w/o open tokens
[INFO] [stdout] stack backtrace:
[INFO] [stdout]    0:     0x63bdacc2e911 - <<std[617be2ca0a6fd877]::sys::backtrace::BacktraceLock>::print::DisplayBacktrace as core[a373ad73a504971]::fmt::Display>::fmt
[INFO] [stdout]    1:     0x63bdacc4555a - core[a373ad73a504971]::fmt::write
[INFO] [stdout]    2:     0x63bdacc32b2c - <alloc[2e1b2a31b91974c5]::vec::Vec<u8> as core[a373ad73a504971]::io::write::Write>::write_fmt
[INFO] [stdout]    3:     0x63bdacc0ad76 - std[617be2ca0a6fd877]::panicking::default_hook::{closure#0}
[INFO] [stdout]    4:     0x63bdacc26fa9 - std[617be2ca0a6fd877]::panicking::default_hook
[INFO] [stdout]    5:     0x63bdacafdb40 - test[aada8e7e76ba119b]::test_main_inner::{closure#0}
[INFO] [stdout]    6:     0x63bdacc27162 - std[617be2ca0a6fd877]::panicking::panic_with_hook
[INFO] [stdout]    7:     0x63bdacc0ae22 - std[617be2ca0a6fd877]::panicking::panic_handler::{closure#0}
[INFO] [stdout]    8:     0x63bdacc03b39 - std[617be2ca0a6fd877]::sys::backtrace::__rust_end_short_backtrace::<std[617be2ca0a6fd877]::panicking::panic_handler::{closure#0}, !>
[INFO] [stdout]    9:     0x63bdacc0ba2d - __rustc[ea4f61d10b84890b]::rust_begin_unwind
[INFO] [stdout]   10:     0x63bdacc45d7c - core[a373ad73a504971]::panicking::panic_fmt
[INFO] [stdout]   11:     0x63bdacc45ad4 - core[a373ad73a504971]::option::expect_failed
[INFO] [stdout]   12:     0x63bdaca6e975 - <socketry_markdown[fb42fba1c293b7c9]::tokenizer::Tokenizer>::exit
[INFO] [stdout]   13:     0x63bdaca75abd - <socketry_markdown[fb42fba1c293b7c9]::construct::tests::frontmatter_after_rejects_other_bytes::{closure#0} as core[a373ad73a504971]::ops::function::FnOnce<()>>::call_once
[INFO] [stdout]   14:     0x63bdacaf0f8b - test[aada8e7e76ba119b]::__rust_begin_short_backtrace::<core[a373ad73a504971]::result::Result<(), alloc[2e1b2a31b91974c5]::string::String>, fn() -> core[a373ad73a504971]::result::Result<(), alloc[2e1b2a31b91974c5]::string::String>>
[INFO] [stdout]   15:     0x63bdacafe165 - test[aada8e7e76ba119b]::run_test::{closure#0}
[INFO] [stdout]   16:     0x63bdacaf7a54 - std[617be2ca0a6fd877]::sys::backtrace::__rust_begin_short_backtrace::<test[aada8e7e76ba119b]::run_test::{closure#1}, ()>
[INFO] [stdout]   17:     0x63bdacb011f2 - <std[617be2ca0a6fd877]::thread::lifecycle::spawn_unchecked<test[aada8e7e76ba119b]::run_test::{closure#1}, ()>::{closure#1} as core[a373ad73a504971]::ops::function::FnOnce<()>>::call_once::{shim:vtable#0}
[INFO] [stdout]   18:     0x63bdacc2e16f - <std[617be2ca0a6fd877]::sys::thread::unix::Thread>::new::thread_start
[INFO] [stdout]   19:     0x766d3a9d3dfa - <unknown>
[INFO] [stdout]   20:     0x766d3aa673d4 - clone
[INFO] [stdout]   21:                0x0 - <unknown>
[INFO] [stdout] note: panic did not contain expected string
[INFO] [stdout]       panic message: "cannot close w/o open tokens"
[INFO] [stdout]  expected substring: "expected eol/eof after closing fence"
[INFO] [stdout] ---- construct::tests::content_definition_after_rejects_other_bytes stdout ----
[INFO] [stdout] note: test did not panic as expected at src/construct/tests.rs:127:4
[INFO] [stdout] 
[INFO] [stdout] failures:
[INFO] [stdout]     construct::tests::content_definition_after_rejects_other_bytes
[INFO] [stdout]     construct::tests::frontmatter_after_rejects_other_bytes
[INFO] [stdout] 
[INFO] [stdout] test result: FAILED. 151 passed; 2 failed; 0 ignored; 0 measured; 0 filtered out; finished in 0.06s
[INFO] [stdout] 
[INFO] [stderr] error: test failed, to rerun pass `--lib`
[INFO] running `Command { std: "docker" "inspect" "954a246cfd30727322298fdd62d7749f71bbf1fcd07b89488f7ec10004ff0901", kill_on_drop: false }`
[INFO] running `Command { std: "docker" "rm" "-f" "954a246cfd30727322298fdd62d7749f71bbf1fcd07b89488f7ec10004ff0901", kill_on_drop: false }`
[INFO] [stdout] 954a246cfd30727322298fdd62d7749f71bbf1fcd07b89488f7ec10004ff0901
