[INFO] fetching crate socketry-cargo-bake 0.19.2...
[INFO] testing socketry-cargo-bake-0.19.2 against 1.100.0-beta.1+cargoflags=--release for beta-release-1.100-2
[INFO] extracting crate socketry-cargo-bake 0.19.2 into /workspace/builds/worker-7-tc2/source
[INFO] started tweaking crates.io crate socketry-cargo-bake 0.19.2
[INFO] removed 0 missing tests
[INFO] finished tweaking crates.io crate socketry-cargo-bake 0.19.2
[INFO] tweaked toml for crates.io crate socketry-cargo-bake 0.19.2 written to /workspace/builds/worker-7-tc2/source/Cargo.toml
[INFO] validating manifest of crates.io crate socketry-cargo-bake 0.19.2 on toolchain 1.100.0-beta.1
[INFO] running `Command { std: CARGO_HOME="/workspace/cargo-home" RUSTUP_HOME="/workspace/rustup-home" "/workspace/cargo-home/bin/cargo" "+1.100.0-beta.1" "metadata" "--manifest-path" "Cargo.toml" "--no-deps", kill_on_drop: false }`
[INFO] crate crates.io crate socketry-cargo-bake 0.19.2 already has a lockfile, it will not be regenerated
[INFO] running `Command { std: CARGO_HOME="/workspace/cargo-home" RUSTUP_HOME="/workspace/rustup-home" "/workspace/cargo-home/bin/cargo" "+1.100.0-beta.1" "fetch" "--manifest-path" "Cargo.toml", kill_on_drop: false }`
[INFO] running `Command { std: "docker" "create" "-v" "/var/lib/crater-agent-workspace/builds/worker-7-tc2/source:/opt/rustwide/workdir:ro,Z" "-v" "/var/lib/crater-agent-workspace/builds/worker-7-tc2/target:/opt/rustwide/target:rw,Z" "-v" "/var/lib/crater-agent-workspace/cargo-home:/opt/rustwide/cargo-home:ro,Z" "-v" "/var/lib/crater-agent-workspace/rustup-home:/opt/rustwide/rustup-home:ro,Z" "-m" "1610612736" "--network" "none" "ghcr.io/rust-lang/crates-build-env/linux@sha256:77db811e55d90add9212f6832c23229e3de5f1c1f9905e8cb07319ea15df73ac" "sleep" "infinity", kill_on_drop: false }`
[INFO] [stdout] d6477f4276f0cb74b20225cf03cb4c297f4f1bcf2847ac9394d5ff0835893da1
[INFO] running `Command { std: "docker" "start" "d6477f4276f0cb74b20225cf03cb4c297f4f1bcf2847ac9394d5ff0835893da1", kill_on_drop: false }`
[INFO] running `Command { std: "docker" "inspect" "d6477f4276f0cb74b20225cf03cb4c297f4f1bcf2847ac9394d5ff0835893da1", kill_on_drop: false }`
[INFO] running `Command { std: "docker" "exec" "-e" "SOURCE_DIR=/opt/rustwide/workdir" "-e" "CARGO_HOME=/opt/rustwide/cargo-home" "-e" "RUSTUP_HOME=/opt/rustwide/rustup-home" "-e" "CARGO_TARGET_DIR=/opt/rustwide/target" "-w" "/opt/rustwide/workdir" "--user" "0:0" "d6477f4276f0cb74b20225cf03cb4c297f4f1bcf2847ac9394d5ff0835893da1" "/opt/rustwide/cargo-home/bin/cargo" "+1.100.0-beta.1" "metadata" "--no-deps" "--format-version=1", kill_on_drop: false }`
[INFO] running `Command { std: "docker" "inspect" "d6477f4276f0cb74b20225cf03cb4c297f4f1bcf2847ac9394d5ff0835893da1", kill_on_drop: false }`
[INFO] running `Command { std: "docker" "exec" "-e" "SOURCE_DIR=/opt/rustwide/workdir" "-e" "CARGO_HOME=/opt/rustwide/cargo-home" "-e" "RUSTUP_HOME=/opt/rustwide/rustup-home" "-e" "CARGO_TARGET_DIR=/opt/rustwide/target" "-e" "CARGO_INCREMENTAL=0" "-e" "RUST_BACKTRACE=full" "-e" "RUSTFLAGS=--cap-lints=warn" "-e" "RUSTDOCFLAGS=--cap-lints=warn" "-w" "/opt/rustwide/workdir" "--user" "0:0" "d6477f4276f0cb74b20225cf03cb4c297f4f1bcf2847ac9394d5ff0835893da1" "/opt/rustwide/cargo-home/bin/cargo" "+1.100.0-beta.1" "build" "--frozen" "--message-format=json" "--release", kill_on_drop: false }`
[INFO] [stderr]    Compiling proc-macro2 v1.0.107
[INFO] [stderr]    Compiling toml_parser v1.1.3+spec-1.1.0
[INFO] [stderr]    Compiling toml_writer v1.1.2+spec-1.1.0
[INFO] [stderr]    Compiling toml_datetime v1.1.1+spec-1.1.0
[INFO] [stderr]    Compiling quote v1.0.47
[INFO] [stderr]    Compiling toml_edit v0.25.15+spec-1.1.0
[INFO] [stderr]    Compiling syn v3.0.6
[INFO] [stderr]    Compiling serde_derive v1.0.229
[INFO] [stderr]    Compiling serde v1.0.229
[INFO] [stderr]    Compiling socketry-cargo-bake v0.19.2 (/opt/rustwide/workdir)
[INFO] [stderr]     Finished `release` profile [optimized] target(s) in 18.68s
[INFO] running `Command { std: "docker" "inspect" "d6477f4276f0cb74b20225cf03cb4c297f4f1bcf2847ac9394d5ff0835893da1", kill_on_drop: false }`
[INFO] running `Command { std: "docker" "exec" "-e" "SOURCE_DIR=/opt/rustwide/workdir" "-e" "CARGO_HOME=/opt/rustwide/cargo-home" "-e" "RUSTUP_HOME=/opt/rustwide/rustup-home" "-e" "CARGO_TARGET_DIR=/opt/rustwide/target" "-e" "CARGO_INCREMENTAL=0" "-e" "RUST_BACKTRACE=full" "-e" "RUSTFLAGS=--cap-lints=warn" "-e" "RUSTDOCFLAGS=--cap-lints=warn" "-w" "/opt/rustwide/workdir" "--user" "0:0" "d6477f4276f0cb74b20225cf03cb4c297f4f1bcf2847ac9394d5ff0835893da1" "/opt/rustwide/cargo-home/bin/cargo" "+1.100.0-beta.1" "test" "--frozen" "--no-run" "--message-format=json" "--release", kill_on_drop: false }`
[INFO] [stderr]    Compiling getrandom v0.4.3
[INFO] [stderr]    Compiling tempfile v3.27.0
[INFO] [stderr]    Compiling socketry-cargo-bake v0.19.2 (/opt/rustwide/workdir)
[INFO] [stderr]     Finished `release` profile [optimized] target(s) in 8.87s
[INFO] running `Command { std: "docker" "inspect" "d6477f4276f0cb74b20225cf03cb4c297f4f1bcf2847ac9394d5ff0835893da1", kill_on_drop: false }`
[INFO] running `Command { std: "docker" "exec" "-e" "SOURCE_DIR=/opt/rustwide/workdir" "-e" "CARGO_HOME=/opt/rustwide/cargo-home" "-e" "RUSTUP_HOME=/opt/rustwide/rustup-home" "-e" "CARGO_TARGET_DIR=/opt/rustwide/target" "-e" "CARGO_INCREMENTAL=0" "-e" "RUST_BACKTRACE=full" "-e" "RUSTFLAGS=--cap-lints=warn" "-e" "RUSTDOCFLAGS=--cap-lints=warn" "-w" "/opt/rustwide/workdir" "--user" "0:0" "d6477f4276f0cb74b20225cf03cb4c297f4f1bcf2847ac9394d5ff0835893da1" "/opt/rustwide/cargo-home/bin/cargo" "+1.100.0-beta.1" "test" "--frozen" "--release", kill_on_drop: false }`
[INFO] [stderr]     Finished `release` profile [optimized] target(s) in 0.08s
[INFO] [stderr]      Running unittests src/main.rs (/opt/rustwide/target/release/build/socketry-cargo-bake/4f22f4da04da93eb/out/cargo_bake-4f22f4da04da93eb)
[INFO] [stdout] 
[INFO] [stdout] running 33 tests
[INFO] [stdout] test options::tests::forwards_offline_and_locked_options_to_cargo ... ok
[INFO] [stdout] test options::tests::parses_launcher_options_and_rejects_missing_values ... ok
[INFO] [stdout] test options::tests::forwards_non_utf8_task_arguments ... ok
[INFO] [stdout] test project::tests::generates_sorted_imports_for_supported_dependencies_only ... ok
[INFO] [stdout] test project::tests::falls_back_when_no_ancestor_is_a_workspace_and_reports_parent_errors ... ok
[INFO] [stdout] test project::tests::locates_a_workspace_manifest_from_package_and_ancestor_metadata ... ok
[INFO] [stdout] test project::tests::adds_workspace_members_without_overriding_patterns_or_exclusions ... FAILED
[INFO] [stdout] test project::tests::adds_migrates_and_validates_the_generated_module_declaration ... FAILED
[INFO] [stdout] test project::tests::locates_from_metadata_and_reports_metadata_path_errors ... ok
[INFO] [stdout] test project::tests::bootstraps_workspace_member_and_standalone_task_packages ... ok
[INFO] [stdout] test project::tests::matches_workspace_member_globs ... ok
[INFO] [stdout] test project::tests::normalizes_generated_package_names ... ok
[INFO] [stdout] test options::tests::forwards_tokens_after_a_separator_unchanged ... ok
[INFO] [stdout] test project::tests::reads_optional_package_and_workspace_manifest_overrides ... ok
[INFO] [stdout] test project::tests::reports_filesystem_write_failures ... ok
[INFO] [stdout] test project::tests::locates_package_and_workspace_task_manifest_overrides ... ok
[INFO] [stdout] test project::tests::removes_only_marked_legacy_generated_modules ... ok
[INFO] [stdout] test project::tests::reports_invalid_workspace_task_manifest_configuration ... ok
[INFO] [stdout] test project::tests::reports_metadata_process_and_response_errors ... ok
[INFO] [stdout] test project::tests::selects_the_requested_binary_or_requires_one_unambiguous_binary ... ok
[INFO] [stdout] test tests::cargo_program_uses_the_environment_or_default ... ok
[INFO] [stdout] test project::tests::reports_task_source_bootstrap_write_failures ... ok
[INFO] [stdout] test tests::handles_help_version_and_invalid_regeneration_arguments_without_a_project ... ok
[INFO] [stdout] test tests::process_result_preserves_exit_codes_and_reports_errors ... ok
[INFO] [stdout] test project::tests::writes_only_when_generated_contents_change ... ok
[INFO] [stdout] test tests::command_status_preserves_successful_child_exit_codes ... ok
[INFO] [stdout] test tests::reports_child_process_start_failures ... ok
[INFO] [stdout] test project::tests::regenerates_a_missing_task_package_and_reports_metadata_failures ... ok
[INFO] [stdout] test tests::reports_project_discovery_and_regeneration_errors ... ok
[INFO] [stdout] test project::tests::falls_back_to_manifest_parsing_when_cargo_metadata_fails ... ok
[INFO] [stdout] test project::tests::discovers_and_regenerates_a_task_package ... ok
[INFO] [stdout] test tests::configures_the_task_command_and_returns_regeneration_results ... ok
[INFO] [stdout] test project::tests::reports_project_manifest_and_task_package_errors ... ok
[INFO] [stdout] 
[INFO] [stdout] failures:
[INFO] [stdout] 
[INFO] [stdout] ---- project::tests::adds_workspace_members_without_overriding_patterns_or_exclusions stdout ----
[INFO] [stdout] 
[INFO] [stdout] thread 'project::tests::adds_workspace_members_without_overriding_patterns_or_exclusions' (382) panicked at src/project.rs:1671:9:
[INFO] [stdout] assertion failed: add_workspace_member(&manifest, "bake").is_err()
[INFO] [stdout] stack backtrace:
[INFO] [stdout]    0:     0x5fccf69a66a1 - <<std[617be2ca0a6fd877]::sys::backtrace::BacktraceLock>::print::DisplayBacktrace as core[a373ad73a504971]::fmt::Display>::fmt
[INFO] [stdout]    1:     0x5fccf69bc1ea - core[a373ad73a504971]::fmt::write
[INFO] [stdout]    2:     0x5fccf69aaebc - <alloc[2e1b2a31b91974c5]::vec::Vec<u8> as core[a373ad73a504971]::io::write::Write>::write_fmt
[INFO] [stdout]    3:     0x5fccf69806d6 - std[617be2ca0a6fd877]::panicking::default_hook::{closure#0}
[INFO] [stdout]    4:     0x5fccf699dd39 - std[617be2ca0a6fd877]::panicking::default_hook
[INFO] [stdout]    5:     0x5fccf690d400 - test[aada8e7e76ba119b]::test_main_inner::{closure#0}
[INFO] [stdout]    6:     0x5fccf699def2 - std[617be2ca0a6fd877]::panicking::panic_with_hook
[INFO] [stdout]    7:     0x5fccf69807b4 - std[617be2ca0a6fd877]::panicking::panic_handler::{closure#0}
[INFO] [stdout]    8:     0x5fccf69791e9 - std[617be2ca0a6fd877]::sys::backtrace::__rust_end_short_backtrace::<std[617be2ca0a6fd877]::panicking::panic_handler::{closure#0}, !>
[INFO] [stdout]    9:     0x5fccf698144d - __rustc[ea4f61d10b84890b]::rust_begin_unwind
[INFO] [stdout]   10:     0x5fccf69bc91c - core[a373ad73a504971]::panicking::panic_fmt
[INFO] [stdout]   11:     0x5fccf69bc8e2 - core[a373ad73a504971]::panicking::panic
[INFO] [stdout]   12:     0x5fccf68e5dc2 - <cargo_bake[58ed4ed2230ce585]::project::tests::adds_workspace_members_without_overriding_patterns_or_exclusions::{closure#0} as core[a373ad73a504971]::ops::function::FnOnce<()>>::call_once
[INFO] [stdout]   13:     0x5fccf690084b - test[aada8e7e76ba119b]::__rust_begin_short_backtrace::<core[a373ad73a504971]::result::Result<(), alloc[2e1b2a31b91974c5]::string::String>, fn() -> core[a373ad73a504971]::result::Result<(), alloc[2e1b2a31b91974c5]::string::String>>
[INFO] [stdout]   14:     0x5fccf690da25 - test[aada8e7e76ba119b]::run_test::{closure#0}
[INFO] [stdout]   15:     0x5fccf6907314 - std[617be2ca0a6fd877]::sys::backtrace::__rust_begin_short_backtrace::<test[aada8e7e76ba119b]::run_test::{closure#1}, ()>
[INFO] [stdout]   16:     0x5fccf6910ab2 - <std[617be2ca0a6fd877]::thread::lifecycle::spawn_unchecked<test[aada8e7e76ba119b]::run_test::{closure#1}, ()>::{closure#1} as core[a373ad73a504971]::ops::function::FnOnce<()>>::call_once::{shim:vtable#0}
[INFO] [stdout]   17:     0x5fccf69a59bf - <std[617be2ca0a6fd877]::sys::thread::unix::Thread>::new::thread_start
[INFO] [stdout]   18:     0x7ee551813dfa - <unknown>
[INFO] [stdout]   19:     0x7ee5518a73d4 - clone
[INFO] [stdout]   20:                0x0 - <unknown>
[INFO] [stdout] 
[INFO] [stdout] ---- project::tests::adds_migrates_and_validates_the_generated_module_declaration stdout ----
[INFO] [stdout] 
[INFO] [stdout] thread 'project::tests::adds_migrates_and_validates_the_generated_module_declaration' (381) panicked at src/project.rs:1430:9:
[INFO] [stdout] assertion failed: add_generated_module(&readonly_legacy_source).is_err()
[INFO] [stdout] stack backtrace:
[INFO] [stdout]    0:     0x5fccf69a66a1 - <<std[617be2ca0a6fd877]::sys::backtrace::BacktraceLock>::print::DisplayBacktrace as core[a373ad73a504971]::fmt::Display>::fmt
[INFO] [stdout]    1:     0x5fccf69bc1ea - core[a373ad73a504971]::fmt::write
[INFO] [stdout]    2:     0x5fccf69aaebc - <alloc[2e1b2a31b91974c5]::vec::Vec<u8> as core[a373ad73a504971]::io::write::Write>::write_fmt
[INFO] [stdout]    3:     0x5fccf69806d6 - std[617be2ca0a6fd877]::panicking::default_hook::{closure#0}
[INFO] [stdout]    4:     0x5fccf699dd39 - std[617be2ca0a6fd877]::panicking::default_hook
[INFO] [stdout]    5:     0x5fccf690d400 - test[aada8e7e76ba119b]::test_main_inner::{closure#0}
[INFO] [stdout]    6:     0x5fccf699def2 - std[617be2ca0a6fd877]::panicking::panic_with_hook
[INFO] [stdout]    7:     0x5fccf69807b4 - std[617be2ca0a6fd877]::panicking::panic_handler::{closure#0}
[INFO] [stdout]    8:     0x5fccf69791e9 - std[617be2ca0a6fd877]::sys::backtrace::__rust_end_short_backtrace::<std[617be2ca0a6fd877]::panicking::panic_handler::{closure#0}, !>
[INFO] [stdout]    9:     0x5fccf698144d - __rustc[ea4f61d10b84890b]::rust_begin_unwind
[INFO] [stdout]   10:     0x5fccf69bc91c - core[a373ad73a504971]::panicking::panic_fmt
[INFO] [stdout]   11:     0x5fccf69bc8e2 - core[a373ad73a504971]::panicking::panic
[INFO] [stdout]   12:     0x5fccf68e311c - <cargo_bake[58ed4ed2230ce585]::project::tests::adds_migrates_and_validates_the_generated_module_declaration::{closure#0} as core[a373ad73a504971]::ops::function::FnOnce<()>>::call_once
[INFO] [stdout]   13:     0x5fccf690084b - test[aada8e7e76ba119b]::__rust_begin_short_backtrace::<core[a373ad73a504971]::result::Result<(), alloc[2e1b2a31b91974c5]::string::String>, fn() -> core[a373ad73a504971]::result::Result<(), alloc[2e1b2a31b91974c5]::string::String>>
[INFO] [stdout]   14:     0x5fccf690da25 - test[aada8e7e76ba119b]::run_test::{closure#0}
[INFO] [stdout]   15:     0x5fccf6907314 - std[617be2ca0a6fd877]::sys::backtrace::__rust_begin_short_backtrace::<test[aada8e7e76ba119b]::run_test::{closure#1}, ()>
[INFO] [stdout]   16:     0x5fccf6910ab2 - <std[617be2ca0a6fd877]::thread::lifecycle::spawn_unchecked<test[aada8e7e76ba119b]::run_test::{closure#1}, ()>::{closure#1} as core[a373ad73a504971]::ops::function::FnOnce<()>>::call_once::{shim:vtable#0}
[INFO] [stdout]   17:     0x5fccf69a59bf - <std[617be2ca0a6fd877]::sys::thread::unix::Thread>::new::thread_start
[INFO] [stdout]   18:     0x7ee551813dfa - <unknown>
[INFO] [stdout]   19:     0x7ee5518a73d4 - clone
[INFO] [stdout]   20:                0x0 - <unknown>
[INFO] [stdout] 
[INFO] [stdout] 
[INFO] [stdout] failures:
[INFO] [stdout]     project::tests::adds_migrates_and_validates_the_generated_module_declaration
[INFO] [stdout]     project::tests::adds_workspace_members_without_overriding_patterns_or_exclusions
[INFO] [stdout] 
[INFO] [stdout] test result: FAILED. 31 passed; 2 failed; 0 ignored; 0 measured; 0 filtered out; finished in 0.52s
[INFO] [stdout] 
[INFO] [stderr] error: test failed, to rerun pass `--bin cargo-bake`
[INFO] running `Command { std: "docker" "inspect" "d6477f4276f0cb74b20225cf03cb4c297f4f1bcf2847ac9394d5ff0835893da1", kill_on_drop: false }`
[INFO] running `Command { std: "docker" "rm" "-f" "d6477f4276f0cb74b20225cf03cb4c297f4f1bcf2847ac9394d5ff0835893da1", kill_on_drop: false }`
[INFO] [stdout] d6477f4276f0cb74b20225cf03cb4c297f4f1bcf2847ac9394d5ff0835893da1
