[INFO] fetching crate socket9 0.1.0-alpha.2...
[INFO] testing socket9-0.1.0-alpha.2 against 1.99.0-beta.8+cargoflags=--release for beta-release-1.100-2
[INFO] extracting crate socket9 0.1.0-alpha.2 into /workspace/builds/worker-0-tc1/source
[INFO] removed /workspace/builds/worker-0-tc1/source/.cargo/config.toml
[INFO] started tweaking crates.io crate socket9 0.1.0-alpha.2
[INFO] removed 0 missing examples
[INFO] removed 0 missing tests
[INFO] finished tweaking crates.io crate socket9 0.1.0-alpha.2
[INFO] tweaked toml for crates.io crate socket9 0.1.0-alpha.2 written to /workspace/builds/worker-0-tc1/source/Cargo.toml
[INFO] validating manifest of crates.io crate socket9 0.1.0-alpha.2 on toolchain 1.99.0-beta.8
[INFO] running `Command { std: CARGO_HOME="/workspace/cargo-home" RUSTUP_HOME="/workspace/rustup-home" "/workspace/cargo-home/bin/cargo" "+1.99.0-beta.8" "metadata" "--manifest-path" "Cargo.toml" "--no-deps", kill_on_drop: false }`
[INFO] crate crates.io crate socket9 0.1.0-alpha.2 already has a lockfile, it will not be regenerated
[INFO] running `Command { std: CARGO_HOME="/workspace/cargo-home" RUSTUP_HOME="/workspace/rustup-home" "/workspace/cargo-home/bin/cargo" "+1.99.0-beta.8" "fetch" "--manifest-path" "Cargo.toml", kill_on_drop: false }`
[INFO] [stderr]     Updating crates.io index
[INFO] [stderr]  Downloading crates ...
[INFO] [stderr]   Downloaded bitfield v0.19.4
[INFO] [stderr]   Downloaded bitfield-macros v0.19.4
[INFO] [stderr]   Downloaded uds-fork v0.9.1
[INFO] running `Command { std: "docker" "create" "-v" "/var/lib/crater-agent-workspace/builds/worker-0-tc1/source:/opt/rustwide/workdir:ro,Z" "-v" "/var/lib/crater-agent-workspace/builds/worker-0-tc1/target:/opt/rustwide/target:rw,Z" "-v" "/var/lib/crater-agent-workspace/cargo-home:/opt/rustwide/cargo-home:ro,Z" "-v" "/var/lib/crater-agent-workspace/rustup-home:/opt/rustwide/rustup-home:ro,Z" "-m" "1610612736" "--network" "none" "ghcr.io/rust-lang/crates-build-env/linux@sha256:77db811e55d90add9212f6832c23229e3de5f1c1f9905e8cb07319ea15df73ac" "sleep" "infinity", kill_on_drop: false }`
[INFO] [stdout] 476be6fe48d571bd644163eac5cb1ef9abaedf7141217b449a318cc862536e5e
[INFO] running `Command { std: "docker" "start" "476be6fe48d571bd644163eac5cb1ef9abaedf7141217b449a318cc862536e5e", kill_on_drop: false }`
[INFO] running `Command { std: "docker" "inspect" "476be6fe48d571bd644163eac5cb1ef9abaedf7141217b449a318cc862536e5e", kill_on_drop: false }`
[INFO] running `Command { std: "docker" "exec" "-e" "SOURCE_DIR=/opt/rustwide/workdir" "-e" "CARGO_HOME=/opt/rustwide/cargo-home" "-e" "RUSTUP_HOME=/opt/rustwide/rustup-home" "-e" "CARGO_TARGET_DIR=/opt/rustwide/target" "-w" "/opt/rustwide/workdir" "--user" "0:0" "476be6fe48d571bd644163eac5cb1ef9abaedf7141217b449a318cc862536e5e" "/opt/rustwide/cargo-home/bin/cargo" "+1.99.0-beta.8" "metadata" "--no-deps" "--format-version=1", kill_on_drop: false }`
[INFO] running `Command { std: "docker" "inspect" "476be6fe48d571bd644163eac5cb1ef9abaedf7141217b449a318cc862536e5e", kill_on_drop: false }`
[INFO] running `Command { std: "docker" "exec" "-e" "SOURCE_DIR=/opt/rustwide/workdir" "-e" "CARGO_HOME=/opt/rustwide/cargo-home" "-e" "RUSTUP_HOME=/opt/rustwide/rustup-home" "-e" "CARGO_TARGET_DIR=/opt/rustwide/target" "-e" "CARGO_INCREMENTAL=0" "-e" "RUST_BACKTRACE=full" "-e" "RUSTFLAGS=--cap-lints=warn" "-e" "RUSTDOCFLAGS=--cap-lints=warn" "-w" "/opt/rustwide/workdir" "--user" "0:0" "476be6fe48d571bd644163eac5cb1ef9abaedf7141217b449a318cc862536e5e" "/opt/rustwide/cargo-home/bin/cargo" "+1.99.0-beta.8" "build" "--frozen" "--message-format=json" "--release", kill_on_drop: false }`
[INFO] [stderr]    Compiling bitfield-macros v0.19.4
[INFO] [stderr]    Compiling uds-fork v0.9.1
[INFO] [stderr]    Compiling bitfield v0.19.4
[INFO] [stderr]    Compiling socket9 v0.1.0-alpha.2 (/opt/rustwide/workdir)
[INFO] [stdout] warning: unused variable: `dwflags`
[INFO] [stdout]    --> src/unix/mod.rs:912:30
[INFO] [stdout]     |
[INFO] [stdout] 912 |     fn try_clone_sock(&self, dwflags: So9SockDwFlags) -> io::Result<Self> 
[INFO] [stdout]     |                              ^^^^^^^ help: if this is intentional, prefix it with an underscore: `_dwflags`
[INFO] [stdout]     |
[INFO] [stdout]     = note: `#[warn(unused_variables)]` (part of `#[warn(unused)]`) on by default
[INFO] [stdout] 
[INFO] [stdout] 
[INFO] [stderr]     Finished `release` profile [optimized] target(s) in 2.88s
[INFO] running `Command { std: "docker" "inspect" "476be6fe48d571bd644163eac5cb1ef9abaedf7141217b449a318cc862536e5e", kill_on_drop: false }`
[INFO] running `Command { std: "docker" "exec" "-e" "SOURCE_DIR=/opt/rustwide/workdir" "-e" "CARGO_HOME=/opt/rustwide/cargo-home" "-e" "RUSTUP_HOME=/opt/rustwide/rustup-home" "-e" "CARGO_TARGET_DIR=/opt/rustwide/target" "-e" "CARGO_INCREMENTAL=0" "-e" "RUST_BACKTRACE=full" "-e" "RUSTFLAGS=--cap-lints=warn" "-e" "RUSTDOCFLAGS=--cap-lints=warn" "-w" "/opt/rustwide/workdir" "--user" "0:0" "476be6fe48d571bd644163eac5cb1ef9abaedf7141217b449a318cc862536e5e" "/opt/rustwide/cargo-home/bin/cargo" "+1.99.0-beta.8" "test" "--frozen" "--no-run" "--message-format=json" "--release", kill_on_drop: false }`
[INFO] [stderr]    Compiling zerocopy v0.8.52
[INFO] [stderr]    Compiling getrandom v0.3.4
[INFO] [stderr]    Compiling getrandom v0.4.3
[INFO] [stderr]    Compiling bitflags v2.10.0
[INFO] [stderr]    Compiling once_cell v1.21.4
[INFO] [stderr]    Compiling rustix v1.1.4
[INFO] [stderr]    Compiling socket9 v0.1.0-alpha.2 (/opt/rustwide/workdir)
[INFO] [stderr]    Compiling rand_core v0.9.5
[INFO] [stdout] warning: unused variable: `dwflags`
[INFO] [stdout]    --> src/unix/mod.rs:912:30
[INFO] [stdout]     |
[INFO] [stdout] 912 |     fn try_clone_sock(&self, dwflags: So9SockDwFlags) -> io::Result<Self> 
[INFO] [stdout]     |                              ^^^^^^^ help: if this is intentional, prefix it with an underscore: `_dwflags`
[INFO] [stdout]     |
[INFO] [stdout]     = note: `#[warn(unused_variables)]` (part of `#[warn(unused)]`) on by default
[INFO] [stdout] 
[INFO] [stdout] 
[INFO] [stderr]    Compiling tempfile v3.27.0
[INFO] [stderr]    Compiling ppv-lite86 v0.2.21
[INFO] [stderr]    Compiling rand_chacha v0.9.0
[INFO] [stderr]    Compiling rand v0.9.4
[INFO] [stdout] warning: unused import: `So9DomainInets`
[INFO] [stdout]  --> tests/test_markers.rs:7:147
[INFO] [stdout]   |
[INFO] [stdout] 7 | ...main, Socket9, address::{IntoSockAddrSpec, So9AddrDomain, So9DomainInets, So9DomainUnix}};
[INFO] [stdout]   |                                                              ^^^^^^^^^^^^^^
[INFO] [stdout]   |
[INFO] [stdout]   = note: `#[warn(unused_imports)]` (part of `#[warn(unused)]`) on by default
[INFO] [stdout] 
[INFO] [stdout] 
[INFO] [stdout] warning: function `make_temp_dir` is never used
[INFO] [stdout]  --> tests/common.rs:7:4
[INFO] [stdout]   |
[INFO] [stdout] 7 | fn make_temp_dir(path: &str) -> (PathBuf, TempDir)
[INFO] [stdout]   |    ^^^^^^^^^^^^^
[INFO] [stdout]   |
[INFO] [stdout]   = note: `#[warn(dead_code)]` (part of `#[warn(unused)]`) on by default
[INFO] [stdout] 
[INFO] [stdout] 
[INFO] [stdout] warning: unused imports: `PathBuf`, `Path`, and `fs`
[INFO] [stdout]  --> tests/test_socket.rs:5:11
[INFO] [stdout]   |
[INFO] [stdout] 5 | ...::{fs, io::{ErrorKind, IoSlice, IoSliceMut, Read, Write}, net::{TcpListener, TcpStream, UdpSocket}, os::{fd::OwnedFd, unix::net::{UnixDatagram, UnixListener, UnixStream}}, path::{Path, PathBuf}, ...
[INFO] [stdout]   |       ^^                                                                                                                                                                              ^^^^  ^^^^^^^
[INFO] [stdout]   |
[INFO] [stdout]   = note: `#[warn(unused_imports)]` (part of `#[warn(unused)]`) on by default
[INFO] [stdout] 
[INFO] [stdout] 
[INFO] [stdout] warning: function `make_temp_dir_no` is never used
[INFO] [stdout]   --> tests/common.rs:16:4
[INFO] [stdout]    |
[INFO] [stdout] 16 | fn make_temp_dir_no() -> TempDir
[INFO] [stdout]    |    ^^^^^^^^^^^^^^^^
[INFO] [stdout]    |
[INFO] [stdout]    = note: `#[warn(dead_code)]` (part of `#[warn(unused)]`) on by default
[INFO] [stdout] 
[INFO] [stdout] 
[INFO] [stdout] warning: unused variable: `dwflags`
[INFO] [stdout]    --> src/unix/mod.rs:912:30
[INFO] [stdout]     |
[INFO] [stdout] 912 |     fn try_clone_sock(&self, dwflags: So9SockDwFlags) -> io::Result<Self> 
[INFO] [stdout]     |                              ^^^^^^^ help: if this is intentional, prefix it with an underscore: `_dwflags`
[INFO] [stdout]     |
[INFO] [stdout]     = note: `#[warn(unused_variables)]` (part of `#[warn(unused)]`) on by default
[INFO] [stdout] 
[INFO] [stdout] 
[INFO] [stderr]     Finished `release` profile [optimized] target(s) in 12.50s
[INFO] running `Command { std: "docker" "inspect" "476be6fe48d571bd644163eac5cb1ef9abaedf7141217b449a318cc862536e5e", kill_on_drop: false }`
[INFO] running `Command { std: "docker" "exec" "-e" "SOURCE_DIR=/opt/rustwide/workdir" "-e" "CARGO_HOME=/opt/rustwide/cargo-home" "-e" "RUSTUP_HOME=/opt/rustwide/rustup-home" "-e" "CARGO_TARGET_DIR=/opt/rustwide/target" "-e" "CARGO_INCREMENTAL=0" "-e" "RUST_BACKTRACE=full" "-e" "RUSTFLAGS=--cap-lints=warn" "-e" "RUSTDOCFLAGS=--cap-lints=warn" "-w" "/opt/rustwide/workdir" "--user" "0:0" "476be6fe48d571bd644163eac5cb1ef9abaedf7141217b449a318cc862536e5e" "/opt/rustwide/cargo-home/bin/cargo" "+1.99.0-beta.8" "test" "--frozen" "--release", kill_on_drop: false }`
[INFO] [stderr] warning: unused variable: `dwflags`
[INFO] [stderr]    --> src/unix/mod.rs:912:30
[INFO] [stderr]     |
[INFO] [stderr] 912 |     fn try_clone_sock(&self, dwflags: So9SockDwFlags) -> io::Result<Self> 
[INFO] [stderr]     |                              ^^^^^^^ help: if this is intentional, prefix it with an underscore: `_dwflags`
[INFO] [stderr]     |
[INFO] [stderr]     = note: `#[warn(unused_variables)]` (part of `#[warn(unused)]`) on by default
[INFO] [stderr] 
[INFO] [stderr] warning: `socket9` (lib) generated 1 warning (run `cargo fix --lib -p socket9` to apply 1 suggestion)
[INFO] [stderr] warning: unused imports: `PathBuf`, `Path`, and `fs`
[INFO] [stderr]  --> tests/test_socket.rs:5:11
[INFO] [stderr]   |
[INFO] [stderr] 5 | ...::{fs, io::{ErrorKind, IoSlice, IoSliceMut, Read, Write}, net::{TcpListener, TcpStream, UdpSocket}, os::{fd::OwnedFd, unix::net::{UnixDatagram, UnixListener, UnixStream}}, path::{Path, PathBuf}, ...
[INFO] [stderr]   |       ^^                                                                                                                                                                              ^^^^  ^^^^^^^
[INFO] [stderr]   |
[INFO] [stderr]   = note: `#[warn(unused_imports)]` (part of `#[warn(unused)]`) on by default
[INFO] [stderr] 
[INFO] [stderr] warning: function `make_temp_dir_no` is never used
[INFO] [stderr]   --> tests/common.rs:16:4
[INFO] [stderr]    |
[INFO] [stderr] 16 | fn make_temp_dir_no() -> TempDir
[INFO] [stderr]    |    ^^^^^^^^^^^^^^^^
[INFO] [stderr]    |
[INFO] [stderr]    = note: `#[warn(dead_code)]` (part of `#[warn(unused)]`) on by default
[INFO] [stderr] 
[INFO] [stderr] warning: `socket9` (test "test_socket") generated 2 warnings (run `cargo fix --test "test_socket" -p socket9` to apply 1 suggestion)
[INFO] [stderr] warning: unused import: `So9DomainInets`
[INFO] [stderr]  --> tests/test_markers.rs:7:147
[INFO] [stderr]   |
[INFO] [stderr] 7 | ...main, Socket9, address::{IntoSockAddrSpec, So9AddrDomain, So9DomainInets, So9DomainUnix}};
[INFO] [stderr]   |                                                              ^^^^^^^^^^^^^^
[INFO] [stderr]   |
[INFO] [stderr]   = note: `#[warn(unused_imports)]` (part of `#[warn(unused)]`) on by default
[INFO] [stderr] 
[INFO] [stderr] warning: function `make_temp_dir` is never used
[INFO] [stderr]  --> tests/common.rs:7:4
[INFO] [stderr]   |
[INFO] [stderr] 7 | fn make_temp_dir(path: &str) -> (PathBuf, TempDir)
[INFO] [stderr]   |    ^^^^^^^^^^^^^
[INFO] [stderr]   |
[INFO] [stderr]   = note: `#[warn(dead_code)]` (part of `#[warn(unused)]`) on by default
[INFO] [stderr] 
[INFO] [stderr] warning: `socket9` (test "test_markers") generated 2 warnings (run `cargo fix --test "test_markers" -p socket9` to apply 1 suggestion)
[INFO] [stderr] warning: `socket9` (lib test) generated 1 warning (1 duplicate)
[INFO] [stderr]     Finished `release` profile [optimized] target(s) in 0.05s
[INFO] [stderr]      Running unittests src/lib.rs (/opt/rustwide/target/release/deps/socket9-838529bdf002014e)
[INFO] [stdout] 
[INFO] [stdout] running 5 tests
[INFO] [stdout] test address::test_addr_int::test_addr_5 ... ok
[INFO] [stdout] test address::test_addr_int::test_addr_4 ... ok
[INFO] [stdout] test address::test_addr_int::test_addr_1 ... ok
[INFO] [stdout] test socket::test_socket_int::check_domain_range ... ok
[INFO] [stdout] test address::test_addr_int::test_addr_2 ... ok
[INFO] [stdout] 
[INFO] [stdout] test result: ok. 5 passed; 0 failed; 0 ignored; 0 measured; 0 filtered out; finished in 0.01s
[INFO] [stdout] 
[INFO] [stderr]      Running tests/common.rs (/opt/rustwide/target/release/deps/common-818314527b41b30c)
[INFO] [stderr]      Running tests/test_address.rs (/opt/rustwide/target/release/deps/test_address-1a9bf8a23f3e1c7c)
[INFO] [stdout] 
[INFO] [stdout] running 0 tests
[INFO] [stdout] 
[INFO] [stdout] test result: ok. 0 passed; 0 failed; 0 ignored; 0 measured; 0 filtered out; finished in 0.00s
[INFO] [stdout] 
[INFO] [stdout] 
[INFO] [stdout] running 3 tests
[INFO] [stdout] test test_addr_1 ... ok
[INFO] [stdout] test test_addr_3 ... ok
[INFO] [stdout] test test_addr_2 ... ok
[INFO] [stderr]      Running tests/test_custom_socket.rs (/opt/rustwide/target/release/deps/test_custom_socket-8ded4bba58f51dd3)
[INFO] [stdout] 
[INFO] [stdout] test result: ok. 3 passed; 0 failed; 0 ignored; 0 measured; 0 filtered out; finished in 0.00s
[INFO] [stdout] 
[INFO] [stdout] 
[INFO] [stdout] running 1 test
[INFO] [stdout] test test_custrom_socket1 ... ok
[INFO] [stdout] 
[INFO] [stdout] test result: ok. 1 passed; 0 failed; 0 ignored; 0 measured; 0 filtered out; finished in 0.00s
[INFO] [stdout] 
[INFO] [stderr]      Running tests/test_custom_socket_windows.rs (/opt/rustwide/target/release/deps/test_custom_socket_windows-43ff79afe289a9cc)
[INFO] [stderr]      Running tests/test_markers.rs (/opt/rustwide/target/release/deps/test_markers-fe67d7452c2fc143)
[INFO] [stdout] 
[INFO] [stdout] running 0 tests
[INFO] [stdout] 
[INFO] [stdout] test result: ok. 0 passed; 0 failed; 0 ignored; 0 measured; 0 filtered out; finished in 0.00s
[INFO] [stdout] 
[INFO] [stdout] 
[INFO] [stdout] running 2 tests
[INFO] [stdout] test test_datagram_unix ... ok
[INFO] [stdout] test test_listeners_marker_bind_listen_accept ... ok
[INFO] [stderr]      Running tests/test_sock_split.rs (/opt/rustwide/target/release/deps/test_sock_split-53bcf58808d0bf18)
[INFO] [stdout] 
[INFO] [stdout] test result: ok. 2 passed; 0 failed; 0 ignored; 0 measured; 0 filtered out; finished in 0.00s
[INFO] [stdout] 
[INFO] [stdout] 
[INFO] [stdout] running 4 tests
[INFO] [stdout] test test_split_simple_unslpit ... ok
[INFO] [stdout] test test_split_simple ... ok
[INFO] [stdout] test test_split_simple_rw_mt ... ok
[INFO] [stdout] test test_split_simple_rw ... ok
[INFO] [stdout] 
[INFO] [stdout] test result: ok. 4 passed; 0 failed; 0 ignored; 0 measured; 0 filtered out; finished in 0.40s
[INFO] [stdout] 
[INFO] [stderr]      Running tests/test_socket.rs (/opt/rustwide/target/release/deps/test_socket-0c0bbbca89a7327a)
[INFO] [stdout] 
[INFO] [stdout] running 33 tests
[INFO] [stdout] test pair_unixseqpkt ... ok
[INFO] [stdout] test check_new_unbound_by_addr ... ok
[INFO] [stdout] test check_cloexec ... ok
[INFO] [stdout] test test_pair_unixdg ... ok
[INFO] [stdout] test test_tcp_io_unbound ... ok
[INFO] [stdout] test test_try_from_ownedfd_tcp_listener ... ok
[INFO] [stdout] test test_tcp_bind_connect_with_timeout ... ok
[INFO] [stdout] test test_try_from_ownedfd_udpsock ... ok
[INFO] [stdout] test test_tcp_io_listen ... ok
[INFO] [stdout] test test_try_from_ownedfd_tcp_connection ... ok
[INFO] [stdout] test test_try_from_ownedfd_unixdg ... ok
[INFO] [stdout] test test_try_from_ownedfd_unixlistener_conn ... ok
[INFO] [stdout] test test_try_from_ownedfd_unixseqpkt_conn ... ok
[INFO] [stdout] test test_try_from_pair_ownedfd_unixstream ... ok
[INFO] [stdout] test test_try_from_ownedfd_unixlistener ... ok
[INFO] [stdout] test test_try_from_pair_ownedfd_unixdg ... ok
[INFO] [stdout] test test_unixdatagram_recv_from ... ok
[INFO] [stdout] test test_unixdg_fd ... ok
[INFO] [stdout] test test_unixdatagram_send_to2 ... ok
[INFO] [stdout] test check_udp_vecotred_large ... ok
[INFO] [stdout] test test_tcp_bind_connect ... ok
[INFO] [stdout] test test_try_from_pair_ownedfd_unixseqpkt ... ok
[INFO] [stdout] test test_tcp_bind_connect_timmeout ... FAILED
[INFO] [stdout] test pair_unixstream ... ok
[INFO] [stdout] test test_unixdg_vect ... ok
[INFO] [stdout] test test_try_from_ownedfd_unixseqpktlis ... ok
[INFO] [stdout] test test_unixstream_io_listen ... ok
[INFO] [stdout] test test_unixdatagram_send_to ... ok
[INFO] [stdout] test check_nonblocking ... ok
[INFO] [stdout] test test_tcp_io ... ok
[INFO] [stdout] test test_unixdg_timeout_rcv ... ok
[INFO] [stdout] test test_unixdatagram_recv_from_timeout ... ok
[INFO] [stdout] test test_tcp_io_listen_accept_timeout ... ok
[INFO] [stdout] 
[INFO] [stdout] failures:
[INFO] [stdout] 
[INFO] [stdout] ---- test_tcp_bind_connect_timmeout stdout ----
[INFO] [stdout] 
[INFO] [stdout] thread 'test_tcp_bind_connect_timmeout' (791) panicked at tests/test_socket.rs:175:5:
[INFO] [stdout] assertion `left == right` failed
[INFO] [stdout]   left: NetworkUnreachable
[INFO] [stdout]  right: TimedOut
[INFO] [stdout] stack backtrace:
[INFO] [stdout]    0:     0x573460cdd1c1 - <<std[70759c8f55707aa4]::sys::backtrace::BacktraceLock>::print::DisplayBacktrace as core[df12db4294e9bfd3]::fmt::Display>::fmt
[INFO] [stdout]    1:     0x573460cf264a - core[df12db4294e9bfd3]::fmt::write
[INFO] [stdout]    2:     0x573460ce1d3c - <alloc[2182bb758b4b3781]::vec::Vec<u8> as core[df12db4294e9bfd3]::io::write::Write>::write_fmt
[INFO] [stdout]    3:     0x573460cb6c56 - std[70759c8f55707aa4]::panicking::default_hook::{closure#0}
[INFO] [stdout]    4:     0x573460cd4859 - std[70759c8f55707aa4]::panicking::default_hook
[INFO] [stdout]    5:     0x573460c6a9a0 - test[9d35eded1c95d3be]::test_main_inner::<test[9d35eded1c95d3be]::test_main_static::{closure#0}>::{closure#0}
[INFO] [stdout]    6:     0x573460cd4a12 - std[70759c8f55707aa4]::panicking::panic_with_hook
[INFO] [stdout]    7:     0x573460cb6d02 - std[70759c8f55707aa4]::panicking::panic_handler::{closure#0}
[INFO] [stdout]    8:     0x573460caf8b9 - std[70759c8f55707aa4]::sys::backtrace::__rust_end_short_backtrace::<std[70759c8f55707aa4]::panicking::panic_handler::{closure#0}, !>
[INFO] [stdout]    9:     0x573460cb7aed - __rustc[8fa7c3cbc660c2b3]::rust_begin_unwind
[INFO] [stdout]   10:     0x573460cf2d7c - core[df12db4294e9bfd3]::panicking::panic_fmt
[INFO] [stdout]   11:     0x573460cf2c93 - core[df12db4294e9bfd3]::panicking::assert_failed_inner
[INFO] [stdout]   12:     0x573460c5b54c - core[df12db4294e9bfd3]::panicking::assert_failed::<core[df12db4294e9bfd3]::io::error::ErrorKind, core[df12db4294e9bfd3]::io::error::ErrorKind>
[INFO] [stdout]   13:     0x573460c58b96 - <test_socket[79569a47080ffd08]::test_tcp_bind_connect_timmeout::{closure#0} as core[df12db4294e9bfd3]::ops::function::FnOnce<()>>::call_once
[INFO] [stdout]   14:     0x573460c5dc8b - test[9d35eded1c95d3be]::__rust_begin_short_backtrace::<core[df12db4294e9bfd3]::result::Result<(), alloc[2182bb758b4b3781]::string::String>, fn() -> core[df12db4294e9bfd3]::result::Result<(), alloc[2182bb758b4b3781]::string::String>>
[INFO] [stdout]   15:     0x573460c6b2f5 - test[9d35eded1c95d3be]::run_test::{closure#0}
[INFO] [stdout]   16:     0x573460c64bb4 - std[70759c8f55707aa4]::sys::backtrace::__rust_begin_short_backtrace::<test[9d35eded1c95d3be]::run_test::{closure#1}, ()>
[INFO] [stdout]   17:     0x573460c6e452 - <std[70759c8f55707aa4]::thread::lifecycle::spawn_unchecked<test[9d35eded1c95d3be]::run_test::{closure#1}, ()>::{closure#1} as core[df12db4294e9bfd3]::ops::function::FnOnce<()>>::call_once::{shim:vtable#0}
[INFO] [stdout]   18:     0x573460cdc369 - <std[70759c8f55707aa4]::sys::thread::unix::Thread>::new::thread_start
[INFO] [stdout]   19:     0x7040ba90bdfa - <unknown>
[INFO] [stdout]   20:     0x7040ba99f3d4 - clone
[INFO] [stdout]   21:                0x0 - <unknown>
[INFO] [stdout] 
[INFO] [stdout] 
[INFO] [stdout] failures:
[INFO] [stdout]     test_tcp_bind_connect_timmeout
[INFO] [stdout] 
[INFO] [stdout] test result: FAILED. 32 passed; 1 failed; 0 ignored; 0 measured; 0 filtered out; finished in 2.01s
[INFO] [stdout] 
[INFO] [stderr] error: test failed, to rerun pass `--test test_socket`
[INFO] running `Command { std: "docker" "inspect" "476be6fe48d571bd644163eac5cb1ef9abaedf7141217b449a318cc862536e5e", kill_on_drop: false }`
[INFO] running `Command { std: "docker" "rm" "-f" "476be6fe48d571bd644163eac5cb1ef9abaedf7141217b449a318cc862536e5e", kill_on_drop: false }`
[INFO] [stdout] 476be6fe48d571bd644163eac5cb1ef9abaedf7141217b449a318cc862536e5e
