[INFO] fetching crate soar-utils 0.5.2...
[INFO] testing soar-utils-0.5.2 against 1.100.0-beta.1+cargoflags=--release for beta-release-1.100-2
[INFO] extracting crate soar-utils 0.5.2 into /workspace/builds/worker-0-tc2/source
[INFO] started tweaking crates.io crate soar-utils 0.5.2
[INFO] finished tweaking crates.io crate soar-utils 0.5.2
[INFO] tweaked toml for crates.io crate soar-utils 0.5.2 written to /workspace/builds/worker-0-tc2/source/Cargo.toml
[INFO] validating manifest of crates.io crate soar-utils 0.5.2 on toolchain 1.100.0-beta.1
[INFO] running `Command { std: CARGO_HOME="/workspace/cargo-home" RUSTUP_HOME="/workspace/rustup-home" "/workspace/cargo-home/bin/cargo" "+1.100.0-beta.1" "metadata" "--manifest-path" "Cargo.toml" "--no-deps", kill_on_drop: false }`
[INFO] crate crates.io crate soar-utils 0.5.2 already has a lockfile, it will not be regenerated
[INFO] running `Command { std: CARGO_HOME="/workspace/cargo-home" RUSTUP_HOME="/workspace/rustup-home" "/workspace/cargo-home/bin/cargo" "+1.100.0-beta.1" "fetch" "--manifest-path" "Cargo.toml", kill_on_drop: false }`
[INFO] running `Command { std: "docker" "create" "-v" "/var/lib/crater-agent-workspace/builds/worker-0-tc2/source:/opt/rustwide/workdir:ro,Z" "-v" "/var/lib/crater-agent-workspace/builds/worker-0-tc2/target:/opt/rustwide/target:rw,Z" "-v" "/var/lib/crater-agent-workspace/cargo-home:/opt/rustwide/cargo-home:ro,Z" "-v" "/var/lib/crater-agent-workspace/rustup-home:/opt/rustwide/rustup-home:ro,Z" "-m" "1610612736" "--network" "none" "ghcr.io/rust-lang/crates-build-env/linux@sha256:77db811e55d90add9212f6832c23229e3de5f1c1f9905e8cb07319ea15df73ac" "sleep" "infinity", kill_on_drop: false }`
[INFO] [stdout] f186f4ef25d1b8ff3d11e1628cc61aa5f3f420584cc184d4f3cfbcf7f8598a14
[INFO] running `Command { std: "docker" "start" "f186f4ef25d1b8ff3d11e1628cc61aa5f3f420584cc184d4f3cfbcf7f8598a14", kill_on_drop: false }`
[INFO] running `Command { std: "docker" "inspect" "f186f4ef25d1b8ff3d11e1628cc61aa5f3f420584cc184d4f3cfbcf7f8598a14", kill_on_drop: false }`
[INFO] running `Command { std: "docker" "exec" "-e" "SOURCE_DIR=/opt/rustwide/workdir" "-e" "CARGO_HOME=/opt/rustwide/cargo-home" "-e" "RUSTUP_HOME=/opt/rustwide/rustup-home" "-e" "CARGO_TARGET_DIR=/opt/rustwide/target" "-w" "/opt/rustwide/workdir" "--user" "0:0" "f186f4ef25d1b8ff3d11e1628cc61aa5f3f420584cc184d4f3cfbcf7f8598a14" "/opt/rustwide/cargo-home/bin/cargo" "+1.100.0-beta.1" "metadata" "--no-deps" "--format-version=1", kill_on_drop: false }`
[INFO] running `Command { std: "docker" "inspect" "f186f4ef25d1b8ff3d11e1628cc61aa5f3f420584cc184d4f3cfbcf7f8598a14", kill_on_drop: false }`
[INFO] running `Command { std: "docker" "exec" "-e" "SOURCE_DIR=/opt/rustwide/workdir" "-e" "CARGO_HOME=/opt/rustwide/cargo-home" "-e" "RUSTUP_HOME=/opt/rustwide/rustup-home" "-e" "CARGO_TARGET_DIR=/opt/rustwide/target" "-e" "CARGO_INCREMENTAL=0" "-e" "RUST_BACKTRACE=full" "-e" "RUSTFLAGS=--cap-lints=warn" "-e" "RUSTDOCFLAGS=--cap-lints=warn" "-w" "/opt/rustwide/workdir" "--user" "0:0" "f186f4ef25d1b8ff3d11e1628cc61aa5f3f420584cc184d4f3cfbcf7f8598a14" "/opt/rustwide/cargo-home/bin/cargo" "+1.100.0-beta.1" "build" "--frozen" "--message-format=json" "--release", kill_on_drop: false }`
[INFO] [stderr]    Compiling libc v0.2.189
[INFO] [stderr]    Compiling object v0.37.3
[INFO] [stderr]    Compiling rustix v1.1.4
[INFO] [stderr]    Compiling memchr v2.8.3
[INFO] [stderr]    Compiling find-msvc-tools v0.1.11
[INFO] [stderr]    Compiling gimli v0.32.3
[INFO] [stderr]    Compiling owo-colors v4.3.0
[INFO] [stderr]    Compiling miniz_oxide v0.8.9
[INFO] [stderr]    Compiling rustc-demangle v0.1.27
[INFO] [stderr]    Compiling futures-util v0.3.34
[INFO] [stderr]    Compiling syn v2.0.119
[INFO] [stderr]    Compiling nix v0.31.3
[INFO] [stderr]    Compiling syn v3.0.4
[INFO] [stderr]    Compiling is_ci v1.2.0
[INFO] [stderr]    Compiling textwrap v0.16.2
[INFO] [stderr]    Compiling supports-hyperlinks v3.2.0
[INFO] [stderr]    Compiling supports-color v3.0.2
[INFO] [stderr]    Compiling cpufeatures v0.3.1
[INFO] [stderr]    Compiling supports-unicode v3.0.0
[INFO] [stderr]    Compiling cc v1.4.4
[INFO] [stderr]    Compiling terminal_size v0.4.4
[INFO] [stderr]    Compiling blake3 v1.8.7
[INFO] [stderr]    Compiling parking_lot_core v0.9.12
[INFO] [stderr]    Compiling memmap2 v0.9.11
[INFO] [stderr]    Compiling parking_lot v0.12.5
[INFO] [stderr]    Compiling futures-executor v0.3.32
[INFO] [stderr]    Compiling thiserror-impl v2.0.20
[INFO] [stderr]    Compiling addr2line v0.25.1
[INFO] [stderr]    Compiling thiserror v2.0.20
[INFO] [stderr]    Compiling miette-derive v7.6.0
[INFO] [stderr]    Compiling serial_test_derive v3.5.0
[INFO] [stderr]    Compiling serial_test v3.5.0
[INFO] [stderr]    Compiling backtrace v0.3.76
[INFO] [stderr]    Compiling backtrace-ext v0.2.1
[INFO] [stderr]    Compiling miette v7.6.0
[INFO] [stderr]    Compiling soar-utils v0.5.2 (/opt/rustwide/workdir)
[INFO] [stderr] warning: unused dependency `serial_test`
[INFO] [stderr]   --> Cargo.toml:13:15
[INFO] [stderr]    |
[INFO] [stderr] 13 | [dependencies.serial_test]
[INFO] [stderr]    |               ^^^^^^^^^^^^
[INFO] [stderr]    |
[INFO] [stderr]    = note: `cargo::unused_dependencies` is set to `warn` by default
[INFO] [stderr] help: consider removing the dependency on `serial_test`
[INFO] [stderr] warning: `soar-utils` (manifest) generated 1 warning
[INFO] [stderr]     Finished `release` profile [optimized] target(s) in 28.48s
[INFO] [stderr] warning: the following packages contain code that will be rejected by a future version of Rust: nix v0.31.3
[INFO] [stderr] note: to see what the problems were, use the option `--future-incompat-report`, or run `cargo report future-incompatibilities --id 2`
[INFO] running `Command { std: "docker" "inspect" "f186f4ef25d1b8ff3d11e1628cc61aa5f3f420584cc184d4f3cfbcf7f8598a14", kill_on_drop: false }`
[INFO] running `Command { std: "docker" "exec" "-e" "SOURCE_DIR=/opt/rustwide/workdir" "-e" "CARGO_HOME=/opt/rustwide/cargo-home" "-e" "RUSTUP_HOME=/opt/rustwide/rustup-home" "-e" "CARGO_TARGET_DIR=/opt/rustwide/target" "-e" "CARGO_INCREMENTAL=0" "-e" "RUST_BACKTRACE=full" "-e" "RUSTFLAGS=--cap-lints=warn" "-e" "RUSTDOCFLAGS=--cap-lints=warn" "-w" "/opt/rustwide/workdir" "--user" "0:0" "f186f4ef25d1b8ff3d11e1628cc61aa5f3f420584cc184d4f3cfbcf7f8598a14" "/opt/rustwide/cargo-home/bin/cargo" "+1.100.0-beta.1" "test" "--frozen" "--no-run" "--message-format=json" "--release", kill_on_drop: false }`
[INFO] [stderr]    Compiling rustix v1.1.4
[INFO] [stderr]    Compiling getrandom v0.4.3
[INFO] [stderr]    Compiling terminal_size v0.4.4
[INFO] [stderr]    Compiling tempfile v3.27.0
[INFO] [stderr]    Compiling miette v7.6.0
[INFO] [stderr]    Compiling soar-utils v0.5.2 (/opt/rustwide/workdir)
[INFO] [stderr] warning: unused dependency `serial_test`
[INFO] [stderr]   --> Cargo.toml:13:15
[INFO] [stderr]    |
[INFO] [stderr] 13 | [dependencies.serial_test]
[INFO] [stderr]    |               ^^^^^^^^^^^^
[INFO] [stderr]    |
[INFO] [stderr]    = note: `cargo::unused_dependencies` is set to `warn` by default
[INFO] [stderr] help: consider removing the dependency on `serial_test`
[INFO] [stderr] help: to still use for development builds, move to `dev-dependencies`
[INFO] [stderr] warning: `soar-utils` (manifest) generated 1 warning
[INFO] [stderr]     Finished `release` profile [optimized] target(s) in 11.32s
[INFO] [stderr] warning: the following packages contain code that will be rejected by a future version of Rust: nix v0.31.3
[INFO] [stderr] note: to see what the problems were, use the option `--future-incompat-report`, or run `cargo report future-incompatibilities --id 2`
[INFO] running `Command { std: "docker" "inspect" "f186f4ef25d1b8ff3d11e1628cc61aa5f3f420584cc184d4f3cfbcf7f8598a14", kill_on_drop: false }`
[INFO] running `Command { std: "docker" "exec" "-e" "SOURCE_DIR=/opt/rustwide/workdir" "-e" "CARGO_HOME=/opt/rustwide/cargo-home" "-e" "RUSTUP_HOME=/opt/rustwide/rustup-home" "-e" "CARGO_TARGET_DIR=/opt/rustwide/target" "-e" "CARGO_INCREMENTAL=0" "-e" "RUST_BACKTRACE=full" "-e" "RUSTFLAGS=--cap-lints=warn" "-e" "RUSTDOCFLAGS=--cap-lints=warn" "-w" "/opt/rustwide/workdir" "--user" "0:0" "f186f4ef25d1b8ff3d11e1628cc61aa5f3f420584cc184d4f3cfbcf7f8598a14" "/opt/rustwide/cargo-home/bin/cargo" "+1.100.0-beta.1" "test" "--frozen" "--release", kill_on_drop: false }`
[INFO] [stderr] warning: unused dependency `serial_test`
[INFO] [stderr]   --> Cargo.toml:13:15
[INFO] [stderr]    |
[INFO] [stderr] 13 | [dependencies.serial_test]
[INFO] [stderr]    |               ^^^^^^^^^^^^
[INFO] [stderr]    |
[INFO] [stderr]    = note: `cargo::unused_dependencies` is set to `warn` by default
[INFO] [stderr] help: consider removing the dependency on `serial_test`
[INFO] [stderr] help: to still use for development builds, move to `dev-dependencies`
[INFO] [stderr] warning: `soar-utils` (manifest) generated 1 warning
[INFO] [stderr]     Finished `release` profile [optimized] target(s) in 0.10s
[INFO] [stderr] warning: the following packages contain code that will be rejected by a future version of Rust: nix v0.31.3
[INFO] [stderr] note: to see what the problems were, use the option `--future-incompat-report`, or run `cargo report future-incompatibilities --id 2`
[INFO] [stderr]      Running unittests src/lib.rs (/opt/rustwide/target/release/build/soar-utils/75b734be3596111c/out/soar_utils-75b734be3596111c)
[INFO] [stdout] 
[INFO] [stdout] running 85 tests
[INFO] [stdout] test error::tests::test_bytes_error_display ... ok
[INFO] [stdout] test elf::tests::reads_a_named_section ... ok
[INFO] [stdout] test fs::tests::test_create_symlink_inner_target ... ok
[INFO] [stdout] test bytes::tests::test_parse_bytes ... ok
[INFO] [stdout] test bytes::tests::test_format_bytes_with_precisions ... ok
[INFO] [stdout] test elf::tests::absent_section_and_non_elf_report_nothing ... ok
[INFO] [stdout] test error::tests::test_path_error_display ... ok
[INFO] [stdout] test elf::tests::strips_the_nul_padding_a_section_is_padded_with ... ok
[INFO] [stdout] test error::tests::test_file_system_error_display ... ok
[INFO] [stdout] test fs::tests::test_create_symlink ... ok
[INFO] [stdout] test fs::tests::test_calculate_directory_size_empty ... ok
[INFO] [stdout] test fs::tests::test_ensure_dir_exists_already_exists ... ok
[INFO] [stdout] test fs::tests::test_calculate_directory_size ... ok
[INFO] [stdout] test fs::tests::test_calculate_directory_size_invalid ... ok
[INFO] [stdout] test error::tests::test_hash_error_display_and_source ... ok
[INFO] [stdout] test fs::tests::test_create_symlink_already_exists ... ok
[INFO] [stdout] test fs::tests::test_ensure_dir_exists ... ok
[INFO] [stdout] test fs::tests::test_read_file_signature_invalid ... ok
[INFO] [stdout] test fs::tests::test_ensure_dir_exists_file_collision ... ok
[INFO] [stdout] test fs::tests::test_create_symlink_permission_denied ... FAILED
[INFO] [stdout] test fs::tests::test_read_file_signature_non_existent ... ok
[INFO] [stdout] test fs::tests::test_read_file_signature ... ok
[INFO] [stdout] test fs::tests::test_calculate_directory_size_inner_permission_denied ... FAILED
[INFO] [stdout] test fs::tests::test_read_file_signature_empty ... ok
[INFO] [stdout] test fs::tests::test_ensure_dir_exists_permission_denied ... FAILED
[INFO] [stdout] test fs::tests::test_create_symlink_target_invalid_parent ... ok
[INFO] [stdout] test fs::tests::test_create_symlink_target_no_permissions ... FAILED
[INFO] [stdout] test hash::tests::test_calculate_checksum ... ok
[INFO] [stdout] test fs::tests::test_walk_dir_not_a_dir ... ok
[INFO] [stdout] test fs::tests::test_safe_remove_file ... ok
[INFO] [stdout] test fs::tests::test_safe_remove_dir ... ok
[INFO] [stdout] test fs::tests::test_walk_invalid_dir ... ok
[INFO] [stdout] test hash::tests::test_calculate_checksum_file_not_found ... ok
[INFO] [stdout] test fs::tests::test_walk_dir ... ok
[INFO] [stdout] test fs::tests::test_safe_remove_non_existent ... ok
[INFO] [stdout] test fs::tests::test_walk_failing_entry ... ok
[INFO] [stdout] test hash::tests::test_verify_checksum_file_not_found ... ok
[INFO] [stdout] test hash::tests::test_calculate_checksum_on_directory ... ok
[INFO] [stdout] test lock::tests::test_concurrent_locks_different_packages ... ok
[INFO] [stdout] test fs::tests::test_walk_recursive_dir ... ok
[INFO] [stdout] test hash::tests::test_verify_checksum_valid ... ok
[INFO] [stdout] test fs::tests::test_safe_remove_dir_permission_denied ... FAILED
[INFO] [stdout] test hash::tests::test_verify_checksum_invalid ... ok
[INFO] [stdout] test path::tests::test_consume_var_name ... ok
[INFO] [stdout] test lock::tests::test_exclusive_lock ... ok
[INFO] [stdout] test fs::tests::test_walk_dir_permission_denied ... FAILED
[INFO] [stdout] test lock::tests::test_lock_path_generation ... ok
[INFO] [stdout] test lock::tests::test_lock_sanitization ... ok
[INFO] [stdout] test fs::tests::test_walk_dir_permission_denied_recursive ... FAILED
[INFO] [stdout] test bytes::tests::test_fail_parse_bytes ... ok
[INFO] [stdout] test fs::tests::test_standard_safe_remove_permission_denied ... FAILED
[INFO] [stdout] test path::tests::test_expand_variables_edge_cases ... ok
[INFO] [stdout] test path::tests::test_expand_variables_simple ... ok
[INFO] [stdout] test path::tests::test_is_safe_component ... ok
[INFO] [stdout] test path::tests::test_expand_variables_braces ... ok
[INFO] [stdout] test path::tests::test_expand_variables_missing_var ... ok
[INFO] [stdout] test path::tests::test_home_dir ... ok
[INFO] [stdout] test system::tests::test_get_username_missing_env_vars ... ok
[INFO] [stdout] test system::tests::test_fails_when_all_sources_missing - should panic ... ok
[INFO] [stdout] test time::tests::test_integer_overflow ... ok
[INFO] [stdout] test path::tests::test_resolve_path_invalid_cwd ... ok
[INFO] [stdout] test version::tests::a_leading_v_is_not_part_of_the_version ... ok
[INFO] [stdout] test version::tests::a_lettered_revision_is_a_rebuild_like_a_bare_one ... ok
[INFO] [stdout] test path::tests::test_icons_dir ... ok
[INFO] [stdout] test version::tests::a_release_candidate_is_not_a_revision ... ok
[INFO] [stdout] test path::tests::test_xdg_directories ... ok
[INFO] [stdout] test version::tests::commit_hashes_have_no_meaningful_order ... ok
[INFO] [stdout] test time::tests::test_parse_duration ... ok
[INFO] [stdout] test path::tests::test_resolve_path ... ok
[INFO] [stdout] test path::tests::test_expand_env_var_special_vars ... ok
[INFO] [stdout] test version::tests::dates_order_naturally ... ok
[INFO] [stdout] test version::tests::digit_runs_are_versions_not_hashes ... ok
[INFO] [stdout] test system::tests::test_get_username ... ok
[INFO] [stdout] test version::tests::equal_versions_compare_equal ... ok
[INFO] [stdout] test version::tests::hashes_rank_below_ordinary_versions ... ok
[INFO] [stdout] test version::tests::longer_version_wins_when_prefix_matches ... ok
[INFO] [stdout] test version::tests::numeric_segments_beat_string_order ... ok
[INFO] [stdout] test version::tests::rebuild_revision_is_newer_not_older ... ok
[INFO] [stdout] test version::tests::text_segments_rank_below_numeric ... ok
[INFO] [stdout] test path::tests::test_desktop_dir ... ok
[INFO] [stdout] test version::tests::dates_compare_whatever_separates_them ... ok
[INFO] [stdout] test path::tests::test_expand_variables_missing_braces ... ok
[INFO] [stdout] test pattern::tests::test_apply_sig_variants ... ok
[INFO] [stdout] test system::tests::test_platform ... ok
[INFO] [stdout] test lock::tests::test_lock_blocks_until_released ... ok
[INFO] [stdout] 
[INFO] [stdout] failures:
[INFO] [stdout] 
[INFO] [stdout] ---- fs::tests::test_create_symlink_permission_denied stdout ----
[INFO] [stdout] 
[INFO] [stdout] thread 'fs::tests::test_create_symlink_permission_denied' (1057) panicked at src/fs.rs:470:9:
[INFO] [stdout] assertion failed: result.is_err()
[INFO] [stdout] stack backtrace:
[INFO] [stdout]    0:     0x58d09b8ef121 - <<std[617be2ca0a6fd877]::sys::backtrace::BacktraceLock>::print::DisplayBacktrace as core[a373ad73a504971]::fmt::Display>::fmt
[INFO] [stdout]    1:     0x58d09b904b2a - core[a373ad73a504971]::fmt::write
[INFO] [stdout]    2:     0x58d09b8f36ac - <alloc[2e1b2a31b91974c5]::vec::Vec<u8> as core[a373ad73a504971]::io::write::Write>::write_fmt
[INFO] [stdout]    3:     0x58d09b8c8756 - std[617be2ca0a6fd877]::panicking::default_hook::{closure#0}
[INFO] [stdout]    4:     0x58d09b8e6189 - std[617be2ca0a6fd877]::panicking::default_hook
[INFO] [stdout]    5:     0x58d09b878d80 - test[aada8e7e76ba119b]::test_main_inner::{closure#0}
[INFO] [stdout]    6:     0x58d09b8e6342 - std[617be2ca0a6fd877]::panicking::panic_with_hook
[INFO] [stdout]    7:     0x58d09b8c8834 - std[617be2ca0a6fd877]::panicking::panic_handler::{closure#0}
[INFO] [stdout]    8:     0x58d09b8c10d9 - std[617be2ca0a6fd877]::sys::backtrace::__rust_end_short_backtrace::<std[617be2ca0a6fd877]::panicking::panic_handler::{closure#0}, !>
[INFO] [stdout]    9:     0x58d09b8c97dd - __rustc[ea4f61d10b84890b]::rust_begin_unwind
[INFO] [stdout]   10:     0x58d09b90525c - core[a373ad73a504971]::panicking::panic_fmt
[INFO] [stdout]   11:     0x58d09b905222 - core[a373ad73a504971]::panicking::panic
[INFO] [stdout]   12:     0x58d09b840ccc - <soar_utils[8ee8adb9d5dc6929]::fs::tests::test_create_symlink_permission_denied::{closure#0} as core[a373ad73a504971]::ops::function::FnOnce<()>>::call_once
[INFO] [stdout]   13:     0x58d09b86c1cb - test[aada8e7e76ba119b]::__rust_begin_short_backtrace::<core[a373ad73a504971]::result::Result<(), alloc[2e1b2a31b91974c5]::string::String>, fn() -> core[a373ad73a504971]::result::Result<(), alloc[2e1b2a31b91974c5]::string::String>>
[INFO] [stdout]   14:     0x58d09b8793a5 - test[aada8e7e76ba119b]::run_test::{closure#0}
[INFO] [stdout]   15:     0x58d09b872c94 - std[617be2ca0a6fd877]::sys::backtrace::__rust_begin_short_backtrace::<test[aada8e7e76ba119b]::run_test::{closure#1}, ()>
[INFO] [stdout]   16:     0x58d09b87c432 - <std[617be2ca0a6fd877]::thread::lifecycle::spawn_unchecked<test[aada8e7e76ba119b]::run_test::{closure#1}, ()>::{closure#1} as core[a373ad73a504971]::ops::function::FnOnce<()>>::call_once::{shim:vtable#0}
[INFO] [stdout]   17:     0x58d09b8ee76f - <std[617be2ca0a6fd877]::sys::thread::unix::Thread>::new::thread_start
[INFO] [stdout]   18:     0x7c41841dadfa - <unknown>
[INFO] [stdout]   19:     0x7c418426e3d4 - clone
[INFO] [stdout]   20:                0x0 - <unknown>
[INFO] [stdout] 
[INFO] [stdout] ---- fs::tests::test_calculate_directory_size_inner_permission_denied stdout ----
[INFO] [stdout] 
[INFO] [stdout] thread 'fs::tests::test_calculate_directory_size_inner_permission_denied' (1052) panicked at src/fs.rs:674:9:
[INFO] [stdout] assertion failed: result.is_err()
[INFO] [stdout] stack backtrace:
[INFO] [stdout]    0:     0x58d09b8ef121 - <<std[617be2ca0a6fd877]::sys::backtrace::BacktraceLock>::print::DisplayBacktrace as core[a373ad73a504971]::fmt::Display>::fmt
[INFO] [stdout]    1:     0x58d09b904b2a - core[a373ad73a504971]::fmt::write
[INFO] [stdout]    2:     0x58d09b8f36ac - <alloc[2e1b2a31b91974c5]::vec::Vec<u8> as core[a373ad73a504971]::io::write::Write>::write_fmt
[INFO] [stdout]    3:     0x58d09b8c8756 - std[617be2ca0a6fd877]::panicking::default_hook::{closure#0}
[INFO] [stdout]    4:     0x58d09b8e6189 - std[617be2ca0a6fd877]::panicking::default_hook
[INFO] [stdout]    5:     0x58d09b878d80 - test[aada8e7e76ba119b]::test_main_inner::{closure#0}
[INFO] [stdout]    6:     0x58d09b8e6342 - std[617be2ca0a6fd877]::panicking::panic_with_hook
[INFO] [stdout]    7:     0x58d09b8c8834 - std[617be2ca0a6fd877]::panicking::panic_handler::{closure#0}
[INFO] [stdout]    8:     0x58d09b8c10d9 - std[617be2ca0a6fd877]::sys::backtrace::__rust_end_short_backtrace::<std[617be2ca0a6fd877]::panicking::panic_handler::{closure#0}, !>
[INFO] [stdout]    9:     0x58d09b8c97dd - __rustc[ea4f61d10b84890b]::rust_begin_unwind
[INFO] [stdout]   10:     0x58d09b90525c - core[a373ad73a504971]::panicking::panic_fmt
[INFO] [stdout]   11:     0x58d09b905222 - core[a373ad73a504971]::panicking::panic
[INFO] [stdout]   12:     0x58d09b842cab - <soar_utils[8ee8adb9d5dc6929]::fs::tests::test_calculate_directory_size_inner_permission_denied::{closure#0} as core[a373ad73a504971]::ops::function::FnOnce<()>>::call_once
[INFO] [stdout]   13:     0x58d09b86c1cb - test[aada8e7e76ba119b]::__rust_begin_short_backtrace::<core[a373ad73a504971]::result::Result<(), alloc[2e1b2a31b91974c5]::string::String>, fn() -> core[a373ad73a504971]::result::Result<(), alloc[2e1b2a31b91974c5]::string::String>>
[INFO] [stdout]   14:     0x58d09b8793a5 - test[aada8e7e76ba119b]::run_test::{closure#0}
[INFO] [stdout]   15:     0x58d09b872c94 - std[617be2ca0a6fd877]::sys::backtrace::__rust_begin_short_backtrace::<test[aada8e7e76ba119b]::run_test::{closure#1}, ()>
[INFO] [stdout]   16:     0x58d09b87c432 - <std[617be2ca0a6fd877]::thread::lifecycle::spawn_unchecked<test[aada8e7e76ba119b]::run_test::{closure#1}, ()>::{closure#1} as core[a373ad73a504971]::ops::function::FnOnce<()>>::call_once::{shim:vtable#0}
[INFO] [stdout]   17:     0x58d09b8ee76f - <std[617be2ca0a6fd877]::sys::thread::unix::Thread>::new::thread_start
[INFO] [stdout]   18:     0x7c41841dadfa - <unknown>
[INFO] [stdout]   19:     0x7c418426e3d4 - clone
[INFO] [stdout]   20:                0x0 - <unknown>
[INFO] [stdout] 
[INFO] [stdout] ---- fs::tests::test_ensure_dir_exists_permission_denied stdout ----
[INFO] [stdout] 
[INFO] [stdout] thread 'fs::tests::test_ensure_dir_exists_permission_denied' (1063) panicked at src/fs.rs:382:9:
[INFO] [stdout] assertion failed: result.is_err()
[INFO] [stdout] stack backtrace:
[INFO] [stdout]    0:     0x58d09b8ef121 - <<std[617be2ca0a6fd877]::sys::backtrace::BacktraceLock>::print::DisplayBacktrace as core[a373ad73a504971]::fmt::Display>::fmt
[INFO] [stdout]    1:     0x58d09b904b2a - core[a373ad73a504971]::fmt::write
[INFO] [stdout]    2:     0x58d09b8f36ac - <alloc[2e1b2a31b91974c5]::vec::Vec<u8> as core[a373ad73a504971]::io::write::Write>::write_fmt
[INFO] [stdout]    3:     0x58d09b8c8756 - std[617be2ca0a6fd877]::panicking::default_hook::{closure#0}
[INFO] [stdout]    4:     0x58d09b8e6189 - std[617be2ca0a6fd877]::panicking::default_hook
[INFO] [stdout]    5:     0x58d09b878d80 - test[aada8e7e76ba119b]::test_main_inner::{closure#0}
[INFO] [stdout]    6:     0x58d09b8e6342 - std[617be2ca0a6fd877]::panicking::panic_with_hook
[INFO] [stdout]    7:     0x58d09b8c8834 - std[617be2ca0a6fd877]::panicking::panic_handler::{closure#0}
[INFO] [stdout]    8:     0x58d09b8c10d9 - std[617be2ca0a6fd877]::sys::backtrace::__rust_end_short_backtrace::<std[617be2ca0a6fd877]::panicking::panic_handler::{closure#0}, !>
[INFO] [stdout]    9:     0x58d09b8c97dd - __rustc[ea4f61d10b84890b]::rust_begin_unwind
[INFO] [stdout]   10:     0x58d09b90525c - core[a373ad73a504971]::panicking::panic_fmt
[INFO] [stdout]   11:     0x58d09b905222 - core[a373ad73a504971]::panicking::panic
[INFO] [stdout]   12:     0x58d09b841985 - <soar_utils[8ee8adb9d5dc6929]::fs::tests::test_ensure_dir_exists_permission_denied::{closure#0} as core[a373ad73a504971]::ops::function::FnOnce<()>>::call_once
[INFO] [stdout]   13:     0x58d09b86c1cb - test[aada8e7e76ba119b]::__rust_begin_short_backtrace::<core[a373ad73a504971]::result::Result<(), alloc[2e1b2a31b91974c5]::string::String>, fn() -> core[a373ad73a504971]::result::Result<(), alloc[2e1b2a31b91974c5]::string::String>>
[INFO] [stdout]   14:     0x58d09b8793a5 - test[aada8e7e76ba119b]::run_test::{closure#0}
[INFO] [stdout]   15:     0x58d09b872c94 - std[617be2ca0a6fd877]::sys::backtrace::__rust_begin_short_backtrace::<test[aada8e7e76ba119b]::run_test::{closure#1}, ()>
[INFO] [stdout]   16:     0x58d09b87c432 - <std[617be2ca0a6fd877]::thread::lifecycle::spawn_unchecked<test[aada8e7e76ba119b]::run_test::{closure#1}, ()>::{closure#1} as core[a373ad73a504971]::ops::function::FnOnce<()>>::call_once::{shim:vtable#0}
[INFO] [stdout]   17:     0x58d09b8ee76f - <std[617be2ca0a6fd877]::sys::thread::unix::Thread>::new::thread_start
[INFO] [stdout]   18:     0x7c41841dadfa - <unknown>
[INFO] [stdout]   19:     0x7c418426e3d4 - clone
[INFO] [stdout]   20:                0x0 - <unknown>
[INFO] [stdout] 
[INFO] [stdout] ---- fs::tests::test_create_symlink_target_no_permissions stdout ----
[INFO] [stdout] 
[INFO] [stdout] thread 'fs::tests::test_create_symlink_target_no_permissions' (1059) panicked at src/fs.rs:716:9:
[INFO] [stdout] assertion failed: result.is_err()
[INFO] [stdout] stack backtrace:
[INFO] [stdout]    0:     0x58d09b8ef121 - <<std[617be2ca0a6fd877]::sys::backtrace::BacktraceLock>::print::DisplayBacktrace as core[a373ad73a504971]::fmt::Display>::fmt
[INFO] [stdout]    1:     0x58d09b904b2a - core[a373ad73a504971]::fmt::write
[INFO] [stdout]    2:     0x58d09b8f36ac - <alloc[2e1b2a31b91974c5]::vec::Vec<u8> as core[a373ad73a504971]::io::write::Write>::write_fmt
[INFO] [stdout]    3:     0x58d09b8c8756 - std[617be2ca0a6fd877]::panicking::default_hook::{closure#0}
[INFO] [stdout]    4:     0x58d09b8e6189 - std[617be2ca0a6fd877]::panicking::default_hook
[INFO] [stdout]    5:     0x58d09b878d80 - test[aada8e7e76ba119b]::test_main_inner::{closure#0}
[INFO] [stdout]    6:     0x58d09b8e6342 - std[617be2ca0a6fd877]::panicking::panic_with_hook
[INFO] [stdout]    7:     0x58d09b8c8834 - std[617be2ca0a6fd877]::panicking::panic_handler::{closure#0}
[INFO] [stdout]    8:     0x58d09b8c10d9 - std[617be2ca0a6fd877]::sys::backtrace::__rust_end_short_backtrace::<std[617be2ca0a6fd877]::panicking::panic_handler::{closure#0}, !>
[INFO] [stdout]    9:     0x58d09b8c97dd - __rustc[ea4f61d10b84890b]::rust_begin_unwind
[INFO] [stdout]   10:     0x58d09b90525c - core[a373ad73a504971]::panicking::panic_fmt
[INFO] [stdout]   11:     0x58d09b905222 - core[a373ad73a504971]::panicking::panic
[INFO] [stdout]   12:     0x58d09b84213a - <soar_utils[8ee8adb9d5dc6929]::fs::tests::test_create_symlink_target_no_permissions::{closure#0} as core[a373ad73a504971]::ops::function::FnOnce<()>>::call_once
[INFO] [stdout]   13:     0x58d09b86c1cb - test[aada8e7e76ba119b]::__rust_begin_short_backtrace::<core[a373ad73a504971]::result::Result<(), alloc[2e1b2a31b91974c5]::string::String>, fn() -> core[a373ad73a504971]::result::Result<(), alloc[2e1b2a31b91974c5]::string::String>>
[INFO] [stdout]   14:     0x58d09b8793a5 - test[aada8e7e76ba119b]::run_test::{closure#0}
[INFO] [stdout]   15:     0x58d09b872c94 - std[617be2ca0a6fd877]::sys::backtrace::__rust_begin_short_backtrace::<test[aada8e7e76ba119b]::run_test::{closure#1}, ()>
[INFO] [stdout]   16:     0x58d09b87c432 - <std[617be2ca0a6fd877]::thread::lifecycle::spawn_unchecked<test[aada8e7e76ba119b]::run_test::{closure#1}, ()>::{closure#1} as core[a373ad73a504971]::ops::function::FnOnce<()>>::call_once::{shim:vtable#0}
[INFO] [stdout]   17:     0x58d09b8ee76f - <std[617be2ca0a6fd877]::sys::thread::unix::Thread>::new::thread_start
[INFO] [stdout]   18:     0x7c41841dadfa - <unknown>
[INFO] [stdout]   19:     0x7c418426e3d4 - clone
[INFO] [stdout]   20:                0x0 - <unknown>
[INFO] [stdout] 
[INFO] [stdout] ---- fs::tests::test_safe_remove_dir_permission_denied stdout ----
[INFO] [stdout] 
[INFO] [stdout] thread 'fs::tests::test_safe_remove_dir_permission_denied' (1069) panicked at src/fs.rs:426:9:
[INFO] [stdout] assertion failed: result.is_err()
[INFO] [stdout] stack backtrace:
[INFO] [stdout]    0:     0x58d09b8ef121 - <<std[617be2ca0a6fd877]::sys::backtrace::BacktraceLock>::print::DisplayBacktrace as core[a373ad73a504971]::fmt::Display>::fmt
[INFO] [stdout]    1:     0x58d09b904b2a - core[a373ad73a504971]::fmt::write
[INFO] [stdout]    2:     0x58d09b8f36ac - <alloc[2e1b2a31b91974c5]::vec::Vec<u8> as core[a373ad73a504971]::io::write::Write>::write_fmt
[INFO] [stdout]    3:     0x58d09b8c8756 - std[617be2ca0a6fd877]::panicking::default_hook::{closure#0}
[INFO] [stdout]    4:     0x58d09b8e6189 - std[617be2ca0a6fd877]::panicking::default_hook
[INFO] [stdout]    5:     0x58d09b878d80 - test[aada8e7e76ba119b]::test_main_inner::{closure#0}
[INFO] [stdout]    6:     0x58d09b8e6342 - std[617be2ca0a6fd877]::panicking::panic_with_hook
[INFO] [stdout]    7:     0x58d09b8c8834 - std[617be2ca0a6fd877]::panicking::panic_handler::{closure#0}
[INFO] [stdout]    8:     0x58d09b8c10d9 - std[617be2ca0a6fd877]::sys::backtrace::__rust_end_short_backtrace::<std[617be2ca0a6fd877]::panicking::panic_handler::{closure#0}, !>
[INFO] [stdout]    9:     0x58d09b8c97dd - __rustc[ea4f61d10b84890b]::rust_begin_unwind
[INFO] [stdout]   10:     0x58d09b90525c - core[a373ad73a504971]::panicking::panic_fmt
[INFO] [stdout]   11:     0x58d09b905222 - core[a373ad73a504971]::panicking::panic
[INFO] [stdout]   12:     0x58d09b841560 - <soar_utils[8ee8adb9d5dc6929]::fs::tests::test_safe_remove_dir_permission_denied::{closure#0} as core[a373ad73a504971]::ops::function::FnOnce<()>>::call_once
[INFO] [stdout]   13:     0x58d09b86c1cb - test[aada8e7e76ba119b]::__rust_begin_short_backtrace::<core[a373ad73a504971]::result::Result<(), alloc[2e1b2a31b91974c5]::string::String>, fn() -> core[a373ad73a504971]::result::Result<(), alloc[2e1b2a31b91974c5]::string::String>>
[INFO] [stdout]   14:     0x58d09b8793a5 - test[aada8e7e76ba119b]::run_test::{closure#0}
[INFO] [stdout]   15:     0x58d09b872c94 - std[617be2ca0a6fd877]::sys::backtrace::__rust_begin_short_backtrace::<test[aada8e7e76ba119b]::run_test::{closure#1}, ()>
[INFO] [stdout]   16:     0x58d09b87c432 - <std[617be2ca0a6fd877]::thread::lifecycle::spawn_unchecked<test[aada8e7e76ba119b]::run_test::{closure#1}, ()>::{closure#1} as core[a373ad73a504971]::ops::function::FnOnce<()>>::call_once::{shim:vtable#0}
[INFO] [stdout]   17:     0x58d09b8ee76f - <std[617be2ca0a6fd877]::sys::thread::unix::Thread>::new::thread_start
[INFO] [stdout]   18:     0x7c41841dadfa - <unknown>
[INFO] [stdout]   19:     0x7c418426e3d4 - clone
[INFO] [stdout]   20:                0x0 - <unknown>
[INFO] [stdout] 
[INFO] [stdout] ---- fs::tests::test_walk_dir_permission_denied stdout ----
[INFO] [stdout] 
[INFO] [stdout] thread 'fs::tests::test_walk_dir_permission_denied' (1075) panicked at src/fs.rs:571:9:
[INFO] [stdout] assertion failed: result.is_err()
[INFO] [stdout] stack backtrace:
[INFO] [stdout]    0:     0x58d09b8ef121 - <<std[617be2ca0a6fd877]::sys::backtrace::BacktraceLock>::print::DisplayBacktrace as core[a373ad73a504971]::fmt::Display>::fmt
[INFO] [stdout]    1:     0x58d09b904b2a - core[a373ad73a504971]::fmt::write
[INFO] [stdout]    2:     0x58d09b8f36ac - <alloc[2e1b2a31b91974c5]::vec::Vec<u8> as core[a373ad73a504971]::io::write::Write>::write_fmt
[INFO] [stdout]    3:     0x58d09b8c8756 - std[617be2ca0a6fd877]::panicking::default_hook::{closure#0}
[INFO] [stdout]    4:     0x58d09b8e6189 - std[617be2ca0a6fd877]::panicking::default_hook
[INFO] [stdout]    5:     0x58d09b878d80 - test[aada8e7e76ba119b]::test_main_inner::{closure#0}
[INFO] [stdout]    6:     0x58d09b8e6342 - std[617be2ca0a6fd877]::panicking::panic_with_hook
[INFO] [stdout]    7:     0x58d09b8c8834 - std[617be2ca0a6fd877]::panicking::panic_handler::{closure#0}
[INFO] [stdout]    8:     0x58d09b8c10d9 - std[617be2ca0a6fd877]::sys::backtrace::__rust_end_short_backtrace::<std[617be2ca0a6fd877]::panicking::panic_handler::{closure#0}, !>
[INFO] [stdout]    9:     0x58d09b8c97dd - __rustc[ea4f61d10b84890b]::rust_begin_unwind
[INFO] [stdout]   10:     0x58d09b90525c - core[a373ad73a504971]::panicking::panic_fmt
[INFO] [stdout]   11:     0x58d09b905222 - core[a373ad73a504971]::panicking::panic
[INFO] [stdout]   12:     0x58d09b83fe17 - <soar_utils[8ee8adb9d5dc6929]::fs::tests::test_walk_dir_permission_denied::{closure#0} as core[a373ad73a504971]::ops::function::FnOnce<()>>::call_once
[INFO] [stdout]   13:     0x58d09b86c1cb - test[aada8e7e76ba119b]::__rust_begin_short_backtrace::<core[a373ad73a504971]::result::Result<(), alloc[2e1b2a31b91974c5]::string::String>, fn() -> core[a373ad73a504971]::result::Result<(), alloc[2e1b2a31b91974c5]::string::String>>
[INFO] [stdout]   14:     0x58d09b8793a5 - test[aada8e7e76ba119b]::run_test::{closure#0}
[INFO] [stdout]   15:     0x58d09b872c94 - std[617be2ca0a6fd877]::sys::backtrace::__rust_begin_short_backtrace::<test[aada8e7e76ba119b]::run_test::{closure#1}, ()>
[INFO] [stdout]   16:     0x58d09b87c432 - <std[617be2ca0a6fd877]::thread::lifecycle::spawn_unchecked<test[aada8e7e76ba119b]::run_test::{closure#1}, ()>::{closure#1} as core[a373ad73a504971]::ops::function::FnOnce<()>>::call_once::{shim:vtable#0}
[INFO] [stdout]   17:     0x58d09b8ee76f - <std[617be2ca0a6fd877]::sys::thread::unix::Thread>::new::thread_start
[INFO] [stdout]   18:     0x7c41841dadfa - <unknown>
[INFO] [stdout]   19:     0x7c418426e3d4 - clone
[INFO] [stdout]   20:                0x0 - <unknown>
[INFO] [stdout] 
[INFO] [stdout] ---- fs::tests::test_walk_dir_permission_denied_recursive stdout ----
[INFO] [stdout] 
[INFO] [stdout] thread 'fs::tests::test_walk_dir_permission_denied_recursive' (1076) panicked at src/fs.rs:586:9:
[INFO] [stdout] assertion failed: result.is_err()
[INFO] [stdout] stack backtrace:
[INFO] [stdout]    0:     0x58d09b8ef121 - <<std[617be2ca0a6fd877]::sys::backtrace::BacktraceLock>::print::DisplayBacktrace as core[a373ad73a504971]::fmt::Display>::fmt
[INFO] [stdout]    1:     0x58d09b904b2a - core[a373ad73a504971]::fmt::write
[INFO] [stdout]    2:     0x58d09b8f36ac - <alloc[2e1b2a31b91974c5]::vec::Vec<u8> as core[a373ad73a504971]::io::write::Write>::write_fmt
[INFO] [stdout]    3:     0x58d09b8c8756 - std[617be2ca0a6fd877]::panicking::default_hook::{closure#0}
[INFO] [stdout]    4:     0x58d09b8e6189 - std[617be2ca0a6fd877]::panicking::default_hook
[INFO] [stdout]    5:     0x58d09b878d80 - test[aada8e7e76ba119b]::test_main_inner::{closure#0}
[INFO] [stdout]    6:     0x58d09b8e6342 - std[617be2ca0a6fd877]::panicking::panic_with_hook
[INFO] [stdout]    7:     0x58d09b8c8834 - std[617be2ca0a6fd877]::panicking::panic_handler::{closure#0}
[INFO] [stdout]    8:     0x58d09b8c10d9 - std[617be2ca0a6fd877]::sys::backtrace::__rust_end_short_backtrace::<std[617be2ca0a6fd877]::panicking::panic_handler::{closure#0}, !>
[INFO] [stdout]    9:     0x58d09b8c97dd - __rustc[ea4f61d10b84890b]::rust_begin_unwind
[INFO] [stdout]   10:     0x58d09b90525c - core[a373ad73a504971]::panicking::panic_fmt
[INFO] [stdout]   11:     0x58d09b905222 - core[a373ad73a504971]::panicking::panic
[INFO] [stdout]   12:     0x58d09b842531 - <soar_utils[8ee8adb9d5dc6929]::fs::tests::test_walk_dir_permission_denied_recursive::{closure#0} as core[a373ad73a504971]::ops::function::FnOnce<()>>::call_once
[INFO] [stdout]   13:     0x58d09b86c1cb - test[aada8e7e76ba119b]::__rust_begin_short_backtrace::<core[a373ad73a504971]::result::Result<(), alloc[2e1b2a31b91974c5]::string::String>, fn() -> core[a373ad73a504971]::result::Result<(), alloc[2e1b2a31b91974c5]::string::String>>
[INFO] [stdout]   14:     0x58d09b8793a5 - test[aada8e7e76ba119b]::run_test::{closure#0}
[INFO] [stdout]   15:     0x58d09b872c94 - std[617be2ca0a6fd877]::sys::backtrace::__rust_begin_short_backtrace::<test[aada8e7e76ba119b]::run_test::{closure#1}, ()>
[INFO] [stdout]   16:     0x58d09b87c432 - <std[617be2ca0a6fd877]::thread::lifecycle::spawn_unchecked<test[aada8e7e76ba119b]::run_test::{closure#1}, ()>::{closure#1} as core[a373ad73a504971]::ops::function::FnOnce<()>>::call_once::{shim:vtable#0}
[INFO] [stdout]   17:     0x58d09b8ee76f - <std[617be2ca0a6fd877]::sys::thread::unix::Thread>::new::thread_start
[INFO] [stdout]   18:     0x7c41841dadfa - <unknown>
[INFO] [stdout]   19:     0x7c418426e3d4 - clone
[INFO] [stdout]   20:                0x0 - <unknown>
[INFO] [stdout] 
[INFO] [stdout] ---- fs::tests::test_standard_safe_remove_permission_denied stdout ----
[INFO] [stdout] 
[INFO] [stdout] thread 'fs::tests::test_standard_safe_remove_permission_denied' (1072) panicked at src/fs.rs:404:9:
[INFO] [stdout] assertion failed: result.is_err()
[INFO] [stdout] stack backtrace:
[INFO] [stdout]    0:     0x58d09b8ef121 - <<std[617be2ca0a6fd877]::sys::backtrace::BacktraceLock>::print::DisplayBacktrace as core[a373ad73a504971]::fmt::Display>::fmt
[INFO] [stdout]    1:     0x58d09b904b2a - core[a373ad73a504971]::fmt::write
[INFO] [stdout]    2:     0x58d09b8f36ac - <alloc[2e1b2a31b91974c5]::vec::Vec<u8> as core[a373ad73a504971]::io::write::Write>::write_fmt
[INFO] [stdout]    3:     0x58d09b8c8756 - std[617be2ca0a6fd877]::panicking::default_hook::{closure#0}
[INFO] [stdout]    4:     0x58d09b8e6189 - std[617be2ca0a6fd877]::panicking::default_hook
[INFO] [stdout]    5:     0x58d09b878d80 - test[aada8e7e76ba119b]::test_main_inner::{closure#0}
[INFO] [stdout]    6:     0x58d09b8e6342 - std[617be2ca0a6fd877]::panicking::panic_with_hook
[INFO] [stdout]    7:     0x58d09b8c8834 - std[617be2ca0a6fd877]::panicking::panic_handler::{closure#0}
[INFO] [stdout]    8:     0x58d09b8c10d9 - std[617be2ca0a6fd877]::sys::backtrace::__rust_end_short_backtrace::<std[617be2ca0a6fd877]::panicking::panic_handler::{closure#0}, !>
[INFO] [stdout]    9:     0x58d09b8c97dd - __rustc[ea4f61d10b84890b]::rust_begin_unwind
[INFO] [stdout]   10:     0x58d09b90525c - core[a373ad73a504971]::panicking::panic_fmt
[INFO] [stdout]   11:     0x58d09b905222 - core[a373ad73a504971]::panicking::panic
[INFO] [stdout]   12:     0x58d09b8428de - <soar_utils[8ee8adb9d5dc6929]::fs::tests::test_standard_safe_remove_permission_denied::{closure#0} as core[a373ad73a504971]::ops::function::FnOnce<()>>::call_once
[INFO] [stdout]   13:     0x58d09b86c1cb - test[aada8e7e76ba119b]::__rust_begin_short_backtrace::<core[a373ad73a504971]::result::Result<(), alloc[2e1b2a31b91974c5]::string::String>, fn() -> core[a373ad73a504971]::result::Result<(), alloc[2e1b2a31b91974c5]::string::String>>
[INFO] [stdout]   14:     0x58d09b8793a5 - test[aada8e7e76ba119b]::run_test::{closure#0}
[INFO] [stdout]   15:     0x58d09b872c94 - std[617be2ca0a6fd877]::sys::backtrace::__rust_begin_short_backtrace::<test[aada8e7e76ba119b]::run_test::{closure#1}, ()>
[INFO] [stdout]   16:     0x58d09b87c432 - <std[617be2ca0a6fd877]::thread::lifecycle::spawn_unchecked<test[aada8e7e76ba119b]::run_test::{closure#1}, ()>::{closure#1} as core[a373ad73a504971]::ops::function::FnOnce<()>>::call_once::{shim:vtable#0}
[INFO] [stdout]   17:     0x58d09b8ee76f - <std[617be2ca0a6fd877]::sys::thread::unix::Thread>::new::thread_start
[INFO] [stdout]   18:     0x7c41841dadfa - <unknown>
[INFO] [stdout]   19:     0x7c418426e3d4 - clone
[INFO] [stdout]   20:                0x0 - <unknown>
[INFO] [stdout] 
[INFO] [stdout] 
[INFO] [stdout] failures:
[INFO] [stdout]     fs::tests::test_calculate_directory_size_inner_permission_denied
[INFO] [stdout]     fs::tests::test_create_symlink_permission_denied
[INFO] [stdout]     fs::tests::test_create_symlink_target_no_permissions
[INFO] [stdout]     fs::tests::test_ensure_dir_exists_permission_denied
[INFO] [stdout]     fs::tests::test_safe_remove_dir_permission_denied
[INFO] [stdout]     fs::tests::test_standard_safe_remove_permission_denied
[INFO] [stdout]     fs::tests::test_walk_dir_permission_denied
[INFO] [stdout]     fs::tests::test_walk_dir_permission_denied_recursive
[INFO] [stdout] 
[INFO] [stdout] test result: FAILED. 77 passed; 8 failed; 0 ignored; 0 measured; 0 filtered out; finished in 0.13s
[INFO] [stdout] 
[INFO] [stderr] error: test failed, to rerun pass `--lib`
[INFO] running `Command { std: "docker" "inspect" "f186f4ef25d1b8ff3d11e1628cc61aa5f3f420584cc184d4f3cfbcf7f8598a14", kill_on_drop: false }`
[INFO] running `Command { std: "docker" "rm" "-f" "f186f4ef25d1b8ff3d11e1628cc61aa5f3f420584cc184d4f3cfbcf7f8598a14", kill_on_drop: false }`
[INFO] [stdout] f186f4ef25d1b8ff3d11e1628cc61aa5f3f420584cc184d4f3cfbcf7f8598a14
