[INFO] fetching crate snops 0.1.0...
[INFO] testing snops-0.1.0 against 1.100.0-beta.1+cargoflags=--release for beta-release-1.100-2
[INFO] extracting crate snops 0.1.0 into /workspace/builds/worker-0-tc2/source
[INFO] started tweaking crates.io crate snops 0.1.0
[INFO] finished tweaking crates.io crate snops 0.1.0
[INFO] tweaked toml for crates.io crate snops 0.1.0 written to /workspace/builds/worker-0-tc2/source/Cargo.toml
[INFO] validating manifest of crates.io crate snops 0.1.0 on toolchain 1.100.0-beta.1
[INFO] running `Command { std: CARGO_HOME="/workspace/cargo-home" RUSTUP_HOME="/workspace/rustup-home" "/workspace/cargo-home/bin/cargo" "+1.100.0-beta.1" "metadata" "--manifest-path" "Cargo.toml" "--no-deps", kill_on_drop: false }`
[INFO] crate crates.io crate snops 0.1.0 already has a lockfile, it will not be regenerated
[INFO] running `Command { std: CARGO_HOME="/workspace/cargo-home" RUSTUP_HOME="/workspace/rustup-home" "/workspace/cargo-home/bin/cargo" "+1.100.0-beta.1" "fetch" "--manifest-path" "Cargo.toml", kill_on_drop: false }`
[INFO] [stderr]     Blocking waiting for file lock on package cache
[INFO] running `Command { std: "docker" "create" "-v" "/var/lib/crater-agent-workspace/builds/worker-0-tc2/source:/opt/rustwide/workdir:ro,Z" "-v" "/var/lib/crater-agent-workspace/builds/worker-0-tc2/target:/opt/rustwide/target:rw,Z" "-v" "/var/lib/crater-agent-workspace/cargo-home:/opt/rustwide/cargo-home:ro,Z" "-v" "/var/lib/crater-agent-workspace/rustup-home:/opt/rustwide/rustup-home:ro,Z" "-m" "1610612736" "--network" "none" "ghcr.io/rust-lang/crates-build-env/linux@sha256:77db811e55d90add9212f6832c23229e3de5f1c1f9905e8cb07319ea15df73ac" "sleep" "infinity", kill_on_drop: false }`
[INFO] [stdout] f36301fc47e2e83c144fb3d01a9ebe96048a6a256566bc2769d3c79f48a8d579
[INFO] running `Command { std: "docker" "start" "f36301fc47e2e83c144fb3d01a9ebe96048a6a256566bc2769d3c79f48a8d579", kill_on_drop: false }`
[INFO] running `Command { std: "docker" "inspect" "f36301fc47e2e83c144fb3d01a9ebe96048a6a256566bc2769d3c79f48a8d579", kill_on_drop: false }`
[INFO] running `Command { std: "docker" "exec" "-e" "SOURCE_DIR=/opt/rustwide/workdir" "-e" "CARGO_HOME=/opt/rustwide/cargo-home" "-e" "RUSTUP_HOME=/opt/rustwide/rustup-home" "-e" "CARGO_TARGET_DIR=/opt/rustwide/target" "-w" "/opt/rustwide/workdir" "--user" "0:0" "f36301fc47e2e83c144fb3d01a9ebe96048a6a256566bc2769d3c79f48a8d579" "/opt/rustwide/cargo-home/bin/cargo" "+1.100.0-beta.1" "metadata" "--no-deps" "--format-version=1", kill_on_drop: false }`
[INFO] running `Command { std: "docker" "inspect" "f36301fc47e2e83c144fb3d01a9ebe96048a6a256566bc2769d3c79f48a8d579", kill_on_drop: false }`
[INFO] running `Command { std: "docker" "exec" "-e" "SOURCE_DIR=/opt/rustwide/workdir" "-e" "CARGO_HOME=/opt/rustwide/cargo-home" "-e" "RUSTUP_HOME=/opt/rustwide/rustup-home" "-e" "CARGO_TARGET_DIR=/opt/rustwide/target" "-e" "CARGO_INCREMENTAL=0" "-e" "RUST_BACKTRACE=full" "-e" "RUSTFLAGS=--cap-lints=warn" "-e" "RUSTDOCFLAGS=--cap-lints=warn" "-w" "/opt/rustwide/workdir" "--user" "0:0" "f36301fc47e2e83c144fb3d01a9ebe96048a6a256566bc2769d3c79f48a8d579" "/opt/rustwide/cargo-home/bin/cargo" "+1.100.0-beta.1" "build" "--frozen" "--message-format=json" "--release", kill_on_drop: false }`
[INFO] [stderr]    Compiling proc-macro2 v1.0.87
[INFO] [stderr]    Compiling rustversion v1.0.17
[INFO] [stderr]    Compiling semver v1.0.23
[INFO] [stderr]    Compiling log v0.4.22
[INFO] [stderr]    Compiling time-core v0.1.2
[INFO] [stderr]    Compiling num-conv v0.1.0
[INFO] [stderr]    Compiling smallvec v1.13.2
[INFO] [stderr]    Compiling powerfmt v0.2.0
[INFO] [stderr]    Compiling tracing-core v0.1.32
[INFO] [stderr]    Compiling num_threads v0.1.7
[INFO] [stderr]    Compiling deranged v0.3.11
[INFO] [stderr]    Compiling itoa v1.0.11
[INFO] [stderr]    Compiling hashbrown v0.15.0
[INFO] [stderr]    Compiling http v1.1.0
[INFO] [stderr]    Compiling regex-automata v0.4.8
[INFO] [stderr]    Compiling rustc_version v0.4.1
[INFO] [stderr]    Compiling vergen v8.3.2
[INFO] [stderr]    Compiling quote v1.0.37
[INFO] [stderr]    Compiling vob v3.0.3
[INFO] [stderr]    Compiling syn v2.0.79
[INFO] [stderr]    Compiling cc v1.1.30
[INFO] [stderr]    Compiling num-traits v0.2.19
[INFO] [stderr]    Compiling pkg-config v0.3.31
[INFO] [stderr]    Compiling time v0.3.36
[INFO] [stderr]    Compiling http-body v1.0.1
[INFO] [stderr]    Compiling unicase v2.7.0
[INFO] [stderr]    Compiling indexmap v1.9.3
[INFO] [stderr]    Compiling indexmap v2.6.0
[INFO] [stderr]    Compiling openssl v0.10.66
[INFO] [stderr]    Compiling serde_json v1.0.128
[INFO] [stderr]    Compiling bitflags v2.6.0
[INFO] [stderr]    Compiling openssl-sys v0.9.103
[INFO] [stderr]    Compiling tinyvec v1.8.0
[INFO] [stderr]    Compiling crossbeam-epoch v0.9.18
[INFO] [stderr]    Compiling crossbeam-channel v0.5.13
[INFO] [stderr]    Compiling lrpar v0.13.7
[INFO] [stderr]    Compiling lrlex v0.13.7
[INFO] [stderr]    Compiling native-tls v0.2.12
[INFO] [stderr]    Compiling overload v0.1.1
[INFO] [stderr]    Compiling nu-ansi-term v0.46.0
[INFO] [stderr]    Compiling filetime v0.2.25
[INFO] [stderr]    Compiling matchers v0.1.0
[INFO] [stderr]    Compiling regex v1.11.0
[INFO] [stderr]    Compiling unicode-normalization v0.1.24
[INFO] [stderr]    Compiling thread_local v1.1.8
[INFO] [stderr]    Compiling unicode-bidi v0.3.17
[INFO] [stderr]    Compiling cactus v1.0.7
[INFO] [stderr]    Compiling openssl-probe v0.1.5
[INFO] [stderr]    Compiling anstyle-parse v0.2.5
[INFO] [stderr]    Compiling getopts v0.2.21
[INFO] [stderr]    Compiling idna v0.5.0
[INFO] [stderr]    Compiling crossbeam-deque v0.8.5
[INFO] [stderr]    Compiling sync_wrapper v1.0.1
[INFO] [stderr]    Compiling instant v0.1.13
[INFO] [stderr]    Compiling allocator-api2 v0.2.18
[INFO] [stderr]    Compiling anstyle-query v1.1.1
[INFO] [stderr]    Compiling colorchoice v1.0.2
[INFO] [stderr]    Compiling anstream v0.6.15
[INFO] [stderr]    Compiling rayon-core v1.12.1
[INFO] [stderr]    Compiling parking_lot_core v0.8.6
[INFO] [stderr]    Compiling mime_guess v2.0.5
[INFO] [stderr]    Compiling syn v1.0.109
[INFO] [stderr]    Compiling parking_lot_core v0.9.10
[INFO] [stderr]    Compiling sha1 v0.10.6
[INFO] [stderr]    Compiling serde_derive v1.0.210
[INFO] [stderr]    Compiling futures-macro v0.3.31
[INFO] [stderr]    Compiling zerocopy-derive v0.7.35
[INFO] [stderr]    Compiling tracing-attributes v0.1.27
[INFO] [stderr]    Compiling futures-util v0.3.31
[INFO] [stderr]    Compiling zerocopy v0.7.35
[INFO] [stderr]    Compiling tokio-macros v2.4.0
[INFO] [stderr]    Compiling tokio v1.40.0
[INFO] [stderr]    Compiling tracing v0.1.40
[INFO] [stderr]    Compiling thiserror-impl v1.0.64
[INFO] [stderr]    Compiling ppv-lite86 v0.2.20
[INFO] [stderr]    Compiling rand_chacha v0.3.1
[INFO] [stderr]    Compiling async-trait v0.1.83
[INFO] [stderr]    Compiling thiserror v1.0.64
[INFO] [stderr]    Compiling rand v0.8.5
[INFO] [stderr]    Compiling openssl-macros v0.1.1
[INFO] [stderr]    Compiling serde v1.0.210
[INFO] [stderr]    Compiling tracing-subscriber v0.3.18
[INFO] [stderr]    Compiling http-body-util v0.1.2
[INFO] [stderr]    Compiling futures-executor v0.3.31
[INFO] [stderr]    Compiling opentelemetry_api v0.18.0
[INFO] [stderr]    Compiling ahash v0.8.11
[INFO] [stderr]    Compiling opentelemetry_sdk v0.18.0
[INFO] [stderr]    Compiling packedvec v1.2.4
[INFO] [stderr]    Compiling cfgrammar v0.13.7
[INFO] [stderr]    Compiling sparsevec v0.2.0
[INFO] [stderr]    Compiling bincode v1.3.3
[INFO] [stderr]    Compiling tokio-util v0.7.12
[INFO] [stderr]    Compiling h2 v0.4.6
[INFO] [stderr]    Compiling lrtable v0.13.7
[INFO] [stderr]    Compiling tokio-native-tls v0.3.1
[INFO] [stderr]    Compiling url v2.5.2
[INFO] [stderr]    Compiling serde_urlencoded v0.7.1
[INFO] [stderr]    Compiling opentelemetry v0.18.0
[INFO] [stderr]    Compiling hashbrown v0.14.5
[INFO] [stderr]    Compiling pin-project-internal v1.1.6
[INFO] [stderr]    Compiling time-macros v0.2.18
[INFO] [stderr]    Compiling either v1.13.0
[INFO] [stderr]    Compiling data-encoding v2.6.0
[INFO] [stderr]    Compiling rustls-pki-types v1.9.0
[INFO] [stderr]    Compiling tungstenite v0.24.0
[INFO] [stderr]    Compiling pin-project v1.1.6
[INFO] [stderr]    Compiling rustls-pemfile v2.2.0
[INFO] [stderr]    Compiling clap_builder v4.5.20
[INFO] [stderr]    Compiling rayon v1.10.0
[INFO] [stderr]    Compiling hyper v1.4.1
[INFO] [stderr]    Compiling dashmap v6.1.0
[INFO] [stderr]    Compiling tracing-opentelemetry v0.18.0
[INFO] [stderr]    Compiling hyper-util v0.1.9
[INFO] [stderr]    Compiling promql-parser v0.4.0
[INFO] [stderr]    Compiling chrono v0.4.38
[INFO] [stderr]    Compiling futures v0.3.31
[INFO] [stderr]    Compiling tarpc-plugins v0.13.1
[INFO] [stderr]    Compiling clap_derive v4.5.18
[INFO] [stderr]    Compiling hyper-tls v0.6.0
[INFO] [stderr]    Compiling parking_lot v0.11.2
[INFO] [stderr]    Compiling fxhash v0.2.1
[INFO] [stderr]    Compiling fs2 v0.4.3
[INFO] [stderr]    Compiling crc32fast v1.4.2
[INFO] [stderr]    Compiling serde_yml v0.0.12
[INFO] [stderr]    Compiling ipnet v2.10.1
[INFO] [stderr]    Compiling humantime v2.1.0
[INFO] [stderr]    Compiling glob v0.3.1
[INFO] [stderr]    Compiling tower v0.5.1
[INFO] [stderr]    Compiling snops-checkpoint v0.1.0
[INFO] [stderr]    Compiling reqwest v0.12.8
[INFO] [stderr]    Compiling tarpc v0.34.0
[INFO] [stderr]    Compiling sled v0.34.7
[INFO] [stderr]    Compiling clap v4.5.20
[INFO] [stderr]    Compiling lasso v0.7.3
[INFO] [stderr]    Compiling tokio-tungstenite v0.24.0
[INFO] [stderr]    Compiling serde_path_to_error v0.1.16
[INFO] [stderr]    Compiling axum-core v0.4.5
[INFO] [stderr]    Compiling strum_macros v0.26.4
[INFO] [stderr]    Compiling axum-macros v0.4.2
[INFO] [stderr]    Compiling enum-as-inner v0.6.1
[INFO] [stderr]    Compiling libyml v0.0.5
[INFO] [stderr]    Compiling hmac v0.12.1
[INFO] [stderr]    Compiling http-range-header v0.4.1
[INFO] [stderr]    Compiling wildmatch v2.4.0
[INFO] [stderr]    Compiling tower-http v0.6.1
[INFO] [stderr]    Compiling jwt v0.16.0
[INFO] [stderr]    Compiling axum v0.7.7
[INFO] [stderr]    Compiling snops-common v0.1.0
[INFO] [stderr]    Compiling prometheus-http-query v0.8.3
[INFO] [stderr]    Compiling tracing-appender v0.2.3
[INFO] [stderr]    Compiling bimap v0.6.3
[INFO] [stderr]    Compiling uuid v1.10.0
[INFO] [stderr]    Compiling lazysort v0.2.1
[INFO] [stderr]    Compiling snops v0.1.0 (/opt/rustwide/workdir)
[INFO] [stdout] warning: enum `StorageType` is never used
[INFO] [stdout]    --> src/server/api.rs:152:6
[INFO] [stdout]     |
[INFO] [stdout] 152 | enum StorageType {
[INFO] [stdout]     |      ^^^^^^^^^^^
[INFO] [stdout]     |
[INFO] [stdout]     = note: `#[warn(dead_code)]` (part of `#[warn(unused)]`) on by default
[INFO] [stdout] 
[INFO] [stdout] 
[INFO] [stderr]     Finished `release` profile [optimized] target(s) in 3m 28s
[INFO] running `Command { std: "docker" "inspect" "f36301fc47e2e83c144fb3d01a9ebe96048a6a256566bc2769d3c79f48a8d579", kill_on_drop: false }`
[INFO] running `Command { std: "docker" "exec" "-e" "SOURCE_DIR=/opt/rustwide/workdir" "-e" "CARGO_HOME=/opt/rustwide/cargo-home" "-e" "RUSTUP_HOME=/opt/rustwide/rustup-home" "-e" "CARGO_TARGET_DIR=/opt/rustwide/target" "-e" "CARGO_INCREMENTAL=0" "-e" "RUST_BACKTRACE=full" "-e" "RUSTFLAGS=--cap-lints=warn" "-e" "RUSTDOCFLAGS=--cap-lints=warn" "-w" "/opt/rustwide/workdir" "--user" "0:0" "f36301fc47e2e83c144fb3d01a9ebe96048a6a256566bc2769d3c79f48a8d579" "/opt/rustwide/cargo-home/bin/cargo" "+1.100.0-beta.1" "test" "--frozen" "--no-run" "--message-format=json" "--release", kill_on_drop: false }`
[INFO] [stderr]    Compiling snops v0.1.0 (/opt/rustwide/workdir)
[INFO] [stdout] warning: enum `StorageType` is never used
[INFO] [stdout]    --> src/server/api.rs:152:6
[INFO] [stdout]     |
[INFO] [stdout] 152 | enum StorageType {
[INFO] [stdout]     |      ^^^^^^^^^^^
[INFO] [stdout]     |
[INFO] [stdout]     = note: `#[warn(dead_code)]` (part of `#[warn(unused)]`) on by default
[INFO] [stdout] 
[INFO] [stdout] 
[INFO] [stderr]     Finished `release` profile [optimized] target(s) in 30.27s
[INFO] running `Command { std: "docker" "inspect" "f36301fc47e2e83c144fb3d01a9ebe96048a6a256566bc2769d3c79f48a8d579", kill_on_drop: false }`
[INFO] running `Command { std: "docker" "exec" "-e" "SOURCE_DIR=/opt/rustwide/workdir" "-e" "CARGO_HOME=/opt/rustwide/cargo-home" "-e" "RUSTUP_HOME=/opt/rustwide/rustup-home" "-e" "CARGO_TARGET_DIR=/opt/rustwide/target" "-e" "CARGO_INCREMENTAL=0" "-e" "RUST_BACKTRACE=full" "-e" "RUSTFLAGS=--cap-lints=warn" "-e" "RUSTDOCFLAGS=--cap-lints=warn" "-w" "/opt/rustwide/workdir" "--user" "0:0" "f36301fc47e2e83c144fb3d01a9ebe96048a6a256566bc2769d3c79f48a8d579" "/opt/rustwide/cargo-home/bin/cargo" "+1.100.0-beta.1" "test" "--frozen" "--release", kill_on_drop: false }`
[INFO] [stderr] warning: enum `StorageType` is never used
[INFO] [stderr]    --> src/server/api.rs:152:6
[INFO] [stderr]     |
[INFO] [stderr] 152 | enum StorageType {
[INFO] [stderr]     |      ^^^^^^^^^^^
[INFO] [stderr]     |
[INFO] [stderr]     = note: `#[warn(dead_code)]` (part of `#[warn(unused)]`) on by default
[INFO] [stderr] 
[INFO] [stderr] warning: `snops` (bin "snops" test) generated 1 warning
[INFO] [stderr]     Finished `release` profile [optimized] target(s) in 0.24s
[INFO] [stderr]      Running unittests src/main.rs (/opt/rustwide/target/release/build/snops/421f3890e68a7856/out/snops-421f3890e68a7856)
[INFO] [stdout] 
[INFO] [stdout] running 23 tests
[INFO] [stdout] test cannon::status::test::test_cannon_transaction_status_received ... ok
[INFO] [stdout] test cannon::status::test::test_cannon_transaction_status_broadcasted ... ok
[INFO] [stdout] test persist::agent::test::agent_1 ... ok
[INFO] [stdout] test cannon::status::test::test_cannon_transaction_status_executing ... ok
[INFO] [stdout] test cannon::status::test::test_cannon_transaction_status_executed ... ok
[INFO] [stdout] test persist::agent::test::agent_flags_1 ... ok
[INFO] [stdout] test persist::agent::test::agent_addrs_2 ... ok
[INFO] [stdout] test persist::agent::test::agent_addrs_1 ... ok
[INFO] [stdout] test persist::env::tests::env ... ok
[INFO] [stdout] test persist::env::tests::env_header ... ok
[INFO] [stdout] test persist::node::tests::node_header ... ok
[INFO] [stdout] test persist::source::tests::source_header ... ok
[INFO] [stdout] test persist::source::tests::source_local_local_none ... ok
[INFO] [stdout] test persist::node::tests::node_external ... ok
[INFO] [stdout] test persist::node::tests::node_internal ... ok
[INFO] [stdout] test persist::agent::test::agent_2 ... ok
[INFO] [stdout] test persist::storage::tests::storage ... ok
[INFO] [stdout] test persist::storage::tests::storage_header ... ok
[INFO] [stdout] test persist::source::tests::source_node_demox ... ok
[INFO] [stdout] test schema::nodes::tests::test_key_source_deserialization ... ok
[INFO] [stdout] test persist::source::tests::source_local_local_some ... ok
[INFO] [stdout] test persist::storage::tests::storage_base ... ok
[INFO] [stdout] test schema::test::deserialize_specs ... FAILED
[INFO] [stdout] 
[INFO] [stdout] failures:
[INFO] [stdout] 
[INFO] [stdout] ---- schema::test::deserialize_specs stdout ----
[INFO] [stdout] 
[INFO] [stdout] thread 'schema::test::deserialize_specs' (3185) panicked at src/schema/mod.rs:40:14:
[INFO] [stdout] failed to read specs dir: Os { code: 2, kind: NotFound, message: "No such file or directory" }
[INFO] [stdout] stack backtrace:
[INFO] [stdout]    0:     0x64df8b6a8ea1 - <<std[617be2ca0a6fd877]::sys::backtrace::BacktraceLock>::print::DisplayBacktrace as core[a373ad73a504971]::fmt::Display>::fmt
[INFO] [stdout]    1:     0x64df8b6bfe9a - core[a373ad73a504971]::fmt::write
[INFO] [stdout]    2:     0x64df8b6ad45c - <alloc[2e1b2a31b91974c5]::vec::Vec<u8> as core[a373ad73a504971]::io::write::Write>::write_fmt
[INFO] [stdout]    3:     0x64df8b684906 - std[617be2ca0a6fd877]::panicking::default_hook::{closure#0}
[INFO] [stdout]    4:     0x64df8b6a0e09 - std[617be2ca0a6fd877]::panicking::default_hook
[INFO] [stdout]    5:     0x64df8b555e70 - test[aada8e7e76ba119b]::test_main_inner::{closure#0}
[INFO] [stdout]    6:     0x64df8b6a0fc2 - std[617be2ca0a6fd877]::panicking::panic_with_hook
[INFO] [stdout]    7:     0x64df8b6849b2 - std[617be2ca0a6fd877]::panicking::panic_handler::{closure#0}
[INFO] [stdout]    8:     0x64df8b67d469 - std[617be2ca0a6fd877]::sys::backtrace::__rust_end_short_backtrace::<std[617be2ca0a6fd877]::panicking::panic_handler::{closure#0}, !>
[INFO] [stdout]    9:     0x64df8b6855bd - __rustc[ea4f61d10b84890b]::rust_begin_unwind
[INFO] [stdout]   10:     0x64df8b6c067c - core[a373ad73a504971]::panicking::panic_fmt
[INFO] [stdout]   11:     0x64df8b6c0452 - core[a373ad73a504971]::result::unwrap_failed
[INFO] [stdout]   12:     0x64df8b4ec481 - <snops[61a3a8f4dc361267]::schema::test::deserialize_specs::{closure#0} as core[a373ad73a504971]::ops::function::FnOnce<()>>::call_once
[INFO] [stdout]   13:     0x64df8b5492bb - test[aada8e7e76ba119b]::__rust_begin_short_backtrace::<core[a373ad73a504971]::result::Result<(), alloc[2e1b2a31b91974c5]::string::String>, fn() -> core[a373ad73a504971]::result::Result<(), alloc[2e1b2a31b91974c5]::string::String>>
[INFO] [stdout]   14:     0x64df8b556495 - test[aada8e7e76ba119b]::run_test::{closure#0}
[INFO] [stdout]   15:     0x64df8b54fd84 - std[617be2ca0a6fd877]::sys::backtrace::__rust_begin_short_backtrace::<test[aada8e7e76ba119b]::run_test::{closure#1}, ()>
[INFO] [stdout]   16:     0x64df8b559522 - <std[617be2ca0a6fd877]::thread::lifecycle::spawn_unchecked<test[aada8e7e76ba119b]::run_test::{closure#1}, ()>::{closure#1} as core[a373ad73a504971]::ops::function::FnOnce<()>>::call_once::{shim:vtable#0}
[INFO] [stdout]   17:     0x64df8b6a83bf - <std[617be2ca0a6fd877]::sys::thread::unix::Thread>::new::thread_start
[INFO] [stdout]   18:     0x7059e8ceddfa - <unknown>
[INFO] [stdout]   19:     0x7059e8d813d4 - clone
[INFO] [stdout]   20:                0x0 - <unknown>
[INFO] [stdout] 
[INFO] [stdout] 
[INFO] [stdout] failures:
[INFO] [stdout]     schema::test::deserialize_specs
[INFO] [stdout] 
[INFO] [stdout] test result: FAILED. 22 passed; 1 failed; 0 ignored; 0 measured; 0 filtered out; finished in 0.01s
[INFO] [stdout] 
[INFO] [stderr] error: test failed, to rerun pass `--bin snops`
[INFO] running `Command { std: "docker" "inspect" "f36301fc47e2e83c144fb3d01a9ebe96048a6a256566bc2769d3c79f48a8d579", kill_on_drop: false }`
[INFO] running `Command { std: "docker" "rm" "-f" "f36301fc47e2e83c144fb3d01a9ebe96048a6a256566bc2769d3c79f48a8d579", kill_on_drop: false }`
[INFO] [stdout] f36301fc47e2e83c144fb3d01a9ebe96048a6a256566bc2769d3c79f48a8d579
