[INFO] fetching crate snipdoc 0.1.12...
[INFO] testing snipdoc-0.1.12 against 1.99.0-beta.8+cargoflags=--release for beta-release-1.100-2
[INFO] extracting crate snipdoc 0.1.12 into /workspace/builds/worker-6-tc1/source
[INFO] started tweaking crates.io crate snipdoc 0.1.12
[INFO] finished tweaking crates.io crate snipdoc 0.1.12
[INFO] tweaked toml for crates.io crate snipdoc 0.1.12 written to /workspace/builds/worker-6-tc1/source/Cargo.toml
[INFO] validating manifest of crates.io crate snipdoc 0.1.12 on toolchain 1.99.0-beta.8
[INFO] running `Command { std: CARGO_HOME="/workspace/cargo-home" RUSTUP_HOME="/workspace/rustup-home" "/workspace/cargo-home/bin/cargo" "+1.99.0-beta.8" "metadata" "--manifest-path" "Cargo.toml" "--no-deps", kill_on_drop: false }`
[INFO] crate crates.io crate snipdoc 0.1.12 already has a lockfile, it will not be regenerated
[INFO] running `Command { std: CARGO_HOME="/workspace/cargo-home" RUSTUP_HOME="/workspace/rustup-home" "/workspace/cargo-home/bin/cargo" "+1.99.0-beta.8" "fetch" "--manifest-path" "Cargo.toml", kill_on_drop: false }`
[INFO] [stderr]     Updating crates.io index
[INFO] [stderr]  Downloading crates ...
[INFO] [stderr]   Downloaded serde v1.0.202
[INFO] [stderr]   Downloaded trycmd v0.15.2
[INFO] [stderr]   Downloaded serde_derive v1.0.202
[INFO] [stderr]   Downloaded proc-macro2 v1.0.83
[INFO] [stderr]   Downloaded errno v0.3.9
[INFO] [stderr]   Downloaded thiserror-impl v1.0.61
[INFO] [stderr]   Downloaded string_cache_codegen v0.5.2
[INFO] [stderr]   Downloaded tree-fs v0.1.0
[INFO] [stderr]   Downloaded bytecount v0.6.8
[INFO] [stderr]   Downloaded filetime v0.2.23
[INFO] [stderr]   Downloaded winapi-util v0.1.8
[INFO] [stderr]   Downloaded os_pipe v1.1.5
[INFO] [stderr]   Downloaded fastrand v2.1.0
[INFO] [stderr]   Downloaded servo_arc v0.3.0
[INFO] [stderr]   Downloaded futures-macro v0.3.30
[INFO] [stderr]   Downloaded ego-tree v0.6.2
[INFO] [stderr]   Downloaded snapbox-macros v0.3.9
[INFO] [stderr]   Downloaded dunce v1.0.4
[INFO] [stderr]   Downloaded automod v1.0.14
[INFO] [stderr]   Downloaded tabled_derive v0.7.0
[INFO] [stderr]   Downloaded either v1.12.0
[INFO] [stderr]   Downloaded thiserror v1.0.61
[INFO] [stderr]   Downloaded unicode-width v0.1.12
[INFO] [stderr]   Downloaded scraper v0.19.0
[INFO] [stderr]   Downloaded semver v1.0.23
[INFO] [stderr]   Downloaded rstest v0.21.0
[INFO] [stderr]   Downloaded futures-executor v0.3.30
[INFO] [stderr]   Downloaded pest_generator v2.7.10
[INFO] [stderr]   Downloaded crossbeam-deque v0.8.5
[INFO] [stderr]   Downloaded papergrid v0.11.0
[INFO] [stderr]   Downloaded zerocopy-derive v0.7.34
[INFO] [stderr]   Downloaded futures v0.3.30
[INFO] [stderr]   Downloaded snapbox v0.5.13
[INFO] [stderr]   Downloaded futures-channel v0.3.30
[INFO] [stderr]   Downloaded cssparser v0.31.2
[INFO] [stderr]   Downloaded rstest_macros v0.21.0
[INFO] [stderr]   Downloaded requestty-ui v0.5.0
[INFO] [stderr]   Downloaded pest_derive v2.7.10
[INFO] [stderr]   Downloaded pest_meta v2.7.10
[INFO] [stderr]   Downloaded globset v0.4.14
[INFO] [stderr]   Downloaded similar v2.5.0
[INFO] [stderr]   Downloaded selectors v0.25.0
[INFO] [stderr]   Downloaded ignore v0.4.22
[INFO] [stderr]   Downloaded requestty v0.5.0
[INFO] [stderr]   Downloaded insta v1.39.0
[INFO] [stderr]   Downloaded crossterm v0.25.0
[INFO] [stderr]   Downloaded zerocopy v0.7.34
[INFO] [stderr]   Downloaded pest v2.7.10
[INFO] [stderr]   Downloaded syn v2.0.65
[INFO] [stderr]   Downloaded tabled v0.15.0
[INFO] [stderr]   Downloaded rustix v0.38.34
[INFO] [stderr]   Downloaded bstr v1.9.1
[INFO] running `Command { std: "docker" "create" "-v" "/var/lib/crater-agent-workspace/builds/worker-6-tc1/source:/opt/rustwide/workdir:ro,Z" "-v" "/var/lib/crater-agent-workspace/builds/worker-6-tc1/target:/opt/rustwide/target:rw,Z" "-v" "/var/lib/crater-agent-workspace/cargo-home:/opt/rustwide/cargo-home:ro,Z" "-v" "/var/lib/crater-agent-workspace/rustup-home:/opt/rustwide/rustup-home:ro,Z" "-m" "1610612736" "--network" "none" "ghcr.io/rust-lang/crates-build-env/linux@sha256:77db811e55d90add9212f6832c23229e3de5f1c1f9905e8cb07319ea15df73ac" "sleep" "infinity", kill_on_drop: false }`
[INFO] [stdout] 7ab0f436f0c4c08c6ca5631c7175c6471d9805eac045c35e1b345de9ee4a060d
[INFO] running `Command { std: "docker" "start" "7ab0f436f0c4c08c6ca5631c7175c6471d9805eac045c35e1b345de9ee4a060d", kill_on_drop: false }`
[INFO] running `Command { std: "docker" "inspect" "7ab0f436f0c4c08c6ca5631c7175c6471d9805eac045c35e1b345de9ee4a060d", kill_on_drop: false }`
[INFO] running `Command { std: "docker" "exec" "-e" "SOURCE_DIR=/opt/rustwide/workdir" "-e" "CARGO_HOME=/opt/rustwide/cargo-home" "-e" "RUSTUP_HOME=/opt/rustwide/rustup-home" "-e" "CARGO_TARGET_DIR=/opt/rustwide/target" "-w" "/opt/rustwide/workdir" "--user" "0:0" "7ab0f436f0c4c08c6ca5631c7175c6471d9805eac045c35e1b345de9ee4a060d" "/opt/rustwide/cargo-home/bin/cargo" "+1.99.0-beta.8" "metadata" "--no-deps" "--format-version=1", kill_on_drop: false }`
[INFO] running `Command { std: "docker" "inspect" "7ab0f436f0c4c08c6ca5631c7175c6471d9805eac045c35e1b345de9ee4a060d", kill_on_drop: false }`
[INFO] running `Command { std: "docker" "exec" "-e" "SOURCE_DIR=/opt/rustwide/workdir" "-e" "CARGO_HOME=/opt/rustwide/cargo-home" "-e" "RUSTUP_HOME=/opt/rustwide/rustup-home" "-e" "CARGO_TARGET_DIR=/opt/rustwide/target" "-e" "CARGO_INCREMENTAL=0" "-e" "RUST_BACKTRACE=full" "-e" "RUSTFLAGS=--cap-lints=warn" "-e" "RUSTDOCFLAGS=--cap-lints=warn" "-w" "/opt/rustwide/workdir" "--user" "0:0" "7ab0f436f0c4c08c6ca5631c7175c6471d9805eac045c35e1b345de9ee4a060d" "/opt/rustwide/cargo-home/bin/cargo" "+1.99.0-beta.8" "build" "--frozen" "--message-format=json" "--release", kill_on_drop: false }`
[INFO] [stderr]    Compiling proc-macro2 v1.0.83
[INFO] [stderr]    Compiling libc v0.2.155
[INFO] [stderr]    Compiling siphasher v0.3.11
[INFO] [stderr]    Compiling syn v1.0.109
[INFO] [stderr]    Compiling once_cell v1.19.0
[INFO] [stderr]    Compiling smallvec v1.13.2
[INFO] [stderr]    Compiling memchr v2.7.2
[INFO] [stderr]    Compiling thiserror v1.0.61
[INFO] [stderr]    Compiling log v0.4.21
[INFO] [stderr]    Compiling phf_shared v0.10.0
[INFO] [stderr]    Compiling autocfg v1.3.0
[INFO] [stderr]    Compiling serde v1.0.202
[INFO] [stderr]    Compiling crossbeam-utils v0.8.20
[INFO] [stderr]    Compiling phf_shared v0.11.2
[INFO] [stderr]    Compiling lock_api v0.4.12
[INFO] [stderr]    Compiling regex-syntax v0.8.3
[INFO] [stderr]    Compiling aho-corasick v1.1.3
[INFO] [stderr]    Compiling quote v1.0.36
[INFO] [stderr]    Compiling syn v2.0.65
[INFO] [stderr]    Compiling parking_lot_core v0.9.10
[INFO] [stderr]    Compiling getrandom v0.2.15
[INFO] [stderr]    Compiling mac v0.1.1
[INFO] [stderr]    Compiling unicode-width v0.1.12
[INFO] [stderr]    Compiling futf v0.1.5
[INFO] [stderr]    Compiling parking_lot v0.12.2
[INFO] [stderr]    Compiling rand_core v0.6.4
[INFO] [stderr]    Compiling crossbeam-epoch v0.9.18
[INFO] [stderr]    Compiling phf v0.10.1
[INFO] [stderr]    Compiling rand_chacha v0.3.1
[INFO] [stderr]    Compiling ucd-trie v0.1.6
[INFO] [stderr]    Compiling rand v0.8.5
[INFO] [stderr]    Compiling itoa v1.0.11
[INFO] [stderr]    Compiling dtoa v1.0.9
[INFO] [stderr]    Compiling utf-8 v0.7.6
[INFO] [stderr]    Compiling utf8parse v0.2.1
[INFO] [stderr]    Compiling anstyle-parse v0.2.4
[INFO] [stderr]    Compiling regex-automata v0.4.6
[INFO] [stderr]    Compiling phf_generator v0.10.0
[INFO] [stderr]    Compiling phf_codegen v0.10.0
[INFO] [stderr]    Compiling string_cache_codegen v0.5.2
[INFO] [stderr]    Compiling phf_generator v0.11.2
[INFO] [stderr]    Compiling selectors v0.25.0
[INFO] [stderr]    Compiling tendril v0.4.3
[INFO] [stderr]    Compiling dtoa-short v0.3.4
[INFO] [stderr]    Compiling markup5ever v0.11.0
[INFO] [stderr]    Compiling crossbeam-deque v0.8.5
[INFO] [stderr]    Compiling proc-macro-error-attr v1.0.4
[INFO] [stderr]    Compiling tracing-core v0.1.32
[INFO] [stderr]    Compiling stable_deref_trait v1.2.0
[INFO] [stderr]    Compiling colorchoice v1.0.1
[INFO] [stderr]    Compiling anstyle v1.0.7
[INFO] [stderr]    Compiling is_terminal_polyfill v1.70.0
[INFO] [stderr]    Compiling anstyle-query v1.0.3
[INFO] [stderr]    Compiling servo_arc v0.3.0
[INFO] [stderr]    Compiling anstream v0.6.14
[INFO] [stderr]    Compiling bstr v1.9.1
[INFO] [stderr]    Compiling zerocopy v0.7.34
[INFO] [stderr]    Compiling bitflags v2.5.0
[INFO] [stderr]    Compiling clap_lex v0.7.0
[INFO] [stderr]    Compiling proc-macro-error v1.0.4
[INFO] [stderr]    Compiling bytecount v0.6.8
[INFO] [stderr]    Compiling papergrid v0.11.0
[INFO] [stderr]    Compiling clap_builder v4.5.2
[INFO] [stderr]    Compiling ahash v0.8.11
[INFO] [stderr]    Compiling indexmap v2.2.6
[INFO] [stderr]    Compiling thiserror-impl v1.0.61
[INFO] [stderr]    Compiling serde_derive v1.0.202
[INFO] [stderr]    Compiling phf_macros v0.11.2
[INFO] [stderr]    Compiling phf v0.11.2
[INFO] [stderr]    Compiling pest v2.7.10
[INFO] [stderr]    Compiling html5ever v0.26.0
[INFO] [stderr]    Compiling cssparser-macros v0.6.1
[INFO] [stderr]    Compiling cssparser v0.31.2
[INFO] [stderr]    Compiling pest_meta v2.7.10
[INFO] [stderr]    Compiling derive_more v0.99.17
[INFO] [stderr]    Compiling tracing-attributes v0.1.27
[INFO] [stderr]    Compiling regex v1.10.4
[INFO] [stderr]    Compiling pest_generator v2.7.10
[INFO] [stderr]    Compiling tracing v0.1.40
[INFO] [stderr]    Compiling tabled_derive v0.7.0
[INFO] [stderr]    Compiling clap_derive v4.5.4
[INFO] [stderr]    Compiling globset v0.4.14
[INFO] [stderr]    Compiling rayon-core v1.12.1
[INFO] [stderr]    Compiling sharded-slab v0.1.7
[INFO] [stderr]    Compiling tracing-log v0.2.0
[INFO] [stderr]    Compiling getopts v0.2.21
[INFO] [stderr]    Compiling thread_local v1.1.8
[INFO] [stderr]    Compiling either v1.12.0
[INFO] [stderr]    Compiling ego-tree v0.6.2
[INFO] [stderr]    Compiling rayon v1.10.0
[INFO] [stderr]    Compiling tracing-subscriber v0.3.18
[INFO] [stderr]    Compiling clap v4.5.4
[INFO] [stderr]    Compiling ignore v0.4.22
[INFO] [stderr]    Compiling string_cache v0.8.7
[INFO] [stderr]    Compiling serde_regex v1.1.0
[INFO] [stderr]    Compiling serde_yaml v0.9.34+deprecated
[INFO] [stderr]    Compiling tabled v0.15.0
[INFO] [stderr]    Compiling scraper v0.19.0
[INFO] [stderr]    Compiling pest_derive v2.7.10
[INFO] [stderr]    Compiling console v0.15.8
[INFO] [stderr]    Compiling dunce v1.0.4
[INFO] [stderr]    Compiling snipdoc v0.1.12 (/opt/rustwide/workdir)
[INFO] [stderr]     Finished `release` profile [optimized] target(s) in 2m 54s
[INFO] running `Command { std: "docker" "inspect" "7ab0f436f0c4c08c6ca5631c7175c6471d9805eac045c35e1b345de9ee4a060d", kill_on_drop: false }`
[INFO] running `Command { std: "docker" "exec" "-e" "SOURCE_DIR=/opt/rustwide/workdir" "-e" "CARGO_HOME=/opt/rustwide/cargo-home" "-e" "RUSTUP_HOME=/opt/rustwide/rustup-home" "-e" "CARGO_TARGET_DIR=/opt/rustwide/target" "-e" "CARGO_INCREMENTAL=0" "-e" "RUST_BACKTRACE=full" "-e" "RUSTFLAGS=--cap-lints=warn" "-e" "RUSTDOCFLAGS=--cap-lints=warn" "-w" "/opt/rustwide/workdir" "--user" "0:0" "7ab0f436f0c4c08c6ca5631c7175c6471d9805eac045c35e1b345de9ee4a060d" "/opt/rustwide/cargo-home/bin/cargo" "+1.99.0-beta.8" "test" "--frozen" "--no-run" "--message-format=json" "--release", kill_on_drop: false }`
[INFO] [stderr]    Compiling semver v1.0.23
[INFO] [stderr]    Compiling slab v0.4.9
[INFO] [stderr]    Compiling serde v1.0.202
[INFO] [stderr]    Compiling futures-core v0.3.30
[INFO] [stderr]    Compiling rustix v0.38.34
[INFO] [stderr]    Compiling futures-sink v0.3.30
[INFO] [stderr]    Compiling hashbrown v0.14.5
[INFO] [stderr]    Compiling aho-corasick v1.1.3
[INFO] [stderr]    Compiling futures-macro v0.3.30
[INFO] [stderr]    Compiling futures-channel v0.3.30
[INFO] [stderr]    Compiling linux-raw-sys v0.4.14
[INFO] [stderr]    Compiling winnow v0.5.40
[INFO] [stderr]    Compiling rustc_version v0.4.0
[INFO] [stderr]    Compiling futures-task v0.3.30
[INFO] [stderr]    Compiling futures-io v0.3.30
[INFO] [stderr]    Compiling regex-syntax v0.8.3
[INFO] [stderr]    Compiling indexmap v2.2.6
[INFO] [stderr]    Compiling rstest_macros v0.21.0
[INFO] [stderr]    Compiling futures-util v0.3.30
[INFO] [stderr]    Compiling rand_core v0.6.4
[INFO] [stderr]    Compiling similar v2.5.0
[INFO] [stderr]    Compiling fastrand v2.1.0
[INFO] [stderr]    Compiling rand_chacha v0.3.1
[INFO] [stderr]    Compiling snapbox-macros v0.3.9
[INFO] [stderr]    Compiling toml_datetime v0.6.6
[INFO] [stderr]    Compiling serde_spanned v0.6.6
[INFO] [stderr]    Compiling content_inspector v0.2.4
[INFO] [stderr]    Compiling filetime v0.2.23
[INFO] [stderr]    Compiling wait-timeout v0.2.0
[INFO] [stderr]    Compiling os_pipe v1.1.5
[INFO] [stderr]    Compiling humantime v2.1.0
[INFO] [stderr]    Compiling glob v0.3.1
[INFO] [stderr]    Compiling regex-automata v0.4.6
[INFO] [stderr]    Compiling relative-path v1.9.3
[INFO] [stderr]    Compiling normalize-line-endings v0.3.0
[INFO] [stderr]    Compiling toml_edit v0.19.15
[INFO] [stderr]    Compiling tempfile v3.10.1
[INFO] [stderr]    Compiling snapbox v0.5.13
[INFO] [stderr]    Compiling toml_edit v0.21.1
[INFO] [stderr]    Compiling humantime-serde v1.1.1
[INFO] [stderr]    Compiling rand v0.8.5
[INFO] [stderr]    Compiling futures-executor v0.3.30
[INFO] [stderr]    Compiling automod v1.0.14
[INFO] [stderr]    Compiling futures v0.3.30
[INFO] [stderr]    Compiling linked-hash-map v0.5.6
[INFO] [stderr]    Compiling futures-timer v3.0.3
[INFO] [stderr]    Compiling regex v1.10.4
[INFO] [stderr]    Compiling trycmd v0.15.2
[INFO] [stderr]    Compiling proc-macro-crate v3.1.0
[INFO] [stderr]    Compiling insta v1.39.0
[INFO] [stderr]    Compiling tree-fs v0.1.0
[INFO] [stderr]    Compiling rstest v0.21.0
[INFO] [stderr]    Compiling snipdoc v0.1.12 (/opt/rustwide/workdir)
[INFO] [stderr]     Finished `release` profile [optimized] target(s) in 1m 36s
[INFO] running `Command { std: "docker" "inspect" "7ab0f436f0c4c08c6ca5631c7175c6471d9805eac045c35e1b345de9ee4a060d", kill_on_drop: false }`
[INFO] running `Command { std: "docker" "exec" "-e" "SOURCE_DIR=/opt/rustwide/workdir" "-e" "CARGO_HOME=/opt/rustwide/cargo-home" "-e" "RUSTUP_HOME=/opt/rustwide/rustup-home" "-e" "CARGO_TARGET_DIR=/opt/rustwide/target" "-e" "CARGO_INCREMENTAL=0" "-e" "RUST_BACKTRACE=full" "-e" "RUSTFLAGS=--cap-lints=warn" "-e" "RUSTDOCFLAGS=--cap-lints=warn" "-w" "/opt/rustwide/workdir" "--user" "0:0" "7ab0f436f0c4c08c6ca5631c7175c6471d9805eac045c35e1b345de9ee4a060d" "/opt/rustwide/cargo-home/bin/cargo" "+1.99.0-beta.8" "test" "--frozen" "--release", kill_on_drop: false }`
[INFO] [stderr]     Finished `release` profile [optimized] target(s) in 0.24s
[INFO] [stderr]      Running unittests src/lib.rs (/opt/rustwide/target/release/deps/snipdoc-55f0ff5d0b44dfa7)
[INFO] [stdout] 
[INFO] [stdout] running 16 tests
[INFO] [stdout] test db::code::tests::can_save ... ok
[INFO] [stdout] test db::yaml::tests::try_load_from_default_file ... ok
[INFO] [stdout] test db::code::tests::can_load ... ok
[INFO] [stdout] test parser::collector::tests::can_collect ... ok
[INFO] [stdout] test parser::tests::can_get_snippet_content_with_combination_action ... ok
[INFO] [stdout] test db::yaml::tests::can_load ... ok
[INFO] [stdout] test parser::injector::tests::get_inject ... ok
[INFO] [stdout] test parser::tests::can_get_snippet_content_with_strip_prefix_action ... ok
[INFO] [stdout] test db::yaml::tests::can_save ... ok
[INFO] [stdout] test parser::tests::can_get_snippet_content_with_add_prefix_action ... ok
[INFO] [stdout] test parser::tests::can_get_snippet_content_with_custom_template_action ... ok
[INFO] [stdout] test parser::tests::can_get_snippet_content_with_template_action ... ok
[INFO] [stdout] test parser::tests::can_get_snippet_content_without_action ... ok
[INFO] [stdout] test walk::tests::can_exclude_files::case_3 ... ok
[INFO] [stdout] test walk::tests::can_exclude_files::case_2 ... ok
[INFO] [stdout] test walk::tests::can_exclude_files::case_1 ... ok
[INFO] [stdout] 
[INFO] [stdout] test result: ok. 16 passed; 0 failed; 0 ignored; 0 measured; 0 filtered out; finished in 0.06s
[INFO] [stdout] 
[INFO] [stderr]      Running unittests src/bin/snipdoc.rs (/opt/rustwide/target/release/deps/snipdoc-925475a1df9f63b7)
[INFO] [stdout] 
[INFO] [stdout] running 0 tests
[INFO] [stdout] 
[INFO] [stdout] test result: ok. 0 passed; 0 failed; 0 ignored; 0 measured; 0 filtered out; finished in 0.00s
[INFO] [stdout] 
[INFO] [stderr]      Running tests/cli_tests.rs (/opt/rustwide/target/release/deps/cli_tests-e7ff68b1ef498451)
[INFO] [stdout] 
[INFO] [stdout] running 1 test
[INFO] [stderr] [2mTesting[0m tests/cmd/create-db.trycmd:2 ... [32mok[0m
[INFO] [stderr] [2mTesting[0m tests/cmd/create-db.trycmd:teardown ... [32mok[0m
[INFO] [stderr] [2mTesting[0m tests/cmd/main.trycmd:2 ... [32mok[0m
[INFO] [stderr] [2mTesting[0m tests/cmd/main.trycmd:27 ... [32mok[0m
[INFO] [stderr] [2mTesting[0m tests/cmd/main.trycmd:51 ... [32mok[0m
[INFO] [stderr] [2mTesting[0m tests/cmd/main.trycmd:69 ... [32mok[0m
[INFO] [stderr] [2mTesting[0m tests/cmd/main.trycmd:89 ... [32mok[0m
[INFO] [stderr] [2mTesting[0m tests/cmd/run.trycmd:2 ... [32mok[0m
[INFO] [stderr] [2mTesting[0m tests/cmd/run.trycmd:teardown ... [32mok[0m
[INFO] [stderr] [2mTesting[0m tests/cmd/check-in-valid.trycmd:2 ... [32mok[0m
[INFO] [stderr] [2mTesting[0m tests/cmd/create-db-empty.trycmd:2 ... [31mfailed[0m
[INFO] [stderr] Expected [32msuccess[0m, was [31m1[0m
[INFO] [stderr] 
[INFO] [stderr] [31m---- expected: stdout[0m
[INFO] [stderr] [32m++++ actual:   stdout[0m
[INFO] [stderr] [2m   1[0m      [31m-[0m [4m[31mWrote[0m[31m [0m[4m[31mdb[0m[31m file [0m[4m[31min[0m[31m [0m[4m[31mpath:[0m[31m [0m[4m[31m./snipdoc.yml[0m[31m
[INFO] [stderr] [0m     [2m   1[0m [32m+[0m [4m[32m❗[0m[32m [0m[4m[32mRead-only[0m[32m file [0m[4m[32msystem (os[0m[32m [0m[4m[32merror[0m[32m [0m[4m[32m30)[0m[32m
[INFO] [stderr] [0mstderr:
[INFO] [stderr] [32m[0m
[INFO] [stderr] [2mTesting[0m tests/cmd/check-valid.trycmd:2 ... [32mok[0m
[INFO] [stderr] [2mTesting[0m tests/cmd/run-dry-run.trycmd:2 ... [32mok[0m
[INFO] [stderr] [2mTesting[0m tests/cmd/run-dry-run.trycmd:33 ... [32mok[0m
[INFO] [stderr] [2mTesting[0m tests/cmd/run-dry-run.trycmd:teardown ... [32mok[0m
[INFO] [stderr] [2mTesting[0m tests/cmd/show.trycmd:2 ... [32mok[0m
[INFO] [stderr] [2mTesting[0m tests/cmd/show.trycmd:10 ... [32mok[0m
[INFO] [stderr] [2mTesting[0m tests/cmd/show.trycmd:17 ... [32mok[0m
[INFO] [stderr] [2mTesting[0m tests/cmd/show.trycmd:24 ... [32mok[0m
[INFO] [stderr] [2mTesting[0m tests/cmd/show.trycmd:32 ... [32mok[0m
[INFO] [stderr] [2mTesting[0m tests/cmd/show.trycmd:45 ... [32mok[0m
[INFO] [stderr] [2mTesting[0m tests/cmd/show.trycmd:56 ... [32mok[0m
[INFO] [stderr] [2mTesting[0m tests/cmd/show.trycmd:67 ... [32mok[0m
[INFO] [stdout] test cli_tests ... FAILED
[INFO] [stdout] 
[INFO] [stdout] failures:
[INFO] [stdout] 
[INFO] [stdout] ---- cli_tests stdout ----
[INFO] [stdout] 
[INFO] [stdout] thread 'cli_tests' (2909) panicked at /opt/rustwide/cargo-home/registry/src/index.crates.io-1949cf8c6b5b557f/trycmd-0.15.2/src/runner.rs:104:17:
[INFO] [stdout] 1 of 8 tests failed
[INFO] [stdout] stack backtrace:
[INFO] [stdout]    0:     0x64f63cd58b71 - <<std[70759c8f55707aa4]::sys::backtrace::BacktraceLock>::print::DisplayBacktrace as core[df12db4294e9bfd3]::fmt::Display>::fmt
[INFO] [stdout]    1:     0x64f63cd6e74a - core[df12db4294e9bfd3]::fmt::write
[INFO] [stdout]    2:     0x64f63cd5d5cc - <alloc[2182bb758b4b3781]::vec::Vec<u8> as core[df12db4294e9bfd3]::io::write::Write>::write_fmt
[INFO] [stdout]    3:     0x64f63cd30066 - std[70759c8f55707aa4]::panicking::default_hook::{closure#0}
[INFO] [stdout]    4:     0x64f63cd4ecf9 - std[70759c8f55707aa4]::panicking::default_hook
[INFO] [stdout]    5:     0x64f63cce7550 - test[9d35eded1c95d3be]::test_main_inner::<test[9d35eded1c95d3be]::test_main_static::{closure#0}>::{closure#0}
[INFO] [stdout]    6:     0x64f63cd4f022 - std[70759c8f55707aa4]::panicking::panic_with_hook
[INFO] [stdout]    7:     0x64f63cd30112 - std[70759c8f55707aa4]::panicking::panic_handler::{closure#0}
[INFO] [stdout]    8:     0x64f63cd28ab9 - std[70759c8f55707aa4]::sys::backtrace::__rust_end_short_backtrace::<std[70759c8f55707aa4]::panicking::panic_handler::{closure#0}, !>
[INFO] [stdout]    9:     0x64f63cd30dfd - __rustc[8fa7c3cbc660c2b3]::rust_begin_unwind
[INFO] [stdout]   10:     0x64f63cd6eeac - core[df12db4294e9bfd3]::panicking::panic_fmt
[INFO] [stdout]   11:     0x64f63cc340f0 - <trycmd[be5b4ebb583fc814]::runner::Runner>::run
[INFO] [stdout]   12:     0x64f63cc0d28f - <trycmd[be5b4ebb583fc814]::cases::TestCases>::run
[INFO] [stdout]   13:     0x64f63cc0ad7d - core[df12db4294e9bfd3]::ptr::drop_glue::<trycmd[be5b4ebb583fc814]::cases::TestCases>
[INFO] [stdout]   14:     0x64f63cc0b222 - <cli_tests[33de413f7ecd6a51]::cli_tests::{closure#0} as core[df12db4294e9bfd3]::ops::function::FnOnce<()>>::call_once
[INFO] [stdout]   15:     0x64f63ccda83b - test[9d35eded1c95d3be]::__rust_begin_short_backtrace::<core[df12db4294e9bfd3]::result::Result<(), alloc[2182bb758b4b3781]::string::String>, fn() -> core[df12db4294e9bfd3]::result::Result<(), alloc[2182bb758b4b3781]::string::String>>
[INFO] [stdout]   16:     0x64f63cce7ea5 - test[9d35eded1c95d3be]::run_test::{closure#0}
[INFO] [stdout]   17:     0x64f63cce1764 - std[70759c8f55707aa4]::sys::backtrace::__rust_begin_short_backtrace::<test[9d35eded1c95d3be]::run_test::{closure#1}, ()>
[INFO] [stdout]   18:     0x64f63cceb002 - <std[70759c8f55707aa4]::thread::lifecycle::spawn_unchecked<test[9d35eded1c95d3be]::run_test::{closure#1}, ()>::{closure#1} as core[df12db4294e9bfd3]::ops::function::FnOnce<()>>::call_once::{shim:vtable#0}
[INFO] [stdout]   19:     0x64f63cd57af9 - <std[70759c8f55707aa4]::sys::thread::unix::Thread>::new::thread_start
[INFO] [stdout]   20:     0x76fda4e64dfa - <unknown>
[INFO] [stdout]   21:     0x76fda4ef83d4 - clone
[INFO] [stdout]   22:                0x0 - <unknown>
[INFO] [stdout] 
[INFO] [stdout] 
[INFO] [stdout] failures:
[INFO] [stdout]     cli_tests
[INFO] [stdout] 
[INFO] [stdout] test result: FAILED. 0 passed; 1 failed; 0 ignored; 0 measured; 0 filtered out; finished in 0.12s
[INFO] [stdout] 
[INFO] [stderr] [2mUpdate snapshots with `TRYCMD=overwrite`[0m
[INFO] [stderr] [2mDebug output with `TRYCMD=dump`[0m
[INFO] [stderr] error: test failed, to rerun pass `--test cli_tests`
[INFO] running `Command { std: "docker" "inspect" "7ab0f436f0c4c08c6ca5631c7175c6471d9805eac045c35e1b345de9ee4a060d", kill_on_drop: false }`
[INFO] running `Command { std: "docker" "rm" "-f" "7ab0f436f0c4c08c6ca5631c7175c6471d9805eac045c35e1b345de9ee4a060d", kill_on_drop: false }`
[INFO] [stdout] 7ab0f436f0c4c08c6ca5631c7175c6471d9805eac045c35e1b345de9ee4a060d
