[INFO] fetching crate sniffy 1.0.0...
[INFO] testing sniffy-1.0.0 against 1.100.0-beta.1+cargoflags=--release for beta-release-1.100-2
[INFO] extracting crate sniffy 1.0.0 into /workspace/builds/worker-1-tc2/source
[INFO] started tweaking crates.io crate sniffy 1.0.0
[INFO] removed 0 missing tests
[INFO] finished tweaking crates.io crate sniffy 1.0.0
[INFO] tweaked toml for crates.io crate sniffy 1.0.0 written to /workspace/builds/worker-1-tc2/source/Cargo.toml
[INFO] validating manifest of crates.io crate sniffy 1.0.0 on toolchain 1.100.0-beta.1
[INFO] running `Command { std: CARGO_HOME="/workspace/cargo-home" RUSTUP_HOME="/workspace/rustup-home" "/workspace/cargo-home/bin/cargo" "+1.100.0-beta.1" "metadata" "--manifest-path" "Cargo.toml" "--no-deps", kill_on_drop: false }`
[INFO] crate crates.io crate sniffy 1.0.0 already has a lockfile, it will not be regenerated
[INFO] running `Command { std: CARGO_HOME="/workspace/cargo-home" RUSTUP_HOME="/workspace/rustup-home" "/workspace/cargo-home/bin/cargo" "+1.100.0-beta.1" "fetch" "--manifest-path" "Cargo.toml", kill_on_drop: false }`
[INFO] [stderr] warning: `package.homepage` is redundant with `package.repository`
[INFO] [stderr]   --> Cargo.toml:66:12
[INFO] [stderr]    |
[INFO] [stderr] 66 | homepage = "https://github.com/lelloman/sniffy"
[INFO] [stderr]    |            ^^^^^^^^^^^^^^^^^^^^^^^^^^^^^^^^^^^^
[INFO] [stderr] ...
[INFO] [stderr] 71 | repository = "https://github.com/lelloman/sniffy"
[INFO] [stderr]    |              ------------------------------------
[INFO] [stderr]    |
[INFO] [stderr]    = note: `cargo::redundant_homepage` is set to `warn` by default
[INFO] [stderr] help: consider removing `package.homepage`
[INFO] [stderr] warning: `sniffy` (manifest) generated 1 warning
[INFO] running `Command { std: "docker" "create" "-v" "/var/lib/crater-agent-workspace/builds/worker-1-tc2/source:/opt/rustwide/workdir:ro,Z" "-v" "/var/lib/crater-agent-workspace/builds/worker-1-tc2/target:/opt/rustwide/target:rw,Z" "-v" "/var/lib/crater-agent-workspace/cargo-home:/opt/rustwide/cargo-home:ro,Z" "-v" "/var/lib/crater-agent-workspace/rustup-home:/opt/rustwide/rustup-home:ro,Z" "-m" "1610612736" "--network" "none" "ghcr.io/rust-lang/crates-build-env/linux@sha256:77db811e55d90add9212f6832c23229e3de5f1c1f9905e8cb07319ea15df73ac" "sleep" "infinity", kill_on_drop: false }`
[INFO] [stdout] 62a82ac3f81ace908b48b0983abd2dbf359a63c15e402139eafa11d9f3013eca
[INFO] running `Command { std: "docker" "start" "62a82ac3f81ace908b48b0983abd2dbf359a63c15e402139eafa11d9f3013eca", kill_on_drop: false }`
[INFO] running `Command { std: "docker" "inspect" "62a82ac3f81ace908b48b0983abd2dbf359a63c15e402139eafa11d9f3013eca", kill_on_drop: false }`
[INFO] running `Command { std: "docker" "exec" "-e" "SOURCE_DIR=/opt/rustwide/workdir" "-e" "CARGO_HOME=/opt/rustwide/cargo-home" "-e" "RUSTUP_HOME=/opt/rustwide/rustup-home" "-e" "CARGO_TARGET_DIR=/opt/rustwide/target" "-w" "/opt/rustwide/workdir" "--user" "0:0" "62a82ac3f81ace908b48b0983abd2dbf359a63c15e402139eafa11d9f3013eca" "/opt/rustwide/cargo-home/bin/cargo" "+1.100.0-beta.1" "metadata" "--no-deps" "--format-version=1", kill_on_drop: false }`
[INFO] running `Command { std: "docker" "inspect" "62a82ac3f81ace908b48b0983abd2dbf359a63c15e402139eafa11d9f3013eca", kill_on_drop: false }`
[INFO] running `Command { std: "docker" "exec" "-e" "SOURCE_DIR=/opt/rustwide/workdir" "-e" "CARGO_HOME=/opt/rustwide/cargo-home" "-e" "RUSTUP_HOME=/opt/rustwide/rustup-home" "-e" "CARGO_TARGET_DIR=/opt/rustwide/target" "-e" "CARGO_INCREMENTAL=0" "-e" "RUST_BACKTRACE=full" "-e" "RUSTFLAGS=--cap-lints=warn" "-e" "RUSTDOCFLAGS=--cap-lints=warn" "-w" "/opt/rustwide/workdir" "--user" "0:0" "62a82ac3f81ace908b48b0983abd2dbf359a63c15e402139eafa11d9f3013eca" "/opt/rustwide/cargo-home/bin/cargo" "+1.100.0-beta.1" "build" "--frozen" "--message-format=json" "--release", kill_on_drop: false }`
[INFO] [stderr] warning: `package.homepage` is redundant with `package.repository`
[INFO] [stderr]   --> Cargo.toml:66:12
[INFO] [stderr]    |
[INFO] [stderr] 66 | homepage = "https://github.com/lelloman/sniffy"
[INFO] [stderr]    |            ^^^^^^^^^^^^^^^^^^^^^^^^^^^^^^^^^^^^
[INFO] [stderr] ...
[INFO] [stderr] 71 | repository = "https://github.com/lelloman/sniffy"
[INFO] [stderr]    |              ------------------------------------
[INFO] [stderr]    |
[INFO] [stderr]    = note: `cargo::redundant_homepage` is set to `warn` by default
[INFO] [stderr] help: consider removing `package.homepage`
[INFO] [stderr] warning: `sniffy` (manifest) generated 1 warning
[INFO] [stderr]    Compiling find-msvc-tools v0.1.5
[INFO] [stderr]    Compiling libc v0.2.178
[INFO] [stderr]    Compiling smallvec v1.15.1
[INFO] [stderr]    Compiling icu_properties_data v2.1.1
[INFO] [stderr]    Compiling rustix v1.1.2
[INFO] [stderr]    Compiling syn v2.0.111
[INFO] [stderr]    Compiling aho-corasick v1.1.4
[INFO] [stderr]    Compiling regex-syntax v0.8.8
[INFO] [stderr]    Compiling litrs v1.0.0
[INFO] [stderr]    Compiling linux-raw-sys v0.11.0
[INFO] [stderr]    Compiling percent-encoding v2.3.2
[INFO] [stderr]    Compiling bstr v1.12.1
[INFO] [stderr]    Compiling anstream v0.6.21
[INFO] [stderr]    Compiling clap_lex v0.7.6
[INFO] [stderr]    Compiling unicode-segmentation v1.12.0
[INFO] [stderr]    Compiling serde_json v1.0.145
[INFO] [stderr]    Compiling form_urlencoded v1.2.2
[INFO] [stderr]    Compiling rayon v1.11.0
[INFO] [stderr]    Compiling clap_builder v4.5.53
[INFO] [stderr]    Compiling parking_lot_core v0.9.12
[INFO] [stderr]    Compiling parking_lot v0.12.5
[INFO] [stderr]    Compiling document-features v0.2.12
[INFO] [stderr]    Compiling jobserver v0.1.34
[INFO] [stderr]    Compiling cc v1.2.48
[INFO] [stderr]    Compiling crossterm v0.29.0
[INFO] [stderr]    Compiling regex-automata v0.4.13
[INFO] [stderr]    Compiling comfy-table v7.2.1
[INFO] [stderr]    Compiling libz-sys v1.1.23
[INFO] [stderr]    Compiling openssl-sys v0.9.111
[INFO] [stderr]    Compiling libssh2-sys v0.3.1
[INFO] [stderr]    Compiling libgit2-sys v0.16.2+1.7.2
[INFO] [stderr]    Compiling synstructure v0.13.2
[INFO] [stderr]    Compiling globset v0.4.18
[INFO] [stderr]    Compiling zerofrom-derive v0.1.6
[INFO] [stderr]    Compiling yoke-derive v0.8.1
[INFO] [stderr]    Compiling zerovec-derive v0.11.2
[INFO] [stderr]    Compiling displaydoc v0.2.5
[INFO] [stderr]    Compiling serde_derive v1.0.228
[INFO] [stderr]    Compiling clap_derive v4.5.49
[INFO] [stderr]    Compiling ignore v0.4.25
[INFO] [stderr]    Compiling zerofrom v0.1.6
[INFO] [stderr]    Compiling yoke v0.8.1
[INFO] [stderr]    Compiling zerovec v0.11.5
[INFO] [stderr]    Compiling zerotrie v0.2.3
[INFO] [stderr]    Compiling clap v4.5.53
[INFO] [stderr]    Compiling tinystr v0.8.2
[INFO] [stderr]    Compiling potential_utf v0.1.4
[INFO] [stderr]    Compiling icu_collections v2.1.1
[INFO] [stderr]    Compiling icu_locale_core v2.1.1
[INFO] [stderr]    Compiling serde v1.0.228
[INFO] [stderr]    Compiling chrono v0.4.42
[INFO] [stderr]    Compiling icu_provider v2.1.1
[INFO] [stderr]    Compiling icu_properties v2.1.1
[INFO] [stderr]    Compiling icu_normalizer v2.1.1
[INFO] [stderr]    Compiling idna_adapter v1.2.1
[INFO] [stderr]    Compiling idna v1.1.0
[INFO] [stderr]    Compiling url v2.5.7
[INFO] [stderr]    Compiling git2 v0.18.3
[INFO] [stderr]    Compiling sniffy v1.0.0 (/opt/rustwide/workdir)
[INFO] [stderr]     Finished `release` profile [optimized] target(s) in 1m 46s
[INFO] running `Command { std: "docker" "inspect" "62a82ac3f81ace908b48b0983abd2dbf359a63c15e402139eafa11d9f3013eca", kill_on_drop: false }`
[INFO] running `Command { std: "docker" "exec" "-e" "SOURCE_DIR=/opt/rustwide/workdir" "-e" "CARGO_HOME=/opt/rustwide/cargo-home" "-e" "RUSTUP_HOME=/opt/rustwide/rustup-home" "-e" "CARGO_TARGET_DIR=/opt/rustwide/target" "-e" "CARGO_INCREMENTAL=0" "-e" "RUST_BACKTRACE=full" "-e" "RUSTFLAGS=--cap-lints=warn" "-e" "RUSTDOCFLAGS=--cap-lints=warn" "-w" "/opt/rustwide/workdir" "--user" "0:0" "62a82ac3f81ace908b48b0983abd2dbf359a63c15e402139eafa11d9f3013eca" "/opt/rustwide/cargo-home/bin/cargo" "+1.100.0-beta.1" "test" "--frozen" "--no-run" "--message-format=json" "--release", kill_on_drop: false }`
[INFO] [stderr] warning: `package.homepage` is redundant with `package.repository`
[INFO] [stderr]   --> Cargo.toml:66:12
[INFO] [stderr]    |
[INFO] [stderr] 66 | homepage = "https://github.com/lelloman/sniffy"
[INFO] [stderr]    |            ^^^^^^^^^^^^^^^^^^^^^^^^^^^^^^^^^^^^
[INFO] [stderr] ...
[INFO] [stderr] 71 | repository = "https://github.com/lelloman/sniffy"
[INFO] [stderr]    |              ------------------------------------
[INFO] [stderr]    |
[INFO] [stderr]    = note: `cargo::redundant_homepage` is set to `warn` by default
[INFO] [stderr] help: consider removing `package.homepage`
[INFO] [stderr] warning: `sniffy` (manifest) generated 1 warning
[INFO] [stderr]    Compiling regex-syntax v0.8.8
[INFO] [stderr]    Compiling rustix v1.1.2
[INFO] [stderr]    Compiling serde v1.0.228
[INFO] [stderr]    Compiling zerocopy v0.8.31
[INFO] [stderr]    Compiling zerocopy-derive v0.8.31
[INFO] [stderr]    Compiling serde_json v1.0.145
[INFO] [stderr]    Compiling predicates-core v1.0.9
[INFO] [stderr]    Compiling float-cmp v0.10.0
[INFO] [stderr]    Compiling itertools v0.10.5
[INFO] [stderr]    Compiling difflib v0.4.0
[INFO] [stderr]    Compiling termtree v0.5.1
[INFO] [stderr]    Compiling assert_cmd v2.1.1
[INFO] [stderr]    Compiling normalize-line-endings v0.3.0
[INFO] [stderr]    Compiling getrandom v0.3.4
[INFO] [stderr]    Compiling wait-timeout v0.2.1
[INFO] [stderr]    Compiling is-terminal v0.4.17
[INFO] [stderr]    Compiling predicates-tree v1.0.12
[INFO] [stderr]    Compiling url v2.5.7
[INFO] [stderr]    Compiling chrono v0.4.42
[INFO] [stderr]    Compiling tinytemplate v1.2.1
[INFO] [stderr]    Compiling git2 v0.18.3
[INFO] [stderr]    Compiling criterion-plot v0.5.0
[INFO] [stderr]    Compiling regex-automata v0.4.13
[INFO] [stderr]    Compiling crossterm v0.29.0
[INFO] [stderr]    Compiling tempfile v3.23.0
[INFO] [stderr]    Compiling comfy-table v7.2.1
[INFO] [stderr]    Compiling half v2.7.1
[INFO] [stderr]    Compiling ciborium-ll v0.2.2
[INFO] [stderr]    Compiling ciborium v0.2.2
[INFO] [stderr]    Compiling bstr v1.12.1
[INFO] [stderr]    Compiling regex v1.12.2
[INFO] [stderr]    Compiling predicates v3.1.3
[INFO] [stderr]    Compiling criterion v0.5.1
[INFO] [stderr]    Compiling globset v0.4.18
[INFO] [stderr]    Compiling ignore v0.4.25
[INFO] [stderr]    Compiling sniffy v1.0.0 (/opt/rustwide/workdir)
[INFO] [stdout] warning: use of deprecated associated function `assert_cmd::cargo::CommandCargoExt::cargo_bin`: incompatible with a custom cargo build-dir, see instead `cargo::cargo_bin!`
[INFO] [stdout]   --> tests/integration_tests.rs:18:28
[INFO] [stdout]    |
[INFO] [stdout] 18 |     let mut cmd = Command::cargo_bin("sniffy").unwrap();
[INFO] [stdout]    |                            ^^^^^^^^^
[INFO] [stdout]    |
[INFO] [stdout]    = note: `#[warn(deprecated)]` on by default
[INFO] [stdout] 
[INFO] [stdout] 
[INFO] [stdout] warning: use of deprecated associated function `assert_cmd::cargo::CommandCargoExt::cargo_bin`: incompatible with a custom cargo build-dir, see instead `cargo::cargo_bin!`
[INFO] [stdout]   --> tests/integration_tests.rs:29:28
[INFO] [stdout]    |
[INFO] [stdout] 29 |     let mut cmd = Command::cargo_bin("sniffy").unwrap();
[INFO] [stdout]    |                            ^^^^^^^^^
[INFO] [stdout] 
[INFO] [stdout] 
[INFO] [stdout] warning: use of deprecated associated function `assert_cmd::cargo::CommandCargoExt::cargo_bin`: incompatible with a custom cargo build-dir, see instead `cargo::cargo_bin!`
[INFO] [stdout]   --> tests/integration_tests.rs:41:28
[INFO] [stdout]    |
[INFO] [stdout] 41 |     let mut cmd = Command::cargo_bin("sniffy").unwrap();
[INFO] [stdout]    |                            ^^^^^^^^^
[INFO] [stdout] 
[INFO] [stdout] 
[INFO] [stdout] warning: use of deprecated associated function `assert_cmd::cargo::CommandCargoExt::cargo_bin`: incompatible with a custom cargo build-dir, see instead `cargo::cargo_bin!`
[INFO] [stdout]   --> tests/integration_tests.rs:52:28
[INFO] [stdout]    |
[INFO] [stdout] 52 |     let mut cmd = Command::cargo_bin("sniffy").unwrap();
[INFO] [stdout]    |                            ^^^^^^^^^
[INFO] [stdout] 
[INFO] [stdout] 
[INFO] [stdout] warning: use of deprecated associated function `assert_cmd::cargo::CommandCargoExt::cargo_bin`: incompatible with a custom cargo build-dir, see instead `cargo::cargo_bin!`
[INFO] [stdout]   --> tests/integration_tests.rs:62:28
[INFO] [stdout]    |
[INFO] [stdout] 62 |     let mut cmd = Command::cargo_bin("sniffy").unwrap();
[INFO] [stdout]    |                            ^^^^^^^^^
[INFO] [stdout] 
[INFO] [stdout] 
[INFO] [stdout] warning: use of deprecated associated function `assert_cmd::cargo::CommandCargoExt::cargo_bin`: incompatible with a custom cargo build-dir, see instead `cargo::cargo_bin!`
[INFO] [stdout]   --> tests/integration_tests.rs:78:28
[INFO] [stdout]    |
[INFO] [stdout] 78 |     let mut cmd = Command::cargo_bin("sniffy").unwrap();
[INFO] [stdout]    |                            ^^^^^^^^^
[INFO] [stdout] 
[INFO] [stdout] 
[INFO] [stdout] warning: use of deprecated associated function `assert_cmd::cargo::CommandCargoExt::cargo_bin`: incompatible with a custom cargo build-dir, see instead `cargo::cargo_bin!`
[INFO] [stdout]   --> tests/integration_tests.rs:99:28
[INFO] [stdout]    |
[INFO] [stdout] 99 |     let mut cmd = Command::cargo_bin("sniffy").unwrap();
[INFO] [stdout]    |                            ^^^^^^^^^
[INFO] [stdout] 
[INFO] [stdout] 
[INFO] [stdout] warning: use of deprecated associated function `assert_cmd::cargo::CommandCargoExt::cargo_bin`: incompatible with a custom cargo build-dir, see instead `cargo::cargo_bin!`
[INFO] [stdout]    --> tests/integration_tests.rs:113:28
[INFO] [stdout]     |
[INFO] [stdout] 113 |     let mut cmd = Command::cargo_bin("sniffy").unwrap();
[INFO] [stdout]     |                            ^^^^^^^^^
[INFO] [stdout] 
[INFO] [stdout] 
[INFO] [stdout] warning: use of deprecated associated function `assert_cmd::cargo::CommandCargoExt::cargo_bin`: incompatible with a custom cargo build-dir, see instead `cargo::cargo_bin!`
[INFO] [stdout]    --> tests/integration_tests.rs:121:28
[INFO] [stdout]     |
[INFO] [stdout] 121 |     let mut cmd = Command::cargo_bin("sniffy").unwrap();
[INFO] [stdout]     |                            ^^^^^^^^^
[INFO] [stdout] 
[INFO] [stdout] 
[INFO] [stdout] warning: use of deprecated associated function `assert_cmd::cargo::CommandCargoExt::cargo_bin`: incompatible with a custom cargo build-dir, see instead `cargo::cargo_bin!`
[INFO] [stdout]    --> tests/integration_tests.rs:133:28
[INFO] [stdout]     |
[INFO] [stdout] 133 |     let mut cmd = Command::cargo_bin("sniffy").unwrap();
[INFO] [stdout]     |                            ^^^^^^^^^
[INFO] [stdout] 
[INFO] [stdout] 
[INFO] [stdout] warning: use of deprecated associated function `assert_cmd::cargo::CommandCargoExt::cargo_bin`: incompatible with a custom cargo build-dir, see instead `cargo::cargo_bin!`
[INFO] [stdout]    --> tests/integration_tests.rs:142:28
[INFO] [stdout]     |
[INFO] [stdout] 142 |     let mut cmd = Command::cargo_bin("sniffy").unwrap();
[INFO] [stdout]     |                            ^^^^^^^^^
[INFO] [stdout] 
[INFO] [stdout] 
[INFO] [stdout] warning: use of deprecated associated function `assert_cmd::cargo::CommandCargoExt::cargo_bin`: incompatible with a custom cargo build-dir, see instead `cargo::cargo_bin!`
[INFO] [stdout]    --> tests/integration_tests.rs:152:28
[INFO] [stdout]     |
[INFO] [stdout] 152 |     let mut cmd = Command::cargo_bin("sniffy").unwrap();
[INFO] [stdout]     |                            ^^^^^^^^^
[INFO] [stdout] 
[INFO] [stdout] 
[INFO] [stdout] warning: use of deprecated associated function `assert_cmd::cargo::CommandCargoExt::cargo_bin`: incompatible with a custom cargo build-dir, see instead `cargo::cargo_bin!`
[INFO] [stdout]    --> tests/integration_tests.rs:170:28
[INFO] [stdout]     |
[INFO] [stdout] 170 |     let mut cmd = Command::cargo_bin("sniffy").unwrap();
[INFO] [stdout]     |                            ^^^^^^^^^
[INFO] [stdout] 
[INFO] [stdout] 
[INFO] [stdout] warning: use of deprecated associated function `assert_cmd::cargo::CommandCargoExt::cargo_bin`: incompatible with a custom cargo build-dir, see instead `cargo::cargo_bin!`
[INFO] [stdout]    --> tests/integration_tests.rs:187:28
[INFO] [stdout]     |
[INFO] [stdout] 187 |     let mut cmd = Command::cargo_bin("sniffy").unwrap();
[INFO] [stdout]     |                            ^^^^^^^^^
[INFO] [stdout] 
[INFO] [stdout] 
[INFO] [stdout] warning: use of deprecated associated function `assert_cmd::cargo::CommandCargoExt::cargo_bin`: incompatible with a custom cargo build-dir, see instead `cargo::cargo_bin!`
[INFO] [stdout]    --> tests/integration_tests.rs:200:28
[INFO] [stdout]     |
[INFO] [stdout] 200 |     let mut cmd = Command::cargo_bin("sniffy").unwrap();
[INFO] [stdout]     |                            ^^^^^^^^^
[INFO] [stdout] 
[INFO] [stdout] 
[INFO] [stdout] warning: use of deprecated associated function `assert_cmd::cargo::CommandCargoExt::cargo_bin`: incompatible with a custom cargo build-dir, see instead `cargo::cargo_bin!`
[INFO] [stdout]    --> tests/integration_tests.rs:226:28
[INFO] [stdout]     |
[INFO] [stdout] 226 |     let mut cmd = Command::cargo_bin("sniffy").unwrap();
[INFO] [stdout]     |                            ^^^^^^^^^
[INFO] [stdout] 
[INFO] [stdout] 
[INFO] [stdout] warning: use of deprecated associated function `assert_cmd::cargo::CommandCargoExt::cargo_bin`: incompatible with a custom cargo build-dir, see instead `cargo::cargo_bin!`
[INFO] [stdout]    --> tests/integration_tests.rs:249:28
[INFO] [stdout]     |
[INFO] [stdout] 249 |     let mut cmd = Command::cargo_bin("sniffy").unwrap();
[INFO] [stdout]     |                            ^^^^^^^^^
[INFO] [stdout] 
[INFO] [stdout] 
[INFO] [stdout] warning: use of deprecated associated function `assert_cmd::cargo::CommandCargoExt::cargo_bin`: incompatible with a custom cargo build-dir, see instead `cargo::cargo_bin!`
[INFO] [stdout]    --> tests/integration_tests.rs:261:28
[INFO] [stdout]     |
[INFO] [stdout] 261 |     let mut cmd = Command::cargo_bin("sniffy").unwrap();
[INFO] [stdout]     |                            ^^^^^^^^^
[INFO] [stdout] 
[INFO] [stdout] 
[INFO] [stdout] warning: use of deprecated associated function `assert_cmd::cargo::CommandCargoExt::cargo_bin`: incompatible with a custom cargo build-dir, see instead `cargo::cargo_bin!`
[INFO] [stdout]    --> tests/integration_tests.rs:277:28
[INFO] [stdout]     |
[INFO] [stdout] 277 |     let mut cmd = Command::cargo_bin("sniffy").unwrap();
[INFO] [stdout]     |                            ^^^^^^^^^
[INFO] [stdout] 
[INFO] [stdout] 
[INFO] [stdout] warning: use of deprecated associated function `assert_cmd::cargo::CommandCargoExt::cargo_bin`: incompatible with a custom cargo build-dir, see instead `cargo::cargo_bin!`
[INFO] [stdout]    --> tests/integration_tests.rs:291:28
[INFO] [stdout]     |
[INFO] [stdout] 291 |     let mut cmd = Command::cargo_bin("sniffy").unwrap();
[INFO] [stdout]     |                            ^^^^^^^^^
[INFO] [stdout] 
[INFO] [stdout] 
[INFO] [stdout] warning: use of deprecated associated function `assert_cmd::cargo::CommandCargoExt::cargo_bin`: incompatible with a custom cargo build-dir, see instead `cargo::cargo_bin!`
[INFO] [stdout]    --> tests/integration_tests.rs:299:28
[INFO] [stdout]     |
[INFO] [stdout] 299 |     let mut cmd = Command::cargo_bin("sniffy").unwrap();
[INFO] [stdout]     |                            ^^^^^^^^^
[INFO] [stdout] 
[INFO] [stdout] 
[INFO] [stdout] warning: use of deprecated associated function `assert_cmd::cargo::CommandCargoExt::cargo_bin`: incompatible with a custom cargo build-dir, see instead `cargo::cargo_bin!`
[INFO] [stdout]    --> tests/integration_tests.rs:308:28
[INFO] [stdout]     |
[INFO] [stdout] 308 |     let mut cmd = Command::cargo_bin("sniffy").unwrap();
[INFO] [stdout]     |                            ^^^^^^^^^
[INFO] [stdout] 
[INFO] [stdout] 
[INFO] [stdout] warning: use of deprecated associated function `assert_cmd::cargo::CommandCargoExt::cargo_bin`: incompatible with a custom cargo build-dir, see instead `cargo::cargo_bin!`
[INFO] [stdout]    --> tests/integration_tests.rs:319:28
[INFO] [stdout]     |
[INFO] [stdout] 319 |     let mut cmd = Command::cargo_bin("sniffy").unwrap();
[INFO] [stdout]     |                            ^^^^^^^^^
[INFO] [stdout] 
[INFO] [stdout] 
[INFO] [stdout] warning: use of deprecated associated function `assert_cmd::cargo::CommandCargoExt::cargo_bin`: incompatible with a custom cargo build-dir, see instead `cargo::cargo_bin!`
[INFO] [stdout]    --> tests/integration_tests.rs:330:28
[INFO] [stdout]     |
[INFO] [stdout] 330 |     let mut cmd = Command::cargo_bin("sniffy").unwrap();
[INFO] [stdout]     |                            ^^^^^^^^^
[INFO] [stdout] 
[INFO] [stdout] 
[INFO] [stdout] warning: use of deprecated associated function `assert_cmd::cargo::CommandCargoExt::cargo_bin`: incompatible with a custom cargo build-dir, see instead `cargo::cargo_bin!`
[INFO] [stdout]    --> tests/integration_tests.rs:338:28
[INFO] [stdout]     |
[INFO] [stdout] 338 |     let mut cmd = Command::cargo_bin("sniffy").unwrap();
[INFO] [stdout]     |                            ^^^^^^^^^
[INFO] [stdout] 
[INFO] [stdout] 
[INFO] [stdout] warning: use of deprecated associated function `assert_cmd::cargo::CommandCargoExt::cargo_bin`: incompatible with a custom cargo build-dir, see instead `cargo::cargo_bin!`
[INFO] [stdout]    --> tests/integration_tests.rs:350:28
[INFO] [stdout]     |
[INFO] [stdout] 350 |     let mut cmd = Command::cargo_bin("sniffy").unwrap();
[INFO] [stdout]     |                            ^^^^^^^^^
[INFO] [stdout] 
[INFO] [stdout] 
[INFO] [stdout] warning: use of deprecated associated function `assert_cmd::cargo::CommandCargoExt::cargo_bin`: incompatible with a custom cargo build-dir, see instead `cargo::cargo_bin!`
[INFO] [stdout]    --> tests/integration_tests.rs:368:28
[INFO] [stdout]     |
[INFO] [stdout] 368 |     let mut cmd = Command::cargo_bin("sniffy").unwrap();
[INFO] [stdout]     |                            ^^^^^^^^^
[INFO] [stdout] 
[INFO] [stdout] 
[INFO] [stdout] warning: use of deprecated associated function `assert_cmd::cargo::CommandCargoExt::cargo_bin`: incompatible with a custom cargo build-dir, see instead `cargo::cargo_bin!`
[INFO] [stdout]    --> tests/integration_tests.rs:376:28
[INFO] [stdout]     |
[INFO] [stdout] 376 |     let mut cmd = Command::cargo_bin("sniffy").unwrap();
[INFO] [stdout]     |                            ^^^^^^^^^
[INFO] [stdout] 
[INFO] [stdout] 
[INFO] [stdout] warning: use of deprecated associated function `assert_cmd::cargo::CommandCargoExt::cargo_bin`: incompatible with a custom cargo build-dir, see instead `cargo::cargo_bin!`
[INFO] [stdout]    --> tests/integration_tests.rs:390:28
[INFO] [stdout]     |
[INFO] [stdout] 390 |     let mut cmd = Command::cargo_bin("sniffy").unwrap();
[INFO] [stdout]     |                            ^^^^^^^^^
[INFO] [stdout] 
[INFO] [stdout] 
[INFO] [stdout] warning: use of deprecated associated function `assert_cmd::cargo::CommandCargoExt::cargo_bin`: incompatible with a custom cargo build-dir, see instead `cargo::cargo_bin!`
[INFO] [stdout]    --> tests/integration_tests.rs:404:28
[INFO] [stdout]     |
[INFO] [stdout] 404 |     let mut cmd = Command::cargo_bin("sniffy").unwrap();
[INFO] [stdout]     |                            ^^^^^^^^^
[INFO] [stdout] 
[INFO] [stdout] 
[INFO] [stdout] warning: use of deprecated associated function `assert_cmd::cargo::CommandCargoExt::cargo_bin`: incompatible with a custom cargo build-dir, see instead `cargo::cargo_bin!`
[INFO] [stdout]    --> tests/integration_tests.rs:413:28
[INFO] [stdout]     |
[INFO] [stdout] 413 |     let mut cmd = Command::cargo_bin("sniffy").unwrap();
[INFO] [stdout]     |                            ^^^^^^^^^
[INFO] [stdout] 
[INFO] [stdout] 
[INFO] [stdout] warning: use of deprecated associated function `assert_cmd::cargo::CommandCargoExt::cargo_bin`: incompatible with a custom cargo build-dir, see instead `cargo::cargo_bin!`
[INFO] [stdout]    --> tests/integration_tests.rs:433:28
[INFO] [stdout]     |
[INFO] [stdout] 433 |     let mut cmd = Command::cargo_bin("sniffy").unwrap();
[INFO] [stdout]     |                            ^^^^^^^^^
[INFO] [stdout] 
[INFO] [stdout] 
[INFO] [stdout] warning: use of deprecated associated function `assert_cmd::cargo::CommandCargoExt::cargo_bin`: incompatible with a custom cargo build-dir, see instead `cargo::cargo_bin!`
[INFO] [stdout]    --> tests/integration_tests.rs:443:28
[INFO] [stdout]     |
[INFO] [stdout] 443 |     let mut cmd = Command::cargo_bin("sniffy").unwrap();
[INFO] [stdout]     |                            ^^^^^^^^^
[INFO] [stdout] 
[INFO] [stdout] 
[INFO] [stdout] warning: use of deprecated associated function `assert_cmd::cargo::CommandCargoExt::cargo_bin`: incompatible with a custom cargo build-dir, see instead `cargo::cargo_bin!`
[INFO] [stdout]    --> tests/integration_tests.rs:456:28
[INFO] [stdout]     |
[INFO] [stdout] 456 |     let mut cmd = Command::cargo_bin("sniffy").unwrap();
[INFO] [stdout]     |                            ^^^^^^^^^
[INFO] [stdout] 
[INFO] [stdout] 
[INFO] [stdout] warning: use of deprecated associated function `assert_cmd::cargo::CommandCargoExt::cargo_bin`: incompatible with a custom cargo build-dir, see instead `cargo::cargo_bin!`
[INFO] [stdout]    --> tests/integration_tests.rs:465:28
[INFO] [stdout]     |
[INFO] [stdout] 465 |     let mut cmd = Command::cargo_bin("sniffy").unwrap();
[INFO] [stdout]     |                            ^^^^^^^^^
[INFO] [stdout] 
[INFO] [stdout] 
[INFO] [stdout] warning: use of deprecated associated function `assert_cmd::cargo::CommandCargoExt::cargo_bin`: incompatible with a custom cargo build-dir, see instead `cargo::cargo_bin!`
[INFO] [stdout]    --> tests/integration_tests.rs:479:28
[INFO] [stdout]     |
[INFO] [stdout] 479 |     let mut cmd = Command::cargo_bin("sniffy").unwrap();
[INFO] [stdout]     |                            ^^^^^^^^^
[INFO] [stdout] 
[INFO] [stdout] 
[INFO] [stdout] warning: use of deprecated associated function `assert_cmd::cargo::CommandCargoExt::cargo_bin`: incompatible with a custom cargo build-dir, see instead `cargo::cargo_bin!`
[INFO] [stdout]    --> tests/integration_tests.rs:490:28
[INFO] [stdout]     |
[INFO] [stdout] 490 |     let mut cmd = Command::cargo_bin("sniffy").unwrap();
[INFO] [stdout]     |                            ^^^^^^^^^
[INFO] [stdout] 
[INFO] [stdout] 
[INFO] [stdout] warning: use of deprecated associated function `assert_cmd::cargo::CommandCargoExt::cargo_bin`: incompatible with a custom cargo build-dir, see instead `cargo::cargo_bin!`
[INFO] [stdout]    --> tests/integration_tests.rs:506:28
[INFO] [stdout]     |
[INFO] [stdout] 506 |     let mut cmd = Command::cargo_bin("sniffy").unwrap();
[INFO] [stdout]     |                            ^^^^^^^^^
[INFO] [stdout] 
[INFO] [stdout] 
[INFO] [stdout] warning: use of deprecated associated function `assert_cmd::cargo::CommandCargoExt::cargo_bin`: incompatible with a custom cargo build-dir, see instead `cargo::cargo_bin!`
[INFO] [stdout]    --> tests/integration_tests.rs:520:28
[INFO] [stdout]     |
[INFO] [stdout] 520 |     let mut cmd = Command::cargo_bin("sniffy").unwrap();
[INFO] [stdout]     |                            ^^^^^^^^^
[INFO] [stdout] 
[INFO] [stdout] 
[INFO] [stdout] warning: use of deprecated associated function `assert_cmd::cargo::CommandCargoExt::cargo_bin`: incompatible with a custom cargo build-dir, see instead `cargo::cargo_bin!`
[INFO] [stdout]    --> tests/integration_tests.rs:534:28
[INFO] [stdout]     |
[INFO] [stdout] 534 |     let mut cmd = Command::cargo_bin("sniffy").unwrap();
[INFO] [stdout]     |                            ^^^^^^^^^
[INFO] [stdout] 
[INFO] [stdout] 
[INFO] [stdout] warning: use of deprecated associated function `assert_cmd::cargo::CommandCargoExt::cargo_bin`: incompatible with a custom cargo build-dir, see instead `cargo::cargo_bin!`
[INFO] [stdout]    --> tests/integration_tests.rs:548:28
[INFO] [stdout]     |
[INFO] [stdout] 548 |     let mut cmd = Command::cargo_bin("sniffy").unwrap();
[INFO] [stdout]     |                            ^^^^^^^^^
[INFO] [stdout] 
[INFO] [stdout] 
[INFO] [stdout] warning: use of deprecated associated function `assert_cmd::cargo::CommandCargoExt::cargo_bin`: incompatible with a custom cargo build-dir, see instead `cargo::cargo_bin!`
[INFO] [stdout]    --> tests/integration_tests.rs:560:28
[INFO] [stdout]     |
[INFO] [stdout] 560 |     let mut cmd = Command::cargo_bin("sniffy").unwrap();
[INFO] [stdout]     |                            ^^^^^^^^^
[INFO] [stdout] 
[INFO] [stdout] 
[INFO] [stderr]     Finished `release` profile [optimized] target(s) in 58.06s
[INFO] running `Command { std: "docker" "inspect" "62a82ac3f81ace908b48b0983abd2dbf359a63c15e402139eafa11d9f3013eca", kill_on_drop: false }`
[INFO] running `Command { std: "docker" "exec" "-e" "SOURCE_DIR=/opt/rustwide/workdir" "-e" "CARGO_HOME=/opt/rustwide/cargo-home" "-e" "RUSTUP_HOME=/opt/rustwide/rustup-home" "-e" "CARGO_TARGET_DIR=/opt/rustwide/target" "-e" "CARGO_INCREMENTAL=0" "-e" "RUST_BACKTRACE=full" "-e" "RUSTFLAGS=--cap-lints=warn" "-e" "RUSTDOCFLAGS=--cap-lints=warn" "-w" "/opt/rustwide/workdir" "--user" "0:0" "62a82ac3f81ace908b48b0983abd2dbf359a63c15e402139eafa11d9f3013eca" "/opt/rustwide/cargo-home/bin/cargo" "+1.100.0-beta.1" "test" "--frozen" "--release", kill_on_drop: false }`
[INFO] [stderr] warning: `package.homepage` is redundant with `package.repository`
[INFO] [stderr]   --> Cargo.toml:66:12
[INFO] [stderr]    |
[INFO] [stderr] 66 | homepage = "https://github.com/lelloman/sniffy"
[INFO] [stderr]    |            ^^^^^^^^^^^^^^^^^^^^^^^^^^^^^^^^^^^^
[INFO] [stderr] ...
[INFO] [stderr] 71 | repository = "https://github.com/lelloman/sniffy"
[INFO] [stderr]    |              ------------------------------------
[INFO] [stderr]    |
[INFO] [stderr]    = note: `cargo::redundant_homepage` is set to `warn` by default
[INFO] [stderr] help: consider removing `package.homepage`
[INFO] [stderr] warning: `sniffy` (manifest) generated 1 warning
[INFO] [stderr] warning: use of deprecated associated function `assert_cmd::cargo::CommandCargoExt::cargo_bin`: incompatible with a custom cargo build-dir, see instead `cargo::cargo_bin!`
[INFO] [stderr]   --> tests/integration_tests.rs:18:28
[INFO] [stderr]    |
[INFO] [stderr] 18 |     let mut cmd = Command::cargo_bin("sniffy").unwrap();
[INFO] [stderr]    |                            ^^^^^^^^^
[INFO] [stderr]    |
[INFO] [stderr]    = note: `#[warn(deprecated)]` on by default
[INFO] [stderr] 
[INFO] [stderr] warning: use of deprecated associated function `assert_cmd::cargo::CommandCargoExt::cargo_bin`: incompatible with a custom cargo build-dir, see instead `cargo::cargo_bin!`
[INFO] [stderr]   --> tests/integration_tests.rs:29:28
[INFO] [stderr]    |
[INFO] [stderr] 29 |     let mut cmd = Command::cargo_bin("sniffy").unwrap();
[INFO] [stderr]    |                            ^^^^^^^^^
[INFO] [stderr] 
[INFO] [stderr] warning: use of deprecated associated function `assert_cmd::cargo::CommandCargoExt::cargo_bin`: incompatible with a custom cargo build-dir, see instead `cargo::cargo_bin!`
[INFO] [stderr]   --> tests/integration_tests.rs:41:28
[INFO] [stderr]    |
[INFO] [stderr] 41 |     let mut cmd = Command::cargo_bin("sniffy").unwrap();
[INFO] [stderr]    |                            ^^^^^^^^^
[INFO] [stderr] 
[INFO] [stderr] warning: use of deprecated associated function `assert_cmd::cargo::CommandCargoExt::cargo_bin`: incompatible with a custom cargo build-dir, see instead `cargo::cargo_bin!`
[INFO] [stderr]   --> tests/integration_tests.rs:52:28
[INFO] [stderr]    |
[INFO] [stderr] 52 |     let mut cmd = Command::cargo_bin("sniffy").unwrap();
[INFO] [stderr]    |                            ^^^^^^^^^
[INFO] [stderr] 
[INFO] [stderr] warning: use of deprecated associated function `assert_cmd::cargo::CommandCargoExt::cargo_bin`: incompatible with a custom cargo build-dir, see instead `cargo::cargo_bin!`
[INFO] [stderr]   --> tests/integration_tests.rs:62:28
[INFO] [stderr]    |
[INFO] [stderr] 62 |     let mut cmd = Command::cargo_bin("sniffy").unwrap();
[INFO] [stderr]    |                            ^^^^^^^^^
[INFO] [stderr] 
[INFO] [stderr] warning: use of deprecated associated function `assert_cmd::cargo::CommandCargoExt::cargo_bin`: incompatible with a custom cargo build-dir, see instead `cargo::cargo_bin!`
[INFO] [stderr]   --> tests/integration_tests.rs:78:28
[INFO] [stderr]    |
[INFO] [stderr] 78 |     let mut cmd = Command::cargo_bin("sniffy").unwrap();
[INFO] [stderr]    |                            ^^^^^^^^^
[INFO] [stderr] 
[INFO] [stderr] warning: use of deprecated associated function `assert_cmd::cargo::CommandCargoExt::cargo_bin`: incompatible with a custom cargo build-dir, see instead `cargo::cargo_bin!`
[INFO] [stderr]   --> tests/integration_tests.rs:99:28
[INFO] [stderr]    |
[INFO] [stderr] 99 |     let mut cmd = Command::cargo_bin("sniffy").unwrap();
[INFO] [stderr]    |                            ^^^^^^^^^
[INFO] [stderr] 
[INFO] [stderr] warning: use of deprecated associated function `assert_cmd::cargo::CommandCargoExt::cargo_bin`: incompatible with a custom cargo build-dir, see instead `cargo::cargo_bin!`
[INFO] [stderr]    --> tests/integration_tests.rs:113:28
[INFO] [stderr]     |
[INFO] [stderr] 113 |     let mut cmd = Command::cargo_bin("sniffy").unwrap();
[INFO] [stderr]     |                            ^^^^^^^^^
[INFO] [stderr] 
[INFO] [stderr] warning: use of deprecated associated function `assert_cmd::cargo::CommandCargoExt::cargo_bin`: incompatible with a custom cargo build-dir, see instead `cargo::cargo_bin!`
[INFO] [stderr]    --> tests/integration_tests.rs:121:28
[INFO] [stderr]     |
[INFO] [stderr] 121 |     let mut cmd = Command::cargo_bin("sniffy").unwrap();
[INFO] [stderr]     |                            ^^^^^^^^^
[INFO] [stderr] 
[INFO] [stderr] warning: use of deprecated associated function `assert_cmd::cargo::CommandCargoExt::cargo_bin`: incompatible with a custom cargo build-dir, see instead `cargo::cargo_bin!`
[INFO] [stderr]    --> tests/integration_tests.rs:133:28
[INFO] [stderr]     |
[INFO] [stderr] 133 |     let mut cmd = Command::cargo_bin("sniffy").unwrap();
[INFO] [stderr]     |                            ^^^^^^^^^
[INFO] [stderr] 
[INFO] [stderr] warning: use of deprecated associated function `assert_cmd::cargo::CommandCargoExt::cargo_bin`: incompatible with a custom cargo build-dir, see instead `cargo::cargo_bin!`
[INFO] [stderr]    --> tests/integration_tests.rs:142:28
[INFO] [stderr]     |
[INFO] [stderr] 142 |     let mut cmd = Command::cargo_bin("sniffy").unwrap();
[INFO] [stderr]     |                            ^^^^^^^^^
[INFO] [stderr] 
[INFO] [stderr] warning: use of deprecated associated function `assert_cmd::cargo::CommandCargoExt::cargo_bin`: incompatible with a custom cargo build-dir, see instead `cargo::cargo_bin!`
[INFO] [stderr]    --> tests/integration_tests.rs:152:28
[INFO] [stderr]     |
[INFO] [stderr] 152 |     let mut cmd = Command::cargo_bin("sniffy").unwrap();
[INFO] [stderr]     |                            ^^^^^^^^^
[INFO] [stderr] 
[INFO] [stderr] warning: use of deprecated associated function `assert_cmd::cargo::CommandCargoExt::cargo_bin`: incompatible with a custom cargo build-dir, see instead `cargo::cargo_bin!`
[INFO] [stderr]    --> tests/integration_tests.rs:170:28
[INFO] [stderr]     |
[INFO] [stderr] 170 |     let mut cmd = Command::cargo_bin("sniffy").unwrap();
[INFO] [stderr]     |                            ^^^^^^^^^
[INFO] [stderr] 
[INFO] [stderr] warning: use of deprecated associated function `assert_cmd::cargo::CommandCargoExt::cargo_bin`: incompatible with a custom cargo build-dir, see instead `cargo::cargo_bin!`
[INFO] [stderr]    --> tests/integration_tests.rs:187:28
[INFO] [stderr]     |
[INFO] [stderr] 187 |     let mut cmd = Command::cargo_bin("sniffy").unwrap();
[INFO] [stderr]     |                            ^^^^^^^^^
[INFO] [stderr] 
[INFO] [stderr] warning: use of deprecated associated function `assert_cmd::cargo::CommandCargoExt::cargo_bin`: incompatible with a custom cargo build-dir, see instead `cargo::cargo_bin!`
[INFO] [stderr]    --> tests/integration_tests.rs:200:28
[INFO] [stderr]     |
[INFO] [stderr] 200 |     let mut cmd = Command::cargo_bin("sniffy").unwrap();
[INFO] [stderr]     |                            ^^^^^^^^^
[INFO] [stderr] 
[INFO] [stderr] warning: use of deprecated associated function `assert_cmd::cargo::CommandCargoExt::cargo_bin`: incompatible with a custom cargo build-dir, see instead `cargo::cargo_bin!`
[INFO] [stderr]    --> tests/integration_tests.rs:226:28
[INFO] [stderr]     |
[INFO] [stderr] 226 |     let mut cmd = Command::cargo_bin("sniffy").unwrap();
[INFO] [stderr]     |                            ^^^^^^^^^
[INFO] [stderr] 
[INFO] [stderr] warning: use of deprecated associated function `assert_cmd::cargo::CommandCargoExt::cargo_bin`: incompatible with a custom cargo build-dir, see instead `cargo::cargo_bin!`
[INFO] [stderr]    --> tests/integration_tests.rs:249:28
[INFO] [stderr]     |
[INFO] [stderr] 249 |     let mut cmd = Command::cargo_bin("sniffy").unwrap();
[INFO] [stderr]     |                            ^^^^^^^^^
[INFO] [stderr] 
[INFO] [stderr] warning: use of deprecated associated function `assert_cmd::cargo::CommandCargoExt::cargo_bin`: incompatible with a custom cargo build-dir, see instead `cargo::cargo_bin!`
[INFO] [stderr]    --> tests/integration_tests.rs:261:28
[INFO] [stderr]     |
[INFO] [stderr] 261 |     let mut cmd = Command::cargo_bin("sniffy").unwrap();
[INFO] [stderr]     |                            ^^^^^^^^^
[INFO] [stderr] 
[INFO] [stderr] warning: use of deprecated associated function `assert_cmd::cargo::CommandCargoExt::cargo_bin`: incompatible with a custom cargo build-dir, see instead `cargo::cargo_bin!`
[INFO] [stderr]    --> tests/integration_tests.rs:277:28
[INFO] [stderr]     |
[INFO] [stderr] 277 |     let mut cmd = Command::cargo_bin("sniffy").unwrap();
[INFO] [stderr]     |                            ^^^^^^^^^
[INFO] [stderr] 
[INFO] [stderr] warning: use of deprecated associated function `assert_cmd::cargo::CommandCargoExt::cargo_bin`: incompatible with a custom cargo build-dir, see instead `cargo::cargo_bin!`
[INFO] [stderr]    --> tests/integration_tests.rs:291:28
[INFO] [stderr]     |
[INFO] [stderr] 291 |     let mut cmd = Command::cargo_bin("sniffy").unwrap();
[INFO] [stderr]     |                            ^^^^^^^^^
[INFO] [stderr] 
[INFO] [stderr] warning: use of deprecated associated function `assert_cmd::cargo::CommandCargoExt::cargo_bin`: incompatible with a custom cargo build-dir, see instead `cargo::cargo_bin!`
[INFO] [stderr]    --> tests/integration_tests.rs:299:28
[INFO] [stderr]     |
[INFO] [stderr] 299 |     let mut cmd = Command::cargo_bin("sniffy").unwrap();
[INFO] [stderr]     |                            ^^^^^^^^^
[INFO] [stderr] 
[INFO] [stderr] warning: use of deprecated associated function `assert_cmd::cargo::CommandCargoExt::cargo_bin`: incompatible with a custom cargo build-dir, see instead `cargo::cargo_bin!`
[INFO] [stderr]    --> tests/integration_tests.rs:308:28
[INFO] [stderr]     |
[INFO] [stderr] 308 |     let mut cmd = Command::cargo_bin("sniffy").unwrap();
[INFO] [stderr]     |                            ^^^^^^^^^
[INFO] [stderr] 
[INFO] [stderr] warning: use of deprecated associated function `assert_cmd::cargo::CommandCargoExt::cargo_bin`: incompatible with a custom cargo build-dir, see instead `cargo::cargo_bin!`
[INFO] [stderr]    --> tests/integration_tests.rs:319:28
[INFO] [stderr]     |
[INFO] [stderr] 319 |     let mut cmd = Command::cargo_bin("sniffy").unwrap();
[INFO] [stderr]     |                            ^^^^^^^^^
[INFO] [stderr] 
[INFO] [stderr] warning: use of deprecated associated function `assert_cmd::cargo::CommandCargoExt::cargo_bin`: incompatible with a custom cargo build-dir, see instead `cargo::cargo_bin!`
[INFO] [stderr]    --> tests/integration_tests.rs:330:28
[INFO] [stderr]     |
[INFO] [stderr] 330 |     let mut cmd = Command::cargo_bin("sniffy").unwrap();
[INFO] [stderr]     |                            ^^^^^^^^^
[INFO] [stderr] 
[INFO] [stderr] warning: use of deprecated associated function `assert_cmd::cargo::CommandCargoExt::cargo_bin`: incompatible with a custom cargo build-dir, see instead `cargo::cargo_bin!`
[INFO] [stderr]    --> tests/integration_tests.rs:338:28
[INFO] [stderr]     |
[INFO] [stderr] 338 |     let mut cmd = Command::cargo_bin("sniffy").unwrap();
[INFO] [stderr]     |                            ^^^^^^^^^
[INFO] [stderr] 
[INFO] [stderr] warning: use of deprecated associated function `assert_cmd::cargo::CommandCargoExt::cargo_bin`: incompatible with a custom cargo build-dir, see instead `cargo::cargo_bin!`
[INFO] [stderr]    --> tests/integration_tests.rs:350:28
[INFO] [stderr]     |
[INFO] [stderr] 350 |     let mut cmd = Command::cargo_bin("sniffy").unwrap();
[INFO] [stderr]     |                            ^^^^^^^^^
[INFO] [stderr] 
[INFO] [stderr] warning: use of deprecated associated function `assert_cmd::cargo::CommandCargoExt::cargo_bin`: incompatible with a custom cargo build-dir, see instead `cargo::cargo_bin!`
[INFO] [stderr]    --> tests/integration_tests.rs:368:28
[INFO] [stderr]     |
[INFO] [stderr] 368 |     let mut cmd = Command::cargo_bin("sniffy").unwrap();
[INFO] [stderr]     |                            ^^^^^^^^^
[INFO] [stderr] 
[INFO] [stderr] warning: use of deprecated associated function `assert_cmd::cargo::CommandCargoExt::cargo_bin`: incompatible with a custom cargo build-dir, see instead `cargo::cargo_bin!`
[INFO] [stderr]    --> tests/integration_tests.rs:376:28
[INFO] [stderr]     |
[INFO] [stderr] 376 |     let mut cmd = Command::cargo_bin("sniffy").unwrap();
[INFO] [stderr]     |                            ^^^^^^^^^
[INFO] [stderr] 
[INFO] [stderr] warning: use of deprecated associated function `assert_cmd::cargo::CommandCargoExt::cargo_bin`: incompatible with a custom cargo build-dir, see instead `cargo::cargo_bin!`
[INFO] [stderr]    --> tests/integration_tests.rs:390:28
[INFO] [stderr]     |
[INFO] [stderr] 390 |     let mut cmd = Command::cargo_bin("sniffy").unwrap();
[INFO] [stderr]     |                            ^^^^^^^^^
[INFO] [stderr] 
[INFO] [stderr] warning: use of deprecated associated function `assert_cmd::cargo::CommandCargoExt::cargo_bin`: incompatible with a custom cargo build-dir, see instead `cargo::cargo_bin!`
[INFO] [stderr]    --> tests/integration_tests.rs:404:28
[INFO] [stderr]     |
[INFO] [stderr] 404 |     let mut cmd = Command::cargo_bin("sniffy").unwrap();
[INFO] [stderr]     |                            ^^^^^^^^^
[INFO] [stderr] 
[INFO] [stderr] warning: use of deprecated associated function `assert_cmd::cargo::CommandCargoExt::cargo_bin`: incompatible with a custom cargo build-dir, see instead `cargo::cargo_bin!`
[INFO] [stderr]    --> tests/integration_tests.rs:413:28
[INFO] [stderr]     |
[INFO] [stderr] 413 |     let mut cmd = Command::cargo_bin("sniffy").unwrap();
[INFO] [stderr]     |                            ^^^^^^^^^
[INFO] [stderr] 
[INFO] [stderr] warning: use of deprecated associated function `assert_cmd::cargo::CommandCargoExt::cargo_bin`: incompatible with a custom cargo build-dir, see instead `cargo::cargo_bin!`
[INFO] [stderr]    --> tests/integration_tests.rs:433:28
[INFO] [stderr]     |
[INFO] [stderr] 433 |     let mut cmd = Command::cargo_bin("sniffy").unwrap();
[INFO] [stderr]     |                            ^^^^^^^^^
[INFO] [stderr] 
[INFO] [stderr] warning: use of deprecated associated function `assert_cmd::cargo::CommandCargoExt::cargo_bin`: incompatible with a custom cargo build-dir, see instead `cargo::cargo_bin!`
[INFO] [stderr]    --> tests/integration_tests.rs:443:28
[INFO] [stderr]     |
[INFO] [stderr] 443 |     let mut cmd = Command::cargo_bin("sniffy").unwrap();
[INFO] [stderr]     |                            ^^^^^^^^^
[INFO] [stderr] 
[INFO] [stderr] warning: use of deprecated associated function `assert_cmd::cargo::CommandCargoExt::cargo_bin`: incompatible with a custom cargo build-dir, see instead `cargo::cargo_bin!`
[INFO] [stderr]    --> tests/integration_tests.rs:456:28
[INFO] [stderr]     |
[INFO] [stderr] 456 |     let mut cmd = Command::cargo_bin("sniffy").unwrap();
[INFO] [stderr]     |                            ^^^^^^^^^
[INFO] [stderr] 
[INFO] [stderr] warning: use of deprecated associated function `assert_cmd::cargo::CommandCargoExt::cargo_bin`: incompatible with a custom cargo build-dir, see instead `cargo::cargo_bin!`
[INFO] [stderr]    --> tests/integration_tests.rs:465:28
[INFO] [stderr]     |
[INFO] [stderr] 465 |     let mut cmd = Command::cargo_bin("sniffy").unwrap();
[INFO] [stderr]     |                            ^^^^^^^^^
[INFO] [stderr] 
[INFO] [stderr] warning: use of deprecated associated function `assert_cmd::cargo::CommandCargoExt::cargo_bin`: incompatible with a custom cargo build-dir, see instead `cargo::cargo_bin!`
[INFO] [stderr]    --> tests/integration_tests.rs:479:28
[INFO] [stderr]     |
[INFO] [stderr] 479 |     let mut cmd = Command::cargo_bin("sniffy").unwrap();
[INFO] [stderr]     |                            ^^^^^^^^^
[INFO] [stderr] 
[INFO] [stderr] warning: use of deprecated associated function `assert_cmd::cargo::CommandCargoExt::cargo_bin`: incompatible with a custom cargo build-dir, see instead `cargo::cargo_bin!`
[INFO] [stderr]    --> tests/integration_tests.rs:490:28
[INFO] [stderr]     |
[INFO] [stderr] 490 |     let mut cmd = Command::cargo_bin("sniffy").unwrap();
[INFO] [stderr]     |                            ^^^^^^^^^
[INFO] [stderr] 
[INFO] [stderr] warning: use of deprecated associated function `assert_cmd::cargo::CommandCargoExt::cargo_bin`: incompatible with a custom cargo build-dir, see instead `cargo::cargo_bin!`
[INFO] [stderr]    --> tests/integration_tests.rs:506:28
[INFO] [stderr]     |
[INFO] [stderr] 506 |     let mut cmd = Command::cargo_bin("sniffy").unwrap();
[INFO] [stderr]     |                            ^^^^^^^^^
[INFO] [stderr] 
[INFO] [stderr] warning: use of deprecated associated function `assert_cmd::cargo::CommandCargoExt::cargo_bin`: incompatible with a custom cargo build-dir, see instead `cargo::cargo_bin!`
[INFO] [stderr]    --> tests/integration_tests.rs:520:28
[INFO] [stderr]     |
[INFO] [stderr] 520 |     let mut cmd = Command::cargo_bin("sniffy").unwrap();
[INFO] [stderr]     |                            ^^^^^^^^^
[INFO] [stderr] 
[INFO] [stderr] warning: use of deprecated associated function `assert_cmd::cargo::CommandCargoExt::cargo_bin`: incompatible with a custom cargo build-dir, see instead `cargo::cargo_bin!`
[INFO] [stderr]    --> tests/integration_tests.rs:534:28
[INFO] [stderr]     |
[INFO] [stderr] 534 |     let mut cmd = Command::cargo_bin("sniffy").unwrap();
[INFO] [stderr]     |                            ^^^^^^^^^
[INFO] [stderr] 
[INFO] [stderr] warning: use of deprecated associated function `assert_cmd::cargo::CommandCargoExt::cargo_bin`: incompatible with a custom cargo build-dir, see instead `cargo::cargo_bin!`
[INFO] [stderr]    --> tests/integration_tests.rs:548:28
[INFO] [stderr]     |
[INFO] [stderr] 548 |     let mut cmd = Command::cargo_bin("sniffy").unwrap();
[INFO] [stderr]     |                            ^^^^^^^^^
[INFO] [stderr] 
[INFO] [stderr] warning: use of deprecated associated function `assert_cmd::cargo::CommandCargoExt::cargo_bin`: incompatible with a custom cargo build-dir, see instead `cargo::cargo_bin!`
[INFO] [stderr]    --> tests/integration_tests.rs:560:28
[INFO] [stderr]     |
[INFO] [stderr] 560 |     let mut cmd = Command::cargo_bin("sniffy").unwrap();
[INFO] [stderr]     |                            ^^^^^^^^^
[INFO] [stderr] 
[INFO] [stderr] warning: `sniffy` (test "integration_tests") generated 42 warnings
[INFO] [stderr]     Finished `release` profile [optimized] target(s) in 0.18s
[INFO] [stderr]      Running unittests src/lib.rs (/opt/rustwide/target/release/build/sniffy/01d2463f221cf3da/out/sniffy-01d2463f221cf3da)
[INFO] [stdout] 
[INFO] [stdout] running 72 tests
[INFO] [stdout] test classifier::tests::test_empty_multi_line_comment ... ok
[INFO] [stdout] test classifier::tests::test_classify_multi_line_comment_spanning ... ok
[INFO] [stdout] test classifier::tests::test_classify_blank_lines ... ok
[INFO] [stdout] test classifier::tests::test_classify_shebang ... ok
[INFO] [stdout] test classifier::tests::test_classifier_state_new ... ok
[INFO] [stdout] test classifier::tests::test_classifier_state_reset ... ok
[INFO] [stdout] test classifier::tests::test_classify_mixed_lines ... ok
[INFO] [stdout] test classifier::tests::test_classify_multi_line_comment_with_code ... ok
[INFO] [stdout] test cli::tests::test_should_use_color_empty_env ... ok
[INFO] [stdout] test cli::tests::test_parse_date_string_rfc3339 ... ok
[INFO] [stdout] test cli::tests::test_should_use_color_default ... ok
[INFO] [stdout] test git::tests::test_classify_diff_line_comment ... ok
[INFO] [stdout] test classifier::tests::test_classify_python_triple_quotes ... ok
[INFO] [stdout] test git::tests::test_classify_diff_line_blank ... ok
[INFO] [stdout] test classifier::tests::test_code_before_multi_line_start ... ok
[INFO] [stdout] test cli::tests::test_parse_date_string_invalid ... ok
[INFO] [stdout] test cli::tests::test_parse_date_string_invalid_format ... ok
[INFO] [stdout] test language::tests::test_detect_case_insensitive ... ok
[INFO] [stdout] test language::tests::test_detect_javascript ... ok
[INFO] [stdout] test classifier::tests::test_classify_multi_line_comment_with_code_after_end ... ok
[INFO] [stdout] test classifier::tests::test_classify_code_lines ... ok
[INFO] [stdout] test language::tests::test_detect_rust ... ok
[INFO] [stdout] test cli::tests::test_should_use_color_with_flag ... ok
[INFO] [stdout] test language::tests::test_detect_python ... ok
[INFO] [stdout] test git::tests::test_classify_diff_line_code ... ok
[INFO] [stdout] test language::tests::test_detect_typescript ... ok
[INFO] [stdout] test classifier::tests::test_classify_single_line_comments ... ok
[INFO] [stdout] test language::tests::test_all_languages_have_extensions ... ok
[INFO] [stdout] test language::tests::test_c_vs_cpp ... ok
[INFO] [stdout] test classifier::tests::test_line_type_equality ... ok
[INFO] [stdout] test cli::tests::test_should_use_color_with_env ... ok
[INFO] [stdout] test classifier::tests::test_classify_multi_line_comment_single_line ... ok
[INFO] [stdout] test language::tests::test_language_detector_new ... ok
[INFO] [stdout] test processor::tests::test_is_binary_binary_file ... ok
[INFO] [stdout] test processor::tests::test_process_empty_file ... ok
[INFO] [stdout] test language::tests::test_detect_unknown_extension ... ok
[INFO] [stdout] test processor::tests::test_is_binary_empty_file ... ok
[INFO] [stdout] test stats::tests::test_file_stats_add_assign ... ok
[INFO] [stdout] test stats::tests::test_file_stats_new ... ok
[INFO] [stdout] test stats::tests::test_file_stats_total ... ok
[INFO] [stdout] test output::tests::test_format_number ... ok
[INFO] [stdout] test output::tests::test_format_table_empty ... ok
[INFO] [stdout] test stats::tests::test_project_stats_add_file_stats ... ok
[INFO] [stdout] test processor::tests::test_is_binary_text_file ... ok
[INFO] [stdout] test language::tests::test_detect_no_extension ... ok
[INFO] [stdout] test processor::tests::test_process_rust_file ... ok
[INFO] [stdout] test processor::tests::test_process_binary_file ... ok
[INFO] [stdout] test output::tests::test_format_table_with_data ... ok
[INFO] [stdout] test processor::tests::test_process_unknown_extension ... ok
[INFO] [stdout] test stats::tests::test_file_stats_add ... ok
[INFO] [stdout] test stats::tests::test_project_stats_new ... ok
[INFO] [stdout] test stats::tests::test_project_stats_total ... ok
[INFO] [stdout] test walker::tests::test_should_skip_file_function ... ok
[INFO] [stdout] test walker::tests::test_skip_lock_files ... ok
[INFO] [stdout] test walker::tests::test_directory_walker_hidden ... ok
[INFO] [stdout] test stats::tests::test_project_stats_get_languages ... ok
[INFO] [stdout] test walker::tests::test_skip_target_directory ... ok
[INFO] [stdout] test walker::tests::test_skip_ide_directories ... ok
[INFO] [stdout] test walker::tests::test_directory_walker_new ... ok
[INFO] [stdout] test walker::tests::test_skip_build_directories ... ok
[INFO] [stdout] test walker::tests::test_skip_python_venv ... ok
[INFO] [stdout] test walker::tests::test_walk_files ... ok
[INFO] [stdout] test walker::tests::test_skip_minified_files ... ok
[INFO] [stdout] test walker::tests::test_walk_excludes_hidden_by_default ... ok
[INFO] [stdout] test walker::tests::test_skip_node_modules ... ok
[INFO] [stdout] test walker::tests::test_walk_includes_hidden_when_enabled ... ok
[INFO] [stdout] test walker::tests::test_walk_excludes_directories ... ok
[INFO] [stdout] test classifier::tests::test_classify_file ... ok
[INFO] [stdout] test processor::tests::test_file_processor_new ... ok
[INFO] [stdout] test cli::tests::test_parse_date_string_yyyy_mm_dd ... ok
[INFO] [stdout] test walker::tests::test_walk_respects_gitignore ... ok
[INFO] [stdout] test git::tests::test_is_git_repo ... FAILED
[INFO] [stdout] 
[INFO] [stdout] failures:
[INFO] [stdout] 
[INFO] [stdout] ---- git::tests::test_is_git_repo stdout ----
[INFO] [stdout] 
[INFO] [stdout] thread 'git::tests::test_is_git_repo' (3073) panicked at src/git.rs:325:9:
[INFO] [stdout] assertion failed: GitAnalyzer::is_git_repo(".")
[INFO] [stdout] stack backtrace:
[INFO] [stdout]    0:     0x5c7b7cffd7e1 - <<std[617be2ca0a6fd877]::sys::backtrace::BacktraceLock>::print::DisplayBacktrace as core[a373ad73a504971]::fmt::Display>::fmt
[INFO] [stdout]    1:     0x5c7b7d01400a - core[a373ad73a504971]::fmt::write
[INFO] [stdout]    2:     0x5c7b7d001d3c - <alloc[2e1b2a31b91974c5]::vec::Vec<u8> as core[a373ad73a504971]::io::write::Write>::write_fmt
[INFO] [stdout]    3:     0x5c7b7cfd6486 - std[617be2ca0a6fd877]::panicking::default_hook::{closure#0}
[INFO] [stdout]    4:     0x5c7b7cff4249 - std[617be2ca0a6fd877]::panicking::default_hook
[INFO] [stdout]    5:     0x5c7b7ce230a0 - test[aada8e7e76ba119b]::test_main_inner::{closure#0}
[INFO] [stdout]    6:     0x5c7b7cff4572 - std[617be2ca0a6fd877]::panicking::panic_with_hook
[INFO] [stdout]    7:     0x5c7b7cfd6564 - std[617be2ca0a6fd877]::panicking::panic_handler::{closure#0}
[INFO] [stdout]    8:     0x5c7b7cfceef9 - std[617be2ca0a6fd877]::sys::backtrace::__rust_end_short_backtrace::<std[617be2ca0a6fd877]::panicking::panic_handler::{closure#0}, !>
[INFO] [stdout]    9:     0x5c7b7cfd735d - __rustc[ea4f61d10b84890b]::rust_begin_unwind
[INFO] [stdout]   10:     0x5c7b7d0147ec - core[a373ad73a504971]::panicking::panic_fmt
[INFO] [stdout]   11:     0x5c7b7d0147b2 - core[a373ad73a504971]::panicking::panic
[INFO] [stdout]   12:     0x5c7b7ce121f5 - <sniffy[8b97b7b6882efe82]::git::tests::test_is_git_repo::{closure#0} as core[a373ad73a504971]::ops::function::FnOnce<()>>::call_once
[INFO] [stdout]   13:     0x5c7b7ce164eb - test[aada8e7e76ba119b]::__rust_begin_short_backtrace::<core[a373ad73a504971]::result::Result<(), alloc[2e1b2a31b91974c5]::string::String>, fn() -> core[a373ad73a504971]::result::Result<(), alloc[2e1b2a31b91974c5]::string::String>>
[INFO] [stdout]   14:     0x5c7b7ce236c5 - test[aada8e7e76ba119b]::run_test::{closure#0}
[INFO] [stdout]   15:     0x5c7b7ce1cfb4 - std[617be2ca0a6fd877]::sys::backtrace::__rust_begin_short_backtrace::<test[aada8e7e76ba119b]::run_test::{closure#1}, ()>
[INFO] [stdout]   16:     0x5c7b7ce26752 - <std[617be2ca0a6fd877]::thread::lifecycle::spawn_unchecked<test[aada8e7e76ba119b]::run_test::{closure#1}, ()>::{closure#1} as core[a373ad73a504971]::ops::function::FnOnce<()>>::call_once::{shim:vtable#0}
[INFO] [stdout]   17:     0x5c7b7cffcf6f - <std[617be2ca0a6fd877]::sys::thread::unix::Thread>::new::thread_start
[INFO] [stdout]   18:     0x7ff0797fedfa - <unknown>
[INFO] [stdout]   19:     0x7ff0798923d4 - clone
[INFO] [stdout]   20:                0x0 - <unknown>
[INFO] [stdout] 
[INFO] [stdout] 
[INFO] [stdout] failures:
[INFO] [stdout]     git::tests::test_is_git_repo
[INFO] [stdout] 
[INFO] [stdout] test result: FAILED. 71 passed; 1 failed; 0 ignored; 0 measured; 0 filtered out; finished in 0.10s
[INFO] [stdout] 
[INFO] [stderr] error: test failed, to rerun pass `--lib`
[INFO] running `Command { std: "docker" "inspect" "62a82ac3f81ace908b48b0983abd2dbf359a63c15e402139eafa11d9f3013eca", kill_on_drop: false }`
[INFO] running `Command { std: "docker" "rm" "-f" "62a82ac3f81ace908b48b0983abd2dbf359a63c15e402139eafa11d9f3013eca", kill_on_drop: false }`
[INFO] [stdout] 62a82ac3f81ace908b48b0983abd2dbf359a63c15e402139eafa11d9f3013eca
