[INFO] fetching crate snarkvm-posw 0.7.9...
[INFO] testing snarkvm-posw-0.7.9 against 1.100.0-beta.1+cargoflags=--release for beta-release-1.100-2
[INFO] extracting crate snarkvm-posw 0.7.9 into /workspace/builds/worker-5-tc2/source
[INFO] started tweaking crates.io crate snarkvm-posw 0.7.9
[INFO] finished tweaking crates.io crate snarkvm-posw 0.7.9
[INFO] tweaked toml for crates.io crate snarkvm-posw 0.7.9 written to /workspace/builds/worker-5-tc2/source/Cargo.toml
[INFO] validating manifest of crates.io crate snarkvm-posw 0.7.9 on toolchain 1.100.0-beta.1
[INFO] running `Command { std: CARGO_HOME="/workspace/cargo-home" RUSTUP_HOME="/workspace/rustup-home" "/workspace/cargo-home/bin/cargo" "+1.100.0-beta.1" "metadata" "--manifest-path" "Cargo.toml" "--no-deps", kill_on_drop: false }`
[INFO] running `Command { std: CARGO_HOME="/workspace/cargo-home" RUSTUP_HOME="/workspace/rustup-home" "/workspace/cargo-home/bin/cargo" "+1.100.0-beta.1" "generate-lockfile" "--manifest-path" "Cargo.toml", kill_on_drop: false }`
[INFO] [stderr]     Updating crates.io index
[INFO] [stderr]      Locking 165 packages to highest compatible versions
[INFO] [stderr]       Adding blake2 v0.9.2 (available: v0.11.0)
[INFO] [stderr]       Adding criterion v0.3.6 (available: v0.8.2)
[INFO] [stderr]       Adding rand v0.8.8 (available: v0.10.3)
[INFO] [stderr]       Adding rand_xorshift v0.3.0 (available: v0.5.0)
[INFO] [stderr]       Adding snarkvm-algorithms v0.7.9 (available: v4.12.0)
[INFO] [stderr]       Adding snarkvm-curves v0.7.9 (available: v4.12.0)
[INFO] [stderr]       Adding snarkvm-dpc v0.7.9 (available: v0.8.0)
[INFO] [stderr]       Adding snarkvm-fields v0.7.9 (available: v4.12.0)
[INFO] [stderr]       Adding snarkvm-gadgets v0.7.9 (available: v0.8.0)
[INFO] [stderr]       Adding snarkvm-marlin v0.7.9 (available: v0.8.0)
[INFO] [stderr]       Adding snarkvm-parameters v0.7.9 (available: v4.12.0)
[INFO] [stderr]       Adding snarkvm-polycommit v0.7.9 (available: v0.8.0)
[INFO] [stderr]       Adding snarkvm-profiler v0.7.9 (available: v0.8.0)
[INFO] [stderr]       Adding snarkvm-r1cs v0.7.9 (available: v0.12.2)
[INFO] [stderr]       Adding snarkvm-utilities v0.7.9 (available: v4.12.0)
[INFO] [stderr]       Adding thiserror v1.0.69 (available: v2.0.21)
[INFO] running `Command { std: CARGO_HOME="/workspace/cargo-home" RUSTUP_HOME="/workspace/rustup-home" "/workspace/cargo-home/bin/cargo" "+1.100.0-beta.1" "fetch" "--manifest-path" "Cargo.toml", kill_on_drop: false }`
[INFO] running `Command { std: "docker" "create" "-v" "/var/lib/crater-agent-workspace/builds/worker-5-tc2/source:/opt/rustwide/workdir:ro,Z" "-v" "/var/lib/crater-agent-workspace/builds/worker-5-tc2/target:/opt/rustwide/target:rw,Z" "-v" "/var/lib/crater-agent-workspace/cargo-home:/opt/rustwide/cargo-home:ro,Z" "-v" "/var/lib/crater-agent-workspace/rustup-home:/opt/rustwide/rustup-home:ro,Z" "-m" "1610612736" "--network" "none" "ghcr.io/rust-lang/crates-build-env/linux@sha256:77db811e55d90add9212f6832c23229e3de5f1c1f9905e8cb07319ea15df73ac" "sleep" "infinity", kill_on_drop: false }`
[INFO] [stdout] fc033e38ee4cdbda42bc45eb44ab5fd71676da3f2f3ede0e4de27f7ce87ca163
[INFO] running `Command { std: "docker" "start" "fc033e38ee4cdbda42bc45eb44ab5fd71676da3f2f3ede0e4de27f7ce87ca163", kill_on_drop: false }`
[INFO] running `Command { std: "docker" "inspect" "fc033e38ee4cdbda42bc45eb44ab5fd71676da3f2f3ede0e4de27f7ce87ca163", kill_on_drop: false }`
[INFO] running `Command { std: "docker" "exec" "-e" "SOURCE_DIR=/opt/rustwide/workdir" "-e" "CARGO_HOME=/opt/rustwide/cargo-home" "-e" "RUSTUP_HOME=/opt/rustwide/rustup-home" "-e" "CARGO_TARGET_DIR=/opt/rustwide/target" "-w" "/opt/rustwide/workdir" "--user" "0:0" "fc033e38ee4cdbda42bc45eb44ab5fd71676da3f2f3ede0e4de27f7ce87ca163" "/opt/rustwide/cargo-home/bin/cargo" "+1.100.0-beta.1" "metadata" "--no-deps" "--format-version=1", kill_on_drop: false }`
[INFO] running `Command { std: "docker" "inspect" "fc033e38ee4cdbda42bc45eb44ab5fd71676da3f2f3ede0e4de27f7ce87ca163", kill_on_drop: false }`
[INFO] running `Command { std: "docker" "exec" "-e" "SOURCE_DIR=/opt/rustwide/workdir" "-e" "CARGO_HOME=/opt/rustwide/cargo-home" "-e" "RUSTUP_HOME=/opt/rustwide/rustup-home" "-e" "CARGO_TARGET_DIR=/opt/rustwide/target" "-e" "CARGO_INCREMENTAL=0" "-e" "RUST_BACKTRACE=full" "-e" "RUSTFLAGS=--cap-lints=warn" "-e" "RUSTDOCFLAGS=--cap-lints=warn" "-w" "/opt/rustwide/workdir" "--user" "0:0" "fc033e38ee4cdbda42bc45eb44ab5fd71676da3f2f3ede0e4de27f7ce87ca163" "/opt/rustwide/cargo-home/bin/cargo" "+1.100.0-beta.1" "build" "--frozen" "--message-format=json" "--release", kill_on_drop: false }`
[INFO] [stderr]    Compiling version_check v0.9.5
[INFO] [stderr]    Compiling proc-macro2 v1.0.107
[INFO] [stderr]    Compiling unicode-ident v1.0.27
[INFO] [stderr]    Compiling quote v1.0.47
[INFO] [stderr]    Compiling libc v0.2.191
[INFO] [stderr]    Compiling serde_core v1.0.229
[INFO] [stderr]    Compiling autocfg v1.5.1
[INFO] [stderr]    Compiling serde v1.0.229
[INFO] [stderr]    Compiling cfg-if v1.0.5
[INFO] [stderr]    Compiling zerocopy v0.8.63
[INFO] [stderr]    Compiling find-msvc-tools v0.1.14
[INFO] [stderr]    Compiling shlex v2.0.1
[INFO] [stderr]    Compiling syn v1.0.109
[INFO] [stderr]    Compiling crossbeam-utils v0.8.23
[INFO] [stderr]    Compiling pkg-config v0.3.34
[INFO] [stderr]    Compiling typenum v1.20.1
[INFO] [stderr]    Compiling thiserror v1.0.69
[INFO] [stderr]    Compiling vcpkg v0.2.15
[INFO] [stderr]    Compiling cc v1.8.0
[INFO] [stderr]    Compiling anyhow v1.0.104
[INFO] [stderr]    Compiling crossbeam-epoch v0.9.21
[INFO] [stderr]    Compiling crossbeam-deque v0.8.8
[INFO] [stderr]    Compiling either v1.19.0
[INFO] [stderr]    Compiling proc-macro-error-attr v1.0.4
[INFO] [stderr]    Compiling proc-macro-error v1.0.4
[INFO] [stderr]    Compiling generic-array v0.14.9
[INFO] [stderr]    Compiling rayon-core v1.13.0
[INFO] [stderr]    Compiling num-traits v0.2.19
[INFO] [stderr]    Compiling indexmap v1.9.3
[INFO] [stderr]    Compiling radium v0.5.3
[INFO] [stderr]    Compiling hashbrown v0.12.3
[INFO] [stderr]    Compiling opaque-debug v0.3.1
[INFO] [stderr]    Compiling byteorder v1.5.0
[INFO] [stderr]    Compiling once_cell v1.21.4
[INFO] [stderr]    Compiling subtle v2.6.1
[INFO] [stderr]    Compiling fxhash v0.2.1
[INFO] [stderr]    Compiling itertools v0.10.5
[INFO] [stderr]    Compiling funty v1.1.0
[INFO] [stderr]    Compiling cpufeatures v0.2.17
[INFO] [stderr]    Compiling tap v1.0.1
[INFO] [stderr]    Compiling digest v0.9.0
[INFO] [stderr]    Compiling crypto-mac v0.8.0
[INFO] [stderr]    Compiling block-buffer v0.9.0
[INFO] [stderr]    Compiling wyz v0.2.0
[INFO] [stderr]    Compiling crossbeam-channel v0.5.17
[INFO] [stderr]    Compiling syn v3.0.9
[INFO] [stderr]    Compiling syn v2.0.119
[INFO] [stderr]    Compiling sha2 v0.9.9
[INFO] [stderr]    Compiling num-integer v0.1.47
[INFO] [stderr]    Compiling bitvec v0.19.6
[INFO] [stderr]    Compiling num-bigint v0.4.8
[INFO] [stderr]    Compiling getrandom v0.2.17
[INFO] [stderr]    Compiling rayon v1.12.0
[INFO] [stderr]    Compiling blake2 v0.9.2
[INFO] [stderr]    Compiling rand_core v0.6.4
[INFO] [stderr]    Compiling rand_xorshift v0.3.0
[INFO] [stderr]    Compiling ahash v0.7.8
[INFO] [stderr]    Compiling lazy_static v1.5.1
[INFO] [stderr]    Compiling snarkvm-profiler v0.7.9
[INFO] [stderr]    Compiling smallvec v1.16.3
[INFO] [stderr]    Compiling curl v0.4.51
[INFO] [stderr]    Compiling socket2 v0.6.5
[INFO] [stderr]    Compiling openssl-probe v0.1.6
[INFO] [stderr]    Compiling hashbrown v0.11.2
[INFO] [stderr]    Compiling hex v0.4.3
[INFO] [stderr]    Compiling iana-time-zone v0.1.65
[INFO] [stderr]    Compiling libz-sys v1.1.30
[INFO] [stderr]    Compiling openssl-sys v0.9.117
[INFO] [stderr]    Compiling curl-sys v0.4.91+curl-8.22.0
[INFO] [stderr]    Compiling base58 v0.1.0
[INFO] [stderr]    Compiling bech32 v0.8.1
[INFO] [stderr]    Compiling thiserror-impl v1.0.69
[INFO] [stderr]    Compiling ppv-lite86 v0.2.21
[INFO] [stderr]    Compiling derivative v2.2.0
[INFO] [stderr]    Compiling rand_chacha v0.3.1
[INFO] [stderr]    Compiling rand v0.8.8
[INFO] [stderr]    Compiling serde_derive v1.0.229
[INFO] [stderr]    Compiling bincode v1.3.3
[INFO] [stderr]    Compiling chrono v0.4.45
[INFO] [stderr]    Compiling toml v0.5.11
[INFO] [stderr]    Compiling proc-macro-crate v0.1.5
[INFO] [stderr]    Compiling snarkvm-derives v0.7.9
[INFO] [stderr]    Compiling snarkvm-utilities v0.7.9
[INFO] [stderr]    Compiling snarkvm-fields v0.7.9
[INFO] [stderr]    Compiling snarkvm-curves v0.7.9
[INFO] [stderr]    Compiling snarkvm-r1cs v0.7.9
[INFO] [stderr]    Compiling snarkvm-algorithms v0.7.9
[INFO] [stderr]    Compiling snarkvm-gadgets v0.7.9
[INFO] [stderr]    Compiling snarkvm-parameters v0.7.9
[INFO] [stderr]    Compiling snarkvm-polycommit v0.7.9
[INFO] [stderr]    Compiling snarkvm-marlin v0.7.9
[INFO] [stderr]    Compiling snarkvm-dpc v0.7.9
[INFO] [stderr]    Compiling snarkvm-posw v0.7.9 (/opt/rustwide/workdir)
[INFO] [stderr]     Finished `release` profile [optimized] target(s) in 1m 06s
[INFO] running `Command { std: "docker" "inspect" "fc033e38ee4cdbda42bc45eb44ab5fd71676da3f2f3ede0e4de27f7ce87ca163", kill_on_drop: false }`
[INFO] running `Command { std: "docker" "exec" "-e" "SOURCE_DIR=/opt/rustwide/workdir" "-e" "CARGO_HOME=/opt/rustwide/cargo-home" "-e" "RUSTUP_HOME=/opt/rustwide/rustup-home" "-e" "CARGO_TARGET_DIR=/opt/rustwide/target" "-e" "CARGO_INCREMENTAL=0" "-e" "RUST_BACKTRACE=full" "-e" "RUSTFLAGS=--cap-lints=warn" "-e" "RUSTDOCFLAGS=--cap-lints=warn" "-w" "/opt/rustwide/workdir" "--user" "0:0" "fc033e38ee4cdbda42bc45eb44ab5fd71676da3f2f3ede0e4de27f7ce87ca163" "/opt/rustwide/cargo-home/bin/cargo" "+1.100.0-beta.1" "test" "--frozen" "--no-run" "--message-format=json" "--release", kill_on_drop: false }`
[INFO] [stderr]    Compiling memchr v2.8.3
[INFO] [stderr]    Compiling zmij v1.0.23
[INFO] [stderr]    Compiling serde_json v1.0.154
[INFO] [stderr]    Compiling itoa v1.0.18
[INFO] [stderr]    Compiling regex-syntax v0.8.11
[INFO] [stderr]    Compiling unicode-width v0.1.14
[INFO] [stderr]    Compiling plotters-backend v0.3.7
[INFO] [stderr]    Compiling half v1.8.3
[INFO] [stderr]    Compiling bitflags v1.3.2
[INFO] [stderr]    Compiling cast v0.3.0
[INFO] [stderr]    Compiling same-file v1.0.6
[INFO] [stderr]    Compiling ryu v1.0.23
[INFO] [stderr]    Compiling atty v0.2.14
[INFO] [stderr]    Compiling oorandom v11.1.5
[INFO] [stderr]    Compiling walkdir v2.5.0
[INFO] [stderr]    Compiling textwrap v0.11.0
[INFO] [stderr]    Compiling clap v2.34.0
[INFO] [stderr]    Compiling criterion-plot v0.4.5
[INFO] [stderr]    Compiling plotters-svg v0.3.7
[INFO] [stderr]    Compiling serde_cbor v0.11.2
[INFO] [stderr]    Compiling plotters v0.3.7
[INFO] [stderr]    Compiling csv-core v0.1.13
[INFO] [stderr]    Compiling csv v1.4.0
[INFO] [stderr]    Compiling regex-automata v0.4.18
[INFO] [stderr]    Compiling tinytemplate v1.2.1
[INFO] [stderr]    Compiling regex v1.13.1
[INFO] [stderr]    Compiling criterion v0.3.6
[INFO] [stderr]    Compiling snarkvm-posw v0.7.9 (/opt/rustwide/workdir)
[INFO] [stdout] warning: use of deprecated constant `std::u32::MAX`: replaced by the `MAX` associated constant on this type
[INFO] [stdout]    --> src/lib.rs:149:27
[INFO] [stdout]     |
[INFO] [stdout] 149 |                 std::u32::MAX,
[INFO] [stdout]     |                           ^^^
[INFO] [stdout]     |
[INFO] [stdout]     = note: `#[warn(deprecated)]` on by default
[INFO] [stdout] 
[INFO] [stdout] 
[INFO] [stderr]     Finished `release` profile [optimized] target(s) in 1m 03s
[INFO] running `Command { std: "docker" "inspect" "fc033e38ee4cdbda42bc45eb44ab5fd71676da3f2f3ede0e4de27f7ce87ca163", kill_on_drop: false }`
[INFO] running `Command { std: "docker" "exec" "-e" "SOURCE_DIR=/opt/rustwide/workdir" "-e" "CARGO_HOME=/opt/rustwide/cargo-home" "-e" "RUSTUP_HOME=/opt/rustwide/rustup-home" "-e" "CARGO_TARGET_DIR=/opt/rustwide/target" "-e" "CARGO_INCREMENTAL=0" "-e" "RUST_BACKTRACE=full" "-e" "RUSTFLAGS=--cap-lints=warn" "-e" "RUSTDOCFLAGS=--cap-lints=warn" "-w" "/opt/rustwide/workdir" "--user" "0:0" "fc033e38ee4cdbda42bc45eb44ab5fd71676da3f2f3ede0e4de27f7ce87ca163" "/opt/rustwide/cargo-home/bin/cargo" "+1.100.0-beta.1" "test" "--frozen" "--release", kill_on_drop: false }`
[INFO] [stderr] warning: use of deprecated constant `std::u32::MAX`: replaced by the `MAX` associated constant on this type
[INFO] [stderr]    --> src/lib.rs:149:27
[INFO] [stderr]     |
[INFO] [stderr] 149 |                 std::u32::MAX,
[INFO] [stderr]     |                           ^^^
[INFO] [stderr]     |
[INFO] [stderr]     = note: `#[warn(deprecated)]` on by default
[INFO] [stderr] 
[INFO] [stderr] warning: `snarkvm-posw` (lib test) generated 1 warning
[INFO] [stderr]     Finished `release` profile [optimized] target(s) in 0.21s
[INFO] [stderr]      Running unittests src/lib.rs (/opt/rustwide/target/release/build/snarkvm-posw/8cb79afb24510783/out/snarkvm_posw-8cb79afb24510783)
[INFO] [stdout] 
[INFO] [stdout] running 5 tests
[INFO] [stdout] test tests::test_load_verify_only ... ok
[INFO] [stdout] test tests::test_load ... FAILED
[INFO] [stdout] test circuit::test::test_tree_proof has been running for over 60 seconds
[INFO] [stdout] test tests::test_posw_gm17 has been running for over 60 seconds
[INFO] [stdout] test tests::test_posw_marlin has been running for over 60 seconds
[INFO] [stdout] test tests::test_posw_gm17 ... ok
[INFO] [stdout] test circuit::test::test_tree_proof ... ok
[INFO] [stdout] test tests::test_posw_marlin ... ok
[INFO] [stdout] 
[INFO] [stdout] failures:
[INFO] [stdout] 
[INFO] [stdout] ---- tests::test_load stdout ----
[INFO] [stdout] 
[INFO] [stdout] WARNING - "posw_snark_pk-a0ef545.params" does not exist, downloading this file remotely and storing it locally. Please ensure "posw_snark_pk-a0ef545.params" is stored in "/opt/rustwide/cargo-home/registry/src/index.crates.io-1949cf8c6b5b557f/snarkvm-parameters-0.7.9/src/testnet1/./posw_snark_pk-a0ef545.params".
[INFO] [stdout] 
[INFO] [stdout] snarkvm_parameters::testnet1 - Downloading parameters...
[INFO] [stdout] 
snarkvm_parameters::testnet1 - NaN% complete (0 MB total)
snarkvm_parameters::testnet1 - NaN% complete (0 MB total)
snarkvm_parameters::testnet1 - NaN% complete (0 MB total)
[INFO] [stdout] thread 'tests::test_load' (2571) panicked at src/lib.rs:91:42:
[INFO] [stdout] called `Result::unwrap()` on an `Err` value: Parameters(Crate("curl::error", "Error { description: \"Could not resolve hostname\", code: 6, extra: Some(\"Could not resolve host: s3-us-west-1.amazonaws.com\") }"))
[INFO] [stdout] stack backtrace:
[INFO] [stdout]    0:     0x63d972bd1691 - <<std[617be2ca0a6fd877]::sys::backtrace::BacktraceLock>::print::DisplayBacktrace as core[a373ad73a504971]::fmt::Display>::fmt
[INFO] [stdout]    1:     0x63d972be6bfa - core[a373ad73a504971]::fmt::write
[INFO] [stdout]    2:     0x63d972bd5f1c - <alloc[2e1b2a31b91974c5]::vec::Vec<u8> as core[a373ad73a504971]::io::write::Write>::write_fmt
[INFO] [stdout]    3:     0x63d972bad286 - std[617be2ca0a6fd877]::panicking::default_hook::{closure#0}
[INFO] [stdout]    4:     0x63d972bc96e9 - std[617be2ca0a6fd877]::panicking::default_hook
[INFO] [stdout]    5:     0x63d972b33f10 - test[aada8e7e76ba119b]::test_main_inner::{closure#0}
[INFO] [stdout]    6:     0x63d972bc9a12 - std[617be2ca0a6fd877]::panicking::panic_with_hook
[INFO] [stdout]    7:     0x63d972bad332 - std[617be2ca0a6fd877]::panicking::panic_handler::{closure#0}
[INFO] [stdout]    8:     0x63d972ba5a49 - std[617be2ca0a6fd877]::sys::backtrace::__rust_end_short_backtrace::<std[617be2ca0a6fd877]::panicking::panic_handler::{closure#0}, !>
[INFO] [stdout]    9:     0x63d972bae03d - __rustc[ea4f61d10b84890b]::rust_begin_unwind
[INFO] [stdout]   10:     0x63d972be735c - core[a373ad73a504971]::panicking::panic_fmt
[INFO] [stdout]   11:     0x63d972be7132 - core[a373ad73a504971]::result::unwrap_failed
[INFO] [stdout]   12:     0x63d972af2acd - <snarkvm_posw[f28c952bbfa14414]::tests::test_load::{closure#0} as core[a373ad73a504971]::ops::function::FnOnce<()>>::call_once
[INFO] [stdout]   13:     0x63d972b2735b - test[aada8e7e76ba119b]::__rust_begin_short_backtrace::<core[a373ad73a504971]::result::Result<(), alloc[2e1b2a31b91974c5]::string::String>, fn() -> core[a373ad73a504971]::result::Result<(), alloc[2e1b2a31b91974c5]::string::String>>
[INFO] [stdout]   14:     0x63d972b34535 - test[aada8e7e76ba119b]::run_test::{closure#0}
[INFO] [stdout]   15:     0x63d972b2de24 - std[617be2ca0a6fd877]::sys::backtrace::__rust_begin_short_backtrace::<test[aada8e7e76ba119b]::run_test::{closure#1}, ()>
[INFO] [stdout]   16:     0x63d972b375c2 - <std[617be2ca0a6fd877]::thread::lifecycle::spawn_unchecked<test[aada8e7e76ba119b]::run_test::{closure#1}, ()>::{closure#1} as core[a373ad73a504971]::ops::function::FnOnce<()>>::call_once::{shim:vtable#0}
[INFO] [stdout]   17:     0x63d972bd0b9f - <std[617be2ca0a6fd877]::sys::thread::unix::Thread>::new::thread_start
[INFO] [stdout]   18:     0x77e0524f2dfa - <unknown>
[INFO] [stdout]   19:     0x77e0525863d4 - clone
[INFO] [stdout]   20:                0x0 - <unknown>
[INFO] [stdout] 
[INFO] [stdout] 
[INFO] [stdout] failures:
[INFO] [stdout]     tests::test_load
[INFO] [stdout] 
[INFO] [stdout] test result: FAILED. 4 passed; 1 failed; 0 ignored; 0 measured; 0 filtered out; finished in 123.43s
[INFO] [stdout] 
[INFO] [stderr] error: test failed, to rerun pass `--lib`
[INFO] running `Command { std: "docker" "inspect" "fc033e38ee4cdbda42bc45eb44ab5fd71676da3f2f3ede0e4de27f7ce87ca163", kill_on_drop: false }`
[INFO] running `Command { std: "docker" "rm" "-f" "fc033e38ee4cdbda42bc45eb44ab5fd71676da3f2f3ede0e4de27f7ce87ca163", kill_on_drop: false }`
[INFO] [stdout] fc033e38ee4cdbda42bc45eb44ab5fd71676da3f2f3ede0e4de27f7ce87ca163
