[INFO] fetching crate snarkvm-algorithms 4.12.0...
[INFO] testing snarkvm-algorithms-4.12.0 against 1.100.0-beta.1+cargoflags=--release for beta-release-1.100-2
[INFO] extracting crate snarkvm-algorithms 4.12.0 into /workspace/builds/worker-7-tc2/source
[INFO] started tweaking crates.io crate snarkvm-algorithms 4.12.0
[INFO] finished tweaking crates.io crate snarkvm-algorithms 4.12.0
[INFO] tweaked toml for crates.io crate snarkvm-algorithms 4.12.0 written to /workspace/builds/worker-7-tc2/source/Cargo.toml
[INFO] validating manifest of crates.io crate snarkvm-algorithms 4.12.0 on toolchain 1.100.0-beta.1
[INFO] running `Command { std: CARGO_HOME="/workspace/cargo-home" RUSTUP_HOME="/workspace/rustup-home" "/workspace/cargo-home/bin/cargo" "+1.100.0-beta.1" "metadata" "--manifest-path" "Cargo.toml" "--no-deps", kill_on_drop: false }`
[INFO] crate crates.io crate snarkvm-algorithms 4.12.0 already has a lockfile, it will not be regenerated
[INFO] running `Command { std: CARGO_HOME="/workspace/cargo-home" RUSTUP_HOME="/workspace/rustup-home" "/workspace/cargo-home/bin/cargo" "+1.100.0-beta.1" "fetch" "--manifest-path" "Cargo.toml", kill_on_drop: false }`
[INFO] running `Command { std: "docker" "create" "-v" "/var/lib/crater-agent-workspace/builds/worker-7-tc2/source:/opt/rustwide/workdir:ro,Z" "-v" "/var/lib/crater-agent-workspace/builds/worker-7-tc2/target:/opt/rustwide/target:rw,Z" "-v" "/var/lib/crater-agent-workspace/cargo-home:/opt/rustwide/cargo-home:ro,Z" "-v" "/var/lib/crater-agent-workspace/rustup-home:/opt/rustwide/rustup-home:ro,Z" "-m" "1610612736" "--network" "none" "ghcr.io/rust-lang/crates-build-env/linux@sha256:77db811e55d90add9212f6832c23229e3de5f1c1f9905e8cb07319ea15df73ac" "sleep" "infinity", kill_on_drop: false }`
[INFO] [stdout] 99629f34179300d15152d5b4d51b0f92e7971dd4532efd1c5b1836447d45ff2b
[INFO] running `Command { std: "docker" "start" "99629f34179300d15152d5b4d51b0f92e7971dd4532efd1c5b1836447d45ff2b", kill_on_drop: false }`
[INFO] running `Command { std: "docker" "inspect" "99629f34179300d15152d5b4d51b0f92e7971dd4532efd1c5b1836447d45ff2b", kill_on_drop: false }`
[INFO] running `Command { std: "docker" "exec" "-e" "SOURCE_DIR=/opt/rustwide/workdir" "-e" "CARGO_HOME=/opt/rustwide/cargo-home" "-e" "RUSTUP_HOME=/opt/rustwide/rustup-home" "-e" "CARGO_TARGET_DIR=/opt/rustwide/target" "-w" "/opt/rustwide/workdir" "--user" "0:0" "99629f34179300d15152d5b4d51b0f92e7971dd4532efd1c5b1836447d45ff2b" "/opt/rustwide/cargo-home/bin/cargo" "+1.100.0-beta.1" "metadata" "--no-deps" "--format-version=1", kill_on_drop: false }`
[INFO] running `Command { std: "docker" "inspect" "99629f34179300d15152d5b4d51b0f92e7971dd4532efd1c5b1836447d45ff2b", kill_on_drop: false }`
[INFO] running `Command { std: "docker" "exec" "-e" "SOURCE_DIR=/opt/rustwide/workdir" "-e" "CARGO_HOME=/opt/rustwide/cargo-home" "-e" "RUSTUP_HOME=/opt/rustwide/rustup-home" "-e" "CARGO_TARGET_DIR=/opt/rustwide/target" "-e" "CARGO_INCREMENTAL=0" "-e" "RUST_BACKTRACE=full" "-e" "RUSTFLAGS=--cap-lints=warn" "-e" "RUSTDOCFLAGS=--cap-lints=warn" "-w" "/opt/rustwide/workdir" "--user" "0:0" "99629f34179300d15152d5b4d51b0f92e7971dd4532efd1c5b1836447d45ff2b" "/opt/rustwide/cargo-home/bin/cargo" "+1.100.0-beta.1" "build" "--frozen" "--message-format=json" "--release", kill_on_drop: false }`
[INFO] [stderr]    Compiling typenum v1.20.1
[INFO] [stderr]    Compiling crossbeam-epoch v0.9.20
[INFO] [stderr]    Compiling same-file v1.0.6
[INFO] [stderr]    Compiling quote v1.0.47
[INFO] [stderr]    Compiling serde_core v1.0.229
[INFO] [stderr]    Compiling num-traits v0.2.19
[INFO] [stderr]    Compiling generic-array v0.14.9
[INFO] [stderr]    Compiling serde_json v1.0.150
[INFO] [stderr]    Compiling serde v1.0.229
[INFO] [stderr]    Compiling anyhow v1.0.103
[INFO] [stderr]    Compiling either v1.16.0
[INFO] [stderr]    Compiling getrandom v0.2.17
[INFO] [stderr]    Compiling getrandom v0.4.3
[INFO] [stderr]    Compiling chacha20 v0.10.2
[INFO] [stderr]    Compiling httparse v1.10.1
[INFO] [stderr]    Compiling memchr v2.8.2
[INFO] [stderr]    Compiling aleo-std-profiler v1.0.4
[INFO] [stderr]    Compiling aleo-std-timer v1.0.4
[INFO] [stderr]    Compiling walkdir v2.5.0
[INFO] [stderr]    Compiling aleo-std-cpu v1.0.4
[INFO] [stderr]    Compiling num_cpus v1.17.0
[INFO] [stderr]    Compiling rand v0.10.2
[INFO] [stderr]    Compiling syn v2.0.119
[INFO] [stderr]    Compiling syn v3.0.6
[INFO] [stderr]    Compiling syn v1.0.109
[INFO] [stderr]    Compiling ring v0.17.14
[INFO] [stderr]    Compiling rand_xorshift v0.5.0
[INFO] [stderr]    Compiling rustls v0.23.45
[INFO] [stderr]    Compiling colored v3.1.1
[INFO] [stderr]    Compiling smol_str v0.2.2
[INFO] [stderr]    Compiling http v1.4.2
[INFO] [stderr]    Compiling aleo-std v1.0.4
[INFO] [stderr]    Compiling itertools v0.14.0
[INFO] [stderr]    Compiling crossbeam-deque v0.8.6
[INFO] [stderr]    Compiling rayon-core v1.13.0
[INFO] [stderr]    Compiling base64 v0.23.1
[INFO] [stderr]    Compiling num-integer v0.1.46
[INFO] [stderr]    Compiling zerocopy v0.8.52
[INFO] [stderr]    Compiling parking_lot_core v0.9.12
[INFO] [stderr]    Compiling ahash v0.8.12
[INFO] [stderr]    Compiling utf8-zero v0.8.1
[INFO] [stderr]    Compiling num-bigint v0.4.8
[INFO] [stderr]    Compiling hybrid-array v0.4.13
[INFO] [stderr]    Compiling rayon v1.12.0
[INFO] [stderr]    Compiling parking_lot v0.12.5
[INFO] [stderr]    Compiling ureq-proto v0.6.4
[INFO] [stderr]    Compiling crypto-common v0.1.6
[INFO] [stderr]    Compiling block-buffer v0.10.4
[INFO] [stderr]    Compiling digest v0.10.7
[INFO] [stderr]    Compiling crypto-common v0.2.2
[INFO] [stderr]    Compiling block-buffer v0.12.1
[INFO] [stderr]    Compiling blake2 v0.10.6
[INFO] [stderr]    Compiling digest v0.11.3
[INFO] [stderr]    Compiling sha2 v0.11.0
[INFO] [stderr]    Compiling aleo-std-time v1.0.4
[INFO] [stderr]    Compiling serde_derive v1.0.229
[INFO] [stderr]    Compiling aleo-std-timed v1.0.4
[INFO] [stderr]    Compiling snarkvm-utilities-derives v4.12.0
[INFO] [stderr]    Compiling zeroize_derive v1.5.0
[INFO] [stderr]    Compiling thiserror-impl v2.0.18
[INFO] [stderr]    Compiling tracing-attributes v0.1.31
[INFO] [stderr]    Compiling zeroize v1.9.0
[INFO] [stderr]    Compiling rustls-pki-types v1.15.0
[INFO] [stderr]    Compiling tracing v0.1.44
[INFO] [stderr]    Compiling rustls-webpki v0.103.15
[INFO] [stderr]    Compiling webpki-roots v1.0.8
[INFO] [stderr]    Compiling thiserror v2.0.18
[INFO] [stderr]    Compiling bincode v1.3.3
[INFO] [stderr]    Compiling snarkvm-utilities v4.12.0
[INFO] [stderr]    Compiling snarkvm-fields v4.12.0
[INFO] [stderr]    Compiling snarkvm-curves v4.12.0
[INFO] [stderr]    Compiling ureq v3.4.2
[INFO] [stderr]    Compiling snarkvm-parameters v4.12.0
[INFO] [stderr]    Compiling snarkvm-algorithms v4.12.0 (/opt/rustwide/workdir)
[INFO] [stderr] warning: unused dependency `ahash`
[INFO] [stderr]  --> Cargo.toml:1:15
[INFO] [stderr]   |
[INFO] [stderr] 1 | [dependencies.ahash]
[INFO] [stderr]   |               ^^^^^^
[INFO] [stderr]   |
[INFO] [stderr]   = note: `cargo::unused_dependencies` is set to `warn` by default
[INFO] [stderr] help: consider removing the dependency on `ahash`
[INFO] [stderr] warning: `snarkvm-algorithms` (manifest) generated 1 warning
[INFO] [stderr]     Finished `release` profile [optimized] target(s) in 1m 12s
[INFO] running `Command { std: "docker" "inspect" "99629f34179300d15152d5b4d51b0f92e7971dd4532efd1c5b1836447d45ff2b", kill_on_drop: false }`
[INFO] running `Command { std: "docker" "exec" "-e" "SOURCE_DIR=/opt/rustwide/workdir" "-e" "CARGO_HOME=/opt/rustwide/cargo-home" "-e" "RUSTUP_HOME=/opt/rustwide/rustup-home" "-e" "CARGO_TARGET_DIR=/opt/rustwide/target" "-e" "CARGO_INCREMENTAL=0" "-e" "RUST_BACKTRACE=full" "-e" "RUSTFLAGS=--cap-lints=warn" "-e" "RUSTDOCFLAGS=--cap-lints=warn" "-w" "/opt/rustwide/workdir" "--user" "0:0" "99629f34179300d15152d5b4d51b0f92e7971dd4532efd1c5b1836447d45ff2b" "/opt/rustwide/cargo-home/bin/cargo" "+1.100.0-beta.1" "test" "--frozen" "--no-run" "--message-format=json" "--release", kill_on_drop: false }`
[INFO] [stderr]    Compiling serde_core v1.0.229
[INFO] [stderr]    Compiling memchr v2.8.2
[INFO] [stderr]    Compiling serde v1.0.229
[INFO] [stderr]    Compiling rustix v1.1.4
[INFO] [stderr]    Compiling linux-raw-sys v0.12.1
[INFO] [stderr]    Compiling bitflags v2.13.0
[INFO] [stderr]    Compiling dirs-sys v0.3.7
[INFO] [stderr]    Compiling zerocopy v0.8.52
[INFO] [stderr]    Compiling fastrand v2.4.1
[INFO] [stderr]    Compiling zerocopy-derive v0.8.52
[INFO] [stderr]    Compiling aleo-std v1.0.4
[INFO] [stderr]    Compiling futures-sink v0.3.32
[INFO] [stderr]    Compiling futures-core v0.3.32
[INFO] [stderr]    Compiling regex-syntax v0.8.11
[INFO] [stderr]    Compiling clap_builder v4.6.0
[INFO] [stderr]    Compiling itertools v0.13.0
[INFO] [stderr]    Compiling hashbrown v0.14.5
[INFO] [stderr]    Compiling dirs v4.0.0
[INFO] [stderr]    Compiling futures-channel v0.3.32
[INFO] [stderr]    Compiling plotters v0.3.7
[INFO] [stderr]    Compiling serial_test_derive v2.0.0
[INFO] [stderr]    Compiling dissimilar v1.0.11
[INFO] [stderr]    Compiling oorandom v11.1.5
[INFO] [stderr]    Compiling expect-test v1.5.1
[INFO] [stderr]    Compiling dashmap v5.5.3
[INFO] [stderr]    Compiling futures-util v0.3.32
[INFO] [stderr]    Compiling regex-automata v0.4.14
[INFO] [stderr]    Compiling criterion-plot v0.6.0
[INFO] [stderr]    Compiling tempfile v3.27.0
[INFO] [stderr]    Compiling aleo-std-storage v1.0.4
[INFO] [stderr]    Compiling serde_json v1.0.150
[INFO] [stderr]    Compiling clap v4.6.1
[INFO] [stderr]    Compiling bincode v1.3.3
[INFO] [stderr]    Compiling regex v1.12.4
[INFO] [stderr]    Compiling tinytemplate v1.2.1
[INFO] [stderr]    Compiling snarkvm-utilities v4.12.0
[INFO] [stderr]    Compiling futures-executor v0.3.32
[INFO] [stderr]    Compiling futures v0.3.32
[INFO] [stderr]    Compiling serial_test v2.0.0
[INFO] [stderr]    Compiling snarkvm-fields v4.12.0
[INFO] [stderr]    Compiling half v2.7.1
[INFO] [stderr]    Compiling ahash v0.8.12
[INFO] [stderr]    Compiling ciborium-ll v0.2.2
[INFO] [stderr]    Compiling snarkvm-curves v4.12.0
[INFO] [stderr]    Compiling ciborium v0.2.2
[INFO] [stderr]    Compiling criterion v0.7.0
[INFO] [stderr]    Compiling snarkvm-parameters v4.12.0
[INFO] [stderr]    Compiling snarkvm-algorithms v4.12.0 (/opt/rustwide/workdir)
[INFO] [stderr] warning: unused dependency `ahash`
[INFO] [stderr]  --> Cargo.toml:1:15
[INFO] [stderr]   |
[INFO] [stderr] 1 | [dependencies.ahash]
[INFO] [stderr]   |               ^^^^^^
[INFO] [stderr]   |
[INFO] [stderr]   = note: `cargo::unused_dependencies` is set to `warn` by default
[INFO] [stderr] help: consider removing the dependency on `ahash`
[INFO] [stderr] warning: `snarkvm-algorithms` (manifest) generated 1 warning
[INFO] [stderr]     Finished `release` profile [optimized] target(s) in 2m 06s
[INFO] running `Command { std: "docker" "inspect" "99629f34179300d15152d5b4d51b0f92e7971dd4532efd1c5b1836447d45ff2b", kill_on_drop: false }`
[INFO] running `Command { std: "docker" "exec" "-e" "SOURCE_DIR=/opt/rustwide/workdir" "-e" "CARGO_HOME=/opt/rustwide/cargo-home" "-e" "RUSTUP_HOME=/opt/rustwide/rustup-home" "-e" "CARGO_TARGET_DIR=/opt/rustwide/target" "-e" "CARGO_INCREMENTAL=0" "-e" "RUST_BACKTRACE=full" "-e" "RUSTFLAGS=--cap-lints=warn" "-e" "RUSTDOCFLAGS=--cap-lints=warn" "-w" "/opt/rustwide/workdir" "--user" "0:0" "99629f34179300d15152d5b4d51b0f92e7971dd4532efd1c5b1836447d45ff2b" "/opt/rustwide/cargo-home/bin/cargo" "+1.100.0-beta.1" "test" "--frozen" "--release", kill_on_drop: false }`
[INFO] [stderr] warning: unused dependency `ahash`
[INFO] [stderr]  --> Cargo.toml:1:15
[INFO] [stderr]   |
[INFO] [stderr] 1 | [dependencies.ahash]
[INFO] [stderr]   |               ^^^^^^
[INFO] [stderr]   |
[INFO] [stderr]   = note: `cargo::unused_dependencies` is set to `warn` by default
[INFO] [stderr] help: consider removing the dependency on `ahash`
[INFO] [stderr] warning: `snarkvm-algorithms` (manifest) generated 1 warning
[INFO] [stderr]     Finished `release` profile [optimized] target(s) in 0.19s
[INFO] [stderr]      Running unittests src/lib.rs (/opt/rustwide/target/release/build/snarkvm-algorithms/60cc46fd6c191b65/out/snarkvm_algorithms-60cc46fd6c191b65)
[INFO] [stdout] 
[INFO] [stdout] running 113 tests
[INFO] [stdout] test fft::domain::tests::size_of_elements ... ok
[INFO] [stdout] test fft::domain::tests::elements_contents ... ok
[INFO] [stdout] test crypto_hash::tests::test_grain_lfsr_consistency ... ok
[INFO] [stdout] test fft::domain::tests::test_roots_of_unity ... ok
[INFO] [stdout] test fft::domain::tests::systematic_lagrange_coefficients_test ... ok
[INFO] [stdout] test fft::domain::tests::test_reindex_by_subdomain_is_a_permutation ... ok
[INFO] [stdout] test fft::polynomial::dense::evaluate_tests::evaluate_tolerates_trailing_zeros ... ok
[INFO] [stdout] test fft::polynomial::dense::monic_linear_divide_tests::tolerates_non_canonical_input ... ok
[INFO] [stdout] test fft::polynomial::dense::monic_linear_divide_tests::zero_and_constant_polynomials ... ok
[INFO] [stdout] test fft::polynomial::dense::evaluate_tests::evaluate_agrees_with_the_powers_form ... ok
[INFO] [stdout] test fft::domain::tests::vanishing_polynomial_evaluation ... ok
[INFO] [stdout] test fft::polynomial::dense::monic_linear_divide_tests::the_remainder_is_the_evaluation ... ok
[INFO] [stdout] test fft::polynomial::dense::tests::add_scaled_polynomial_to_zero ... ok
[INFO] [stdout] test fft::polynomial::dense::tests::divide_poly_by_zero ... ok
[INFO] [stdout] test fft::polynomial::dense::tests::divide_polynomials_fixed ... ok
[INFO] [stdout] test fft::polynomial::dense::tests::evaluate_polynomials ... ok
[INFO] [stdout] test fft::polynomial::dense::monic_linear_divide_tests::agrees_with_generic_long_division ... ok
[INFO] [stdout] test fft::polynomial::dense::tests::double_polynomials_random ... ok
[INFO] [stdout] test crypto_hash::tests::bls12_377_fr_poseidon_default_parameters_test ... ok
[INFO] [stdout] test crypto_hash::tests::test_poseidon_sponge_consistency ... ok
[INFO] [stdout] test fft::polynomial::dense::tests::sub_polynomials ... ok
[INFO] [stdout] test fft::polynomial::dense::tests::add_polynomials_with_mul ... ok
[INFO] [stdout] test fft::polynomial::dense::tests::add_polynomials ... ok
[INFO] [stdout] test fft::domain::tests::vanishing_polynomial_vanishes_on_domain ... ok
[INFO] [stdout] test fft::polynomial::dense::monic_linear_divide_tests::a_root_divides_exactly ... ok
[INFO] [stdout] test fft::polynomial::dense::tests::mul_polynomials_corner_cases ... ok
[INFO] [stdout] test fft::polynomial::dense::vanishing_divide_tests::zero_divides_to_zero ... ok
[INFO] [stdout] test fft::tests::elements_contents ... ok
[INFO] [stdout] test fft::domain::tests::test_ifft_precomputation_from_fft ... ok
[INFO] [stdout] test fft::domain::tests::test_fft_correctness ... ok
[INFO] [stdout] test fft::polynomial::dense::vanishing_divide_tests::tolerates_trailing_zeros ... ok
[INFO] [stdout] test fft::domain::tests::non_systematic_lagrange_coefficients_test ... ok
[INFO] [stdout] test fft::tests::non_systematic_lagrange_coefficients_test ... ok
[INFO] [stdout] test fft::tests::size_of_elements ... ok
[INFO] [stdout] test fft::tests::systematic_lagrange_coefficients_test ... ok
[INFO] [stdout] test fft::tests::test_roots_of_unity ... ok
[INFO] [stdout] test fft::tests::vanishing_polynomial_evaluation ... ok
[INFO] [stdout] test fft::tests::test_fft_correctness ... ok
[INFO] [stdout] test fft::polynomial::dense::vanishing_divide_tests::exact_multiples_leave_no_remainder ... ok
[INFO] [stdout] test fft::tests::vanishing_polynomial_vanishes_on_domain ... ok
[INFO] [stdout] test msm::tests::variable_base_test_with_bls12 ... ok
[INFO] [stdout] test fft::domain::tests::test_ifft_precomputation ... ok
[INFO] [stdout] test polycommit::kzg10::tests::test_degree_is_too_large ... ok
[INFO] [stdout] test fft::domain::tests::test_fft_precomputation ... ok
[INFO] [stdout] test fft::polynomial::dense::tests::mul_polynomials_n_random ... ok
[INFO] [stdout] test fft::polynomial::dense::vanishing_divide_tests::agrees_with_generic_long_division ... ok
[INFO] [stdout] test fft::polynomial::sparse::tests::evaluate_over_domain ... ok
[INFO] [stdout] test msm::tests::variable_base_test_with_bls12_unequal_numbers ... ok
[INFO] [stdout] test fft::tests::evaluate_over_domain ... ok
[INFO] [stdout] test polycommit::sonic_pc::tests::a_rejected_trim_downloads_nothing ... ok
[INFO] [stdout] test polycommit::kzg10::tests::test_kzg10_universal_params_serialization ... ok
[INFO] [stdout] test polycommit::sonic_pc::tests::editing_a_shared_key_copies_it_first ... ok
[INFO] [stdout] test polycommit::sonic_pc::tests::an_empty_range_leaves_the_snapshot_alone ... ok
[INFO] [stdout] test polycommit::sonic_pc::tests::test_bad_degree_bound - should panic ... ok
[INFO] [stdout] test polycommit::sonic_pc::tests::a_key_keeps_its_snapshot_across_a_growth ... FAILED
[INFO] [stdout] test polycommit::sonic_pc::tests::test_committer_key_serialization ... ok
[INFO] [stdout] test msm::variable_base::tests::test_msm ... ok
[INFO] [stdout] test polycommit::kzg10::tests::test_batch_check ... ok
[INFO] [stdout] test fft::tests::parallel_fft_consistency ... ok
[INFO] [stdout] test polycommit::sonic_pc::tests::test_lagrange_commitment ... ok
[INFO] [stdout] test polycommit::kzg10::tests::test_linear_polynomial ... ok
[INFO] [stdout] test polycommit::kzg10::tests::test_end_to_end ... ok
[INFO] [stdout] test polycommit::sonic_pc::tests::test_quadratic_poly_degree_bound_multiple_queries ... ok
[INFO] [stdout] test polycommit::sonic_pc::tests::test_linear_poly_degree_bound ... ok
[INFO] [stdout] test polycommit::sonic_pc::tests::test_union_takes_each_array_from_the_key_where_it_is_longest ... ok
[INFO] [stdout] test polycommit::sonic_pc::tests::trim_shares_its_bases_with_the_srs ... ok
[INFO] [stdout] test polycommit::sonic_pc::tests::trim_shares_the_snapshot_left_after_its_own_downloads ... FAILED
[INFO] [stdout] test r1cs::linear_combination::tests::linear_combination_append ... ok
[INFO] [stdout] test r1cs::test::serialize_index ... ok
[INFO] [stdout] test snark::varuna::ahp::ahp::tests::has_lc_eval_agrees_with_get_lc_eval ... ok
[INFO] [stdout] test snark::varuna::ahp::ahp::tests::test_summation ... ok
[INFO] [stdout] test snark::varuna::ahp::matrices::tests::check_arithmetization ... ok
[INFO] [stdout] test snark::varuna::ahp::prover::round_functions::check_division_by_vanishing_poly_preserve_sparseness ... ok
[INFO] [stdout] test snark::varuna::ahp::selectors::tests::repeat_matches_multiply_then_divide ... ok
[INFO] [stdout] test snark::varuna::ahp::selectors::tests::repeat_rejects_a_source_domain_larger_than_the_target ... ok
[INFO] [stdout] test snark::varuna::ahp::selectors::tests::test_alternator_polynomial ... ok
[INFO] [stdout] test polycommit::sonic_pc::tests::test_single_equation ... ok
[INFO] [stdout] test snark::varuna::data_structures::proof::test::test_serializing_evaluations ... ok
[INFO] [stdout] test fft::polynomial::dense::vanishing_divide_tests::identity_holds_for_random_inputs ... ok
[INFO] [stdout] test fft::polynomial::dense::monic_linear_divide_tests::satisfies_the_defining_identity ... ok
[INFO] [stdout] test polycommit::sonic_pc::tests::test_single_poly_degree_bound ... ok
[INFO] [stdout] test fft::tests::fft_composition ... ok
[INFO] [stdout] test snark::varuna::data_structures::proof::test::test_serializing_proof ... ok
[INFO] [stdout] test snark::varuna::data_structures::proof::test::test_serializing_commitments ... ok
[INFO] [stdout] test polycommit::sonic_pc::tests::test_single_poly ... ok
[INFO] [stdout] test polycommit::sonic_pc::tests::test_single_poly_degree_bound_multiple_queries ... ok
[INFO] [stdout] test snark::varuna::tests::varuna::test_varuna_v3_lineval_identity ... ok
[INFO] [stdout] test snark::varuna::tests::varuna::test_varuna_v3_version_encoding ... ok
[INFO] [stdout] test polycommit::sonic_pc::tests::test_two_equation ... ok
[INFO] [stdout] test snark::varuna::tests::varuna_hiding::check_indexing ... FAILED
[INFO] [stdout] test snark::varuna::tests::varuna_hiding::prove_and_verify_with_large_matrix ... FAILED
[INFO] [stdout] test polycommit::sonic_pc::tests::test_two_equation_degree_bound ... ok
[INFO] [stdout] test snark::varuna::tests::varuna::test_varuna_legacy_bytes ... ok
[INFO] [stdout] test polycommit::sonic_pc::tests::test_two_polys_degree_bound_single_query ... ok
[INFO] [stdout] test snark::varuna::tests::varuna::test_varuna_v3_key_reuse_and_batch ... ok
[INFO] [stdout] test polycommit::sonic_pc::tests::test_full_end_to_end ... ok
[INFO] [stdout] test polycommit::sonic_pc::tests::test_full_end_to_end_equation ... ok
[INFO] [stdout] test snark::varuna::tests::varuna_hiding::test_circuit_verifying_key_bounded_deserialization ... ok
[INFO] [stdout] test snark::varuna::tests::varuna_hiding::test_srs_downloads ... FAILED
[INFO] [stdout] test snark::varuna::tests::varuna_test_vectors::test_varuna_with_prover_test_vectors ... ok
[INFO] [stdout] test fft::polynomial::dense::tests::divide_polynomials_random has been running for over 60 seconds
[INFO] [stdout] test fft::polynomial::dense::tests::mul_by_vanishing_poly has been running for over 60 seconds
[INFO] [stdout] test fft::polynomial::dense::tests::mul_polynomials_random has been running for over 60 seconds
[INFO] [stdout] test fft::polynomial::dense::tests::mul_by_vanishing_poly ... ok
[INFO] [stdout] test snark::varuna::tests::varuna::prove_and_verify_with_square_matrix has been running for over 60 seconds
[INFO] [stdout] test snark::varuna::tests::varuna::prove_and_verify_with_squat_matrix_big has been running for over 60 seconds
[INFO] [stdout] test snark::varuna::tests::varuna::prove_and_verify_with_squat_matrix_small has been running for over 60 seconds
[INFO] [stdout] test snark::varuna::tests::varuna::prove_and_verify_with_tall_matrix_big has been running for over 60 seconds
[INFO] [stdout] test snark::varuna::tests::varuna::prove_and_verify_with_tall_matrix_small has been running for over 60 seconds
[INFO] [stdout] test snark::varuna::tests::varuna_hiding::prove_and_verify_with_square_matrix has been running for over 60 seconds
[INFO] [stdout] test snark::varuna::tests::varuna_hiding::prove_and_verify_with_squat_matrix_big has been running for over 60 seconds
[INFO] [stdout] test snark::varuna::tests::varuna_hiding::prove_and_verify_with_squat_matrix_small has been running for over 60 seconds
[INFO] [stdout] test snark::varuna::tests::varuna_hiding::prove_and_verify_with_tall_matrix_big has been running for over 60 seconds
[INFO] [stdout] test snark::varuna::tests::varuna_hiding::prove_and_verify_with_tall_matrix_small has been running for over 60 seconds
[INFO] [stdout] test fft::polynomial::dense::tests::divide_polynomials_random ... ok
[INFO] [stdout] test snark::varuna::tests::varuna_hiding::prove_and_verify_with_squat_matrix_big ... ok
[INFO] [stdout] test snark::varuna::tests::varuna_hiding::prove_and_verify_with_square_matrix ... ok
[INFO] [stdout] test snark::varuna::tests::varuna_hiding::prove_and_verify_with_tall_matrix_big ... ok
[INFO] [stdout] test snark::varuna::tests::varuna_hiding::prove_and_verify_with_tall_matrix_small ... ok
[INFO] [stdout] test snark::varuna::tests::varuna_hiding::prove_and_verify_with_squat_matrix_small ... ok
[INFO] [stdout] test fft::polynomial::dense::tests::mul_polynomials_random ... ok
[INFO] [stdout] test snark::varuna::tests::varuna::prove_and_verify_with_square_matrix ... ok
[INFO] [stdout] test snark::varuna::tests::varuna::prove_and_verify_with_squat_matrix_small ... ok
[INFO] [stdout] test snark::varuna::tests::varuna::prove_and_verify_with_squat_matrix_big ... ok
[INFO] [stdout] test snark::varuna::tests::varuna::prove_and_verify_with_tall_matrix_big ... ok
[INFO] [stdout] test snark::varuna::tests::varuna::prove_and_verify_with_tall_matrix_small ... ok
[INFO] [stdout] 
[INFO] [stdout] failures:
[INFO] [stdout] 
[INFO] [stdout] ---- polycommit::sonic_pc::tests::a_key_keeps_its_snapshot_across_a_growth stdout ----
[INFO] [stdout] 
[INFO] [stdout] ⚠️  "powers-of-beta-16.usrs.84631bc" does not exist. Downloading and storing it (in "/root/.aleo/resources/powers-of-beta-16.usrs.84631bc").
[INFO] [stdout] 
[INFO] [stdout]    Installation - Downloading "https://parameters.provable.com/mainnet/powers-of-beta-16.usrs.84631bc"
[INFO] [stdout]         Warning - ureq: io: failed to lookup address information: Temporary failure in name resolution
[INFO] [stdout]         Warning - Failed to fetch from "https://parameters.provable.com/mainnet". Trying next source...
[INFO] [stdout]    Installation - Downloading "https://s3.us-west-1.amazonaws.com/mainnet.parameters/powers-of-beta-16.usrs.84631bc"
[INFO] [stdout] 
[INFO] [stdout] thread 'polycommit::sonic_pc::tests::a_key_keeps_its_snapshot_across_a_growth' (13395) panicked at src/polycommit/sonic_pc/mod.rs:909:46:
[INFO] [stdout] called `Result::unwrap()` on an `Err` value: ureq: io: failed to lookup address information: Temporary failure in name resolution
[INFO] [stdout] 
[INFO] [stdout] Stack backtrace:
[INFO] [stdout]    0: <anyhow::Error as core::convert::From<snarkvm_parameters::errors::parameter::ParameterError>>::from
[INFO] [stdout]    1: <snarkvm_parameters::mainnet::powers::PowersOfBetaG<snarkvm_curves::templates::bls12::bls12::Bls12<snarkvm_curves::bls12_377::parameters::Bls12_377Parameters>>>::download_powers_up_to
[INFO] [stdout]    2: <snarkvm_parameters::mainnet::powers::PowersOfG<snarkvm_curves::templates::bls12::bls12::Bls12<snarkvm_curves::bls12_377::parameters::Bls12_377Parameters>>>::download_powers_for
[INFO] [stdout]    3: <snarkvm_algorithms::polycommit::sonic_pc::tests::a_key_keeps_its_snapshot_across_a_growth::{closure#0} as core::ops::function::FnOnce<()>>::call_once
[INFO] [stdout]    4: test::__rust_begin_short_backtrace::<core::result::Result<(), alloc::string::String>, fn() -> core::result::Result<(), alloc::string::String>>
[INFO] [stdout]    5: test::run_test::{closure#0}
[INFO] [stdout]    6: std::sys::backtrace::__rust_begin_short_backtrace::<test::run_test::{closure#1}, ()>
[INFO] [stdout]    7: <std::thread::lifecycle::spawn_unchecked<test::run_test::{closure#1}, ()>::{closure#1} as core::ops::function::FnOnce<()>>::call_once::{shim:vtable#0}
[INFO] [stdout]    8: <std::sys::thread::unix::Thread>::new::thread_start
[INFO] [stdout]    9: <unknown>
[INFO] [stdout]   10: clone
[INFO] [stdout] stack backtrace:
[INFO] [stdout]    0:     0x633674cb9421 - <<std[617be2ca0a6fd877]::sys::backtrace::BacktraceLock>::print::DisplayBacktrace as core[a373ad73a504971]::fmt::Display>::fmt
[INFO] [stdout]    1:     0x633674ccfc0a - core[a373ad73a504971]::fmt::write
[INFO] [stdout]    2:     0x633674cbe28c - <alloc[2e1b2a31b91974c5]::vec::Vec<u8> as core[a373ad73a504971]::io::write::Write>::write_fmt
[INFO] [stdout]    3:     0x633674c92426 - std[617be2ca0a6fd877]::panicking::default_hook::{closure#0}
[INFO] [stdout]    4:     0x633674cb06a9 - std[617be2ca0a6fd877]::panicking::default_hook
[INFO] [stdout]    5:     0x633674a5af50 - test[aada8e7e76ba119b]::test_main_inner::{closure#0}
[INFO] [stdout]    6:     0x633674cb09d2 - std[617be2ca0a6fd877]::panicking::panic_with_hook
[INFO] [stdout]    7:     0x633674c924d2 - std[617be2ca0a6fd877]::panicking::panic_handler::{closure#0}
[INFO] [stdout]    8:     0x633674c8a829 - std[617be2ca0a6fd877]::sys::backtrace::__rust_end_short_backtrace::<std[617be2ca0a6fd877]::panicking::panic_handler::{closure#0}, !>
[INFO] [stdout]    9:     0x633674c933dd - __rustc[ea4f61d10b84890b]::rust_begin_unwind
[INFO] [stdout]   10:     0x633674cd033c - core[a373ad73a504971]::panicking::panic_fmt
[INFO] [stdout]   11:     0x633674cd0112 - core[a373ad73a504971]::result::unwrap_failed
[INFO] [stdout]   12:     0x633674a488ce - <snarkvm_algorithms[6c4fabe0aa30e6e9]::polycommit::sonic_pc::tests::a_key_keeps_its_snapshot_across_a_growth::{closure#0} as core[a373ad73a504971]::ops::function::FnOnce<()>>::call_once
[INFO] [stdout]   13:     0x633674a4e39b - test[aada8e7e76ba119b]::__rust_begin_short_backtrace::<core[a373ad73a504971]::result::Result<(), alloc[2e1b2a31b91974c5]::string::String>, fn() -> core[a373ad73a504971]::result::Result<(), alloc[2e1b2a31b91974c5]::string::String>>
[INFO] [stdout]   14:     0x633674a5b575 - test[aada8e7e76ba119b]::run_test::{closure#0}
[INFO] [stdout]   15:     0x633674a54e64 - std[617be2ca0a6fd877]::sys::backtrace::__rust_begin_short_backtrace::<test[aada8e7e76ba119b]::run_test::{closure#1}, ()>
[INFO] [stdout]   16:     0x633674a5e602 - <std[617be2ca0a6fd877]::thread::lifecycle::spawn_unchecked<test[aada8e7e76ba119b]::run_test::{closure#1}, ()>::{closure#1} as core[a373ad73a504971]::ops::function::FnOnce<()>>::call_once::{shim:vtable#0}
[INFO] [stdout]   17:     0x633674cb7ecf - <std[617be2ca0a6fd877]::sys::thread::unix::Thread>::new::thread_start
[INFO] [stdout]   18:     0x7a1003e6adfa - <unknown>
[INFO] [stdout]   19:     0x7a1003efe3d4 - clone
[INFO] [stdout]   20:                0x0 - <unknown>
[INFO] [stdout] 
[INFO] [stdout] ---- polycommit::sonic_pc::tests::trim_shares_the_snapshot_left_after_its_own_downloads stdout ----
[INFO] [stdout] 
[INFO] [stdout] ⚠️  "powers-of-beta-16.usrs.84631bc" does not exist. Downloading and storing it (in "/root/.aleo/resources/powers-of-beta-16.usrs.84631bc").
[INFO] [stdout] 
[INFO] [stdout]    Installation - Downloading "https://parameters.provable.com/mainnet/powers-of-beta-16.usrs.84631bc"
[INFO] [stdout]         Warning - ureq: io: failed to lookup address information: Temporary failure in name resolution
[INFO] [stdout]         Warning - Failed to fetch from "https://parameters.provable.com/mainnet". Trying next source...
[INFO] [stdout]    Installation - Downloading "https://s3.us-west-1.amazonaws.com/mainnet.parameters/powers-of-beta-16.usrs.84631bc"
[INFO] [stdout] 
[INFO] [stdout] thread 'polycommit::sonic_pc::tests::trim_shares_the_snapshot_left_after_its_own_downloads' (45248) panicked at src/polycommit/sonic_pc/mod.rs:926:81:
[INFO] [stdout] called `Result::unwrap()` on an `Err` value: ureq: io: failed to lookup address information: Temporary failure in name resolution
[INFO] [stdout] 
[INFO] [stdout] Stack backtrace:
[INFO] [stdout]    0: <anyhow::Error as core::convert::From<snarkvm_parameters::errors::parameter::ParameterError>>::from
[INFO] [stdout]    1: <snarkvm_parameters::mainnet::powers::PowersOfBetaG<snarkvm_curves::templates::bls12::bls12::Bls12<snarkvm_curves::bls12_377::parameters::Bls12_377Parameters>>>::download_powers_up_to
[INFO] [stdout]    2: <snarkvm_parameters::mainnet::powers::PowersOfG<snarkvm_curves::templates::bls12::bls12::Bls12<snarkvm_curves::bls12_377::parameters::Bls12_377Parameters>>>::download_powers_for
[INFO] [stdout]    3: <snarkvm_algorithms::polycommit::sonic_pc::SonicKZG10<snarkvm_curves::templates::bls12::bls12::Bls12<snarkvm_curves::bls12_377::parameters::Bls12_377Parameters>, snarkvm_algorithms::crypto_hash::poseidon::PoseidonSponge<snarkvm_fields::fp_384::Fp384<snarkvm_curves::bls12_377::fq::FqParameters>, 2, 1>>>::trim::<[usize; 1]>
[INFO] [stdout]    4: <snarkvm_algorithms::polycommit::sonic_pc::tests::trim_shares_the_snapshot_left_after_its_own_downloads::{closure#0} as core::ops::function::FnOnce<()>>::call_once
[INFO] [stdout]    5: test::__rust_begin_short_backtrace::<core::result::Result<(), alloc::string::String>, fn() -> core::result::Result<(), alloc::string::String>>
[INFO] [stdout]    6: test::run_test::{closure#0}
[INFO] [stdout]    7: std::sys::backtrace::__rust_begin_short_backtrace::<test::run_test::{closure#1}, ()>
[INFO] [stdout]    8: <std::thread::lifecycle::spawn_unchecked<test::run_test::{closure#1}, ()>::{closure#1} as core::ops::function::FnOnce<()>>::call_once::{shim:vtable#0}
[INFO] [stdout]    9: <std::sys::thread::unix::Thread>::new::thread_start
[INFO] [stdout]   10: <unknown>
[INFO] [stdout]   11: clone
[INFO] [stdout] stack backtrace:
[INFO] [stdout]    0:     0x633674cb9421 - <<std[617be2ca0a6fd877]::sys::backtrace::BacktraceLock>::print::DisplayBacktrace as core[a373ad73a504971]::fmt::Display>::fmt
[INFO] [stdout]    1:     0x633674ccfc0a - core[a373ad73a504971]::fmt::write
[INFO] [stdout]    2:     0x633674cbe28c - <alloc[2e1b2a31b91974c5]::vec::Vec<u8> as core[a373ad73a504971]::io::write::Write>::write_fmt
[INFO] [stdout]    3:     0x633674c92426 - std[617be2ca0a6fd877]::panicking::default_hook::{closure#0}
[INFO] [stdout]    4:     0x633674cb06a9 - std[617be2ca0a6fd877]::panicking::default_hook
[INFO] [stdout]    5:     0x633674a5af50 - test[aada8e7e76ba119b]::test_main_inner::{closure#0}
[INFO] [stdout]    6:     0x633674cb09d2 - std[617be2ca0a6fd877]::panicking::panic_with_hook
[INFO] [stdout]    7:     0x633674c924d2 - std[617be2ca0a6fd877]::panicking::panic_handler::{closure#0}
[INFO] [stdout]    8:     0x633674c8a829 - std[617be2ca0a6fd877]::sys::backtrace::__rust_end_short_backtrace::<std[617be2ca0a6fd877]::panicking::panic_handler::{closure#0}, !>
[INFO] [stdout]    9:     0x633674c933dd - __rustc[ea4f61d10b84890b]::rust_begin_unwind
[INFO] [stdout]   10:     0x633674cd033c - core[a373ad73a504971]::panicking::panic_fmt
[INFO] [stdout]   11:     0x633674cd0112 - core[a373ad73a504971]::result::unwrap_failed
[INFO] [stdout]   12:     0x633674a49722 - <snarkvm_algorithms[6c4fabe0aa30e6e9]::polycommit::sonic_pc::tests::trim_shares_the_snapshot_left_after_its_own_downloads::{closure#0} as core[a373ad73a504971]::ops::function::FnOnce<()>>::call_once
[INFO] [stdout]   13:     0x633674a4e39b - test[aada8e7e76ba119b]::__rust_begin_short_backtrace::<core[a373ad73a504971]::result::Result<(), alloc[2e1b2a31b91974c5]::string::String>, fn() -> core[a373ad73a504971]::result::Result<(), alloc[2e1b2a31b91974c5]::string::String>>
[INFO] [stdout]   14:     0x633674a5b575 - test[aada8e7e76ba119b]::run_test::{closure#0}
[INFO] [stdout]   15:     0x633674a54e64 - std[617be2ca0a6fd877]::sys::backtrace::__rust_begin_short_backtrace::<test[aada8e7e76ba119b]::run_test::{closure#1}, ()>
[INFO] [stdout]   16:     0x633674a5e602 - <std[617be2ca0a6fd877]::thread::lifecycle::spawn_unchecked<test[aada8e7e76ba119b]::run_test::{closure#1}, ()>::{closure#1} as core[a373ad73a504971]::ops::function::FnOnce<()>>::call_once::{shim:vtable#0}
[INFO] [stdout]   17:     0x633674cb7ecf - <std[617be2ca0a6fd877]::sys::thread::unix::Thread>::new::thread_start
[INFO] [stdout]   18:     0x7a1003e6adfa - <unknown>
[INFO] [stdout]   19:     0x7a1003efe3d4 - clone
[INFO] [stdout]   20:                0x0 - <unknown>
[INFO] [stdout] 
[INFO] [stdout] ---- snark::varuna::tests::varuna_hiding::check_indexing stdout ----
[INFO] [stdout] 
[INFO] [stdout] Initializing 'TestRng' with seed '18054388442803383737'
[INFO] [stdout] 
[INFO] [stdout] 
[INFO] [stdout] ⚠️  "powers-of-beta-16.usrs.84631bc" does not exist. Downloading and storing it (in "/root/.aleo/resources/powers-of-beta-16.usrs.84631bc").
[INFO] [stdout] 
[INFO] [stdout]    Installation - Downloading "https://parameters.provable.com/mainnet/powers-of-beta-16.usrs.84631bc"
[INFO] [stdout]         Warning - ureq: io: failed to lookup address information: Temporary failure in name resolution
[INFO] [stdout]         Warning - Failed to fetch from "https://parameters.provable.com/mainnet". Trying next source...
[INFO] [stdout]    Installation - Downloading "https://s3.us-west-1.amazonaws.com/mainnet.parameters/powers-of-beta-16.usrs.84631bc"
[INFO] [stdout] 
[INFO] [stdout] thread 'snark::varuna::tests::varuna_hiding::check_indexing' (80398) panicked at src/snark/varuna/tests.rs:794:92:
[INFO] [stdout] called `Result::unwrap()` on an `Err` value: ureq: io: failed to lookup address information: Temporary failure in name resolution
[INFO] [stdout] 
[INFO] [stdout] Stack backtrace:
[INFO] [stdout]    0: <anyhow::Error as core::convert::From<snarkvm_parameters::errors::parameter::ParameterError>>::from
[INFO] [stdout]    1: <snarkvm_parameters::mainnet::powers::PowersOfBetaG<snarkvm_curves::templates::bls12::bls12::Bls12<snarkvm_curves::bls12_377::parameters::Bls12_377Parameters>>>::download_powers_up_to
[INFO] [stdout]    2: <snarkvm_parameters::mainnet::powers::PowersOfG<snarkvm_curves::templates::bls12::bls12::Bls12<snarkvm_curves::bls12_377::parameters::Bls12_377Parameters>>>::download_powers_for
[INFO] [stdout]    3: <snarkvm_algorithms::polycommit::sonic_pc::SonicKZG10<snarkvm_curves::templates::bls12::bls12::Bls12<snarkvm_curves::bls12_377::parameters::Bls12_377Parameters>, snarkvm_algorithms::crypto_hash::poseidon::PoseidonSponge<snarkvm_fields::fp_384::Fp384<snarkvm_curves::bls12_377::fq::FqParameters>, 2, 1>>>::trim::<core::array::iter::IntoIter<usize, 0>>
[INFO] [stdout]    4: <snarkvm_algorithms::snark::varuna::varuna::VarunaSNARK<snarkvm_curves::templates::bls12::bls12::Bls12<snarkvm_curves::bls12_377::parameters::Bls12_377Parameters>, snarkvm_algorithms::crypto_hash::poseidon::PoseidonSponge<snarkvm_fields::fp_384::Fp384<snarkvm_curves::bls12_377::fq::FqParameters>, 2, 1>, snarkvm_algorithms::snark::varuna::mode::VarunaHidingMode>>::batch_circuit_setup::<snarkvm_algorithms::snark::varuna::data_structures::test_circuit::TestCircuit<snarkvm_fields::fp_256::Fp256<snarkvm_curves::bls12_377::fr::FrParameters>>>
[INFO] [stdout]    5: <snarkvm_algorithms::snark::varuna::varuna::VarunaSNARK<snarkvm_curves::templates::bls12::bls12::Bls12<snarkvm_curves::bls12_377::parameters::Bls12_377Parameters>, snarkvm_algorithms::crypto_hash::poseidon::PoseidonSponge<snarkvm_fields::fp_384::Fp384<snarkvm_curves::bls12_377::fq::FqParameters>, 2, 1>, snarkvm_algorithms::snark::varuna::mode::VarunaHidingMode> as snarkvm_algorithms::traits::snark::SNARK>::circuit_setup::<snarkvm_algorithms::snark::varuna::data_structures::test_circuit::TestCircuit<snarkvm_fields::fp_256::Fp256<snarkvm_curves::bls12_377::fr::FrParameters>>>
[INFO] [stdout]    6: <snarkvm_algorithms::snark::varuna::tests::varuna_hiding::check_indexing::{closure#0} as core::ops::function::FnOnce<()>>::call_once
[INFO] [stdout]    7: test::__rust_begin_short_backtrace::<core::result::Result<(), alloc::string::String>, fn() -> core::result::Result<(), alloc::string::String>>
[INFO] [stdout]    8: test::run_test::{closure#0}
[INFO] [stdout]    9: std::sys::backtrace::__rust_begin_short_backtrace::<test::run_test::{closure#1}, ()>
[INFO] [stdout]   10: <std::thread::lifecycle::spawn_unchecked<test::run_test::{closure#1}, ()>::{closure#1} as core::ops::function::FnOnce<()>>::call_once::{shim:vtable#0}
[INFO] [stdout]   11: <std::sys::thread::unix::Thread>::new::thread_start
[INFO] [stdout]   12: <unknown>
[INFO] [stdout]   13: clone
[INFO] [stdout] stack backtrace:
[INFO] [stdout]    0:     0x633674cb9421 - <<std[617be2ca0a6fd877]::sys::backtrace::BacktraceLock>::print::DisplayBacktrace as core[a373ad73a504971]::fmt::Display>::fmt
[INFO] [stdout]    1:     0x633674ccfc0a - core[a373ad73a504971]::fmt::write
[INFO] [stdout]    2:     0x633674cbe28c - <alloc[2e1b2a31b91974c5]::vec::Vec<u8> as core[a373ad73a504971]::io::write::Write>::write_fmt
[INFO] [stdout]    3:     0x633674c92426 - std[617be2ca0a6fd877]::panicking::default_hook::{closure#0}
[INFO] [stdout]    4:     0x633674cb06a9 - std[617be2ca0a6fd877]::panicking::default_hook
[INFO] [stdout]    5:     0x633674a5af50 - test[aada8e7e76ba119b]::test_main_inner::{closure#0}
[INFO] [stdout]    6:     0x633674cb09d2 - std[617be2ca0a6fd877]::panicking::panic_with_hook
[INFO] [stdout]    7:     0x633674c924d2 - std[617be2ca0a6fd877]::panicking::panic_handler::{closure#0}
[INFO] [stdout]    8:     0x633674c8a829 - std[617be2ca0a6fd877]::sys::backtrace::__rust_end_short_backtrace::<std[617be2ca0a6fd877]::panicking::panic_handler::{closure#0}, !>
[INFO] [stdout]    9:     0x633674c933dd - __rustc[ea4f61d10b84890b]::rust_begin_unwind
[INFO] [stdout]   10:     0x633674cd033c - core[a373ad73a504971]::panicking::panic_fmt
[INFO] [stdout]   11:     0x633674cd0112 - core[a373ad73a504971]::result::unwrap_failed
[INFO] [stdout]   12:     0x6336749d3c46 - <snarkvm_algorithms[6c4fabe0aa30e6e9]::snark::varuna::tests::varuna_hiding::check_indexing::{closure#0} as core[a373ad73a504971]::ops::function::FnOnce<()>>::call_once
[INFO] [stdout]   13:     0x633674a4e39b - test[aada8e7e76ba119b]::__rust_begin_short_backtrace::<core[a373ad73a504971]::result::Result<(), alloc[2e1b2a31b91974c5]::string::String>, fn() -> core[a373ad73a504971]::result::Result<(), alloc[2e1b2a31b91974c5]::string::String>>
[INFO] [stdout]   14:     0x633674a5b575 - test[aada8e7e76ba119b]::run_test::{closure#0}
[INFO] [stdout]   15:     0x633674a54e64 - std[617be2ca0a6fd877]::sys::backtrace::__rust_begin_short_backtrace::<test[aada8e7e76ba119b]::run_test::{closure#1}, ()>
[INFO] [stdout]   16:     0x633674a5e602 - <std[617be2ca0a6fd877]::thread::lifecycle::spawn_unchecked<test[aada8e7e76ba119b]::run_test::{closure#1}, ()>::{closure#1} as core[a373ad73a504971]::ops::function::FnOnce<()>>::call_once::{shim:vtable#0}
[INFO] [stdout]   17:     0x633674cb7ecf - <std[617be2ca0a6fd877]::sys::thread::unix::Thread>::new::thread_start
[INFO] [stdout]   18:     0x7a1003e6adfa - <unknown>
[INFO] [stdout]   19:     0x7a1003efe3d4 - clone
[INFO] [stdout]   20:                0x0 - <unknown>
[INFO] [stdout] Called TestRng with seed 18054388442803383737 8 times
[INFO] [stdout] 
[INFO] [stdout] ---- snark::varuna::tests::varuna_hiding::prove_and_verify_with_large_matrix stdout ----
[INFO] [stdout] 
[INFO] [stdout] Initializing 'TestRng' with seed '4802443606623672459'
[INFO] [stdout] 
[INFO] [stdout] 
[INFO] [stdout] ⚠️  "powers-of-beta-16.usrs.84631bc" does not exist. Downloading and storing it (in "/root/.aleo/resources/powers-of-beta-16.usrs.84631bc").
[INFO] [stdout] 
[INFO] [stdout]    Installation - Downloading "https://parameters.provable.com/mainnet/powers-of-beta-16.usrs.84631bc"
[INFO] [stdout]         Warning - ureq: io: failed to lookup address information: Temporary failure in name resolution
[INFO] [stdout]         Warning - Failed to fetch from "https://parameters.provable.com/mainnet". Trying next source...
[INFO] [stdout]    Installation - Downloading "https://s3.us-west-1.amazonaws.com/mainnet.parameters/powers-of-beta-16.usrs.84631bc"
[INFO] [stdout] 
[INFO] [stdout] thread 'snark::varuna::tests::varuna_hiding::prove_and_verify_with_large_matrix' (80962) panicked at src/snark/varuna/tests.rs:613:92:
[INFO] [stdout] called `Result::unwrap()` on an `Err` value: Failed to download powers for degree 262144: ureq: io: failed to lookup address information: Temporary failure in name resolution
[INFO] [stdout] 
[INFO] [stdout] Stack backtrace:
[INFO] [stdout]    0: <anyhow::Error>::msg::<alloc::string::String>
[INFO] [stdout]    1: <snarkvm_algorithms::snark::varuna::varuna::VarunaSNARK<snarkvm_curves::templates::bls12::bls12::Bls12<snarkvm_curves::bls12_377::parameters::Bls12_377Parameters>, snarkvm_algorithms::crypto_hash::poseidon::PoseidonSponge<snarkvm_fields::fp_384::Fp384<snarkvm_curves::bls12_377::fq::FqParameters>, 2, 1>, snarkvm_algorithms::snark::varuna::mode::VarunaHidingMode>>::batch_circuit_setup::<snarkvm_algorithms::snark::varuna::data_structures::test_circuit::TestCircuit<snarkvm_fields::fp_256::Fp256<snarkvm_curves::bls12_377::fr::FrParameters>>>
[INFO] [stdout]    2: <snarkvm_algorithms::snark::varuna::varuna::VarunaSNARK<snarkvm_curves::templates::bls12::bls12::Bls12<snarkvm_curves::bls12_377::parameters::Bls12_377Parameters>, snarkvm_algorithms::crypto_hash::poseidon::PoseidonSponge<snarkvm_fields::fp_384::Fp384<snarkvm_curves::bls12_377::fq::FqParameters>, 2, 1>, snarkvm_algorithms::snark::varuna::mode::VarunaHidingMode> as snarkvm_algorithms::traits::snark::SNARK>::circuit_setup::<snarkvm_algorithms::snark::varuna::data_structures::test_circuit::TestCircuit<snarkvm_fields::fp_256::Fp256<snarkvm_curves::bls12_377::fr::FrParameters>>>
[INFO] [stdout]    3: snarkvm_algorithms::snark::varuna::tests::varuna_hiding::test_circuit_n_times
[INFO] [stdout]    4: <snarkvm_algorithms::snark::varuna::tests::varuna_hiding::prove_and_verify_with_large_matrix::{closure#0} as core::ops::function::FnOnce<()>>::call_once
[INFO] [stdout]    5: test::__rust_begin_short_backtrace::<core::result::Result<(), alloc::string::String>, fn() -> core::result::Result<(), alloc::string::String>>
[INFO] [stdout]    6: test::run_test::{closure#0}
[INFO] [stdout]    7: std::sys::backtrace::__rust_begin_short_backtrace::<test::run_test::{closure#1}, ()>
[INFO] [stdout]    8: <std::thread::lifecycle::spawn_unchecked<test::run_test::{closure#1}, ()>::{closure#1} as core::ops::function::FnOnce<()>>::call_once::{shim:vtable#0}
[INFO] [stdout]    9: <std::sys::thread::unix::Thread>::new::thread_start
[INFO] [stdout]   10: <unknown>
[INFO] [stdout]   11: clone
[INFO] [stdout] stack backtrace:
[INFO] [stdout]    0:     0x633674cb9421 - <<std[617be2ca0a6fd877]::sys::backtrace::BacktraceLock>::print::DisplayBacktrace as core[a373ad73a504971]::fmt::Display>::fmt
[INFO] [stdout]    1:     0x633674ccfc0a - core[a373ad73a504971]::fmt::write
[INFO] [stdout]    2:     0x633674cbe28c - <alloc[2e1b2a31b91974c5]::vec::Vec<u8> as core[a373ad73a504971]::io::write::Write>::write_fmt
[INFO] [stdout]    3:     0x633674c92426 - std[617be2ca0a6fd877]::panicking::default_hook::{closure#0}
[INFO] [stdout]    4:     0x633674cb06a9 - std[617be2ca0a6fd877]::panicking::default_hook
[INFO] [stdout]    5:     0x633674a5af50 - test[aada8e7e76ba119b]::test_main_inner::{closure#0}
[INFO] [stdout]    6:     0x633674cb09d2 - std[617be2ca0a6fd877]::panicking::panic_with_hook
[INFO] [stdout]    7:     0x633674c924d2 - std[617be2ca0a6fd877]::panicking::panic_handler::{closure#0}
[INFO] [stdout]    8:     0x633674c8a829 - std[617be2ca0a6fd877]::sys::backtrace::__rust_end_short_backtrace::<std[617be2ca0a6fd877]::panicking::panic_handler::{closure#0}, !>
[INFO] [stdout]    9:     0x633674c933dd - __rustc[ea4f61d10b84890b]::rust_begin_unwind
[INFO] [stdout]   10:     0x633674cd033c - core[a373ad73a504971]::panicking::panic_fmt
[INFO] [stdout]   11:     0x633674cd0112 - core[a373ad73a504971]::result::unwrap_failed
[INFO] [stdout]   12:     0x6336749c3b2c - snarkvm_algorithms[6c4fabe0aa30e6e9]::snark::varuna::tests::varuna_hiding::test_circuit_n_times
[INFO] [stdout]   13:     0x6336749d5214 - <snarkvm_algorithms[6c4fabe0aa30e6e9]::snark::varuna::tests::varuna_hiding::prove_and_verify_with_large_matrix::{closure#0} as core[a373ad73a504971]::ops::function::FnOnce<()>>::call_once
[INFO] [stdout]   14:     0x633674a4e39b - test[aada8e7e76ba119b]::__rust_begin_short_backtrace::<core[a373ad73a504971]::result::Result<(), alloc[2e1b2a31b91974c5]::string::String>, fn() -> core[a373ad73a504971]::result::Result<(), alloc[2e1b2a31b91974c5]::string::String>>
[INFO] [stdout]   15:     0x633674a5b575 - test[aada8e7e76ba119b]::run_test::{closure#0}
[INFO] [stdout]   16:     0x633674a54e64 - std[617be2ca0a6fd877]::sys::backtrace::__rust_begin_short_backtrace::<test[aada8e7e76ba119b]::run_test::{closure#1}, ()>
[INFO] [stdout]   17:     0x633674a5e602 - <std[617be2ca0a6fd877]::thread::lifecycle::spawn_unchecked<test[aada8e7e76ba119b]::run_test::{closure#1}, ()>::{closure#1} as core[a373ad73a504971]::ops::function::FnOnce<()>>::call_once::{shim:vtable#0}
[INFO] [stdout]   18:     0x633674cb7ecf - <std[617be2ca0a6fd877]::sys::thread::unix::Thread>::new::thread_start
[INFO] [stdout]   19:     0x7a1003e6adfa - <unknown>
[INFO] [stdout]   20:     0x7a1003efe3d4 - clone
[INFO] [stdout]   21:                0x0 - <unknown>
[INFO] [stdout] Called TestRng with seed 4802443606623672459 20 times
[INFO] [stdout] 
[INFO] [stdout] ---- snark::varuna::tests::varuna_hiding::test_srs_downloads stdout ----
[INFO] [stdout] 
[INFO] [stdout] Initializing 'TestRng' with seed '14560714105609290538'
[INFO] [stdout] 
[INFO] [stdout] 
[INFO] [stdout] ⚠️  "powers-of-beta-16.usrs.84631bc" does not exist. Downloading and storing it (in "/root/.aleo/resources/powers-of-beta-16.usrs.84631bc").
[INFO] [stdout] 
[INFO] [stdout]    Installation - Downloading "https://parameters.provable.com/mainnet/powers-of-beta-16.usrs.84631bc"
[INFO] [stdout]         Warning - ureq: io: failed to lookup address information: Temporary failure in name resolution
[INFO] [stdout]         Warning - Failed to fetch from "https://parameters.provable.com/mainnet". Trying next source...
[INFO] [stdout]    Installation - Downloading "https://s3.us-west-1.amazonaws.com/mainnet.parameters/powers-of-beta-16.usrs.84631bc"
[INFO] [stdout] 
[INFO] [stdout] thread 'snark::varuna::tests::varuna_hiding::test_srs_downloads' (109023) panicked at src/snark/varuna/tests.rs:858:79:
[INFO] [stdout] called `Result::unwrap()` on an `Err` value: Failed to download powers for degree 65536: ureq: io: failed to lookup address information: Temporary failure in name resolution
[INFO] [stdout] 
[INFO] [stdout] Stack backtrace:
[INFO] [stdout]    0: <anyhow::Error>::msg::<alloc::string::String>
[INFO] [stdout]    1: <snarkvm_algorithms::snark::varuna::varuna::VarunaSNARK<snarkvm_curves::templates::bls12::bls12::Bls12<snarkvm_curves::bls12_377::parameters::Bls12_377Parameters>, snarkvm_algorithms::crypto_hash::poseidon::PoseidonSponge<snarkvm_fields::fp_384::Fp384<snarkvm_curves::bls12_377::fq::FqParameters>, 2, 1>, snarkvm_algorithms::snark::varuna::mode::VarunaHidingMode>>::batch_circuit_setup::<snarkvm_algorithms::snark::varuna::data_structures::test_circuit::TestCircuit<snarkvm_fields::fp_256::Fp256<snarkvm_curves::bls12_377::fr::FrParameters>>>
[INFO] [stdout]    2: <snarkvm_algorithms::snark::varuna::varuna::VarunaSNARK<snarkvm_curves::templates::bls12::bls12::Bls12<snarkvm_curves::bls12_377::parameters::Bls12_377Parameters>, snarkvm_algorithms::crypto_hash::poseidon::PoseidonSponge<snarkvm_fields::fp_384::Fp384<snarkvm_curves::bls12_377::fq::FqParameters>, 2, 1>, snarkvm_algorithms::snark::varuna::mode::VarunaHidingMode> as snarkvm_algorithms::traits::snark::SNARK>::circuit_setup::<snarkvm_algorithms::snark::varuna::data_structures::test_circuit::TestCircuit<snarkvm_fields::fp_256::Fp256<snarkvm_curves::bls12_377::fr::FrParameters>>>
[INFO] [stdout]    3: <snarkvm_algorithms::snark::varuna::tests::varuna_hiding::test_srs_downloads::{closure#0} as core::ops::function::FnOnce<()>>::call_once
[INFO] [stdout]    4: test::__rust_begin_short_backtrace::<core::result::Result<(), alloc::string::String>, fn() -> core::result::Result<(), alloc::string::String>>
[INFO] [stdout]    5: test::run_test::{closure#0}
[INFO] [stdout]    6: std::sys::backtrace::__rust_begin_short_backtrace::<test::run_test::{closure#1}, ()>
[INFO] [stdout]    7: <std::thread::lifecycle::spawn_unchecked<test::run_test::{closure#1}, ()>::{closure#1} as core::ops::function::FnOnce<()>>::call_once::{shim:vtable#0}
[INFO] [stdout]    8: <std::sys::thread::unix::Thread>::new::thread_start
[INFO] [stdout]    9: <unknown>
[INFO] [stdout]   10: clone
[INFO] [stdout] stack backtrace:
[INFO] [stdout]    0:     0x633674cb9421 - <<std[617be2ca0a6fd877]::sys::backtrace::BacktraceLock>::print::DisplayBacktrace as core[a373ad73a504971]::fmt::Display>::fmt
[INFO] [stdout]    1:     0x633674ccfc0a - core[a373ad73a504971]::fmt::write
[INFO] [stdout]    2:     0x633674cbe28c - <alloc[2e1b2a31b91974c5]::vec::Vec<u8> as core[a373ad73a504971]::io::write::Write>::write_fmt
[INFO] [stdout]    3:     0x633674c92426 - std[617be2ca0a6fd877]::panicking::default_hook::{closure#0}
[INFO] [stdout]    4:     0x633674cb06a9 - std[617be2ca0a6fd877]::panicking::default_hook
[INFO] [stdout]    5:     0x633674a5af50 - test[aada8e7e76ba119b]::test_main_inner::{closure#0}
[INFO] [stdout]    6:     0x633674cb09d2 - std[617be2ca0a6fd877]::panicking::panic_with_hook
[INFO] [stdout]    7:     0x633674c924d2 - std[617be2ca0a6fd877]::panicking::panic_handler::{closure#0}
[INFO] [stdout]    8:     0x633674c8a829 - std[617be2ca0a6fd877]::sys::backtrace::__rust_end_short_backtrace::<std[617be2ca0a6fd877]::panicking::panic_handler::{closure#0}, !>
[INFO] [stdout]    9:     0x633674c933dd - __rustc[ea4f61d10b84890b]::rust_begin_unwind
[INFO] [stdout]   10:     0x633674cd033c - core[a373ad73a504971]::panicking::panic_fmt
[INFO] [stdout]   11:     0x633674cd0112 - core[a373ad73a504971]::result::unwrap_failed
[INFO] [stdout]   12:     0x6336749d4cb8 - <snarkvm_algorithms[6c4fabe0aa30e6e9]::snark::varuna::tests::varuna_hiding::test_srs_downloads::{closure#0} as core[a373ad73a504971]::ops::function::FnOnce<()>>::call_once
[INFO] [stdout]   13:     0x633674a4e39b - test[aada8e7e76ba119b]::__rust_begin_short_backtrace::<core[a373ad73a504971]::result::Result<(), alloc[2e1b2a31b91974c5]::string::String>, fn() -> core[a373ad73a504971]::result::Result<(), alloc[2e1b2a31b91974c5]::string::String>>
[INFO] [stdout]   14:     0x633674a5b575 - test[aada8e7e76ba119b]::run_test::{closure#0}
[INFO] [stdout]   15:     0x633674a54e64 - std[617be2ca0a6fd877]::sys::backtrace::__rust_begin_short_backtrace::<test[aada8e7e76ba119b]::run_test::{closure#1}, ()>
[INFO] [stdout]   16:     0x633674a5e602 - <std[617be2ca0a6fd877]::thread::lifecycle::spawn_unchecked<test[aada8e7e76ba119b]::run_test::{closure#1}, ()>::{closure#1} as core[a373ad73a504971]::ops::function::FnOnce<()>>::call_once::{shim:vtable#0}
[INFO] [stdout]   17:     0x633674cb7ecf - <std[617be2ca0a6fd877]::sys::thread::unix::Thread>::new::thread_start
[INFO] [stdout]   18:     0x7a1003e6adfa - <unknown>
[INFO] [stdout]   19:     0x7a1003efe3d4 - clone
[INFO] [stdout]   20:                0x0 - <unknown>
[INFO] [stdout] Called TestRng with seed 14560714105609290538 16 times
[INFO] [stdout] 
[INFO] [stdout] 
[INFO] [stdout] failures:
[INFO] [stdout]     polycommit::sonic_pc::tests::a_key_keeps_its_snapshot_across_a_growth
[INFO] [stdout]     polycommit::sonic_pc::tests::trim_shares_the_snapshot_left_after_its_own_downloads
[INFO] [stdout]     snark::varuna::tests::varuna_hiding::check_indexing
[INFO] [stdout]     snark::varuna::tests::varuna_hiding::prove_and_verify_with_large_matrix
[INFO] [stdout]     snark::varuna::tests::varuna_hiding::test_srs_downloads
[INFO] [stdout] 
[INFO] [stdout] test result: FAILED. 108 passed; 5 failed; 0 ignored; 0 measured; 0 filtered out; finished in 545.26s
[INFO] [stdout] 
[INFO] [stderr] error: test failed, to rerun pass `--lib`
[INFO] running `Command { std: "docker" "inspect" "99629f34179300d15152d5b4d51b0f92e7971dd4532efd1c5b1836447d45ff2b", kill_on_drop: false }`
[INFO] running `Command { std: "docker" "rm" "-f" "99629f34179300d15152d5b4d51b0f92e7971dd4532efd1c5b1836447d45ff2b", kill_on_drop: false }`
[INFO] [stdout] 99629f34179300d15152d5b4d51b0f92e7971dd4532efd1c5b1836447d45ff2b
