[INFO] fetching crate snaptokens 0.2.6...
[INFO] testing snaptokens-0.2.6 against 1.99.0-beta.8+cargoflags=--release for beta-release-1.100-2
[INFO] extracting crate snaptokens 0.2.6 into /workspace/builds/worker-7-tc1/source
[INFO] started tweaking crates.io crate snaptokens 0.2.6
[INFO] removed 0 missing examples
[INFO] finished tweaking crates.io crate snaptokens 0.2.6
[INFO] tweaked toml for crates.io crate snaptokens 0.2.6 written to /workspace/builds/worker-7-tc1/source/Cargo.toml
[INFO] validating manifest of crates.io crate snaptokens 0.2.6 on toolchain 1.99.0-beta.8
[INFO] running `Command { std: CARGO_HOME="/workspace/cargo-home" RUSTUP_HOME="/workspace/rustup-home" "/workspace/cargo-home/bin/cargo" "+1.99.0-beta.8" "metadata" "--manifest-path" "Cargo.toml" "--no-deps", kill_on_drop: false }`
[INFO] crate crates.io crate snaptokens 0.2.6 already has a lockfile, it will not be regenerated
[INFO] running `Command { std: CARGO_HOME="/workspace/cargo-home" RUSTUP_HOME="/workspace/rustup-home" "/workspace/cargo-home/bin/cargo" "+1.99.0-beta.8" "fetch" "--manifest-path" "Cargo.toml", kill_on_drop: false }`
[INFO] [stderr]  Downloading crates ...
[INFO] [stderr]   Downloaded onig v6.5.1
[INFO] [stderr]   Downloaded syn v2.0.115
[INFO] [stderr]   Downloaded onig_sys v69.9.1
[INFO] [stderr]   Downloaded daachorse v1.0.0
[INFO] [stderr]   Downloaded clap_builder v4.5.58
[INFO] [stderr]   Downloaded clap v4.5.58
[INFO] running `Command { std: "docker" "create" "-v" "/var/lib/crater-agent-workspace/builds/worker-7-tc1/source:/opt/rustwide/workdir:ro,Z" "-v" "/var/lib/crater-agent-workspace/builds/worker-7-tc1/target:/opt/rustwide/target:rw,Z" "-v" "/var/lib/crater-agent-workspace/cargo-home:/opt/rustwide/cargo-home:ro,Z" "-v" "/var/lib/crater-agent-workspace/rustup-home:/opt/rustwide/rustup-home:ro,Z" "-m" "1610612736" "--network" "none" "ghcr.io/rust-lang/crates-build-env/linux@sha256:77db811e55d90add9212f6832c23229e3de5f1c1f9905e8cb07319ea15df73ac" "sleep" "infinity", kill_on_drop: false }`
[INFO] [stdout] e8bdac57a28b5ba857640884ca2da0ef098ab0075d21f988baab41c847a738ad
[INFO] running `Command { std: "docker" "start" "e8bdac57a28b5ba857640884ca2da0ef098ab0075d21f988baab41c847a738ad", kill_on_drop: false }`
[INFO] running `Command { std: "docker" "inspect" "e8bdac57a28b5ba857640884ca2da0ef098ab0075d21f988baab41c847a738ad", kill_on_drop: false }`
[INFO] running `Command { std: "docker" "exec" "-e" "SOURCE_DIR=/opt/rustwide/workdir" "-e" "CARGO_HOME=/opt/rustwide/cargo-home" "-e" "RUSTUP_HOME=/opt/rustwide/rustup-home" "-e" "CARGO_TARGET_DIR=/opt/rustwide/target" "-w" "/opt/rustwide/workdir" "--user" "0:0" "e8bdac57a28b5ba857640884ca2da0ef098ab0075d21f988baab41c847a738ad" "/opt/rustwide/cargo-home/bin/cargo" "+1.99.0-beta.8" "metadata" "--no-deps" "--format-version=1", kill_on_drop: false }`
[INFO] running `Command { std: "docker" "inspect" "e8bdac57a28b5ba857640884ca2da0ef098ab0075d21f988baab41c847a738ad", kill_on_drop: false }`
[INFO] running `Command { std: "docker" "exec" "-e" "SOURCE_DIR=/opt/rustwide/workdir" "-e" "CARGO_HOME=/opt/rustwide/cargo-home" "-e" "RUSTUP_HOME=/opt/rustwide/rustup-home" "-e" "CARGO_TARGET_DIR=/opt/rustwide/target" "-e" "CARGO_INCREMENTAL=0" "-e" "RUST_BACKTRACE=full" "-e" "RUSTFLAGS=--cap-lints=warn" "-e" "RUSTDOCFLAGS=--cap-lints=warn" "-w" "/opt/rustwide/workdir" "--user" "0:0" "e8bdac57a28b5ba857640884ca2da0ef098ab0075d21f988baab41c847a738ad" "/opt/rustwide/cargo-home/bin/cargo" "+1.99.0-beta.8" "build" "--frozen" "--message-format=json" "--release", kill_on_drop: false }`
[INFO] [stderr]    Compiling unicode-ident v1.0.23
[INFO] [stderr]    Compiling stable_deref_trait v1.2.1
[INFO] [stderr]    Compiling litemap v0.8.1
[INFO] [stderr]    Compiling writeable v0.6.2
[INFO] [stderr]    Compiling bit-vec v0.8.0
[INFO] [stderr]    Compiling regex-syntax v0.8.9
[INFO] [stderr]    Compiling blake3 v1.8.5
[INFO] [stderr]    Compiling constant_time_eq v0.4.2
[INFO] [stderr]    Compiling dary_heap v0.3.8
[INFO] [stderr]    Compiling daachorse v1.0.0
[INFO] [stderr]    Compiling proc-macro2 v1.0.106
[INFO] [stderr]    Compiling bit-set v0.8.0
[INFO] [stderr]    Compiling quote v1.0.44
[INFO] [stderr]    Compiling syn v2.0.115
[INFO] [stderr]    Compiling regex-automata v0.4.14
[INFO] [stderr]    Compiling synstructure v0.13.2
[INFO] [stderr]    Compiling zerofrom-derive v0.1.6
[INFO] [stderr]    Compiling yoke-derive v0.8.1
[INFO] [stderr]    Compiling zerovec-derive v0.11.2
[INFO] [stderr]    Compiling displaydoc v0.2.5
[INFO] [stderr]    Compiling thiserror-impl v2.0.18
[INFO] [stderr]    Compiling serde_derive v1.0.228
[INFO] [stderr]    Compiling zerofrom v0.1.6
[INFO] [stderr]    Compiling thiserror v2.0.18
[INFO] [stderr]    Compiling yoke v0.8.1
[INFO] [stderr]    Compiling zerotrie v0.2.3
[INFO] [stderr]    Compiling zerovec v0.11.5
[INFO] [stderr]    Compiling tinystr v0.8.2
[INFO] [stderr]    Compiling potential_utf v0.1.4
[INFO] [stderr]    Compiling icu_collections v2.1.1
[INFO] [stderr]    Compiling icu_locale_core v2.1.1
[INFO] [stderr]    Compiling icu_provider v2.1.1
[INFO] [stderr]    Compiling icu_normalizer v2.1.1
[INFO] [stderr]    Compiling icu_properties v2.1.2
[INFO] [stderr]    Compiling serde v1.0.228
[INFO] [stderr]    Compiling fancy-regex v0.17.0
[INFO] [stderr]    Compiling snaptokens v0.2.6 (/opt/rustwide/workdir)
[INFO] [stderr]     Finished `release` profile [optimized] target(s) in 42.69s
[INFO] running `Command { std: "docker" "inspect" "e8bdac57a28b5ba857640884ca2da0ef098ab0075d21f988baab41c847a738ad", kill_on_drop: false }`
[INFO] running `Command { std: "docker" "exec" "-e" "SOURCE_DIR=/opt/rustwide/workdir" "-e" "CARGO_HOME=/opt/rustwide/cargo-home" "-e" "RUSTUP_HOME=/opt/rustwide/rustup-home" "-e" "CARGO_TARGET_DIR=/opt/rustwide/target" "-e" "CARGO_INCREMENTAL=0" "-e" "RUST_BACKTRACE=full" "-e" "RUSTFLAGS=--cap-lints=warn" "-e" "RUSTDOCFLAGS=--cap-lints=warn" "-w" "/opt/rustwide/workdir" "--user" "0:0" "e8bdac57a28b5ba857640884ca2da0ef098ab0075d21f988baab41c847a738ad" "/opt/rustwide/cargo-home/bin/cargo" "+1.99.0-beta.8" "test" "--frozen" "--no-run" "--message-format=json" "--release", kill_on_drop: false }`
[INFO] [stderr]    Compiling syn v2.0.115
[INFO] [stderr]    Compiling libc v0.2.182
[INFO] [stderr]    Compiling smallvec v1.15.1
[INFO] [stderr]    Compiling zerocopy v0.8.39
[INFO] [stderr]    Compiling ring v0.17.14
[INFO] [stderr]    Compiling zeroize v1.8.2
[INFO] [stderr]    Compiling portable-atomic v1.13.1
[INFO] [stderr]    Compiling regex-syntax v0.8.9
[INFO] [stderr]    Compiling either v1.15.0
[INFO] [stderr]    Compiling serde_json v1.0.149
[INFO] [stderr]    Compiling onig_sys v69.9.1
[INFO] [stderr]    Compiling simd-adler32 v0.3.8
[INFO] [stderr]    Compiling rustls v0.23.36
[INFO] [stderr]    Compiling ahash v0.8.12
[INFO] [stderr]    Compiling form_urlencoded v1.2.2
[INFO] [stderr]    Compiling esaxx-rs v0.1.10
[INFO] [stderr]    Compiling subtle v2.6.1
[INFO] [stderr]    Compiling rustls-pki-types v1.14.0
[INFO] [stderr]    Compiling anstream v0.6.21
[INFO] [stderr]    Compiling miniz_oxide v0.8.9
[INFO] [stderr]    Compiling nom v7.1.3
[INFO] [stderr]    Compiling rayon v1.11.0
[INFO] [stderr]    Compiling itertools v0.14.0
[INFO] [stderr]    Compiling flate2 v1.1.9
[INFO] [stderr]    Compiling getrandom v0.3.4
[INFO] [stderr]    Compiling getrandom v0.2.17
[INFO] [stderr]    Compiling webpki-roots v1.0.6
[INFO] [stderr]    Compiling console v0.15.11
[INFO] [stderr]    Compiling socks v0.3.4
[INFO] [stderr]    Compiling rand_core v0.9.5
[INFO] [stderr]    Compiling webpki-roots v0.26.11
[INFO] [stderr]    Compiling dirs-sys v0.5.0
[INFO] [stderr]    Compiling console v0.16.2
[INFO] [stderr]    Compiling castaway v0.2.4
[INFO] [stderr]    Compiling unit-prefix v0.5.2
[INFO] [stderr]    Compiling bitflags v2.11.0
[INFO] [stderr]    Compiling bytes v1.11.1
[INFO] [stderr]    Compiling anyhow v1.0.101
[INFO] [stderr]    Compiling clap_lex v1.0.0
[INFO] [stderr]    Compiling macro_rules_attribute-proc_macro v0.2.2
[INFO] [stderr]    Compiling number_prefix v0.4.0
[INFO] [stderr]    Compiling indicatif v0.17.11
[INFO] [stderr]    Compiling clap_builder v4.5.58
[INFO] [stderr]    Compiling macro_rules_attribute v0.2.2
[INFO] [stderr]    Compiling indicatif v0.18.4
[INFO] [stderr]    Compiling dirs v6.0.0
[INFO] [stderr]    Compiling regex-automata v0.4.14
[INFO] [stderr]    Compiling http v1.4.0
[INFO] [stderr]    Compiling unicode-normalization-alignments v0.1.12
[INFO] [stderr]    Compiling unicode_categories v0.1.1
[INFO] [stderr]    Compiling rayon-cond v0.4.0
[INFO] [stderr]    Compiling synstructure v0.13.2
[INFO] [stderr]    Compiling darling_core v0.20.11
[INFO] [stderr]    Compiling zerofrom-derive v0.1.6
[INFO] [stderr]    Compiling yoke-derive v0.8.1
[INFO] [stderr]    Compiling zerovec-derive v0.11.2
[INFO] [stderr]    Compiling displaydoc v0.2.5
[INFO] [stderr]    Compiling serde_derive v1.0.228
[INFO] [stderr]    Compiling ppv-lite86 v0.2.21
[INFO] [stderr]    Compiling thiserror-impl v2.0.18
[INFO] [stderr]    Compiling monostate-impl v0.1.18
[INFO] [stderr]    Compiling clap_derive v4.5.55
[INFO] [stderr]    Compiling monostate v0.1.18
[INFO] [stderr]    Compiling rand_chacha v0.9.0
[INFO] [stderr]    Compiling zerofrom v0.1.6
[INFO] [stderr]    Compiling rand v0.9.2
[INFO] [stderr]    Compiling yoke v0.8.1
[INFO] [stderr]    Compiling thiserror v2.0.18
[INFO] [stderr]    Compiling zerovec v0.11.5
[INFO] [stderr]    Compiling zerotrie v0.2.3
[INFO] [stderr]    Compiling darling_macro v0.20.11
[INFO] [stderr]    Compiling regex v1.12.3
[INFO] [stderr]    Compiling fancy-regex v0.17.0
[INFO] [stderr]    Compiling darling v0.20.11
[INFO] [stderr]    Compiling derive_builder_core v0.20.2
[INFO] [stderr]    Compiling tinystr v0.8.2
[INFO] [stderr]    Compiling icu_locale_core v2.1.1
[INFO] [stderr]    Compiling potential_utf v0.1.4
[INFO] [stderr]    Compiling icu_collections v2.1.1
[INFO] [stderr]    Compiling icu_provider v2.1.1
[INFO] [stderr]    Compiling derive_builder_macro v0.20.2
[INFO] [stderr]    Compiling derive_builder v0.20.2
[INFO] [stderr]    Compiling clap v4.5.58
[INFO] [stderr]    Compiling icu_properties v2.1.2
[INFO] [stderr]    Compiling icu_normalizer v2.1.1
[INFO] [stderr]    Compiling serde v1.0.228
[INFO] [stderr]    Compiling idna_adapter v1.2.1
[INFO] [stderr]    Compiling idna v1.1.0
[INFO] [stderr]    Compiling dary_heap v0.3.8
[INFO] [stderr]    Compiling spm_precompiled v0.1.4
[INFO] [stderr]    Compiling compact_str v0.9.0
[INFO] [stderr]    Compiling snaptokens v0.2.6 (/opt/rustwide/workdir)
[INFO] [stderr]    Compiling url v2.5.8
[INFO] [stderr]    Compiling rustls-webpki v0.103.9
[INFO] [stderr]    Compiling onig v6.5.1
[INFO] [stderr]    Compiling tokenizers v0.22.2
[INFO] [stderr]    Compiling ureq v2.12.1
[INFO] [stderr]    Compiling hf-hub v0.4.3
[INFO] [stderr]     Finished `release` profile [optimized] target(s) in 3m 01s
[INFO] running `Command { std: "docker" "inspect" "e8bdac57a28b5ba857640884ca2da0ef098ab0075d21f988baab41c847a738ad", kill_on_drop: false }`
[INFO] running `Command { std: "docker" "exec" "-e" "SOURCE_DIR=/opt/rustwide/workdir" "-e" "CARGO_HOME=/opt/rustwide/cargo-home" "-e" "RUSTUP_HOME=/opt/rustwide/rustup-home" "-e" "CARGO_TARGET_DIR=/opt/rustwide/target" "-e" "CARGO_INCREMENTAL=0" "-e" "RUST_BACKTRACE=full" "-e" "RUSTFLAGS=--cap-lints=warn" "-e" "RUSTDOCFLAGS=--cap-lints=warn" "-w" "/opt/rustwide/workdir" "--user" "0:0" "e8bdac57a28b5ba857640884ca2da0ef098ab0075d21f988baab41c847a738ad" "/opt/rustwide/cargo-home/bin/cargo" "+1.99.0-beta.8" "test" "--frozen" "--release", kill_on_drop: false }`
[INFO] [stderr]     Finished `release` profile [optimized] target(s) in 0.27s
[INFO] [stderr]      Running unittests src/lib.rs (/opt/rustwide/target/release/deps/snaptokens-a6a53adaa6c6e86c)
[INFO] [stdout] 
[INFO] [stdout] running 185 tests
[INFO] [stdout] test added_tokens::tests::empty_configs ... ok
[INFO] [stdout] test added_tokens::tests::adjacent_strip_tokens_share_whitespace ... ok
[INFO] [stdout] test added_tokens::tests::empty_input ... ok
[INFO] [stdout] test added_tokens::tests::emoji_token_content ... ok
[INFO] [stdout] test added_tokens::tests::four_distinct_start_bytes_uses_full_scan ... ok
[INFO] [stdout] test added_tokens::tests::no_match ... ok
[INFO] [stdout] test added_tokens::tests::iter_exposes_id_content_and_special_flag ... ok
[INFO] [stdout] test added_tokens::tests::match_in_middle ... ok
[INFO] [stdout] test added_tokens::tests::repeated_same_token ... ok
[INFO] [stdout] test added_tokens::tests::entire_input_is_added_token ... ok
[INFO] [stdout] test added_tokens::tests::longest_match_wins ... ok
[INFO] [stdout] test added_tokens::tests::lstrip_absorbs_leading_whitespace ... ok
[INFO] [stdout] test added_tokens::tests::adjacent_matches ... ok
[INFO] [stdout] test added_tokens::tests::is_special_only_for_marked_tokens ... ok
[INFO] [stdout] test added_tokens::tests::lstrip_bounded_by_previous_token ... ok
[INFO] [stdout] test added_tokens::tests::len_returns_token_count ... ok
[INFO] [stdout] test added_tokens::tests::rstrip_absorbs_trailing_whitespace ... ok
[INFO] [stdout] test added_tokens::tests::single_match_at_end ... ok
[INFO] [stdout] test added_tokens::tests::no_strip_keeps_whitespace ... ok
[INFO] [stdout] test decoders::byte_level::tests::roundtrip_ascii ... ok
[INFO] [stdout] test decoders::byte_level::tests::roundtrip_multibyte ... ok
[INFO] [stdout] test decoders::replace::tests::literal_empty_pattern_is_not_noop ... ok
[INFO] [stdout] test added_tokens::tests::single_match_at_start ... ok
[INFO] [stdout] test added_tokens::tests::single_word_respects_ascii_and_unicode_boundaries ... ok
[INFO] [stdout] test added_tokens::tests::unicode_token_content ... ok
[INFO] [stdout] test added_tokens::tests::strip_both_sides ... ok
[INFO] [stdout] test decoders::byte_fallback::tests::decode ... ok
[INFO] [stdout] test added_tokens::tests::three_tokens_with_shared_start_byte ... ok
[INFO] [stdout] test added_tokens::tests::strip_overlap_matches_huggingface_in_both_paths ... ok
[INFO] [stdout] test added_tokens::tests::strip_via_full_scan_path ... ok
[INFO] [stdout] test added_tokens::tests::token_to_id_returns_none_for_unknown ... ok
[INFO] [stdout] test added_tokens::tests::token_to_id_finds_added_token ... ok
[INFO] [stdout] test decoders::byte_level::tests::roundtrip_space ... ok
[INFO] [stdout] test added_tokens::tests::token_surrounded_by_text ... ok
[INFO] [stdout] test decoders::replace::tests::regex_replace_decoder ... ok
[INFO] [stdout] test models::bpe::tests::rejects_out_of_range_merge_token_ids ... ok
[INFO] [stdout] test added_tokens::tests::multiple_matches ... ok
[INFO] [stdout] test json_structs::tests::rejects_unimplemented_pipeline_types ... ok
[INFO] [stdout] test decoders::replace::tests::regex_replacement_content_is_literal ... ok
[INFO] [stdout] test decoders::replace::tests::literal_replace_decoder ... ok
[INFO] [stdout] test added_tokens::tests::token_to_id_and_id_to_token_are_inverses ... ok
[INFO] [stdout] test models::bpe::tests::empty_input ... ok
[INFO] [stdout] test normalizers::nfc::tests::already_composed ... ok
[INFO] [stdout] test normalizers::nfc::tests::empty_string ... ok
[INFO] [stdout] test normalizers::nfc::tests::hangul_composition ... ok
[INFO] [stdout] test models::bpe::tests::simple_merge ... ok
[INFO] [stdout] test models::bpe::tests::cache_returns_same_result ... ok
[INFO] [stdout] test models::bpe::tests::single_char ... ok
[INFO] [stdout] test models::bpe::tests::rejects_corrupt_cached_ranked_merge_table ... ok
[INFO] [stdout] test models::bpe::tests::deserialize_from_json ... ok
[INFO] [stdout] test models::bpe::tests::deserialize_array_merges ... ok
[INFO] [stdout] test normalizers::nfc::tests::decomposes_then_composes ... ok
[INFO] [stdout] test json_structs::tests::accepts_legacy_untagged_bpe_model ... ok
[INFO] [stdout] test decoders::byte_level::tests::non_gpt2_chars_preserved ... ok
[INFO] [stdout] test models::bpe::tests::chained_merge ... ok
[INFO] [stdout] test normalizers::replace::tests::literal_empty_pattern_is_not_noop ... ok
[INFO] [stdout] test normalizers::replace::tests::literal_no_change_borrowed ... ok
[INFO] [stdout] test normalizers::replace::tests::literal_replace ... ok
[INFO] [stdout] test normalizers::replace::tests::regex_replacement_content_is_literal ... ok
[INFO] [stdout] test post_processors::tests::byte_level_post_processor_is_identity ... ok
[INFO] [stdout] test post_processors::tests::num_special_tokens_matches_post_process_delta ... ok
[INFO] [stdout] test post_processors::tests::parse_from_json ... ok
[INFO] [stdout] test post_processors::tests::post_process_single_respects_flag ... ok
[INFO] [stdout] test normalizers::nfc::tests::mixed_ascii_and_decomposed ... ok
[INFO] [stdout] test normalizers::replace::tests::regex_replace ... ok
[INFO] [stdout] test normalizers::nfc::tests::ascii_unchanged ... ok
[INFO] [stdout] test normalizers::replace::tests::accepts_plain_string_pattern ... ok
[INFO] [stdout] test post_processors::tests::template_processing_empty_input ... ok
[INFO] [stdout] test post_processors::tests::template_processing_multi_id_special_token ... ok
[INFO] [stdout] test post_processors::tests::template_processing_null_special_tokens_loads_ok ... ok
[INFO] [stdout] test post_processors::tests::template_processing_special_token_def_without_tokens_field ... ok
[INFO] [stdout] test post_processors::tests::template_processing_suffix_only ... ok
[INFO] [stdout] test post_processors::tests::template_processing_cls_sep ... ok
[INFO] [stdout] test post_processors::tests::sequence_post_processor_applies_all ... ok
[INFO] [stdout] test post_processors::tests::template_processing_special_token_keyed_by_inner_id ... ok
[INFO] [stdout] test post_processors::tests::template_processing_bos_and_eos ... ok
[INFO] [stdout] test post_processors::tests::template_processing_bos_only ... ok
[INFO] [stdout] test pre_tokenized::tests::tokenize_mixed_splits ... ok
[INFO] [stdout] test pre_tokenized::tests::tokenize_text_splits ... ok
[INFO] [stdout] test pre_tokenized::tests::inner_parallelism_scope_restores_state ... ok
[INFO] [stdout] test pre_tokenized::tests::new_with_mixed_splits ... ok
[INFO] [stdout] test pre_tokenized::tests::set_buffer_replaces ... ok
[INFO] [stdout] test pre_tokenized::tests::tokenize_empty ... ok
[INFO] [stdout] test pre_tokenized::tests::tokenize_propagates_error ... ok
[INFO] [stdout] test pre_tokenized::tests::from_text_empty ... ok
[INFO] [stdout] test pre_tokenized::tests::from_text_single_span ... ok
[INFO] [stdout] test pre_tokenizers::byte_level::tests::encode_multibyte_utf8 ... ok
[INFO] [stdout] test pre_tokenizers::byte_level::tests::encode_space ... ok
[INFO] [stdout] test pre_tokenizers::byte_level::tests::deserialize_default_config ... ok
[INFO] [stdout] test pre_tokenizers::byte_level::tests::added_token_splits_preserved ... ok
[INFO] [stdout] test pre_tokenizers::byte_level::tests::all_whitespace ... ok
[INFO] [stdout] test pre_tokenizers::byte_level::tests::deserialize_no_regex ... ok
[INFO] [stdout] test pre_tokenizers::byte_level::tests::nice_bytes_map_to_themselves ... ok
[INFO] [stdout] test pre_tokenizers::byte_level::tests::remapped_bytes_start_at_256 ... ok
[INFO] [stdout] test pre_tokenizers::byte_level::tests::simple_words ... ok
[INFO] [stdout] test pre_tokenizers::byte_level::tests::table_has_256_unique_chars ... ok
[INFO] [stdout] test pre_tokenizers::byte_level::tests::uppercase_contraction_suffix ... ok
[INFO] [stdout] test pre_tokenizers::byte_level::tests::no_regex_single_segment ... ok
[INFO] [stdout] test pre_tokenizers::byte_level::tests::empty_input ... ok
[INFO] [stdout] test pre_tokenizers::byte_level::tests::bulk_encoding_supports_overlapping_splits ... ok
[INFO] [stdout] test pre_tokenizers::byte_level::tests::numbers_and_punctuation ... ok
[INFO] [stdout] test pre_tokenizers::byte_level::tests::non_nice_count_is_68 ... ok
[INFO] [stdout] test pre_tokenizers::byte_level::tests::empty_input_with_prefix_space ... ok
[INFO] [stdout] test pre_tokenizers::byte_level::tests::prefix_space_added ... ok
[INFO] [stdout] test pre_tokenized::tests::refine_splits_keeps_buffer ... ok
[INFO] [stdout] test pre_tokenizers::byte_level::tests::non_ascii_input ... ok
[INFO] [stdout] test pre_tokenizers::byte_level::tests::contractions ... ok
[INFO] [stdout] test pre_tokenizers::byte_level::tests::encode_ascii ... ok
[INFO] [stdout] test pre_tokenizers::byte_level::tests::prefix_space_not_doubled ... ok
[INFO] [stdout] test pre_tokenizers::split::tests::literal_behaviors_match_expected_boundaries ... ok
[INFO] [stdout] test pre_tokenizers::split::tests::pre_tokenize_preserves_added_tokens ... ok
[INFO] [stdout] test pre_tokenizers::split::tests::unsupported_regex_is_rejected_without_fallback ... ok
[INFO] [stdout] test tests::add_bos_token ... FAILED
[INFO] [stdout] test tests::added_tokens_nemotron ... FAILED
[INFO] [stdout] test tests::added_tokens_qwen3vl_vision_sequence ... FAILED
[INFO] [stdout] test tests::cache_consistency ... FAILED
[INFO] [stdout] test tests::added_tokens_qwen3 ... FAILED
[INFO] [stdout] test tests::cache_consistency_fused ... FAILED
[INFO] [stdout] test tests::added_tokens_minimax ... FAILED
[INFO] [stdout] test tests::correctness_gpt_oss ... FAILED
[INFO] [stdout] test tests::correctness_kimi_k2_5 ... FAILED
[INFO] [stdout] test tests::added_tokens_deepseek ... FAILED
[INFO] [stdout] test tests::correctness_mistral_nemo ... FAILED
[INFO] [stdout] test tests::correctness_qwen3_nemotron ... FAILED
[INFO] [stdout] test pre_tokenizers::tests::deepseek_fused_scanner_matches_split_chain ... ok
[INFO] [stdout] test tests::correctness_minimax_m2_1 ... FAILED
[INFO] [stdout] test tests::decode_mixed_valid_and_unknown_ids ... FAILED
[INFO] [stdout] test tests::correctness_deepseek_v3_2 ... FAILED
[INFO] [stdout] test tests::correctness_qwen3 ... FAILED
[INFO] [stdout] test tests::decode_batch_matches_sequential ... FAILED
[INFO] [stdout] test tests::decode_skip_special_tokens ... FAILED
[INFO] [stdout] test tests::decode_stream_buffer_does_not_grow_unboundedly ... FAILED
[INFO] [stdout] test tests::decode_stream_empty_ids_no_output ... FAILED
[INFO] [stdout] test tests::decode_stream_reconstructs_ascii ... FAILED
[INFO] [stdout] test tests::correctness_gpt2 ... FAILED
[INFO] [stdout] test tests::decode_stream_pre_seeded_only_returns_new_tokens ... FAILED
[INFO] [stdout] test tests::decode_stream_reconstructs_code ... FAILED
[INFO] [stdout] test tests::decode_stream_batch_step_matches_sequential ... FAILED
[INFO] [stdout] test tests::correctness_nemotron ... FAILED
[INFO] [stdout] test tests::decode_stream_single_token ... FAILED
[INFO] [stdout] test tests::decode_stream_skip_special_tokens ... FAILED
[INFO] [stdout] test tests::decode_stream_unknown_id_does_not_error ... FAILED
[INFO] [stdout] test tests::decode_tokens_matches_decode_by_id ... FAILED
[INFO] [stdout] test tests::decode_stream_invalid_prefix_error_message ... FAILED
[INFO] [stdout] test tests::encode_batch_ragged_matches_nested ... FAILED
[INFO] [stdout] test tests::empty_string_encode_decode ... FAILED
[INFO] [stdout] test tests::extended_deepseek_v3_2 ... ignored
[INFO] [stdout] test tests::extended_gpt_oss ... ignored
[INFO] [stdout] test tests::extended_minimax_m2_1 ... ignored
[INFO] [stdout] test tests::extended_mistral_large ... ignored
[INFO] [stdout] test tests::extended_mistral_nemo ... ignored
[INFO] [stdout] test tests::extended_nemotron ... ignored
[INFO] [stdout] test tests::extended_qwen3 ... ignored
[INFO] [stdout] test tests::extended_qwen3_nemotron ... ignored
[INFO] [stdout] test tests::extended_qwen_small ... ignored
[INFO] [stdout] test tests::encode_is_stable_after_decode ... FAILED
[INFO] [stdout] test tests::ignore_merges_glm47 ... FAILED
[INFO] [stdout] test tests::long_input_correctness ... FAILED
[INFO] [stdout] test tests::decode_unknown_id_is_skipped ... FAILED
[INFO] [stdout] test tests::encode_batch_matches_sequential ... FAILED
[INFO] [stdout] test tests::encode_decode_roundtrip_all_models ... FAILED
[INFO] [stdout] test tests::newline_partitioned_ragged_matches_sequential ... FAILED
[INFO] [stdout] test tests::decode_stream_chunks_are_non_empty_and_concatenate ... FAILED
[INFO] [stdout] test tests::parse_hf_json ... FAILED
[INFO] [stdout] test tests::normalized_added_tokens_follow_the_two_phase_pipeline ... ok
[INFO] [stdout] test tests::decode_stream_reconstructs_unicode ... FAILED
[INFO] [stdout] test tests::post_process_false_is_identity_all_models ... FAILED
[INFO] [stdout] test tests::post_process_true_adds_special_tokens ... FAILED
[INFO] [stdout] test tests::public_added_token_accessors_expose_added_vocab ... FAILED
[INFO] [stdout] test tests::token_to_id_searches_added_tokens ... FAILED
[INFO] [stdout] test tests::vocab_access ... FAILED
[INFO] [stdout] test tests::long_input_correctness_minimax ... FAILED
[INFO] [stdout] test tests::token_id_roundtrip_all_models ... FAILED
[INFO] [stdout] test pre_tokenizers::scanner::tests::gpt2_mask_matches_scalar ... ok
[INFO] [stdout] test pre_tokenizers::scanner::tests::kimi_mask_matches_scalar ... ok
[INFO] [stdout] test pre_tokenizers::scanner::tests::llama_mask_matches_scalar ... ok
[INFO] [stdout] test pre_tokenizers::scanner::tests::qwen_mask_matches_scalar ... ok
[INFO] [stdout] test tkz::tests::rebuilds_invalid_sidecars_and_handles_concurrent_creation ... ok
[INFO] [stdout] test tests::ignore_merges_preserves_piece_semantics ... ok
[INFO] [stdout] test models::bpe::tests::flat_cache_preserves_front_and_long_values ... ok
[INFO] [stdout] test models::bpe::tests::partial_merge ... ok
[INFO] [stdout] test pre_tokenizers::split::tests::fixed_scanners_match_hugging_face_on_semantic_edges ... ok
[INFO] [stdout] test tkz::tests::round_trip_preserves_pipeline_and_direct_loads ... ok
[INFO] [stdout] test tests::byte_fallback_merge_crosses_unicode_boundary ... ok
[INFO] [stdout] test models::bpe::tests::repeated_merge ... ok
[INFO] [stdout] 
[INFO] [stdout] failures:
[INFO] [stdout] 
[INFO] [stdout] ---- tests::add_bos_token stdout ----
[INFO] [stdout] 
[INFO] [stdout] thread 'tests::add_bos_token' (3292) panicked at src/lib.rs:2217:74:
[INFO] [stdout] called `Result::unwrap()` on an `Err` value: request error: https://huggingface.co/mistralai/Mistral-Nemo-Instruct-2407/resolve/main/tokenizer.json: Dns Failed: resolve dns name 'huggingface.co:443': failed to lookup address information: Temporary failure in name resolution
[INFO] [stdout] 
[INFO] [stdout] Caused by:
[INFO] [stdout]     0: https://huggingface.co/mistralai/Mistral-Nemo-Instruct-2407/resolve/main/tokenizer.json: Dns Failed: resolve dns name 'huggingface.co:443': failed to lookup address information: Temporary failure in name resolution
[INFO] [stdout]     1: failed to lookup address information: Temporary failure in name resolution
[INFO] [stdout] 
[INFO] [stdout] Stack backtrace:
[INFO] [stdout]    0: <anyhow::Error as core::convert::From<hf_hub::api::sync::ApiError>>::from
[INFO] [stdout]    1: snaptokens::tests::tokenizer_json_path
[INFO] [stdout]    2: snaptokens::tests::load_tokenizer
[INFO] [stdout]    3: snaptokens::tests::add_bos_token
[INFO] [stdout]    4: <snaptokens::tests::add_bos_token::{closure#0} as core::ops::function::FnOnce<()>>::call_once
[INFO] [stdout]    5: test::__rust_begin_short_backtrace::<core::result::Result<(), alloc::string::String>, fn() -> core::result::Result<(), alloc::string::String>>
[INFO] [stdout]    6: test::run_test::{closure#0}
[INFO] [stdout]    7: std::sys::backtrace::__rust_begin_short_backtrace::<test::run_test::{closure#1}, ()>
[INFO] [stdout]    8: <std::thread::lifecycle::spawn_unchecked<test::run_test::{closure#1}, ()>::{closure#1} as core::ops::function::FnOnce<()>>::call_once::{shim:vtable#0}
[INFO] [stdout]    9: <std::sys::thread::unix::Thread>::new::thread_start
[INFO] [stdout]   10: <unknown>
[INFO] [stdout]   11: clone
[INFO] [stdout] stack backtrace:
[INFO] [stdout]    0:     0x6302e213d151 - <<std[70759c8f55707aa4]::sys::backtrace::BacktraceLock>::print::DisplayBacktrace as core[df12db4294e9bfd3]::fmt::Display>::fmt
[INFO] [stdout]    1:     0x6302e21553ba - core[df12db4294e9bfd3]::fmt::write
[INFO] [stdout]    2:     0x6302e21428dc - <alloc[2182bb758b4b3781]::vec::Vec<u8> as core[df12db4294e9bfd3]::io::write::Write>::write_fmt
[INFO] [stdout]    3:     0x6302e2114c66 - std[70759c8f55707aa4]::panicking::default_hook::{closure#0}
[INFO] [stdout]    4:     0x6302e2133c19 - std[70759c8f55707aa4]::panicking::default_hook
[INFO] [stdout]    5:     0x6302e1f11b90 - test[9d35eded1c95d3be]::test_main_inner::<test[9d35eded1c95d3be]::test_main_static::{closure#0}>::{closure#0}
[INFO] [stdout]    6:     0x6302e2133f42 - std[70759c8f55707aa4]::panicking::panic_with_hook
[INFO] [stdout]    7:     0x6302e2114d12 - std[70759c8f55707aa4]::panicking::panic_handler::{closure#0}
[INFO] [stdout]    8:     0x6302e210d0b9 - std[70759c8f55707aa4]::sys::backtrace::__rust_end_short_backtrace::<std[70759c8f55707aa4]::panicking::panic_handler::{closure#0}, !>
[INFO] [stdout]    9:     0x6302e2115ded - __rustc[8fa7c3cbc660c2b3]::rust_begin_unwind
[INFO] [stdout]   10:     0x6302e2155b9c - core[df12db4294e9bfd3]::panicking::panic_fmt
[INFO] [stdout]   11:     0x6302e2155972 - core[df12db4294e9bfd3]::result::unwrap_failed
[INFO] [stdout]   12:     0x6302e1cedda1 - snaptokens[ff6d74ae37495140]::tests::add_bos_token
[INFO] [stdout]   13:     0x6302e1d11e49 - <snaptokens[ff6d74ae37495140]::tests::add_bos_token::{closure#0} as core[df12db4294e9bfd3]::ops::function::FnOnce<()>>::call_once
[INFO] [stdout]   14:     0x6302e1f04e7b - test[9d35eded1c95d3be]::__rust_begin_short_backtrace::<core[df12db4294e9bfd3]::result::Result<(), alloc[2182bb758b4b3781]::string::String>, fn() -> core[df12db4294e9bfd3]::result::Result<(), alloc[2182bb758b4b3781]::string::String>>
[INFO] [stdout]   15:     0x6302e1f124e5 - test[9d35eded1c95d3be]::run_test::{closure#0}
[INFO] [stdout]   16:     0x6302e1f0bda4 - std[70759c8f55707aa4]::sys::backtrace::__rust_begin_short_backtrace::<test[9d35eded1c95d3be]::run_test::{closure#1}, ()>
[INFO] [stdout]   17:     0x6302e1f15642 - <std[70759c8f55707aa4]::thread::lifecycle::spawn_unchecked<test[9d35eded1c95d3be]::run_test::{closure#1}, ()>::{closure#1} as core[df12db4294e9bfd3]::ops::function::FnOnce<()>>::call_once::{shim:vtable#0}
[INFO] [stdout]   18:     0x6302e213bc49 - <std[70759c8f55707aa4]::sys::thread::unix::Thread>::new::thread_start
[INFO] [stdout]   19:     0x7213a10dbdfa - <unknown>
[INFO] [stdout]   20:     0x7213a116f3d4 - clone
[INFO] [stdout]   21:                0x0 - <unknown>
[INFO] [stdout] 
[INFO] [stdout] ---- tests::added_tokens_nemotron stdout ----
[INFO] [stdout] 
[INFO] [stdout] thread 'tests::added_tokens_nemotron' (3295) panicked at src/lib.rs:1465:33:
[INFO] [stdout] nvidia/NVIDIA-Nemotron-3-Nano-30B-A3B-BF16: HF load failed: request error: https://huggingface.co/nvidia/NVIDIA-Nemotron-3-Nano-30B-A3B-BF16/resolve/main/tokenizer.json: Dns Failed: resolve dns name 'huggingface.co:443': failed to lookup address information: Temporary failure in name resolution
[INFO] [stdout] stack backtrace:
[INFO] [stdout]    0:     0x6302e213d151 - <<std[70759c8f55707aa4]::sys::backtrace::BacktraceLock>::print::DisplayBacktrace as core[df12db4294e9bfd3]::fmt::Display>::fmt
[INFO] [stdout]    1:     0x6302e21553ba - core[df12db4294e9bfd3]::fmt::write
[INFO] [stdout]    2:     0x6302e21428dc - <alloc[2182bb758b4b3781]::vec::Vec<u8> as core[df12db4294e9bfd3]::io::write::Write>::write_fmt
[INFO] [stdout]    3:     0x6302e2114c66 - std[70759c8f55707aa4]::panicking::default_hook::{closure#0}
[INFO] [stdout]    4:     0x6302e2133c19 - std[70759c8f55707aa4]::panicking::default_hook
[INFO] [stdout]    5:     0x6302e1f11b90 - test[9d35eded1c95d3be]::test_main_inner::<test[9d35eded1c95d3be]::test_main_static::{closure#0}>::{closure#0}
[INFO] [stdout]    6:     0x6302e2133f42 - std[70759c8f55707aa4]::panicking::panic_with_hook
[INFO] [stdout]    7:     0x6302e2114d12 - std[70759c8f55707aa4]::panicking::panic_handler::{closure#0}
[INFO] [stdout]    8:     0x6302e210d0b9 - std[70759c8f55707aa4]::sys::backtrace::__rust_end_short_backtrace::<std[70759c8f55707aa4]::panicking::panic_handler::{closure#0}, !>
[INFO] [stdout]    9:     0x6302e2115ded - __rustc[8fa7c3cbc660c2b3]::rust_begin_unwind
[INFO] [stdout]   10:     0x6302e2155b9c - core[df12db4294e9bfd3]::panicking::panic_fmt
[INFO] [stdout]   11:     0x6302e1ce912a - snaptokens[ff6d74ae37495140]::tests::compare_encode_decode::{closure#0}
[INFO] [stdout]   12:     0x6302e1cec670 - snaptokens[ff6d74ae37495140]::tests::compare_encode_decode
[INFO] [stdout]   13:     0x6302e1cefb46 - snaptokens[ff6d74ae37495140]::tests::added_tokens_nemotron
[INFO] [stdout]   14:     0x6302e1d12039 - <snaptokens[ff6d74ae37495140]::tests::added_tokens_nemotron::{closure#0} as core[df12db4294e9bfd3]::ops::function::FnOnce<()>>::call_once
[INFO] [stdout]   15:     0x6302e1f04e7b - test[9d35eded1c95d3be]::__rust_begin_short_backtrace::<core[df12db4294e9bfd3]::result::Result<(), alloc[2182bb758b4b3781]::string::String>, fn() -> core[df12db4294e9bfd3]::result::Result<(), alloc[2182bb758b4b3781]::string::String>>
[INFO] [stdout]   16:     0x6302e1f124e5 - test[9d35eded1c95d3be]::run_test::{closure#0}
[INFO] [stdout]   17:     0x6302e1f0bda4 - std[70759c8f55707aa4]::sys::backtrace::__rust_begin_short_backtrace::<test[9d35eded1c95d3be]::run_test::{closure#1}, ()>
[INFO] [stdout]   18:     0x6302e1f15642 - <std[70759c8f55707aa4]::thread::lifecycle::spawn_unchecked<test[9d35eded1c95d3be]::run_test::{closure#1}, ()>::{closure#1} as core[df12db4294e9bfd3]::ops::function::FnOnce<()>>::call_once::{shim:vtable#0}
[INFO] [stdout]   19:     0x6302e213bc49 - <std[70759c8f55707aa4]::sys::thread::unix::Thread>::new::thread_start
[INFO] [stdout]   20:     0x7213a10dbdfa - <unknown>
[INFO] [stdout]   21:     0x7213a116f3d4 - clone
[INFO] [stdout]   22:                0x0 - <unknown>
[INFO] [stdout] 
[INFO] [stdout] ---- tests::added_tokens_qwen3vl_vision_sequence stdout ----
[INFO] [stdout] 
[INFO] [stdout] thread 'tests::added_tokens_qwen3vl_vision_sequence' (3297) panicked at src/lib.rs:1465:33:
[INFO] [stdout] Qwen/Qwen3.5-27B: HF load failed: request error: https://huggingface.co/Qwen/Qwen3.5-27B/resolve/main/tokenizer.json: Dns Failed: resolve dns name 'huggingface.co:443': failed to lookup address information: Temporary failure in name resolution
[INFO] [stdout] stack backtrace:
[INFO] [stdout]    0:     0x6302e213d151 - <<std[70759c8f55707aa4]::sys::backtrace::BacktraceLock>::print::DisplayBacktrace as core[df12db4294e9bfd3]::fmt::Display>::fmt
[INFO] [stdout]    1:     0x6302e21553ba - core[df12db4294e9bfd3]::fmt::write
[INFO] [stdout]    2:     0x6302e21428dc - <alloc[2182bb758b4b3781]::vec::Vec<u8> as core[df12db4294e9bfd3]::io::write::Write>::write_fmt
[INFO] [stdout]    3:     0x6302e2114c66 - std[70759c8f55707aa4]::panicking::default_hook::{closure#0}
[INFO] [stdout]    4:     0x6302e2133c19 - std[70759c8f55707aa4]::panicking::default_hook
[INFO] [stdout]    5:     0x6302e1f11b90 - test[9d35eded1c95d3be]::test_main_inner::<test[9d35eded1c95d3be]::test_main_static::{closure#0}>::{closure#0}
[INFO] [stdout]    6:     0x6302e2133f42 - std[70759c8f55707aa4]::panicking::panic_with_hook
[INFO] [stdout]    7:     0x6302e2114d12 - std[70759c8f55707aa4]::panicking::panic_handler::{closure#0}
[INFO] [stdout]    8:     0x6302e210d0b9 - std[70759c8f55707aa4]::sys::backtrace::__rust_end_short_backtrace::<std[70759c8f55707aa4]::panicking::panic_handler::{closure#0}, !>
[INFO] [stdout]    9:     0x6302e2115ded - __rustc[8fa7c3cbc660c2b3]::rust_begin_unwind
[INFO] [stdout]   10:     0x6302e2155b9c - core[df12db4294e9bfd3]::panicking::panic_fmt
[INFO] [stdout]   11:     0x6302e1ce912a - snaptokens[ff6d74ae37495140]::tests::compare_encode_decode::{closure#0}
[INFO] [stdout]   12:     0x6302e1cec670 - snaptokens[ff6d74ae37495140]::tests::compare_encode_decode
[INFO] [stdout]   13:     0x6302e1cf5d36 - snaptokens[ff6d74ae37495140]::tests::added_tokens_qwen3vl_vision_sequence
[INFO] [stdout]   14:     0x6302e1d12489 - <snaptokens[ff6d74ae37495140]::tests::added_tokens_qwen3vl_vision_sequence::{closure#0} as core[df12db4294e9bfd3]::ops::function::FnOnce<()>>::call_once
[INFO] [stdout]   15:     0x6302e1f04e7b - test[9d35eded1c95d3be]::__rust_begin_short_backtrace::<core[df12db4294e9bfd3]::result::Result<(), alloc[2182bb758b4b3781]::string::String>, fn() -> core[df12db4294e9bfd3]::result::Result<(), alloc[2182bb758b4b3781]::string::String>>
[INFO] [stdout]   16:     0x6302e1f124e5 - test[9d35eded1c95d3be]::run_test::{closure#0}
[INFO] [stdout]   17:     0x6302e1f0bda4 - std[70759c8f55707aa4]::sys::backtrace::__rust_begin_short_backtrace::<test[9d35eded1c95d3be]::run_test::{closure#1}, ()>
[INFO] [stdout]   18:     0x6302e1f15642 - <std[70759c8f55707aa4]::thread::lifecycle::spawn_unchecked<test[9d35eded1c95d3be]::run_test::{closure#1}, ()>::{closure#1} as core[df12db4294e9bfd3]::ops::function::FnOnce<()>>::call_once::{shim:vtable#0}
[INFO] [stdout]   19:     0x6302e213bc49 - <std[70759c8f55707aa4]::sys::thread::unix::Thread>::new::thread_start
[INFO] [stdout]   20:     0x7213a10dbdfa - <unknown>
[INFO] [stdout]   21:     0x7213a116f3d4 - clone
[INFO] [stdout]   22:                0x0 - <unknown>
[INFO] [stdout] 
[INFO] [stdout] ---- tests::cache_consistency stdout ----
[INFO] [stdout] 
[INFO] [stdout] thread 'tests::cache_consistency' (3299) panicked at src/lib.rs:1660:42:
[INFO] [stdout] called `Result::unwrap()` on an `Err` value: request error: https://huggingface.co/nvidia/NVIDIA-Nemotron-3-Nano-30B-A3B-BF16/resolve/main/tokenizer.json: Dns Failed: resolve dns name 'huggingface.co:443': failed to lookup address information: Temporary failure in name resolution
[INFO] [stdout] 
[INFO] [stdout] Caused by:
[INFO] [stdout]     0: https://huggingface.co/nvidia/NVIDIA-Nemotron-3-Nano-30B-A3B-BF16/resolve/main/tokenizer.json: Dns Failed: resolve dns name 'huggingface.co:443': failed to lookup address information: Temporary failure in name resolution
[INFO] [stdout]     1: failed to lookup address information: Temporary failure in name resolution
[INFO] [stdout] 
[INFO] [stdout] Stack backtrace:
[INFO] [stdout]    0: <anyhow::Error as core::convert::From<hf_hub::api::sync::ApiError>>::from
[INFO] [stdout]    1: snaptokens::tests::tokenizer_json_path
[INFO] [stdout]    2: snaptokens::tests::load_tokenizer
[INFO] [stdout]    3: snaptokens::tests::cache_consistency
[INFO] [stdout]    4: <snaptokens::tests::cache_consistency::{closure#0} as core::ops::function::FnOnce<()>>::call_once
[INFO] [stdout]    5: test::__rust_begin_short_backtrace::<core::result::Result<(), alloc::string::String>, fn() -> core::result::Result<(), alloc::string::String>>
[INFO] [stdout]    6: test::run_test::{closure#0}
[INFO] [stdout]    7: std::sys::backtrace::__rust_begin_short_backtrace::<test::run_test::{closure#1}, ()>
[INFO] [stdout]    8: <std::thread::lifecycle::spawn_unchecked<test::run_test::{closure#1}, ()>::{closure#1} as core::ops::function::FnOnce<()>>::call_once::{shim:vtable#0}
[INFO] [stdout]    9: <std::sys::thread::unix::Thread>::new::thread_start
[INFO] [stdout]   10: <unknown>
[INFO] [stdout]   11: clone
[INFO] [stdout] stack backtrace:
[INFO] [stdout]    0:     0x6302e213d151 - <<std[70759c8f55707aa4]::sys::backtrace::BacktraceLock>::print::DisplayBacktrace as core[df12db4294e9bfd3]::fmt::Display>::fmt
[INFO] [stdout]    1:     0x6302e21553ba - core[df12db4294e9bfd3]::fmt::write
[INFO] [stdout]    2:     0x6302e21428dc - <alloc[2182bb758b4b3781]::vec::Vec<u8> as core[df12db4294e9bfd3]::io::write::Write>::write_fmt
[INFO] [stdout]    3:     0x6302e2114c66 - std[70759c8f55707aa4]::panicking::default_hook::{closure#0}
[INFO] [stdout]    4:     0x6302e2133c19 - std[70759c8f55707aa4]::panicking::default_hook
[INFO] [stdout]    5:     0x6302e1f11b90 - test[9d35eded1c95d3be]::test_main_inner::<test[9d35eded1c95d3be]::test_main_static::{closure#0}>::{closure#0}
[INFO] [stdout]    6:     0x6302e2133f42 - std[70759c8f55707aa4]::panicking::panic_with_hook
[INFO] [stdout]    7:     0x6302e2114d12 - std[70759c8f55707aa4]::panicking::panic_handler::{closure#0}
[INFO] [stdout]    8:     0x6302e210d0b9 - std[70759c8f55707aa4]::sys::backtrace::__rust_end_short_backtrace::<std[70759c8f55707aa4]::panicking::panic_handler::{closure#0}, !>
[INFO] [stdout]    9:     0x6302e2115ded - __rustc[8fa7c3cbc660c2b3]::rust_begin_unwind
[INFO] [stdout]   10:     0x6302e2155b9c - core[df12db4294e9bfd3]::panicking::panic_fmt
[INFO] [stdout]   11:     0x6302e2155972 - core[df12db4294e9bfd3]::result::unwrap_failed
[INFO] [stdout]   12:     0x6302e1cee962 - snaptokens[ff6d74ae37495140]::tests::cache_consistency
[INFO] [stdout]   13:     0x6302e1d11f09 - <snaptokens[ff6d74ae37495140]::tests::cache_consistency::{closure#0} as core[df12db4294e9bfd3]::ops::function::FnOnce<()>>::call_once
[INFO] [stdout]   14:     0x6302e1f04e7b - test[9d35eded1c95d3be]::__rust_begin_short_backtrace::<core[df12db4294e9bfd3]::result::Result<(), alloc[2182bb758b4b3781]::string::String>, fn() -> core[df12db4294e9bfd3]::result::Result<(), alloc[2182bb758b4b3781]::string::String>>
[INFO] [stdout]   15:     0x6302e1f124e5 - test[9d35eded1c95d3be]::run_test::{closure#0}
[INFO] [stdout]   16:     0x6302e1f0bda4 - std[70759c8f55707aa4]::sys::backtrace::__rust_begin_short_backtrace::<test[9d35eded1c95d3be]::run_test::{closure#1}, ()>
[INFO] [stdout]   17:     0x6302e1f15642 - <std[70759c8f55707aa4]::thread::lifecycle::spawn_unchecked<test[9d35eded1c95d3be]::run_test::{closure#1}, ()>::{closure#1} as core[df12db4294e9bfd3]::ops::function::FnOnce<()>>::call_once::{shim:vtable#0}
[INFO] [stdout]   18:     0x6302e213bc49 - <std[70759c8f55707aa4]::sys::thread::unix::Thread>::new::thread_start
[INFO] [stdout]   19:     0x7213a10dbdfa - <unknown>
[INFO] [stdout]   20:     0x7213a116f3d4 - clone
[INFO] [stdout]   21:                0x0 - <unknown>
[INFO] [stdout] 
[INFO] [stdout] ---- tests::added_tokens_qwen3 stdout ----
[INFO] [stdout] 
[INFO] [stdout] thread 'tests::added_tokens_qwen3' (3296) panicked at src/lib.rs:1465:33:
[INFO] [stdout] Qwen/Qwen3-0.6B: HF load failed: request error: https://huggingface.co/Qwen/Qwen3-0.6B/resolve/main/tokenizer.json: Dns Failed: resolve dns name 'huggingface.co:443': failed to lookup address information: Temporary failure in name resolution
[INFO] [stdout] stack backtrace:
[INFO] [stdout]    0:     0x6302e213d151 - <<std[70759c8f55707aa4]::sys::backtrace::BacktraceLock>::print::DisplayBacktrace as core[df12db4294e9bfd3]::fmt::Display>::fmt
[INFO] [stdout]    1:     0x6302e21553ba - core[df12db4294e9bfd3]::fmt::write
[INFO] [stdout]    2:     0x6302e21428dc - <alloc[2182bb758b4b3781]::vec::Vec<u8> as core[df12db4294e9bfd3]::io::write::Write>::write_fmt
[INFO] [stdout]    3:     0x6302e2114c66 - std[70759c8f55707aa4]::panicking::default_hook::{closure#0}
[INFO] [stdout]    4:     0x6302e2133c19 - std[70759c8f55707aa4]::panicking::default_hook
[INFO] [stdout]    5:     0x6302e1f11b90 - test[9d35eded1c95d3be]::test_main_inner::<test[9d35eded1c95d3be]::test_main_static::{closure#0}>::{closure#0}
[INFO] [stdout]    6:     0x6302e2133f42 - std[70759c8f55707aa4]::panicking::panic_with_hook
[INFO] [stdout]    7:     0x6302e2114d12 - std[70759c8f55707aa4]::panicking::panic_handler::{closure#0}
[INFO] [stdout]    8:     0x6302e210d0b9 - std[70759c8f55707aa4]::sys::backtrace::__rust_end_short_backtrace::<std[70759c8f55707aa4]::panicking::panic_handler::{closure#0}, !>
[INFO] [stdout]    9:     0x6302e2115ded - __rustc[8fa7c3cbc660c2b3]::rust_begin_unwind
[INFO] [stdout]   10:     0x6302e2155b9c - core[df12db4294e9bfd3]::panicking::panic_fmt
[INFO] [stdout]   11:     0x6302e1ce912a - snaptokens[ff6d74ae37495140]::tests::compare_encode_decode::{closure#0}
[INFO] [stdout]   12:     0x6302e1cec670 - snaptokens[ff6d74ae37495140]::tests::compare_encode_decode
[INFO] [stdout]   13:     0x6302e1ceeb86 - snaptokens[ff6d74ae37495140]::tests::added_tokens_qwen3
[INFO] [stdout]   14:     0x6302e1d11f79 - <snaptokens[ff6d74ae37495140]::tests::added_tokens_qwen3::{closure#0} as core[df12db4294e9bfd3]::ops::function::FnOnce<()>>::call_once
[INFO] [stdout]   15:     0x6302e1f04e7b - test[9d35eded1c95d3be]::__rust_begin_short_backtrace::<core[df12db4294e9bfd3]::result::Result<(), alloc[2182bb758b4b3781]::string::String>, fn() -> core[df12db4294e9bfd3]::result::Result<(), alloc[2182bb758b4b3781]::string::String>>
[INFO] [stdout]   16:     0x6302e1f124e5 - test[9d35eded1c95d3be]::run_test::{closure#0}
[INFO] [stdout]   17:     0x6302e1f0bda4 - std[70759c8f55707aa4]::sys::backtrace::__rust_begin_short_backtrace::<test[9d35eded1c95d3be]::run_test::{closure#1}, ()>
[INFO] [stdout]   18:     0x6302e1f15642 - <std[70759c8f55707aa4]::thread::lifecycle::spawn_unchecked<test[9d35eded1c95d3be]::run_test::{closure#1}, ()>::{closure#1} as core[df12db4294e9bfd3]::ops::function::FnOnce<()>>::call_once::{shim:vtable#0}
[INFO] [stdout]   19:     0x6302e213bc49 - <std[70759c8f55707aa4]::sys::thread::unix::Thread>::new::thread_start
[INFO] [stdout]   20:     0x7213a10dbdfa - <unknown>
[INFO] [stdout]   21:     0x7213a116f3d4 - clone
[INFO] [stdout]   22:                0x0 - <unknown>
[INFO] [stdout] 
[INFO] [stdout] ---- tests::cache_consistency_fused stdout ----
[INFO] [stdout] 
[INFO] [stdout] thread 'tests::cache_consistency_fused' (3300) panicked at src/lib.rs:1687:42:
[INFO] [stdout] called `Result::unwrap()` on an `Err` value: request error: https://huggingface.co/nvidia/NVIDIA-Nemotron-3-Nano-30B-A3B-BF16/resolve/main/tokenizer.json: Dns Failed: resolve dns name 'huggingface.co:443': failed to lookup address information: Temporary failure in name resolution
[INFO] [stdout] 
[INFO] [stdout] Caused by:
[INFO] [stdout]     0: https://huggingface.co/nvidia/NVIDIA-Nemotron-3-Nano-30B-A3B-BF16/resolve/main/tokenizer.json: Dns Failed: resolve dns name 'huggingface.co:443': failed to lookup address information: Temporary failure in name resolution
[INFO] [stdout]     1: failed to lookup address information: Temporary failure in name resolution
[INFO] [stdout] 
[INFO] [stdout] Stack backtrace:
[INFO] [stdout]    0: <anyhow::Error as core::convert::From<hf_hub::api::sync::ApiError>>::from
[INFO] [stdout]    1: snaptokens::tests::tokenizer_json_path
[INFO] [stdout]    2: snaptokens::tests::load_tokenizer
[INFO] [stdout]    3: snaptokens::tests::cache_consistency_fused
[INFO] [stdout]    4: <snaptokens::tests::cache_consistency_fused::{closure#0} as core::ops::function::FnOnce<()>>::call_once
[INFO] [stdout]    5: test::__rust_begin_short_backtrace::<core::result::Result<(), alloc::string::String>, fn() -> core::result::Result<(), alloc::string::String>>
[INFO] [stdout]    6: test::run_test::{closure#0}
[INFO] [stdout]    7: std::sys::backtrace::__rust_begin_short_backtrace::<test::run_test::{closure#1}, ()>
[INFO] [stdout]    8: <std::thread::lifecycle::spawn_unchecked<test::run_test::{closure#1}, ()>::{closure#1} as core::ops::function::FnOnce<()>>::call_once::{shim:vtable#0}
[INFO] [stdout]    9: <std::sys::thread::unix::Thread>::new::thread_start
[INFO] [stdout]   10: <unknown>
[INFO] [stdout]   11: clone
[INFO] [stdout] stack backtrace:
[INFO] [stdout]    0:     0x6302e213d151 - <<std[70759c8f55707aa4]::sys::backtrace::BacktraceLock>::print::DisplayBacktrace as core[df12db4294e9bfd3]::fmt::Display>::fmt
[INFO] [stdout]    1:     0x6302e21553ba - core[df12db4294e9bfd3]::fmt::write
[INFO] [stdout]    2:     0x6302e21428dc - <alloc[2182bb758b4b3781]::vec::Vec<u8> as core[df12db4294e9bfd3]::io::write::Write>::write_fmt
[INFO] [stdout]    3:     0x6302e2114c66 - std[70759c8f55707aa4]::panicking::default_hook::{closure#0}
[INFO] [stdout]    4:     0x6302e2133c19 - std[70759c8f55707aa4]::panicking::default_hook
[INFO] [stdout]    5:     0x6302e1f11b90 - test[9d35eded1c95d3be]::test_main_inner::<test[9d35eded1c95d3be]::test_main_static::{closure#0}>::{closure#0}
[INFO] [stdout]    6:     0x6302e2133f42 - std[70759c8f55707aa4]::panicking::panic_with_hook
[INFO] [stdout]    7:     0x6302e2114d12 - std[70759c8f55707aa4]::panicking::panic_handler::{closure#0}
[INFO] [stdout]    8:     0x6302e210d0b9 - std[70759c8f55707aa4]::sys::backtrace::__rust_end_short_backtrace::<std[70759c8f55707aa4]::panicking::panic_handler::{closure#0}, !>
[INFO] [stdout]    9:     0x6302e2115ded - __rustc[8fa7c3cbc660c2b3]::rust_begin_unwind
[INFO] [stdout]   10:     0x6302e2155b9c - core[df12db4294e9bfd3]::panicking::panic_fmt
[INFO] [stdout]   11:     0x6302e2155972 - core[df12db4294e9bfd3]::result::unwrap_failed
[INFO] [stdout]   12:     0x6302e1cf066d - snaptokens[ff6d74ae37495140]::tests::cache_consistency_fused
[INFO] [stdout]   13:     0x6302e1d12159 - <snaptokens[ff6d74ae37495140]::tests::cache_consistency_fused::{closure#0} as core[df12db4294e9bfd3]::ops::function::FnOnce<()>>::call_once
[INFO] [stdout]   14:     0x6302e1f04e7b - test[9d35eded1c95d3be]::__rust_begin_short_backtrace::<core[df12db4294e9bfd3]::result::Result<(), alloc[2182bb758b4b3781]::string::String>, fn() -> core[df12db4294e9bfd3]::result::Result<(), alloc[2182bb758b4b3781]::string::String>>
[INFO] [stdout]   15:     0x6302e1f124e5 - test[9d35eded1c95d3be]::run_test::{closure#0}
[INFO] [stdout]   16:     0x6302e1f0bda4 - std[70759c8f55707aa4]::sys::backtrace::__rust_begin_short_backtrace::<test[9d35eded1c95d3be]::run_test::{closure#1}, ()>
[INFO] [stdout]   17:     0x6302e1f15642 - <std[70759c8f55707aa4]::thread::lifecycle::spawn_unchecked<test[9d35eded1c95d3be]::run_test::{closure#1}, ()>::{closure#1} as core[df12db4294e9bfd3]::ops::function::FnOnce<()>>::call_once::{shim:vtable#0}
[INFO] [stdout]   18:     0x6302e213bc49 - <std[70759c8f55707aa4]::sys::thread::unix::Thread>::new::thread_start
[INFO] [stdout]   19:     0x7213a10dbdfa - <unknown>
[INFO] [stdout]   20:     0x7213a116f3d4 - clone
[INFO] [stdout]   21:                0x0 - <unknown>
[INFO] [stdout] 
[INFO] [stdout] ---- tests::added_tokens_minimax stdout ----
[INFO] [stdout] 
[INFO] [stdout] thread 'tests::added_tokens_minimax' (3294) panicked at src/lib.rs:1465:33:
[INFO] [stdout] MiniMaxAI/MiniMax-M2.1: HF load failed: request error: https://huggingface.co/MiniMaxAI/MiniMax-M2.1/resolve/main/tokenizer.json: Dns Failed: resolve dns name 'huggingface.co:443': failed to lookup address information: Temporary failure in name resolution
[INFO] [stdout] stack backtrace:
[INFO] [stdout]    0:     0x6302e213d151 - <<std[70759c8f55707aa4]::sys::backtrace::BacktraceLock>::print::DisplayBacktrace as core[df12db4294e9bfd3]::fmt::Display>::fmt
[INFO] [stdout]    1:     0x6302e21553ba - core[df12db4294e9bfd3]::fmt::write
[INFO] [stdout]    2:     0x6302e21428dc - <alloc[2182bb758b4b3781]::vec::Vec<u8> as core[df12db4294e9bfd3]::io::write::Write>::write_fmt
[INFO] [stdout]    3:     0x6302e2114c66 - std[70759c8f55707aa4]::panicking::default_hook::{closure#0}
[INFO] [stdout]    4:     0x6302e2133c19 - std[70759c8f55707aa4]::panicking::default_hook
[INFO] [stdout]    5:     0x6302e1f11b90 - test[9d35eded1c95d3be]::test_main_inner::<test[9d35eded1c95d3be]::test_main_static::{closure#0}>::{closure#0}
[INFO] [stdout]    6:     0x6302e2133f42 - std[70759c8f55707aa4]::panicking::panic_with_hook
[INFO] [stdout]    7:     0x6302e2114d12 - std[70759c8f55707aa4]::panicking::panic_handler::{closure#0}
[INFO] [stdout]    8:     0x6302e210d0b9 - std[70759c8f55707aa4]::sys::backtrace::__rust_end_short_backtrace::<std[70759c8f55707aa4]::panicking::panic_handler::{closure#0}, !>
[INFO] [stdout]    9:     0x6302e2115ded - __rustc[8fa7c3cbc660c2b3]::rust_begin_unwind
[INFO] [stdout]   10:     0x6302e2155b9c - core[df12db4294e9bfd3]::panicking::panic_fmt
[INFO] [stdout]   11:     0x6302e1ce912a - snaptokens[ff6d74ae37495140]::tests::compare_encode_decode::{closure#0}
[INFO] [stdout]   12:     0x6302e1cec670 - snaptokens[ff6d74ae37495140]::tests::compare_encode_decode
[INFO] [stdout]   13:     0x6302e1cef846 - snaptokens[ff6d74ae37495140]::tests::added_tokens_minimax
[INFO] [stdout]   14:     0x6302e1d11fd9 - <snaptokens[ff6d74ae37495140]::tests::added_tokens_minimax::{closure#0} as core[df12db4294e9bfd3]::ops::function::FnOnce<()>>::call_once
[INFO] [stdout]   15:     0x6302e1f04e7b - test[9d35eded1c95d3be]::__rust_begin_short_backtrace::<core[df12db4294e9bfd3]::result::Result<(), alloc[2182bb758b4b3781]::string::String>, fn() -> core[df12db4294e9bfd3]::result::Result<(), alloc[2182bb758b4b3781]::string::String>>
[INFO] [stdout]   16:     0x6302e1f124e5 - test[9d35eded1c95d3be]::run_test::{closure#0}
[INFO] [stdout]   17:     0x6302e1f0bda4 - std[70759c8f55707aa4]::sys::backtrace::__rust_begin_short_backtrace::<test[9d35eded1c95d3be]::run_test::{closure#1}, ()>
[INFO] [stdout]   18:     0x6302e1f15642 - <std[70759c8f55707aa4]::thread::lifecycle::spawn_unchecked<test[9d35eded1c95d3be]::run_test::{closure#1}, ()>::{closure#1} as core[df12db4294e9bfd3]::ops::function::FnOnce<()>>::call_once::{shim:vtable#0}
[INFO] [stdout]   19:     0x6302e213bc49 - <std[70759c8f55707aa4]::sys::thread::unix::Thread>::new::thread_start
[INFO] [stdout]   20:     0x7213a10dbdfa - <unknown>
[INFO] [stdout]   21:     0x7213a116f3d4 - clone
[INFO] [stdout]   22:                0x0 - <unknown>
[INFO] [stdout] 
[INFO] [stdout] ---- tests::correctness_gpt_oss stdout ----
[INFO] [stdout] 
[INFO] [stdout] thread 'tests::correctness_gpt_oss' (3303) panicked at src/lib.rs:1465:33:
[INFO] [stdout] openai/gpt-oss-120b: HF load failed: request error: https://huggingface.co/openai/gpt-oss-120b/resolve/main/tokenizer.json: Dns Failed: resolve dns name 'huggingface.co:443': failed to lookup address information: Temporary failure in name resolution
[INFO] [stdout] stack backtrace:
[INFO] [stdout]    0:     0x6302e213d151 - <<std[70759c8f55707aa4]::sys::backtrace::BacktraceLock>::print::DisplayBacktrace as core[df12db4294e9bfd3]::fmt::Display>::fmt
[INFO] [stdout]    1:     0x6302e21553ba - core[df12db4294e9bfd3]::fmt::write
[INFO] [stdout]    2:     0x6302e21428dc - <alloc[2182bb758b4b3781]::vec::Vec<u8> as core[df12db4294e9bfd3]::io::write::Write>::write_fmt
[INFO] [stdout]    3:     0x6302e2114c66 - std[70759c8f55707aa4]::panicking::default_hook::{closure#0}
[INFO] [stdout]    4:     0x6302e2133c19 - std[70759c8f55707aa4]::panicking::default_hook
[INFO] [stdout]    5:     0x6302e1f11b90 - test[9d35eded1c95d3be]::test_main_inner::<test[9d35eded1c95d3be]::test_main_static::{closure#0}>::{closure#0}
[INFO] [stdout]    6:     0x6302e2133f42 - std[70759c8f55707aa4]::panicking::panic_with_hook
[INFO] [stdout]    7:     0x6302e2114d12 - std[70759c8f55707aa4]::panicking::panic_handler::{closure#0}
[INFO] [stdout]    8:     0x6302e210d0b9 - std[70759c8f55707aa4]::sys::backtrace::__rust_end_short_backtrace::<std[70759c8f55707aa4]::panicking::panic_handler::{closure#0}, !>
[INFO] [stdout]    9:     0x6302e2115ded - __rustc[8fa7c3cbc660c2b3]::rust_begin_unwind
[INFO] [stdout]   10:     0x6302e2155b9c - core[df12db4294e9bfd3]::panicking::panic_fmt
[INFO] [stdout]   11:     0x6302e1ce912a - snaptokens[ff6d74ae37495140]::tests::compare_encode_decode::{closure#0}
[INFO] [stdout]   12:     0x6302e1cec670 - snaptokens[ff6d74ae37495140]::tests::compare_encode_decode
[INFO] [stdout]   13:     0x6302e1ceec86 - snaptokens[ff6d74ae37495140]::tests::correctness_gpt_oss
[INFO] [stdout]   14:     0x6302e1d11f99 - <snaptokens[ff6d74ae37495140]::tests::correctness_gpt_oss::{closure#0} as core[df12db4294e9bfd3]::ops::function::FnOnce<()>>::call_once
[INFO] [stdout]   15:     0x6302e1f04e7b - test[9d35eded1c95d3be]::__rust_begin_short_backtrace::<core[df12db4294e9bfd3]::result::Result<(), alloc[2182bb758b4b3781]::string::String>, fn() -> core[df12db4294e9bfd3]::result::Result<(), alloc[2182bb758b4b3781]::string::String>>
[INFO] [stdout]   16:     0x6302e1f124e5 - test[9d35eded1c95d3be]::run_test::{closure#0}
[INFO] [stdout]   17:     0x6302e1f0bda4 - std[70759c8f55707aa4]::sys::backtrace::__rust_begin_short_backtrace::<test[9d35eded1c95d3be]::run_test::{closure#1}, ()>
[INFO] [stdout]   18:     0x6302e1f15642 - <std[70759c8f55707aa4]::thread::lifecycle::spawn_unchecked<test[9d35eded1c95d3be]::run_test::{closure#1}, ()>::{closure#1} as core[df12db4294e9bfd3]::ops::function::FnOnce<()>>::call_once::{shim:vtable#0}
[INFO] [stdout]   19:     0x6302e213bc49 - <std[70759c8f55707aa4]::sys::thread::unix::Thread>::new::thread_start
[INFO] [stdout]   20:     0x7213a10dbdfa - <unknown>
[INFO] [stdout]   21:     0x7213a116f3d4 - clone
[INFO] [stdout]   22:                0x0 - <unknown>
[INFO] [stdout] 
[INFO] [stdout] ---- tests::correctness_kimi_k2_5 stdout ----
[INFO] [stdout] 
[INFO] [stdout] thread 'tests::correctness_kimi_k2_5' (3304) panicked at src/lib.rs:1465:33:
[INFO] [stdout] hoangquan456/Kimi-K2.5: HF load failed: request error: https://huggingface.co/hoangquan456/Kimi-K2.5/resolve/main/tokenizer.json: Dns Failed: resolve dns name 'huggingface.co:443': failed to lookup address information: Temporary failure in name resolution
[INFO] [stdout] stack backtrace:
[INFO] [stdout]    0:     0x6302e213d151 - <<std[70759c8f55707aa4]::sys::backtrace::BacktraceLock>::print::DisplayBacktrace as core[df12db4294e9bfd3]::fmt::Display>::fmt
[INFO] [stdout]    1:     0x6302e21553ba - core[df12db4294e9bfd3]::fmt::write
[INFO] [stdout]    2:     0x6302e21428dc - <alloc[2182bb758b4b3781]::vec::Vec<u8> as core[df12db4294e9bfd3]::io::write::Write>::write_fmt
[INFO] [stdout]    3:     0x6302e2114c66 - std[70759c8f55707aa4]::panicking::default_hook::{closure#0}
[INFO] [stdout]    4:     0x6302e2133c19 - std[70759c8f55707aa4]::panicking::default_hook
[INFO] [stdout]    5:     0x6302e1f11b90 - test[9d35eded1c95d3be]::test_main_inner::<test[9d35eded1c95d3be]::test_main_static::{closure#0}>::{closure#0}
[INFO] [stdout]    6:     0x6302e2133f42 - std[70759c8f55707aa4]::panicking::panic_with_hook
[INFO] [stdout]    7:     0x6302e2114d12 - std[70759c8f55707aa4]::panicking::panic_handler::{closure#0}
[INFO] [stdout]    8:     0x6302e210d0b9 - std[70759c8f55707aa4]::sys::backtrace::__rust_end_short_backtrace::<std[70759c8f55707aa4]::panicking::panic_handler::{closure#0}, !>
[INFO] [stdout]    9:     0x6302e2115ded - __rustc[8fa7c3cbc660c2b3]::rust_begin_unwind
[INFO] [stdout]   10:     0x6302e2155b9c - core[df12db4294e9bfd3]::panicking::panic_fmt
[INFO] [stdout]   11:     0x6302e1ce912a - snaptokens[ff6d74ae37495140]::tests::compare_encode_decode::{closure#0}
[INFO] [stdout]   12:     0x6302e1cec670 - snaptokens[ff6d74ae37495140]::tests::compare_encode_decode
[INFO] [stdout]   13:     0x6302e1cefc46 - snaptokens[ff6d74ae37495140]::tests::correctness_kimi_k2_5
[INFO] [stdout]   14:     0x6302e1d12059 - <snaptokens[ff6d74ae37495140]::tests::correctness_kimi_k2_5::{closure#0} as core[df12db4294e9bfd3]::ops::function::FnOnce<()>>::call_once
[INFO] [stdout]   15:     0x6302e1f04e7b - test[9d35eded1c95d3be]::__rust_begin_short_backtrace::<core[df12db4294e9bfd3]::result::Result<(), alloc[2182bb758b4b3781]::string::String>, fn() -> core[df12db4294e9bfd3]::result::Result<(), alloc[2182bb758b4b3781]::string::String>>
[INFO] [stdout]   16:     0x6302e1f124e5 - test[9d35eded1c95d3be]::run_test::{closure#0}
[INFO] [stdout]   17:     0x6302e1f0bda4 - std[70759c8f55707aa4]::sys::backtrace::__rust_begin_short_backtrace::<test[9d35eded1c95d3be]::run_test::{closure#1}, ()>
[INFO] [stdout]   18:     0x6302e1f15642 - <std[70759c8f55707aa4]::thread::lifecycle::spawn_unchecked<test[9d35eded1c95d3be]::run_test::{closure#1}, ()>::{closure#1} as core[df12db4294e9bfd3]::ops::function::FnOnce<()>>::call_once::{shim:vtable#0}
[INFO] [stdout]   19:     0x6302e213bc49 - <std[70759c8f55707aa4]::sys::thread::unix::Thread>::new::thread_start
[INFO] [stdout]   20:     0x7213a10dbdfa - <unknown>
[INFO] [stdout]   21:     0x7213a116f3d4 - clone
[INFO] [stdout]   22:                0x0 - <unknown>
[INFO] [stdout] 
[INFO] [stdout] ---- tests::added_tokens_deepseek stdout ----
[INFO] [stdout] 
[INFO] [stdout] thread 'tests::added_tokens_deepseek' (3293) panicked at src/lib.rs:1465:33:
[INFO] [stdout] deepseek-ai/DeepSeek-V3.2: HF load failed: request error: https://huggingface.co/deepseek-ai/DeepSeek-V3.2/resolve/main/tokenizer.json: Dns Failed: resolve dns name 'huggingface.co:443': failed to lookup address information: Temporary failure in name resolution
[INFO] [stdout] stack backtrace:
[INFO] [stdout]    0:     0x6302e213d151 - <<std[70759c8f55707aa4]::sys::backtrace::BacktraceLock>::print::DisplayBacktrace as core[df12db4294e9bfd3]::fmt::Display>::fmt
[INFO] [stdout]    1:     0x6302e21553ba - core[df12db4294e9bfd3]::fmt::write
[INFO] [stdout]    2:     0x6302e21428dc - <alloc[2182bb758b4b3781]::vec::Vec<u8> as core[df12db4294e9bfd3]::io::write::Write>::write_fmt
[INFO] [stdout]    3:     0x6302e2114c66 - std[70759c8f55707aa4]::panicking::default_hook::{closure#0}
[INFO] [stdout]    4:     0x6302e2133c19 - std[70759c8f55707aa4]::panicking::default_hook
[INFO] [stdout]    5:     0x6302e1f11b90 - test[9d35eded1c95d3be]::test_main_inner::<test[9d35eded1c95d3be]::test_main_static::{closure#0}>::{closure#0}
[INFO] [stdout]    6:     0x6302e2133f42 - std[70759c8f55707aa4]::panicking::panic_with_hook
[INFO] [stdout]    7:     0x6302e2114d12 - std[70759c8f55707aa4]::panicking::panic_handler::{closure#0}
[INFO] [stdout]    8:     0x6302e210d0b9 - std[70759c8f55707aa4]::sys::backtrace::__rust_end_short_backtrace::<std[70759c8f55707aa4]::panicking::panic_handler::{closure#0}, !>
[INFO] [stdout]    9:     0x6302e2115ded - __rustc[8fa7c3cbc660c2b3]::rust_begin_unwind
[INFO] [stdout]   10:     0x6302e2155b9c - core[df12db4294e9bfd3]::panicking::panic_fmt
[INFO] [stdout]   11:     0x6302e1ce912a - snaptokens[ff6d74ae37495140]::tests::compare_encode_decode::{closure#0}
[INFO] [stdout]   12:     0x6302e1cec670 - snaptokens[ff6d74ae37495140]::tests::compare_encode_decode
[INFO] [stdout]   13:     0x6302e1cefa46 - snaptokens[ff6d74ae37495140]::tests::added_tokens_deepseek
[INFO] [stdout]   14:     0x6302e1d12019 - <snaptokens[ff6d74ae37495140]::tests::added_tokens_deepseek::{closure#0} as core[df12db4294e9bfd3]::ops::function::FnOnce<()>>::call_once
[INFO] [stdout]   15:     0x6302e1f04e7b - test[9d35eded1c95d3be]::__rust_begin_short_backtrace::<core[df12db4294e9bfd3]::result::Result<(), alloc[2182bb758b4b3781]::string::String>, fn() -> core[df12db4294e9bfd3]::result::Result<(), alloc[2182bb758b4b3781]::string::String>>
[INFO] [stdout]   16:     0x6302e1f124e5 - test[9d35eded1c95d3be]::run_test::{closure#0}
[INFO] [stdout]   17:     0x6302e1f0bda4 - std[70759c8f55707aa4]::sys::backtrace::__rust_begin_short_backtrace::<test[9d35eded1c95d3be]::run_test::{closure#1}, ()>
[INFO] [stdout]   18:     0x6302e1f15642 - <std[70759c8f55707aa4]::thread::lifecycle::spawn_unchecked<test[9d35eded1c95d3be]::run_test::{closure#1}, ()>::{closure#1} as core[df12db4294e9bfd3]::ops::function::FnOnce<()>>::call_once::{shim:vtable#0}
[INFO] [stdout]   19:     0x6302e213bc49 - <std[70759c8f55707aa4]::sys::thread::unix::Thread>::new::thread_start
[INFO] [stdout]   20:     0x7213a10dbdfa - <unknown>
[INFO] [stdout]   21:     0x7213a116f3d4 - clone
[INFO] [stdout]   22:                0x0 - <unknown>
[INFO] [stdout] 
[INFO] [stdout] ---- tests::correctness_mistral_nemo stdout ----
[INFO] [stdout] 
[INFO] [stdout] thread 'tests::correctness_mistral_nemo' (3306) panicked at src/lib.rs:1465:33:
[INFO] [stdout] mistralai/Mistral-Nemo-Instruct-2407: HF load failed: request error: https://huggingface.co/mistralai/Mistral-Nemo-Instruct-2407/resolve/main/tokenizer.json: Dns Failed: resolve dns name 'huggingface.co:443': failed to lookup address information: Temporary failure in name resolution
[INFO] [stdout] stack backtrace:
[INFO] [stdout]    0:     0x6302e213d151 - <<std[70759c8f55707aa4]::sys::backtrace::BacktraceLock>::print::DisplayBacktrace as core[df12db4294e9bfd3]::fmt::Display>::fmt
[INFO] [stdout]    1:     0x6302e21553ba - core[df12db4294e9bfd3]::fmt::write
[INFO] [stdout]    2:     0x6302e21428dc - <alloc[2182bb758b4b3781]::vec::Vec<u8> as core[df12db4294e9bfd3]::io::write::Write>::write_fmt
[INFO] [stdout]    3:     0x6302e2114c66 - std[70759c8f55707aa4]::panicking::default_hook::{closure#0}
[INFO] [stdout]    4:     0x6302e2133c19 - std[70759c8f55707aa4]::panicking::default_hook
[INFO] [stdout]    5:     0x6302e1f11b90 - test[9d35eded1c95d3be]::test_main_inner::<test[9d35eded1c95d3be]::test_main_static::{closure#0}>::{closure#0}
[INFO] [stdout]    6:     0x6302e2133f42 - std[70759c8f55707aa4]::panicking::panic_with_hook
[INFO] [stdout]    7:     0x6302e2114d12 - std[70759c8f55707aa4]::panicking::panic_handler::{closure#0}
[INFO] [stdout]    8:     0x6302e210d0b9 - std[70759c8f55707aa4]::sys::backtrace::__rust_end_short_backtrace::<std[70759c8f55707aa4]::panicking::panic_handler::{closure#0}, !>
[INFO] [stdout]    9:     0x6302e2115ded - __rustc[8fa7c3cbc660c2b3]::rust_begin_unwind
[INFO] [stdout]   10:     0x6302e2155b9c - core[df12db4294e9bfd3]::panicking::panic_fmt
[INFO] [stdout]   11:     0x6302e1ce912a - snaptokens[ff6d74ae37495140]::tests::compare_encode_decode::{closure#0}
[INFO] [stdout]   12:     0x6302e1cec670 - snaptokens[ff6d74ae37495140]::tests::compare_encode_decode
[INFO] [stdout]   13:     0x6302e1cf0896 - snaptokens[ff6d74ae37495140]::tests::correctness_mistral_nemo
[INFO] [stdout]   14:     0x6302e1d121c9 - <snaptokens[ff6d74ae37495140]::tests::correctness_mistral_nemo::{closure#0} as core[df12db4294e9bfd3]::ops::function::FnOnce<()>>::call_once
[INFO] [stdout]   15:     0x6302e1f04e7b - test[9d35eded1c95d3be]::__rust_begin_short_backtrace::<core[df12db4294e9bfd3]::result::Result<(), alloc[2182bb758b4b3781]::string::String>, fn() -> core[df12db4294e9bfd3]::result::Result<(), alloc[2182bb758b4b3781]::string::String>>
[INFO] [stdout]   16:     0x6302e1f124e5 - test[9d35eded1c95d3be]::run_test::{closure#0}
[INFO] [stdout]   17:     0x6302e1f0bda4 - std[70759c8f55707aa4]::sys::backtrace::__rust_begin_short_backtrace::<test[9d35eded1c95d3be]::run_test::{closure#1}, ()>
[INFO] [stdout]   18:     0x6302e1f15642 - <std[70759c8f55707aa4]::thread::lifecycle::spawn_unchecked<test[9d35eded1c95d3be]::run_test::{closure#1}, ()>::{closure#1} as core[df12db4294e9bfd3]::ops::function::FnOnce<()>>::call_once::{shim:vtable#0}
[INFO] [stdout]   19:     0x6302e213bc49 - <std[70759c8f55707aa4]::sys::thread::unix::Thread>::new::thread_start
[INFO] [stdout]   20:     0x7213a10dbdfa - <unknown>
[INFO] [stdout]   21:     0x7213a116f3d4 - clone
[INFO] [stdout]   22:                0x0 - <unknown>
[INFO] [stdout] 
[INFO] [stdout] ---- tests::correctness_qwen3_nemotron stdout ----
[INFO] [stdout] 
[INFO] [stdout] thread 'tests::correctness_qwen3_nemotron' (3309) panicked at src/lib.rs:1465:33:
[INFO] [stdout] nvidia/Qwen3-Nemotron-235B-A22B-GenRM: HF load failed: request error: https://huggingface.co/nvidia/Qwen3-Nemotron-235B-A22B-GenRM/resolve/main/tokenizer.json: Dns Failed: resolve dns name 'huggingface.co:443': failed to lookup address information: Temporary failure in name resolution
[INFO] [stdout] stack backtrace:
[INFO] [stdout]    0:     0x6302e213d151 - <<std[70759c8f55707aa4]::sys::backtrace::BacktraceLock>::print::DisplayBacktrace as core[df12db4294e9bfd3]::fmt::Display>::fmt
[INFO] [stdout]    1:     0x6302e21553ba - core[df12db4294e9bfd3]::fmt::write
[INFO] [stdout]    2:     0x6302e21428dc - <alloc[2182bb758b4b3781]::vec::Vec<u8> as core[df12db4294e9bfd3]::io::write::Write>::write_fmt
[INFO] [stdout]    3:     0x6302e2114c66 - std[70759c8f55707aa4]::panicking::default_hook::{closure#0}
[INFO] [stdout]    4:     0x6302e2133c19 - std[70759c8f55707aa4]::panicking::default_hook
[INFO] [stdout]    5:     0x6302e1f11b90 - test[9d35eded1c95d3be]::test_main_inner::<test[9d35eded1c95d3be]::test_main_static::{closure#0}>::{closure#0}
[INFO] [stdout]    6:     0x6302e2133f42 - std[70759c8f55707aa4]::panicking::panic_with_hook
[INFO] [stdout]    7:     0x6302e2114d12 - std[70759c8f55707aa4]::panicking::panic_handler::{closure#0}
[INFO] [stdout]    8:     0x6302e210d0b9 - std[70759c8f55707aa4]::sys::backtrace::__rust_end_short_backtrace::<std[70759c8f55707aa4]::panicking::panic_handler::{closure#0}, !>
[INFO] [stdout]    9:     0x6302e2115ded - __rustc[8fa7c3cbc660c2b3]::rust_begin_unwind
[INFO] [stdout]   10:     0x6302e2155b9c - core[df12db4294e9bfd3]::panicking::panic_fmt
[INFO] [stdout]   11:     0x6302e1ce912a - snaptokens[ff6d74ae37495140]::tests::compare_encode_decode::{closure#0}
[INFO] [stdout]   12:     0x6302e1cec670 - snaptokens[ff6d74ae37495140]::tests::compare_encode_decode
[INFO] [stdout]   13:     0x6302e1cf0a96 - snaptokens[ff6d74ae37495140]::tests::correctness_qwen3_nemotron
[INFO] [stdout]   14:     0x6302e1d12209 - <snaptokens[ff6d74ae37495140]::tests::correctness_qwen3_nemotron::{closure#0} as core[df12db4294e9bfd3]::ops::function::FnOnce<()>>::call_once
[INFO] [stdout]   15:     0x6302e1f04e7b - test[9d35eded1c95d3be]::__rust_begin_short_backtrace::<core[df12db4294e9bfd3]::result::Result<(), alloc[2182bb758b4b3781]::string::String>, fn() -> core[df12db4294e9bfd3]::result::Result<(), alloc[2182bb758b4b3781]::string::String>>
[INFO] [stdout]   16:     0x6302e1f124e5 - test[9d35eded1c95d3be]::run_test::{closure#0}
[INFO] [stdout]   17:     0x6302e1f0bda4 - std[70759c8f55707aa4]::sys::backtrace::__rust_begin_short_backtrace::<test[9d35eded1c95d3be]::run_test::{closure#1}, ()>
[INFO] [stdout]   18:     0x6302e1f15642 - <std[70759c8f55707aa4]::thread::lifecycle::spawn_unchecked<test[9d35eded1c95d3be]::run_test::{closure#1}, ()>::{closure#1} as core[df12db4294e9bfd3]::ops::function::FnOnce<()>>::call_once::{shim:vtable#0}
[INFO] [stdout]   19:     0x6302e213bc49 - <std[70759c8f55707aa4]::sys::thread::unix::Thread>::new::thread_start
[INFO] [stdout]   20:     0x7213a10dbdfa - <unknown>
[INFO] [stdout]   21:     0x7213a116f3d4 - clone
[INFO] [stdout]   22:                0x0 - <unknown>
[INFO] [stdout] 
[INFO] [stdout] ---- tests::correctness_minimax_m2_1 stdout ----
[INFO] [stdout] 
[INFO] [stdout] thread 'tests::correctness_minimax_m2_1' (3305) panicked at src/lib.rs:1465:33:
[INFO] [stdout] MiniMaxAI/MiniMax-M2.1: HF load failed: request error: https://huggingface.co/MiniMaxAI/MiniMax-M2.1/resolve/main/tokenizer.json: Dns Failed: resolve dns name 'huggingface.co:443': failed to lookup address information: Temporary failure in name resolution
[INFO] [stdout] stack backtrace:
[INFO] [stdout]    0:     0x6302e213d151 - <<std[70759c8f55707aa4]::sys::backtrace::BacktraceLock>::print::DisplayBacktrace as core[df12db4294e9bfd3]::fmt::Display>::fmt
[INFO] [stdout]    1:     0x6302e21553ba - core[df12db4294e9bfd3]::fmt::write
[INFO] [stdout]    2:     0x6302e21428dc - <alloc[2182bb758b4b3781]::vec::Vec<u8> as core[df12db4294e9bfd3]::io::write::Write>::write_fmt
[INFO] [stdout]    3:     0x6302e2114c66 - std[70759c8f55707aa4]::panicking::default_hook::{closure#0}
[INFO] [stdout]    4:     0x6302e2133c19 - std[70759c8f55707aa4]::panicking::default_hook
[INFO] [stdout]    5:     0x6302e1f11b90 - test[9d35eded1c95d3be]::test_main_inner::<test[9d35eded1c95d3be]::test_main_static::{closure#0}>::{closure#0}
[INFO] [stdout]    6:     0x6302e2133f42 - std[70759c8f55707aa4]::panicking::panic_with_hook
[INFO] [stdout]    7:     0x6302e2114d12 - std[70759c8f55707aa4]::panicking::panic_handler::{closure#0}
[INFO] [stdout]    8:     0x6302e210d0b9 - std[70759c8f55707aa4]::sys::backtrace::__rust_end_short_backtrace::<std[70759c8f55707aa4]::panicking::panic_handler::{closure#0}, !>
[INFO] [stdout]    9:     0x6302e2115ded - __rustc[8fa7c3cbc660c2b3]::rust_begin_unwind
[INFO] [stdout]   10:     0x6302e2155b9c - core[df12db4294e9bfd3]::panicking::panic_fmt
[INFO] [stdout]   11:     0x6302e1ce912a - snaptokens[ff6d74ae37495140]::tests::compare_encode_decode::{closure#0}
[INFO] [stdout]   12:     0x6302e1cec670 - snaptokens[ff6d74ae37495140]::tests::compare_encode_decode
[INFO] [stdout]   13:     0x6302e1cf0796 - snaptokens[ff6d74ae37495140]::tests::correctness_minimax_m2_1
[INFO] [stdout]   14:     0x6302e1d121a9 - <snaptokens[ff6d74ae37495140]::tests::correctness_minimax_m2_1::{closure#0} as core[df12db4294e9bfd3]::ops::function::FnOnce<()>>::call_once
[INFO] [stdout]   15:     0x6302e1f04e7b - test[9d35eded1c95d3be]::__rust_begin_short_backtrace::<core[df12db4294e9bfd3]::result::Result<(), alloc[2182bb758b4b3781]::string::String>, fn() -> core[df12db4294e9bfd3]::result::Result<(), alloc[2182bb758b4b3781]::string::String>>
[INFO] [stdout]   16:     0x6302e1f124e5 - test[9d35eded1c95d3be]::run_test::{closure#0}
[INFO] [stdout]   17:     0x6302e1f0bda4 - std[70759c8f55707aa4]::sys::backtrace::__rust_begin_short_backtrace::<test[9d35eded1c95d3be]::run_test::{closure#1}, ()>
[INFO] [stdout]   18:     0x6302e1f15642 - <std[70759c8f55707aa4]::thread::lifecycle::spawn_unchecked<test[9d35eded1c95d3be]::run_test::{closure#1}, ()>::{closure#1} as core[df12db4294e9bfd3]::ops::function::FnOnce<()>>::call_once::{shim:vtable#0}
[INFO] [stdout]   19:     0x6302e213bc49 - <std[70759c8f55707aa4]::sys::thread::unix::Thread>::new::thread_start
[INFO] [stdout]   20:     0x7213a10dbdfa - <unknown>
[INFO] [stdout]   21:     0x7213a116f3d4 - clone
[INFO] [stdout]   22:                0x0 - <unknown>
[INFO] [stdout] 
[INFO] [stdout] ---- tests::decode_mixed_valid_and_unknown_ids stdout ----
[INFO] [stdout] 
[INFO] [stdout] thread 'tests::decode_mixed_valid_and_unknown_ids' (3311) panicked at src/lib.rs:2373:53:
[INFO] [stdout] called `Result::unwrap()` on an `Err` value: request error: https://huggingface.co/Qwen/Qwen3-0.6B/resolve/main/tokenizer.json: Dns Failed: resolve dns name 'huggingface.co:443': failed to lookup address information: Temporary failure in name resolution
[INFO] [stdout] 
[INFO] [stdout] Caused by:
[INFO] [stdout]     0: https://huggingface.co/Qwen/Qwen3-0.6B/resolve/main/tokenizer.json: Dns Failed: resolve dns name 'huggingface.co:443': failed to lookup address information: Temporary failure in name resolution
[INFO] [stdout]     1: failed to lookup address information: Temporary failure in name resolution
[INFO] [stdout] 
[INFO] [stdout] Stack backtrace:
[INFO] [stdout]    0: <anyhow::Error as core::convert::From<hf_hub::api::sync::ApiError>>::from
[INFO] [stdout]    1: snaptokens::tests::tokenizer_json_path
[INFO] [stdout]    2: snaptokens::tests::load_tokenizer
[INFO] [stdout]    3: snaptokens::tests::decode_mixed_valid_and_unknown_ids
[INFO] [stdout]    4: <snaptokens::tests::decode_mixed_valid_and_unknown_ids::{closure#0} as core::ops::function::FnOnce<()>>::call_once
[INFO] [stdout]    5: test::__rust_begin_short_backtrace::<core::result::Result<(), alloc::string::String>, fn() -> core::result::Result<(), alloc::string::String>>
[INFO] [stdout]    6: test::run_test::{closure#0}
[INFO] [stdout]    7: std::sys::backtrace::__rust_begin_short_backtrace::<test::run_test::{closure#1}, ()>
[INFO] [stdout]    8: <std::thread::lifecycle::spawn_unchecked<test::run_test::{closure#1}, ()>::{closure#1} as core::ops::function::FnOnce<()>>::call_once::{shim:vtable#0}
[INFO] [stdout]    9: <std::sys::thread::unix::Thread>::new::thread_start
[INFO] [stdout]   10: <unknown>
[INFO] [stdout]   11: clone
[INFO] [stdout] stack backtrace:
[INFO] [stdout]    0:     0x6302e213d151 - <<std[70759c8f55707aa4]::sys::backtrace::BacktraceLock>::print::DisplayBacktrace as core[df12db4294e9bfd3]::fmt::Display>::fmt
[INFO] [stdout]    1:     0x6302e21553ba - core[df12db4294e9bfd3]::fmt::write
[INFO] [stdout]    2:     0x6302e21428dc - <alloc[2182bb758b4b3781]::vec::Vec<u8> as core[df12db4294e9bfd3]::io::write::Write>::write_fmt
[INFO] [stdout]    3:     0x6302e2114c66 - std[70759c8f55707aa4]::panicking::default_hook::{closure#0}
[INFO] [stdout]    4:     0x6302e2133c19 - std[70759c8f55707aa4]::panicking::default_hook
[INFO] [stdout]    5:     0x6302e1f11b90 - test[9d35eded1c95d3be]::test_main_inner::<test[9d35eded1c95d3be]::test_main_static::{closure#0}>::{closure#0}
[INFO] [stdout]    6:     0x6302e2133f42 - std[70759c8f55707aa4]::panicking::panic_with_hook
[INFO] [stdout]    7:     0x6302e2114d12 - std[70759c8f55707aa4]::panicking::panic_handler::{closure#0}
[INFO] [stdout]    8:     0x6302e210d0b9 - std[70759c8f55707aa4]::sys::backtrace::__rust_end_short_backtrace::<std[70759c8f55707aa4]::panicking::panic_handler::{closure#0}, !>
[INFO] [stdout]    9:     0x6302e2115ded - __rustc[8fa7c3cbc660c2b3]::rust_begin_unwind
[INFO] [stdout]   10:     0x6302e2155b9c - core[df12db4294e9bfd3]::panicking::panic_fmt
[INFO] [stdout]   11:     0x6302e2155972 - core[df12db4294e9bfd3]::result::unwrap_failed
[INFO] [stdout]   12:     0x6302e1cf43eb - snaptokens[ff6d74ae37495140]::tests::decode_mixed_valid_and_unknown_ids
[INFO] [stdout]   13:     0x6302e1d123e9 - <snaptokens[ff6d74ae37495140]::tests::decode_mixed_valid_and_unknown_ids::{closure#0} as core[df12db4294e9bfd3]::ops::function::FnOnce<()>>::call_once
[INFO] [stdout]   14:     0x6302e1f04e7b - test[9d35eded1c95d3be]::__rust_begin_short_backtrace::<core[df12db4294e9bfd3]::result::Result<(), alloc[2182bb758b4b3781]::string::String>, fn() -> core[df12db4294e9bfd3]::result::Result<(), alloc[2182bb758b4b3781]::string::String>>
[INFO] [stdout]   15:     0x6302e1f124e5 - test[9d35eded1c95d3be]::run_test::{closure#0}
[INFO] [stdout]   16:     0x6302e1f0bda4 - std[70759c8f55707aa4]::sys::backtrace::__rust_begin_short_backtrace::<test[9d35eded1c95d3be]::run_test::{closure#1}, ()>
[INFO] [stdout]   17:     0x6302e1f15642 - <std[70759c8f55707aa4]::thread::lifecycle::spawn_unchecked<test[9d35eded1c95d3be]::run_test::{closure#1}, ()>::{closure#1} as core[df12db4294e9bfd3]::ops::function::FnOnce<()>>::call_once::{shim:vtable#0}
[INFO] [stdout]   18:     0x6302e213bc49 - <std[70759c8f55707aa4]::sys::thread::unix::Thread>::new::thread_start
[INFO] [stdout]   19:     0x7213a10dbdfa - <unknown>
[INFO] [stdout]   20:     0x7213a116f3d4 - clone
[INFO] [stdout]   21:                0x0 - <unknown>
[INFO] [stdout] 
[INFO] [stdout] ---- tests::correctness_deepseek_v3_2 stdout ----
[INFO] [stdout] 
[INFO] [stdout] thread 'tests::correctness_deepseek_v3_2' (3301) panicked at src/lib.rs:1465:33:
[INFO] [stdout] deepseek-ai/DeepSeek-V3.2: HF load failed: request error: https://huggingface.co/deepseek-ai/DeepSeek-V3.2/resolve/main/tokenizer.json: Dns Failed: resolve dns name 'huggingface.co:443': failed to lookup address information: Temporary failure in name resolution
[INFO] [stdout] stack backtrace:
[INFO] [stdout]    0:     0x6302e213d151 - <<std[70759c8f55707aa4]::sys::backtrace::BacktraceLock>::print::DisplayBacktrace as core[df12db4294e9bfd3]::fmt::Display>::fmt
[INFO] [stdout]    1:     0x6302e21553ba - core[df12db4294e9bfd3]::fmt::write
[INFO] [stdout]    2:     0x6302e21428dc - <alloc[2182bb758b4b3781]::vec::Vec<u8> as core[df12db4294e9bfd3]::io::write::Write>::write_fmt
[INFO] [stdout]    3:     0x6302e2114c66 - std[70759c8f55707aa4]::panicking::default_hook::{closure#0}
[INFO] [stdout]    4:     0x6302e2133c19 - std[70759c8f55707aa4]::panicking::default_hook
[INFO] [stdout]    5:     0x6302e1f11b90 - test[9d35eded1c95d3be]::test_main_inner::<test[9d35eded1c95d3be]::test_main_static::{closure#0}>::{closure#0}
[INFO] [stdout]    6:     0x6302e2133f42 - std[70759c8f55707aa4]::panicking::panic_with_hook
[INFO] [stdout]    7:     0x6302e2114d12 - std[70759c8f55707aa4]::panicking::panic_handler::{closure#0}
[INFO] [stdout]    8:     0x6302e210d0b9 - std[70759c8f55707aa4]::sys::backtrace::__rust_end_short_backtrace::<std[70759c8f55707aa4]::panicking::panic_handler::{closure#0}, !>
[INFO] [stdout]    9:     0x6302e2115ded - __rustc[8fa7c3cbc660c2b3]::rust_begin_unwind
[INFO] [stdout]   10:     0x6302e2155b9c - core[df12db4294e9bfd3]::panicking::panic_fmt
[INFO] [stdout]   11:     0x6302e1ce912a - snaptokens[ff6d74ae37495140]::tests::compare_encode_decode::{closure#0}
[INFO] [stdout]   12:     0x6302e1cec670 - snaptokens[ff6d74ae37495140]::tests::compare_encode_decode
[INFO] [stdout]   13:     0x6302e1cf0996 - snaptokens[ff6d74ae37495140]::tests::correctness_deepseek_v3_2
[INFO] [stdout]   14:     0x6302e1d121e9 - <snaptokens[ff6d74ae37495140]::tests::correctness_deepseek_v3_2::{closure#0} as core[df12db4294e9bfd3]::ops::function::FnOnce<()>>::call_once
[INFO] [stdout]   15:     0x6302e1f04e7b - test[9d35eded1c95d3be]::__rust_begin_short_backtrace::<core[df12db4294e9bfd3]::result::Result<(), alloc[2182bb758b4b3781]::string::String>, fn() -> core[df12db4294e9bfd3]::result::Result<(), alloc[2182bb758b4b3781]::string::String>>
[INFO] [stdout]   16:     0x6302e1f124e5 - test[9d35eded1c95d3be]::run_test::{closure#0}
[INFO] [stdout]   17:     0x6302e1f0bda4 - std[70759c8f55707aa4]::sys::backtrace::__rust_begin_short_backtrace::<test[9d35eded1c95d3be]::run_test::{closure#1}, ()>
[INFO] [stdout]   18:     0x6302e1f15642 - <std[70759c8f55707aa4]::thread::lifecycle::spawn_unchecked<test[9d35eded1c95d3be]::run_test::{closure#1}, ()>::{closure#1} as core[df12db4294e9bfd3]::ops::function::FnOnce<()>>::call_once::{shim:vtable#0}
[INFO] [stdout]   19:     0x6302e213bc49 - <std[70759c8f55707aa4]::sys::thread::unix::Thread>::new::thread_start
[INFO] [stdout]   20:     0x7213a10dbdfa - <unknown>
[INFO] [stdout]   21:     0x7213a116f3d4 - clone
[INFO] [stdout]   22:                0x0 - <unknown>
[INFO] [stdout] 
[INFO] [stdout] ---- tests::correctness_qwen3 stdout ----
[INFO] [stdout] 
[INFO] [stdout] thread 'tests::correctness_qwen3' (3308) panicked at src/lib.rs:1465:33:
[INFO] [stdout] Qwen/Qwen3-0.6B: HF load failed: request error: https://huggingface.co/Qwen/Qwen3-0.6B/resolve/main/tokenizer.json: Dns Failed: resolve dns name 'huggingface.co:443': failed to lookup address information: Temporary failure in name resolution
[INFO] [stdout] stack backtrace:
[INFO] [stdout]    0:     0x6302e213d151 - <<std[70759c8f55707aa4]::sys::backtrace::BacktraceLock>::print::DisplayBacktrace as core[df12db4294e9bfd3]::fmt::Display>::fmt
[INFO] [stdout]    1:     0x6302e21553ba - core[df12db4294e9bfd3]::fmt::write
[INFO] [stdout]    2:     0x6302e21428dc - <alloc[2182bb758b4b3781]::vec::Vec<u8> as core[df12db4294e9bfd3]::io::write::Write>::write_fmt
[INFO] [stdout]    3:     0x6302e2114c66 - std[70759c8f55707aa4]::panicking::default_hook::{closure#0}
[INFO] [stdout]    4:     0x6302e2133c19 - std[70759c8f55707aa4]::panicking::default_hook
[INFO] [stdout]    5:     0x6302e1f11b90 - test[9d35eded1c95d3be]::test_main_inner::<test[9d35eded1c95d3be]::test_main_static::{closure#0}>::{closure#0}
[INFO] [stdout]    6:     0x6302e2133f42 - std[70759c8f55707aa4]::panicking::panic_with_hook
[INFO] [stdout]    7:     0x6302e2114d12 - std[70759c8f55707aa4]::panicking::panic_handler::{closure#0}
[INFO] [stdout]    8:     0x6302e210d0b9 - std[70759c8f55707aa4]::sys::backtrace::__rust_end_short_backtrace::<std[70759c8f55707aa4]::panicking::panic_handler::{closure#0}, !>
[INFO] [stdout]    9:     0x6302e2115ded - __rustc[8fa7c3cbc660c2b3]::rust_begin_unwind
[INFO] [stdout]   10:     0x6302e2155b9c - core[df12db4294e9bfd3]::panicking::panic_fmt
[INFO] [stdout]   11:     0x6302e1ce912a - snaptokens[ff6d74ae37495140]::tests::compare_encode_decode::{closure#0}
[INFO] [stdout]   12:     0x6302e1cec670 - snaptokens[ff6d74ae37495140]::tests::compare_encode_decode
[INFO] [stdout]   13:     0x6302e1ceea86 - snaptokens[ff6d74ae37495140]::tests::correctness_qwen3
[INFO] [stdout]   14:     0x6302e1d11f29 - <snaptokens[ff6d74ae37495140]::tests::correctness_qwen3::{closure#0} as core[df12db4294e9bfd3]::ops::function::FnOnce<()>>::call_once
[INFO] [stdout]   15:     0x6302e1f04e7b - test[9d35eded1c95d3be]::__rust_begin_short_backtrace::<core[df12db4294e9bfd3]::result::Result<(), alloc[2182bb758b4b3781]::string::String>, fn() -> core[df12db4294e9bfd3]::result::Result<(), alloc[2182bb758b4b3781]::string::String>>
[INFO] [stdout]   16:     0x6302e1f124e5 - test[9d35eded1c95d3be]::run_test::{closure#0}
[INFO] [stdout]   17:     0x6302e1f0bda4 - std[70759c8f55707aa4]::sys::backtrace::__rust_begin_short_backtrace::<test[9d35eded1c95d3be]::run_test::{closure#1}, ()>
[INFO] [stdout]   18:     0x6302e1f15642 - <std[70759c8f55707aa4]::thread::lifecycle::spawn_unchecked<test[9d35eded1c95d3be]::run_test::{closure#1}, ()>::{closure#1} as core[df12db4294e9bfd3]::ops::function::FnOnce<()>>::call_once::{shim:vtable#0}
[INFO] [stdout]   19:     0x6302e213bc49 - <std[70759c8f55707aa4]::sys::thread::unix::Thread>::new::thread_start
[INFO] [stdout]   20:     0x7213a10dbdfa - <unknown>
[INFO] [stdout]   21:     0x7213a116f3d4 - clone
[INFO] [stdout]   22:                0x0 - <unknown>
[INFO] [stdout] 
[INFO] [stdout] ---- tests::decode_batch_matches_sequential stdout ----
[INFO] [stdout] 
[INFO] [stdout] thread 'tests::decode_batch_matches_sequential' (3310) panicked at src/lib.rs:2277:53:
[INFO] [stdout] called `Result::unwrap()` on an `Err` value: request error: https://huggingface.co/Qwen/Qwen3-0.6B/resolve/main/tokenizer.json: Dns Failed: resolve dns name 'huggingface.co:443': failed to lookup address information: Temporary failure in name resolution
[INFO] [stdout] 
[INFO] [stdout] Caused by:
[INFO] [stdout]     0: https://huggingface.co/Qwen/Qwen3-0.6B/resolve/main/tokenizer.json: Dns Failed: resolve dns name 'huggingface.co:443': failed to lookup address information: Temporary failure in name resolution
[INFO] [stdout]     1: failed to lookup address information: Temporary failure in name resolution
[INFO] [stdout] 
[INFO] [stdout] Stack backtrace:
[INFO] [stdout]    0: <anyhow::Error as core::convert::From<hf_hub::api::sync::ApiError>>::from
[INFO] [stdout]    1: snaptokens::tests::tokenizer_json_path
[INFO] [stdout]    2: snaptokens::tests::load_tokenizer
[INFO] [stdout]    3: snaptokens::tests::decode_batch_matches_sequential
[INFO] [stdout]    4: <snaptokens::tests::decode_batch_matches_sequential::{closure#0} as core::ops::function::FnOnce<()>>::call_once
[INFO] [stdout]    5: test::__rust_begin_short_backtrace::<core::result::Result<(), alloc::string::String>, fn() -> core::result::Result<(), alloc::string::String>>
[INFO] [stdout]    6: test::run_test::{closure#0}
[INFO] [stdout]    7: std::sys::backtrace::__rust_begin_short_backtrace::<test::run_test::{closure#1}, ()>
[INFO] [stdout]    8: <std::thread::lifecycle::spawn_unchecked<test::run_test::{closure#1}, ()>::{closure#1} as core::ops::function::FnOnce<()>>::call_once::{shim:vtable#0}
[INFO] [stdout]    9: <std::sys::thread::unix::Thread>::new::thread_start
[INFO] [stdout]   10: <unknown>
[INFO] [stdout]   11: clone
[INFO] [stdout] stack backtrace:
[INFO] [stdout]    0:     0x6302e213d151 - <<std[70759c8f55707aa4]::sys::backtrace::BacktraceLock>::print::DisplayBacktrace as core[df12db4294e9bfd3]::fmt::Display>::fmt
[INFO] [stdout]    1:     0x6302e21553ba - core[df12db4294e9bfd3]::fmt::write
[INFO] [stdout]    2:     0x6302e21428dc - <alloc[2182bb758b4b3781]::vec::Vec<u8> as core[df12db4294e9bfd3]::io::write::Write>::write_fmt
[INFO] [stdout]    3:     0x6302e2114c66 - std[70759c8f55707aa4]::panicking::default_hook::{closure#0}
[INFO] [stdout]    4:     0x6302e2133c19 - std[70759c8f55707aa4]::panicking::default_hook
[INFO] [stdout]    5:     0x6302e1f11b90 - test[9d35eded1c95d3be]::test_main_inner::<test[9d35eded1c95d3be]::test_main_static::{closure#0}>::{closure#0}
[INFO] [stdout]    6:     0x6302e2133f42 - std[70759c8f55707aa4]::panicking::panic_with_hook
[INFO] [stdout]    7:     0x6302e2114d12 - std[70759c8f55707aa4]::panicking::panic_handler::{closure#0}
[INFO] [stdout]    8:     0x6302e210d0b9 - std[70759c8f55707aa4]::sys::backtrace::__rust_end_short_backtrace::<std[70759c8f55707aa4]::panicking::panic_handler::{closure#0}, !>
[INFO] [stdout]    9:     0x6302e2115ded - __rustc[8fa7c3cbc660c2b3]::rust_begin_unwind
[INFO] [stdout]   10:     0x6302e2155b9c - core[df12db4294e9bfd3]::panicking::panic_fmt
[INFO] [stdout]   11:     0x6302e2155972 - core[df12db4294e9bfd3]::result::unwrap_failed
[INFO] [stdout]   12:     0x6302e1cf2946 - snaptokens[ff6d74ae37495140]::tests::decode_batch_matches_sequential
[INFO] [stdout]   13:     0x6302e1d12309 - <snaptokens[ff6d74ae37495140]::tests::decode_batch_matches_sequential::{closure#0} as core[df12db4294e9bfd3]::ops::function::FnOnce<()>>::call_once
[INFO] [stdout]   14:     0x6302e1f04e7b - test[9d35eded1c95d3be]::__rust_begin_short_backtrace::<core[df12db4294e9bfd3]::result::Result<(), alloc[2182bb758b4b3781]::string::String>, fn() -> core[df12db4294e9bfd3]::result::Result<(), alloc[2182bb758b4b3781]::string::String>>
[INFO] [stdout]   15:     0x6302e1f124e5 - test[9d35eded1c95d3be]::run_test::{closure#0}
[INFO] [stdout]   16:     0x6302e1f0bda4 - std[70759c8f55707aa4]::sys::backtrace::__rust_begin_short_backtrace::<test[9d35eded1c95d3be]::run_test::{closure#1}, ()>
[INFO] [stdout]   17:     0x6302e1f15642 - <std[70759c8f55707aa4]::thread::lifecycle::spawn_unchecked<test[9d35eded1c95d3be]::run_test::{closure#1}, ()>::{closure#1} as core[df12db4294e9bfd3]::ops::function::FnOnce<()>>::call_once::{shim:vtable#0}
[INFO] [stdout]   18:     0x6302e213bc49 - <std[70759c8f55707aa4]::sys::thread::unix::Thread>::new::thread_start
[INFO] [stdout]   19:     0x7213a10dbdfa - <unknown>
[INFO] [stdout]   20:     0x7213a116f3d4 - clone
[INFO] [stdout]   21:                0x0 - <unknown>
[INFO] [stdout] 
[INFO] [stdout] ---- tests::decode_skip_special_tokens stdout ----
[INFO] [stdout] 
[INFO] [stdout] thread 'tests::decode_skip_special_tokens' (3312) panicked at src/lib.rs:2257:41:
[INFO] [stdout] called `Result::unwrap()` on an `Err` value: request error: https://huggingface.co/mistralai/Mistral-Nemo-Instruct-2407/resolve/main/tokenizer.json: Dns Failed: resolve dns name 'huggingface.co:443': failed to lookup address information: Temporary failure in name resolution
[INFO] [stdout] 
[INFO] [stdout] Caused by:
[INFO] [stdout]     0: https://huggingface.co/mistralai/Mistral-Nemo-Instruct-2407/resolve/main/tokenizer.json: Dns Failed: resolve dns name 'huggingface.co:443': failed to lookup address information: Temporary failure in name resolution
[INFO] [stdout]     1: failed to lookup address information: Temporary failure in name resolution
[INFO] [stdout] 
[INFO] [stdout] Stack backtrace:
[INFO] [stdout]    0: <anyhow::Error as core::convert::From<hf_hub::api::sync::ApiError>>::from
[INFO] [stdout]    1: snaptokens::tests::tokenizer_json_path
[INFO] [stdout]    2: snaptokens::tests::load_tokenizer
[INFO] [stdout]    3: snaptokens::tests::decode_skip_special_tokens
[INFO] [stdout]    4: <snaptokens::tests::decode_skip_special_tokens::{closure#0} as core::ops::function::FnOnce<()>>::call_once
[INFO] [stdout]    5: test::__rust_begin_short_backtrace::<core::result::Result<(), alloc::string::String>, fn() -> core::result::Result<(), alloc::string::String>>
[INFO] [stdout]    6: test::run_test::{closure#0}
[INFO] [stdout]    7: std::sys::backtrace::__rust_begin_short_backtrace::<test::run_test::{closure#1}, ()>
[INFO] [stdout]    8: <std::thread::lifecycle::spawn_unchecked<test::run_test::{closure#1}, ()>::{closure#1} as core::ops::function::FnOnce<()>>::call_once::{shim:vtable#0}
[INFO] [stdout]    9: <std::sys::thread::unix::Thread>::new::thread_start
[INFO] [stdout]   10: <unknown>
[INFO] [stdout]   11: clone
[INFO] [stdout] stack backtrace:
[INFO] [stdout]    0:     0x6302e213d151 - <<std[70759c8f55707aa4]::sys::backtrace::BacktraceLock>::print::DisplayBacktrace as core[df12db4294e9bfd3]::fmt::Display>::fmt
[INFO] [stdout]    1:     0x6302e21553ba - core[df12db4294e9bfd3]::fmt::write
[INFO] [stdout]    2:     0x6302e21428dc - <alloc[2182bb758b4b3781]::vec::Vec<u8> as core[df12db4294e9bfd3]::io::write::Write>::write_fmt
[INFO] [stdout]    3:     0x6302e2114c66 - std[70759c8f55707aa4]::panicking::default_hook::{closure#0}
[INFO] [stdout]    4:     0x6302e2133c19 - std[70759c8f55707aa4]::panicking::default_hook
[INFO] [stdout]    5:     0x6302e1f11b90 - test[9d35eded1c95d3be]::test_main_inner::<test[9d35eded1c95d3be]::test_main_static::{closure#0}>::{closure#0}
[INFO] [stdout]    6:     0x6302e2133f42 - std[70759c8f55707aa4]::panicking::panic_with_hook
[INFO] [stdout]    7:     0x6302e2114d12 - std[70759c8f55707aa4]::panicking::panic_handler::{closure#0}
[INFO] [stdout]    8:     0x6302e210d0b9 - std[70759c8f55707aa4]::sys::backtrace::__rust_end_short_backtrace::<std[70759c8f55707aa4]::panicking::panic_handler::{closure#0}, !>
[INFO] [stdout]    9:     0x6302e2115ded - __rustc[8fa7c3cbc660c2b3]::rust_begin_unwind
[INFO] [stdout]   10:     0x6302e2155b9c - core[df12db4294e9bfd3]::panicking::panic_fmt
[INFO] [stdout]   11:     0x6302e2155972 - core[df12db4294e9bfd3]::result::unwrap_failed
[INFO] [stdout]   12:     0x6302e1cf0e4e - snaptokens[ff6d74ae37495140]::tests::decode_skip_special_tokens
[INFO] [stdout]   13:     0x6302e1d12229 - <snaptokens[ff6d74ae37495140]::tests::decode_skip_special_tokens::{closure#0} as core[df12db4294e9bfd3]::ops::function::FnOnce<()>>::call_once
[INFO] [stdout]   14:     0x6302e1f04e7b - test[9d35eded1c95d3be]::__rust_begin_short_backtrace::<core[df12db4294e9bfd3]::result::Result<(), alloc[2182bb758b4b3781]::string::String>, fn() -> core[df12db4294e9bfd3]::result::Result<(), alloc[2182bb758b4b3781]::string::String>>
[INFO] [stdout]   15:     0x6302e1f124e5 - test[9d35eded1c95d3be]::run_test::{closure#0}
[INFO] [stdout]   16:     0x6302e1f0bda4 - std[70759c8f55707aa4]::sys::backtrace::__rust_begin_short_backtrace::<test[9d35eded1c95d3be]::run_test::{closure#1}, ()>
[INFO] [stdout]   17:     0x6302e1f15642 - <std[70759c8f55707aa4]::thread::lifecycle::spawn_unchecked<test[9d35eded1c95d3be]::run_test::{closure#1}, ()>::{closure#1} as core[df12db4294e9bfd3]::ops::function::FnOnce<()>>::call_once::{shim:vtable#0}
[INFO] [stdout]   18:     0x6302e213bc49 - <std[70759c8f55707aa4]::sys::thread::unix::Thread>::new::thread_start
[INFO] [stdout]   19:     0x7213a10dbdfa - <unknown>
[INFO] [stdout]   20:     0x7213a116f3d4 - clone
[INFO] [stdout]   21:                0x0 - <unknown>
[INFO] [stdout] 
[INFO] [stdout] ---- tests::decode_stream_buffer_does_not_grow_unboundedly stdout ----
[INFO] [stdout] 
[INFO] [stdout] thread 'tests::decode_stream_buffer_does_not_grow_unboundedly' (3314) panicked at src/lib.rs:2425:38:
[INFO] [stdout] failed to load tokenizer: request error: https://huggingface.co/Qwen/Qwen3-0.6B/resolve/main/tokenizer.json: Dns Failed: resolve dns name 'huggingface.co:443': failed to lookup address information: Temporary failure in name resolution
[INFO] [stdout] 
[INFO] [stdout] Caused by:
[INFO] [stdout]     0: https://huggingface.co/Qwen/Qwen3-0.6B/resolve/main/tokenizer.json: Dns Failed: resolve dns name 'huggingface.co:443': failed to lookup address information: Temporary failure in name resolution
[INFO] [stdout]     1: failed to lookup address information: Temporary failure in name resolution
[INFO] [stdout] 
[INFO] [stdout] Stack backtrace:
[INFO] [stdout]    0: <anyhow::Error as core::convert::From<hf_hub::api::sync::ApiError>>::from
[INFO] [stdout]    1: snaptokens::tests::tokenizer_json_path
[INFO] [stdout]    2: snaptokens::tests::load_tokenizer
[INFO] [stdout]    3: snaptokens::tests::decode_stream_buffer_does_not_grow_unboundedly
[INFO] [stdout]    4: <snaptokens::tests::decode_stream_buffer_does_not_grow_unboundedly::{closure#0} as core::ops::function::FnOnce<()>>::call_once
[INFO] [stdout]    5: test::__rust_begin_short_backtrace::<core::result::Result<(), alloc::string::String>, fn() -> core::result::Result<(), alloc::string::String>>
[INFO] [stdout]    6: test::run_test::{closure#0}
[INFO] [stdout]    7: std::sys::backtrace::__rust_begin_short_backtrace::<test::run_test::{closure#1}, ()>
[INFO] [stdout]    8: <std::thread::lifecycle::spawn_unchecked<test::run_test::{closure#1}, ()>::{closure#1} as core::ops::function::FnOnce<()>>::call_once::{shim:vtable#0}
[INFO] [stdout]    9: <std::sys::thread::unix::Thread>::new::thread_start
[INFO] [stdout]   10: <unknown>
[INFO] [stdout]   11: clone
[INFO] [stdout] stack backtrace:
[INFO] [stdout]    0:     0x6302e213d151 - <<std[70759c8f55707aa4]::sys::backtrace::BacktraceLock>::print::DisplayBacktrace as core[df12db4294e9bfd3]::fmt::Display>::fmt
[INFO] [stdout]    1:     0x6302e21553ba - core[df12db4294e9bfd3]::fmt::write
[INFO] [stdout]    2:     0x6302e21428dc - <alloc[2182bb758b4b3781]::vec::Vec<u8> as core[df12db4294e9bfd3]::io::write::Write>::write_fmt
[INFO] [stdout]    3:     0x6302e2114c66 - std[70759c8f55707aa4]::panicking::default_hook::{closure#0}
[INFO] [stdout]    4:     0x6302e2133c19 - std[70759c8f55707aa4]::panicking::default_hook
[INFO] [stdout]    5:     0x6302e1f11b90 - test[9d35eded1c95d3be]::test_main_inner::<test[9d35eded1c95d3be]::test_main_static::{closure#0}>::{closure#0}
[INFO] [stdout]    6:     0x6302e2133f42 - std[70759c8f55707aa4]::panicking::panic_with_hook
[INFO] [stdout]    7:     0x6302e2114d12 - std[70759c8f55707aa4]::panicking::panic_handler::{closure#0}
[INFO] [stdout]    8:     0x6302e210d0b9 - std[70759c8f55707aa4]::sys::backtrace::__rust_end_short_backtrace::<std[70759c8f55707aa4]::panicking::panic_handler::{closure#0}, !>
[INFO] [stdout]    9:     0x6302e2115ded - __rustc[8fa7c3cbc660c2b3]::rust_begin_unwind
[INFO] [stdout]   10:     0x6302e2155b9c - core[df12db4294e9bfd3]::panicking::panic_fmt
[INFO] [stdout]   11:     0x6302e2155972 - core[df12db4294e9bfd3]::result::unwrap_failed
[INFO] [stdout]   12:     0x6302e1cf9371 - snaptokens[ff6d74ae37495140]::tests::decode_stream_buffer_does_not_grow_unboundedly
[INFO] [stdout]   13:     0x6302e1d125a9 - <snaptokens[ff6d74ae37495140]::tests::decode_stream_buffer_does_not_grow_unboundedly::{closure#0} as core[df12db4294e9bfd3]::ops::function::FnOnce<()>>::call_once
[INFO] [stdout]   14:     0x6302e1f04e7b - test[9d35eded1c95d3be]::__rust_begin_short_backtrace::<core[df12db4294e9bfd3]::result::Result<(), alloc[2182bb758b4b3781]::string::String>, fn() -> core[df12db4294e9bfd3]::result::Result<(), alloc[2182bb758b4b3781]::string::String>>
[INFO] [stdout]   15:     0x6302e1f124e5 - test[9d35eded1c95d3be]::run_test::{closure#0}
[INFO] [stdout]   16:     0x6302e1f0bda4 - std[70759c8f55707aa4]::sys::backtrace::__rust_begin_short_backtrace::<test[9d35eded1c95d3be]::run_test::{closure#1}, ()>
[INFO] [stdout]   17:     0x6302e1f15642 - <std[70759c8f55707aa4]::thread::lifecycle::spawn_unchecked<test[9d35eded1c95d3be]::run_test::{closure#1}, ()>::{closure#1} as core[df12db4294e9bfd3]::ops::function::FnOnce<()>>::call_once::{shim:vtable#0}
[INFO] [stdout]   18:     0x6302e213bc49 - <std[70759c8f55707aa4]::sys::thread::unix::Thread>::new::thread_start
[INFO] [stdout]   19:     0x7213a10dbdfa - <unknown>
[INFO] [stdout]   20:     0x7213a116f3d4 - clone
[INFO] [stdout]   21:                0x0 - <unknown>
[INFO] [stdout] 
[INFO] [stdout] ---- tests::decode_stream_empty_ids_no_output stdout ----
[INFO] [stdout] 
[INFO] [stdout] thread 'tests::decode_stream_empty_ids_no_output' (3316) panicked at src/lib.rs:2425:38:
[INFO] [stdout] failed to load tokenizer: request error: https://huggingface.co/Qwen/Qwen3-0.6B/resolve/main/tokenizer.json: Dns Failed: resolve dns name 'huggingface.co:443': failed to lookup address information: Temporary failure in name resolution
[INFO] [stdout] 
[INFO] [stdout] Caused by:
[INFO] [stdout]     0: https://huggingface.co/Qwen/Qwen3-0.6B/resolve/main/tokenizer.json: Dns Failed: resolve dns name 'huggingface.co:443': failed to lookup address information: Temporary failure in name resolution
[INFO] [stdout]     1: failed to lookup address information: Temporary failure in name resolution
[INFO] [stdout] 
[INFO] [stdout] Stack backtrace:
[INFO] [stdout]    0: <anyhow::Error as core::convert::From<hf_hub::api::sync::ApiError>>::from
[INFO] [stdout]    1: snaptokens::tests::tokenizer_json_path
[INFO] [stdout]    2: snaptokens::tests::load_tokenizer
[INFO] [stdout]    3: snaptokens::tests::decode_stream_empty_ids_no_output
[INFO] [stdout]    4: <snaptokens::tests::decode_stream_empty_ids_no_output::{closure#0} as core::ops::function::FnOnce<()>>::call_once
[INFO] [stdout]    5: test::__rust_begin_short_backtrace::<core::result::Result<(), alloc::string::String>, fn() -> core::result::Result<(), alloc::string::String>>
[INFO] [stdout]    6: test::run_test::{closure#0}
[INFO] [stdout]    7: std::sys::backtrace::__rust_begin_short_backtrace::<test::run_test::{closure#1}, ()>
[INFO] [stdout]    8: <std::thread::lifecycle::spawn_unchecked<test::run_test::{closure#1}, ()>::{closure#1} as core::ops::function::FnOnce<()>>::call_once::{shim:vtable#0}
[INFO] [stdout]    9: <std::sys::thread::unix::Thread>::new::thread_start
[INFO] [stdout]   10: <unknown>
[INFO] [stdout]   11: clone
[INFO] [stdout] stack backtrace:
[INFO] [stdout]    0:     0x6302e213d151 - <<std[70759c8f55707aa4]::sys::backtrace::BacktraceLock>::print::DisplayBacktrace as core[df12db4294e9bfd3]::fmt::Display>::fmt
[INFO] [stdout]    1:     0x6302e21553ba - core[df12db4294e9bfd3]::fmt::write
[INFO] [stdout]    2:     0x6302e21428dc - <alloc[2182bb758b4b3781]::vec::Vec<u8> as core[df12db4294e9bfd3]::io::write::Write>::write_fmt
[INFO] [stdout]    3:     0x6302e2114c66 - std[70759c8f55707aa4]::panicking::default_hook::{closure#0}
[INFO] [stdout]    4:     0x6302e2133c19 - std[70759c8f55707aa4]::panicking::default_hook
[INFO] [stdout]    5:     0x6302e1f11b90 - test[9d35eded1c95d3be]::test_main_inner::<test[9d35eded1c95d3be]::test_main_static::{closure#0}>::{closure#0}
[INFO] [stdout]    6:     0x6302e2133f42 - std[70759c8f55707aa4]::panicking::panic_with_hook
[INFO] [stdout]    7:     0x6302e2114d12 - std[70759c8f55707aa4]::panicking::panic_handler::{closure#0}
[INFO] [stdout]    8:     0x6302e210d0b9 - std[70759c8f55707aa4]::sys::backtrace::__rust_end_short_backtrace::<std[70759c8f55707aa4]::panicking::panic_handler::{closure#0}, !>
[INFO] [stdout]    9:     0x6302e2115ded - __rustc[8fa7c3cbc660c2b3]::rust_begin_unwind
[INFO] [stdout]   10:     0x6302e2155b9c - core[df12db4294e9bfd3]::panicking::panic_fmt
[INFO] [stdout]   11:     0x6302e2155972 - core[df12db4294e9bfd3]::result::unwrap_failed
[INFO] [stdout]   12:     0x6302e1cf3433 - snaptokens[ff6d74ae37495140]::tests::decode_stream_empty_ids_no_output
[INFO] [stdout]   13:     0x6302e1d12389 - <snaptokens[ff6d74ae37495140]::tests::decode_stream_empty_ids_no_output::{closure#0} as core[df12db4294e9bfd3]::ops::function::FnOnce<()>>::call_once
[INFO] [stdout]   14:     0x6302e1f04e7b - test[9d35eded1c95d3be]::__rust_begin_short_backtrace::<core[df12db4294e9bfd3]::result::Result<(), alloc[2182bb758b4b3781]::string::String>, fn() -> core[df12db4294e9bfd3]::result::Result<(), alloc[2182bb758b4b3781]::string::String>>
[INFO] [stdout]   15:     0x6302e1f124e5 - test[9d35eded1c95d3be]::run_test::{closure#0}
[INFO] [stdout]   16:     0x6302e1f0bda4 - std[70759c8f55707aa4]::sys::backtrace::__rust_begin_short_backtrace::<test[9d35eded1c95d3be]::run_test::{closure#1}, ()>
[INFO] [stdout]   17:     0x6302e1f15642 - <std[70759c8f55707aa4]::thread::lifecycle::spawn_unchecked<test[9d35eded1c95d3be]::run_test::{closure#1}, ()>::{closure#1} as core[df12db4294e9bfd3]::ops::function::FnOnce<()>>::call_once::{shim:vtable#0}
[INFO] [stdout]   18:     0x6302e213bc49 - <std[70759c8f55707aa4]::sys::thread::unix::Thread>::new::thread_start
[INFO] [stdout]   19:     0x7213a10dbdfa - <unknown>
[INFO] [stdout]   20:     0x7213a116f3d4 - clone
[INFO] [stdout]   21:                0x0 - <unknown>
[INFO] [stdout] 
[INFO] [stdout] ---- tests::decode_stream_reconstructs_ascii stdout ----
[INFO] [stdout] 
[INFO] [stdout] thread 'tests::decode_stream_reconstructs_ascii' (3319) panicked at src/lib.rs:2425:38:
[INFO] [stdout] failed to load tokenizer: request error: https://huggingface.co/Qwen/Qwen3-0.6B/resolve/main/tokenizer.json: Dns Failed: resolve dns name 'huggingface.co:443': failed to lookup address information: Temporary failure in name resolution
[INFO] [stdout] 
[INFO] [stdout] Caused by:
[INFO] [stdout]     0: https://huggingface.co/Qwen/Qwen3-0.6B/resolve/main/tokenizer.json: Dns Failed: resolve dns name 'huggingface.co:443': failed to lookup address information: Temporary failure in name resolution
[INFO] [stdout]     1: failed to lookup address information: Temporary failure in name resolution
[INFO] [stdout] 
[INFO] [stdout] Stack backtrace:
[INFO] [stdout]    0: <anyhow::Error as core::convert::From<hf_hub::api::sync::ApiError>>::from
[INFO] [stdout]    1: snaptokens::tests::tokenizer_json_path
[INFO] [stdout]    2: snaptokens::tests::load_tokenizer
[INFO] [stdout]    3: snaptokens::tests::decode_stream_reconstructs_ascii
[INFO] [stdout]    4: <snaptokens::tests::decode_stream_reconstructs_ascii::{closure#0} as core::ops::function::FnOnce<()>>::call_once
[INFO] [stdout]    5: test::__rust_begin_short_backtrace::<core::result::Result<(), alloc::string::String>, fn() -> core::result::Result<(), alloc::string::String>>
[INFO] [stdout]    6: test::run_test::{closure#0}
[INFO] [stdout]    7: std::sys::backtrace::__rust_begin_short_backtrace::<test::run_test::{closure#1}, ()>
[INFO] [stdout]    8: <std::thread::lifecycle::spawn_unchecked<test::run_test::{closure#1}, ()>::{closure#1} as core::ops::function::FnOnce<()>>::call_once::{shim:vtable#0}
[INFO] [stdout]    9: <std::sys::thread::unix::Thread>::new::thread_start
[INFO] [stdout]   10: <unknown>
[INFO] [stdout]   11: clone
[INFO] [stdout] stack backtrace:
[INFO] [stdout]    0:     0x6302e213d151 - <<std[70759c8f55707aa4]::sys::backtrace::BacktraceLock>::print::DisplayBacktrace as core[df12db4294e9bfd3]::fmt::Display>::fmt
[INFO] [stdout]    1:     0x6302e21553ba - core[df12db4294e9bfd3]::fmt::write
[INFO] [stdout]    2:     0x6302e21428dc - <alloc[2182bb758b4b3781]::vec::Vec<u8> as core[df12db4294e9bfd3]::io::write::Write>::write_fmt
[INFO] [stdout]    3:     0x6302e2114c66 - std[70759c8f55707aa4]::panicking::default_hook::{closure#0}
[INFO] [stdout]    4:     0x6302e2133c19 - std[70759c8f55707aa4]::panicking::default_hook
[INFO] [stdout]    5:     0x6302e1f11b90 - test[9d35eded1c95d3be]::test_main_inner::<test[9d35eded1c95d3be]::test_main_static::{closure#0}>::{closure#0}
[INFO] [stdout]    6:     0x6302e2133f42 - std[70759c8f55707aa4]::panicking::panic_with_hook
[INFO] [stdout]    7:     0x6302e2114d12 - std[70759c8f55707aa4]::panicking::panic_handler::{closure#0}
[INFO] [stdout]    8:     0x6302e210d0b9 - std[70759c8f55707aa4]::sys::backtrace::__rust_end_short_backtrace::<std[70759c8f55707aa4]::panicking::panic_handler::{closure#0}, !>
[INFO] [stdout]    9:     0x6302e2115ded - __rustc[8fa7c3cbc660c2b3]::rust_begin_unwind
[INFO] [stdout]   10:     0x6302e2155b9c - core[df12db4294e9bfd3]::panicking::panic_fmt
[INFO] [stdout]   11:     0x6302e2155972 - core[df12db4294e9bfd3]::result::unwrap_failed
[INFO] [stdout]   12:     0x6302e1cf32c4 - snaptokens[ff6d74ae37495140]::tests::decode_stream_reconstructs_ascii
[INFO] [stdout]   13:     0x6302e1d12369 - <snaptokens[ff6d74ae37495140]::tests::decode_stream_reconstructs_ascii::{closure#0} as core[df12db4294e9bfd3]::ops::function::FnOnce<()>>::call_once
[INFO] [stdout]   14:     0x6302e1f04e7b - test[9d35eded1c95d3be]::__rust_begin_short_backtrace::<core[df12db4294e9bfd3]::result::Result<(), alloc[2182bb758b4b3781]::string::String>, fn() -> core[df12db4294e9bfd3]::result::Result<(), alloc[2182bb758b4b3781]::string::String>>
[INFO] [stdout]   15:     0x6302e1f124e5 - test[9d35eded1c95d3be]::run_test::{closure#0}
[INFO] [stdout]   16:     0x6302e1f0bda4 - std[70759c8f55707aa4]::sys::backtrace::__rust_begin_short_backtrace::<test[9d35eded1c95d3be]::run_test::{closure#1}, ()>
[INFO] [stdout]   17:     0x6302e1f15642 - <std[70759c8f55707aa4]::thread::lifecycle::spawn_unchecked<test[9d35eded1c95d3be]::run_test::{closure#1}, ()>::{closure#1} as core[df12db4294e9bfd3]::ops::function::FnOnce<()>>::call_once::{shim:vtable#0}
[INFO] [stdout]   18:     0x6302e213bc49 - <std[70759c8f55707aa4]::sys::thread::unix::Thread>::new::thread_start
[INFO] [stdout]   19:     0x7213a10dbdfa - <unknown>
[INFO] [stdout]   20:     0x7213a116f3d4 - clone
[INFO] [stdout]   21:                0x0 - <unknown>
[INFO] [stdout] 
[INFO] [stdout] ---- tests::correctness_gpt2 stdout ----
[INFO] [stdout] 
[INFO] [stdout] thread 'tests::correctness_gpt2' (3302) panicked at src/lib.rs:1465:33:
[INFO] [stdout] openai-community/gpt2: HF load failed: request error: https://huggingface.co/openai-community/gpt2/resolve/main/tokenizer.json: Dns Failed: resolve dns name 'huggingface.co:443': failed to lookup address information: Temporary failure in name resolution
[INFO] [stdout] stack backtrace:
[INFO] [stdout]    0:     0x6302e213d151 - <<std[70759c8f55707aa4]::sys::backtrace::BacktraceLock>::print::DisplayBacktrace as core[df12db4294e9bfd3]::fmt::Display>::fmt
[INFO] [stdout]    1:     0x6302e21553ba - core[df12db4294e9bfd3]::fmt::write
[INFO] [stdout]    2:     0x6302e21428dc - <alloc[2182bb758b4b3781]::vec::Vec<u8> as core[df12db4294e9bfd3]::io::write::Write>::write_fmt
[INFO] [stdout]    3:     0x6302e2114c66 - std[70759c8f55707aa4]::panicking::default_hook::{closure#0}
[INFO] [stdout]    4:     0x6302e2133c19 - std[70759c8f55707aa4]::panicking::default_hook
[INFO] [stdout]    5:     0x6302e1f11b90 - test[9d35eded1c95d3be]::test_main_inner::<test[9d35eded1c95d3be]::test_main_static::{closure#0}>::{closure#0}
[INFO] [stdout]    6:     0x6302e2133f42 - std[70759c8f55707aa4]::panicking::panic_with_hook
[INFO] [stdout]    7:     0x6302e2114d12 - std[70759c8f55707aa4]::panicking::panic_handler::{closure#0}
[INFO] [stdout]    8:     0x6302e210d0b9 - std[70759c8f55707aa4]::sys::backtrace::__rust_end_short_backtrace::<std[70759c8f55707aa4]::panicking::panic_handler::{closure#0}, !>
[INFO] [stdout]    9:     0x6302e2115ded - __rustc[8fa7c3cbc660c2b3]::rust_begin_unwind
[INFO] [stdout]   10:     0x6302e2155b9c - core[df12db4294e9bfd3]::panicking::panic_fmt
[INFO] [stdout]   11:     0x6302e1ce912a - snaptokens[ff6d74ae37495140]::tests::compare_encode_decode::{closure#0}
[INFO] [stdout]   12:     0x6302e1cec670 - snaptokens[ff6d74ae37495140]::tests::compare_encode_decode
[INFO] [stdout]   13:     0x6302e1cee4a6 - snaptokens[ff6d74ae37495140]::tests::correctness_gpt2
[INFO] [stdout]   14:     0x6302e1d11eb9 - <snaptokens[ff6d74ae37495140]::tests::correctness_gpt2::{closure#0} as core[df12db4294e9bfd3]::ops::function::FnOnce<()>>::call_once
[INFO] [stdout]   15:     0x6302e1f04e7b - test[9d35eded1c95d3be]::__rust_begin_short_backtrace::<core[df12db4294e9bfd3]::result::Result<(), alloc[2182bb758b4b3781]::string::String>, fn() -> core[df12db4294e9bfd3]::result::Result<(), alloc[2182bb758b4b3781]::string::String>>
[INFO] [stdout]   16:     0x6302e1f124e5 - test[9d35eded1c95d3be]::run_test::{closure#0}
[INFO] [stdout]   17:     0x6302e1f0bda4 - std[70759c8f55707aa4]::sys::backtrace::__rust_begin_short_backtrace::<test[9d35eded1c95d3be]::run_test::{closure#1}, ()>
[INFO] [stdout]   18:     0x6302e1f15642 - <std[70759c8f55707aa4]::thread::lifecycle::spawn_unchecked<test[9d35eded1c95d3be]::run_test::{closure#1}, ()>::{closure#1} as core[df12db4294e9bfd3]::ops::function::FnOnce<()>>::call_once::{shim:vtable#0}
[INFO] [stdout]   19:     0x6302e213bc49 - <std[70759c8f55707aa4]::sys::thread::unix::Thread>::new::thread_start
[INFO] [stdout]   20:     0x7213a10dbdfa - <unknown>
[INFO] [stdout]   21:     0x7213a116f3d4 - clone
[INFO] [stdout]   22:                0x0 - <unknown>
[INFO] [stdout] 
[INFO] [stdout] ---- tests::decode_stream_pre_seeded_only_returns_new_tokens stdout ----
[INFO] [stdout] 
[INFO] [stdout] thread 'tests::decode_stream_pre_seeded_only_returns_new_tokens' (3318) panicked at src/lib.rs:2425:38:
[INFO] [stdout] failed to load tokenizer: request error: https://huggingface.co/Qwen/Qwen3-0.6B/resolve/main/tokenizer.json: Dns Failed: resolve dns name 'huggingface.co:443': failed to lookup address information: Temporary failure in name resolution
[INFO] [stdout] 
[INFO] [stdout] Caused by:
[INFO] [stdout]     0: https://huggingface.co/Qwen/Qwen3-0.6B/resolve/main/tokenizer.json: Dns Failed: resolve dns name 'huggingface.co:443': failed to lookup address information: Temporary failure in name resolution
[INFO] [stdout]     1: failed to lookup address information: Temporary failure in name resolution
[INFO] [stdout] 
[INFO] [stdout] Stack backtrace:
[INFO] [stdout]    0: <anyhow::Error as core::convert::From<hf_hub::api::sync::ApiError>>::from
[INFO] [stdout]    1: snaptokens::tests::tokenizer_json_path
[INFO] [stdout]    2: snaptokens::tests::load_tokenizer
[INFO] [stdout]    3: snaptokens::tests::decode_stream_pre_seeded_only_returns_new_tokens
[INFO] [stdout]    4: <snaptokens::tests::decode_stream_pre_seeded_only_returns_new_tokens::{closure#0} as core::ops::function::FnOnce<()>>::call_once
[INFO] [stdout]    5: test::__rust_begin_short_backtrace::<core::result::Result<(), alloc::string::String>, fn() -> core::result::Result<(), alloc::string::String>>
[INFO] [stdout]    6: test::run_test::{closure#0}
[INFO] [stdout]    7: std::sys::backtrace::__rust_begin_short_backtrace::<test::run_test::{closure#1}, ()>
[INFO] [stdout]    8: <std::thread::lifecycle::spawn_unchecked<test::run_test::{closure#1}, ()>::{closure#1} as core::ops::function::FnOnce<()>>::call_once::{shim:vtable#0}
[INFO] [stdout]    9: <std::sys::thread::unix::Thread>::new::thread_start
[INFO] [stdout]   10: <unknown>
[INFO] [stdout]   11: clone
[INFO] [stdout] stack backtrace:
[INFO] [stdout]    0:     0x6302e213d151 - <<std[70759c8f55707aa4]::sys::backtrace::BacktraceLock>::print::DisplayBacktrace as core[df12db4294e9bfd3]::fmt::Display>::fmt
[INFO] [stdout]    1:     0x6302e21553ba - core[df12db4294e9bfd3]::fmt::write
[INFO] [stdout]    2:     0x6302e21428dc - <alloc[2182bb758b4b3781]::vec::Vec<u8> as core[df12db4294e9bfd3]::io::write::Write>::write_fmt
[INFO] [stdout]    3:     0x6302e2114c66 - std[70759c8f55707aa4]::panicking::default_hook::{closure#0}
[INFO] [stdout]    4:     0x6302e2133c19 - std[70759c8f55707aa4]::panicking::default_hook
[INFO] [stdout]    5:     0x6302e1f11b90 - test[9d35eded1c95d3be]::test_main_inner::<test[9d35eded1c95d3be]::test_main_static::{closure#0}>::{closure#0}
[INFO] [stdout]    6:     0x6302e2133f42 - std[70759c8f55707aa4]::panicking::panic_with_hook
[INFO] [stdout]    7:     0x6302e2114d12 - std[70759c8f55707aa4]::panicking::panic_handler::{closure#0}
[INFO] [stdout]    8:     0x6302e210d0b9 - std[70759c8f55707aa4]::sys::backtrace::__rust_end_short_backtrace::<std[70759c8f55707aa4]::panicking::panic_handler::{closure#0}, !>
[INFO] [stdout]    9:     0x6302e2115ded - __rustc[8fa7c3cbc660c2b3]::rust_begin_unwind
[INFO] [stdout]   10:     0x6302e2155b9c - core[df12db4294e9bfd3]::panicking::panic_fmt
[INFO] [stdout]   11:     0x6302e2155972 - core[df12db4294e9bfd3]::result::unwrap_failed
[INFO] [stdout]   12:     0x6302e1cf9ede - snaptokens[ff6d74ae37495140]::tests::decode_stream_pre_seeded_only_returns_new_tokens
[INFO] [stdout]   13:     0x6302e1d125e9 - <snaptokens[ff6d74ae37495140]::tests::decode_stream_pre_seeded_only_returns_new_tokens::{closure#0} as core[df12db4294e9bfd3]::ops::function::FnOnce<()>>::call_once
[INFO] [stdout]   14:     0x6302e1f04e7b - test[9d35eded1c95d3be]::__rust_begin_short_backtrace::<core[df12db4294e9bfd3]::result::Result<(), alloc[2182bb758b4b3781]::string::String>, fn() -> core[df12db4294e9bfd3]::result::Result<(), alloc[2182bb758b4b3781]::string::String>>
[INFO] [stdout]   15:     0x6302e1f124e5 - test[9d35eded1c95d3be]::run_test::{closure#0}
[INFO] [stdout]   16:     0x6302e1f0bda4 - std[70759c8f55707aa4]::sys::backtrace::__rust_begin_short_backtrace::<test[9d35eded1c95d3be]::run_test::{closure#1}, ()>
[INFO] [stdout]   17:     0x6302e1f15642 - <std[70759c8f55707aa4]::thread::lifecycle::spawn_unchecked<test[9d35eded1c95d3be]::run_test::{closure#1}, ()>::{closure#1} as core[df12db4294e9bfd3]::ops::function::FnOnce<()>>::call_once::{shim:vtable#0}
[INFO] [stdout]   18:     0x6302e213bc49 - <std[70759c8f55707aa4]::sys::thread::unix::Thread>::new::thread_start
[INFO] [stdout]   19:     0x7213a10dbdfa - <unknown>
[INFO] [stdout]   20:     0x7213a116f3d4 - clone
[INFO] [stdout]   21:                0x0 - <unknown>
[INFO] [stdout] 
[INFO] [stdout] ---- tests::decode_stream_reconstructs_code stdout ----
[INFO] [stdout] 
[INFO] [stdout] thread 'tests::decode_stream_reconstructs_code' (3320) panicked at src/lib.rs:2425:38:
[INFO] [stdout] failed to load tokenizer: request error: https://huggingface.co/Qwen/Qwen3-0.6B/resolve/main/tokenizer.json: Dns Failed: resolve dns name 'huggingface.co:443': failed to lookup address information: Temporary failure in name resolution
[INFO] [stdout] 
[INFO] [stdout] Caused by:
[INFO] [stdout]     0: https://huggingface.co/Qwen/Qwen3-0.6B/resolve/main/tokenizer.json: Dns Failed: resolve dns name 'huggingface.co:443': failed to lookup address information: Temporary failure in name resolution
[INFO] [stdout]     1: failed to lookup address information: Temporary failure in name resolution
[INFO] [stdout] 
[INFO] [stdout] Stack backtrace:
[INFO] [stdout]    0: <anyhow::Error as core::convert::From<hf_hub::api::sync::ApiError>>::from
[INFO] [stdout]    1: snaptokens::tests::tokenizer_json_path
[INFO] [stdout]    2: snaptokens::tests::load_tokenizer
[INFO] [stdout]    3: snaptokens::tests::decode_stream_reconstructs_code
[INFO] [stdout]    4: <snaptokens::tests::decode_stream_reconstructs_code::{closure#0} as core::ops::function::FnOnce<()>>::call_once
[INFO] [stdout]    5: test::__rust_begin_short_backtrace::<core::result::Result<(), alloc::string::String>, fn() -> core::result::Result<(), alloc::string::String>>
[INFO] [stdout]    6: test::run_test::{closure#0}
[INFO] [stdout]    7: std::sys::backtrace::__rust_begin_short_backtrace::<test::run_test::{closure#1}, ()>
[INFO] [stdout]    8: <std::thread::lifecycle::spawn_unchecked<test::run_test::{closure#1}, ()>::{closure#1} as core::ops::function::FnOnce<()>>::call_once::{shim:vtable#0}
[INFO] [stdout]    9: <std::sys::thread::unix::Thread>::new::thread_start
[INFO] [stdout]   10: <unknown>
[INFO] [stdout]   11: clone
[INFO] [stdout] stack backtrace:
[INFO] [stdout]    0:     0x6302e213d151 - <<std[70759c8f55707aa4]::sys::backtrace::BacktraceLock>::print::DisplayBacktrace as core[df12db4294e9bfd3]::fmt::Display>::fmt
[INFO] [stdout]    1:     0x6302e21553ba - core[df12db4294e9bfd3]::fmt::write
[INFO] [stdout]    2:     0x6302e21428dc - <alloc[2182bb758b4b3781]::vec::Vec<u8> as core[df12db4294e9bfd3]::io::write::Write>::write_fmt
[INFO] [stdout]    3:     0x6302e2114c66 - std[70759c8f55707aa4]::panicking::default_hook::{closure#0}
[INFO] [stdout]    4:     0x6302e2133c19 - std[70759c8f55707aa4]::panicking::default_hook
[INFO] [stdout]    5:     0x6302e1f11b90 - test[9d35eded1c95d3be]::test_main_inner::<test[9d35eded1c95d3be]::test_main_static::{closure#0}>::{closure#0}
[INFO] [stdout]    6:     0x6302e2133f42 - std[70759c8f55707aa4]::panicking::panic_with_hook
[INFO] [stdout]    7:     0x6302e2114d12 - std[70759c8f55707aa4]::panicking::panic_handler::{closure#0}
[INFO] [stdout]    8:     0x6302e210d0b9 - std[70759c8f55707aa4]::sys::backtrace::__rust_end_short_backtrace::<std[70759c8f55707aa4]::panicking::panic_handler::{closure#0}, !>
[INFO] [stdout]    9:     0x6302e2115ded - __rustc[8fa7c3cbc660c2b3]::rust_begin_unwind
[INFO] [stdout]   10:     0x6302e2155b9c - core[df12db4294e9bfd3]::panicking::panic_fmt
[INFO] [stdout]   11:     0x6302e2155972 - core[df12db4294e9bfd3]::result::unwrap_failed
[INFO] [stdout]   12:     0x6302e1cf2c72 - snaptokens[ff6d74ae37495140]::tests::decode_stream_reconstructs_code
[INFO] [stdout]   13:     0x6302e1d12329 - <snaptokens[ff6d74ae37495140]::tests::decode_stream_reconstructs_code::{closure#0} as core[df12db4294e9bfd3]::ops::function::FnOnce<()>>::call_once
[INFO] [stdout]   14:     0x6302e1f04e7b - test[9d35eded1c95d3be]::__rust_begin_short_backtrace::<core[df12db4294e9bfd3]::result::Result<(), alloc[2182bb758b4b3781]::string::String>, fn() -> core[df12db4294e9bfd3]::result::Result<(), alloc[2182bb758b4b3781]::string::String>>
[INFO] [stdout]   15:     0x6302e1f124e5 - test[9d35eded1c95d3be]::run_test::{closure#0}
[INFO] [stdout]   16:     0x6302e1f0bda4 - std[70759c8f55707aa4]::sys::backtrace::__rust_begin_short_backtrace::<test[9d35eded1c95d3be]::run_test::{closure#1}, ()>
[INFO] [stdout]   17:     0x6302e1f15642 - <std[70759c8f55707aa4]::thread::lifecycle::spawn_unchecked<test[9d35eded1c95d3be]::run_test::{closure#1}, ()>::{closure#1} as core[df12db4294e9bfd3]::ops::function::FnOnce<()>>::call_once::{shim:vtable#0}
[INFO] [stdout]   18:     0x6302e213bc49 - <std[70759c8f55707aa4]::sys::thread::unix::Thread>::new::thread_start
[INFO] [stdout]   19:     0x7213a10dbdfa - <unknown>
[INFO] [stdout]   20:     0x7213a116f3d4 - clone
[INFO] [stdout]   21:                0x0 - <unknown>
[INFO] [stdout] 
[INFO] [stdout] ---- tests::decode_stream_batch_step_matches_sequential stdout ----
[INFO] [stdout] 
[INFO] [stdout] thread 'tests::decode_stream_batch_step_matches_sequential' (3313) panicked at src/lib.rs:2425:38:
[INFO] [stdout] failed to load tokenizer: request error: https://huggingface.co/Qwen/Qwen3-0.6B/resolve/main/tokenizer.json: Dns Failed: resolve dns name 'huggingface.co:443': failed to lookup address information: Temporary failure in name resolution
[INFO] [stdout] 
[INFO] [stdout] Caused by:
[INFO] [stdout]     0: https://huggingface.co/Qwen/Qwen3-0.6B/resolve/main/tokenizer.json: Dns Failed: resolve dns name 'huggingface.co:443': failed to lookup address information: Temporary failure in name resolution
[INFO] [stdout]     1: failed to lookup address information: Temporary failure in name resolution
[INFO] [stdout] 
[INFO] [stdout] Stack backtrace:
[INFO] [stdout]    0: <anyhow::Error as core::convert::From<hf_hub::api::sync::ApiError>>::from
[INFO] [stdout]    1: snaptokens::tests::tokenizer_json_path
[INFO] [stdout]    2: snaptokens::tests::load_tokenizer
[INFO] [stdout]    3: snaptokens::tests::decode_stream_batch_step_matches_sequential
[INFO] [stdout]    4: <snaptokens::tests::decode_stream_batch_step_matches_sequential::{closure#0} as core::ops::function::FnOnce<()>>::call_once
[INFO] [stdout]    5: test::__rust_begin_short_backtrace::<core::result::Result<(), alloc::string::String>, fn() -> core::result::Result<(), alloc::string::String>>
[INFO] [stdout]    6: test::run_test::{closure#0}
[INFO] [stdout]    7: std::sys::backtrace::__rust_begin_short_backtrace::<test::run_test::{closure#1}, ()>
[INFO] [stdout]    8: <std::thread::lifecycle::spawn_unchecked<test::run_test::{closure#1}, ()>::{closure#1} as core::ops::function::FnOnce<()>>::call_once::{shim:vtable#0}
[INFO] [stdout]    9: <std::sys::thread::unix::Thread>::new::thread_start
[INFO] [stdout]   10: <unknown>
[INFO] [stdout]   11: clone
[INFO] [stdout] stack backtrace:
[INFO] [stdout]    0:     0x6302e213d151 - <<std[70759c8f55707aa4]::sys::backtrace::BacktraceLock>::print::DisplayBacktrace as core[df12db4294e9bfd3]::fmt::Display>::fmt
[INFO] [stdout]    1:     0x6302e21553ba - core[df12db4294e9bfd3]::fmt::write
[INFO] [stdout]    2:     0x6302e21428dc - <alloc[2182bb758b4b3781]::vec::Vec<u8> as core[df12db4294e9bfd3]::io::write::Write>::write_fmt
[INFO] [stdout]    3:     0x6302e2114c66 - std[70759c8f55707aa4]::panicking::default_hook::{closure#0}
[INFO] [stdout]    4:     0x6302e2133c19 - std[70759c8f55707aa4]::panicking::default_hook
[INFO] [stdout]    5:     0x6302e1f11b90 - test[9d35eded1c95d3be]::test_main_inner::<test[9d35eded1c95d3be]::test_main_static::{closure#0}>::{closure#0}
[INFO] [stdout]    6:     0x6302e2133f42 - std[70759c8f55707aa4]::panicking::panic_with_hook
[INFO] [stdout]    7:     0x6302e2114d12 - std[70759c8f55707aa4]::panicking::panic_handler::{closure#0}
[INFO] [stdout]    8:     0x6302e210d0b9 - std[70759c8f55707aa4]::sys::backtrace::__rust_end_short_backtrace::<std[70759c8f55707aa4]::panicking::panic_handler::{closure#0}, !>
[INFO] [stdout]    9:     0x6302e2115ded - __rustc[8fa7c3cbc660c2b3]::rust_begin_unwind
[INFO] [stdout]   10:     0x6302e2155b9c - core[df12db4294e9bfd3]::panicking::panic_fmt
[INFO] [stdout]   11:     0x6302e2155972 - core[df12db4294e9bfd3]::result::unwrap_failed
[INFO] [stdout]   12:     0x6302e1cf744e - snaptokens[ff6d74ae37495140]::tests::decode_stream_batch_step_matches_sequential
[INFO] [stdout]   13:     0x6302e1d12549 - <snaptokens[ff6d74ae37495140]::tests::decode_stream_batch_step_matches_sequential::{closure#0} as core[df12db4294e9bfd3]::ops::function::FnOnce<()>>::call_once
[INFO] [stdout]   14:     0x6302e1f04e7b - test[9d35eded1c95d3be]::__rust_begin_short_backtrace::<core[df12db4294e9bfd3]::result::Result<(), alloc[2182bb758b4b3781]::string::String>, fn() -> core[df12db4294e9bfd3]::result::Result<(), alloc[2182bb758b4b3781]::string::String>>
[INFO] [stdout]   15:     0x6302e1f124e5 - test[9d35eded1c95d3be]::run_test::{closure#0}
[INFO] [stdout]   16:     0x6302e1f0bda4 - std[70759c8f55707aa4]::sys::backtrace::__rust_begin_short_backtrace::<test[9d35eded1c95d3be]::run_test::{closure#1}, ()>
[INFO] [stdout]   17:     0x6302e1f15642 - <std[70759c8f55707aa4]::thread::lifecycle::spawn_unchecked<test[9d35eded1c95d3be]::run_test::{closure#1}, ()>::{closure#1} as core[df12db4294e9bfd3]::ops::function::FnOnce<()>>::call_once::{shim:vtable#0}
[INFO] [stdout]   18:     0x6302e213bc49 - <std[70759c8f55707aa4]::sys::thread::unix::Thread>::new::thread_start
[INFO] [stdout]   19:     0x7213a10dbdfa - <unknown>
[INFO] [stdout]   20:     0x7213a116f3d4 - clone
[INFO] [stdout]   21:                0x0 - <unknown>
[INFO] [stdout] 
[INFO] [stdout] ---- tests::correctness_nemotron stdout ----
[INFO] [stdout] 
[INFO] [stdout] thread 'tests::correctness_nemotron' (3307) panicked at src/lib.rs:1465:33:
[INFO] [stdout] nvidia/NVIDIA-Nemotron-3-Nano-30B-A3B-BF16: HF load failed: request error: https://huggingface.co/nvidia/NVIDIA-Nemotron-3-Nano-30B-A3B-BF16/resolve/main/tokenizer.json: Dns Failed: resolve dns name 'huggingface.co:443': failed to lookup address information: Temporary failure in name resolution
[INFO] [stdout] stack backtrace:
[INFO] [stdout]    0:     0x6302e213d151 - <<std[70759c8f55707aa4]::sys::backtrace::BacktraceLock>::print::DisplayBacktrace as core[df12db4294e9bfd3]::fmt::Display>::fmt
[INFO] [stdout]    1:     0x6302e21553ba - core[df12db4294e9bfd3]::fmt::write
[INFO] [stdout]    2:     0x6302e21428dc - <alloc[2182bb758b4b3781]::vec::Vec<u8> as core[df12db4294e9bfd3]::io::write::Write>::write_fmt
[INFO] [stdout]    3:     0x6302e2114c66 - std[70759c8f55707aa4]::panicking::default_hook::{closure#0}
[INFO] [stdout]    4:     0x6302e2133c19 - std[70759c8f55707aa4]::panicking::default_hook
[INFO] [stdout]    5:     0x6302e1f11b90 - test[9d35eded1c95d3be]::test_main_inner::<test[9d35eded1c95d3be]::test_main_static::{closure#0}>::{closure#0}
[INFO] [stdout]    6:     0x6302e2133f42 - std[70759c8f55707aa4]::panicking::panic_with_hook
[INFO] [stdout]    7:     0x6302e2114d12 - std[70759c8f55707aa4]::panicking::panic_handler::{closure#0}
[INFO] [stdout]    8:     0x6302e210d0b9 - std[70759c8f55707aa4]::sys::backtrace::__rust_end_short_backtrace::<std[70759c8f55707aa4]::panicking::panic_handler::{closure#0}, !>
[INFO] [stdout]    9:     0x6302e2115ded - __rustc[8fa7c3cbc660c2b3]::rust_begin_unwind
[INFO] [stdout]   10:     0x6302e2155b9c - core[df12db4294e9bfd3]::panicking::panic_fmt
[INFO] [stdout]   11:     0x6302e1ce912a - snaptokens[ff6d74ae37495140]::tests::compare_encode_decode::{closure#0}
[INFO] [stdout]   12:     0x6302e1cec670 - snaptokens[ff6d74ae37495140]::tests::compare_encode_decode
[INFO] [stdout]   13:     0x6302e1cef946 - snaptokens[ff6d74ae37495140]::tests::correctness_nemotron
[INFO] [stdout]   14:     0x6302e1d11ff9 - <snaptokens[ff6d74ae37495140]::tests::correctness_nemotron::{closure#0} as core[df12db4294e9bfd3]::ops::function::FnOnce<()>>::call_once
[INFO] [stdout]   15:     0x6302e1f04e7b - test[9d35eded1c95d3be]::__rust_begin_short_backtrace::<core[df12db4294e9bfd3]::result::Result<(), alloc[2182bb758b4b3781]::string::String>, fn() -> core[df12db4294e9bfd3]::result::Result<(), alloc[2182bb758b4b3781]::string::String>>
[INFO] [stdout]   16:     0x6302e1f124e5 - test[9d35eded1c95d3be]::run_test::{closure#0}
[INFO] [stdout]   17:     0x6302e1f0bda4 - std[70759c8f55707aa4]::sys::backtrace::__rust_begin_short_backtrace::<test[9d35eded1c95d3be]::run_test::{closure#1}, ()>
[INFO] [stdout]   18:     0x6302e1f15642 - <std[70759c8f55707aa4]::thread::lifecycle::spawn_unchecked<test[9d35eded1c95d3be]::run_test::{closure#1}, ()>::{closure#1} as core[df12db4294e9bfd3]::ops::function::FnOnce<()>>::call_once::{shim:vtable#0}
[INFO] [stdout]   19:     0x6302e213bc49 - <std[70759c8f55707aa4]::sys::thread::unix::Thread>::new::thread_start
[INFO] [stdout]   20:     0x7213a10dbdfa - <unknown>
[INFO] [stdout]   21:     0x7213a116f3d4 - clone
[INFO] [stdout]   22:                0x0 - <unknown>
[INFO] [stdout] 
[INFO] [stdout] ---- tests::decode_stream_single_token stdout ----
[INFO] [stdout] 
[INFO] [stdout] thread 'tests::decode_stream_single_token' (3322) panicked at src/lib.rs:2425:38:
[INFO] [stdout] failed to load tokenizer: request error: https://huggingface.co/Qwen/Qwen3-0.6B/resolve/main/tokenizer.json: Dns Failed: resolve dns name 'huggingface.co:443': failed to lookup address information: Temporary failure in name resolution
[INFO] [stdout] 
[INFO] [stdout] Caused by:
[INFO] [stdout]     0: https://huggingface.co/Qwen/Qwen3-0.6B/resolve/main/tokenizer.json: Dns Failed: resolve dns name 'huggingface.co:443': failed to lookup address information: Temporary failure in name resolution
[INFO] [stdout]     1: failed to lookup address information: Temporary failure in name resolution
[INFO] [stdout] 
[INFO] [stdout] Stack backtrace:
[INFO] [stdout]    0: <anyhow::Error as core::convert::From<hf_hub::api::sync::ApiError>>::from
[INFO] [stdout]    1: snaptokens::tests::tokenizer_json_path
[INFO] [stdout]    2: snaptokens::tests::load_tokenizer
[INFO] [stdout]    3: snaptokens::tests::decode_stream_single_token
[INFO] [stdout]    4: <snaptokens::tests::decode_stream_single_token::{closure#0} as core::ops::function::FnOnce<()>>::call_once
[INFO] [stdout]    5: test::__rust_begin_short_backtrace::<core::result::Result<(), alloc::string::String>, fn() -> core::result::Result<(), alloc::string::String>>
[INFO] [stdout]    6: test::run_test::{closure#0}
[INFO] [stdout]    7: std::sys::backtrace::__rust_begin_short_backtrace::<test::run_test::{closure#1}, ()>
[INFO] [stdout]    8: <std::thread::lifecycle::spawn_unchecked<test::run_test::{closure#1}, ()>::{closure#1} as core::ops::function::FnOnce<()>>::call_once::{shim:vtable#0}
[INFO] [stdout]    9: <std::sys::thread::unix::Thread>::new::thread_start
[INFO] [stdout]   10: <unknown>
[INFO] [stdout]   11: clone
[INFO] [stdout] stack backtrace:
[INFO] [stdout]    0:     0x6302e213d151 - <<std[70759c8f55707aa4]::sys::backtrace::BacktraceLock>::print::DisplayBacktrace as core[df12db4294e9bfd3]::fmt::Display>::fmt
[INFO] [stdout]    1:     0x6302e21553ba - core[df12db4294e9bfd3]::fmt::write
[INFO] [stdout]    2:     0x6302e21428dc - <alloc[2182bb758b4b3781]::vec::Vec<u8> as core[df12db4294e9bfd3]::io::write::Write>::write_fmt
[INFO] [stdout]    3:     0x6302e2114c66 - std[70759c8f55707aa4]::panicking::default_hook::{closure#0}
[INFO] [stdout]    4:     0x6302e2133c19 - std[70759c8f55707aa4]::panicking::default_hook
[INFO] [stdout]    5:     0x6302e1f11b90 - test[9d35eded1c95d3be]::test_main_inner::<test[9d35eded1c95d3be]::test_main_static::{closure#0}>::{closure#0}
[INFO] [stdout]    6:     0x6302e2133f42 - std[70759c8f55707aa4]::panicking::panic_with_hook
[INFO] [stdout]    7:     0x6302e2114d12 - std[70759c8f55707aa4]::panicking::panic_handler::{closure#0}
[INFO] [stdout]    8:     0x6302e210d0b9 - std[70759c8f55707aa4]::sys::backtrace::__rust_end_short_backtrace::<std[70759c8f55707aa4]::panicking::panic_handler::{closure#0}, !>
[INFO] [stdout]    9:     0x6302e2115ded - __rustc[8fa7c3cbc660c2b3]::rust_begin_unwind
[INFO] [stdout]   10:     0x6302e2155b9c - core[df12db4294e9bfd3]::panicking::panic_fmt
[INFO] [stdout]   11:     0x6302e2155972 - core[df12db4294e9bfd3]::result::unwrap_failed
[INFO] [stdout]   12:     0x6302e1cf129e - snaptokens[ff6d74ae37495140]::tests::decode_stream_single_token
[INFO] [stdout]   13:     0x6302e1d12249 - <snaptokens[ff6d74ae37495140]::tests::decode_stream_single_token::{closure#0} as core[df12db4294e9bfd3]::ops::function::FnOnce<()>>::call_once
[INFO] [stdout]   14:     0x6302e1f04e7b - test[9d35eded1c95d3be]::__rust_begin_short_backtrace::<core[df12db4294e9bfd3]::result::Result<(), alloc[2182bb758b4b3781]::string::String>, fn() -> core[df12db4294e9bfd3]::result::Result<(), alloc[2182bb758b4b3781]::string::String>>
[INFO] [stdout]   15:     0x6302e1f124e5 - test[9d35eded1c95d3be]::run_test::{closure#0}
[INFO] [stdout]   16:     0x6302e1f0bda4 - std[70759c8f55707aa4]::sys::backtrace::__rust_begin_short_backtrace::<test[9d35eded1c95d3be]::run_test::{closure#1}, ()>
[INFO] [stdout]   17:     0x6302e1f15642 - <std[70759c8f55707aa4]::thread::lifecycle::spawn_unchecked<test[9d35eded1c95d3be]::run_test::{closure#1}, ()>::{closure#1} as core[df12db4294e9bfd3]::ops::function::FnOnce<()>>::call_once::{shim:vtable#0}
[INFO] [stdout]   18:     0x6302e213bc49 - <std[70759c8f55707aa4]::sys::thread::unix::Thread>::new::thread_start
[INFO] [stdout]   19:     0x7213a10dbdfa - <unknown>
[INFO] [stdout]   20:     0x7213a116f3d4 - clone
[INFO] [stdout]   21:                0x0 - <unknown>
[INFO] [stdout] 
[INFO] [stdout] ---- tests::decode_stream_skip_special_tokens stdout ----
[INFO] [stdout] 
[INFO] [stdout] thread 'tests::decode_stream_skip_special_tokens' (3323) panicked at src/lib.rs:2546:74:
[INFO] [stdout] called `Result::unwrap()` on an `Err` value: request error: https://huggingface.co/mistralai/Mistral-Nemo-Instruct-2407/resolve/main/tokenizer.json: Dns Failed: resolve dns name 'huggingface.co:443': failed to lookup address information: Temporary failure in name resolution
[INFO] [stdout] 
[INFO] [stdout] Caused by:
[INFO] [stdout]     0: https://huggingface.co/mistralai/Mistral-Nemo-Instruct-2407/resolve/main/tokenizer.json: Dns Failed: resolve dns name 'huggingface.co:443': failed to lookup address information: Temporary failure in name resolution
[INFO] [stdout]     1: failed to lookup address information: Temporary failure in name resolution
[INFO] [stdout] 
[INFO] [stdout] Stack backtrace:
[INFO] [stdout]    0: <anyhow::Error as core::convert::From<hf_hub::api::sync::ApiError>>::from
[INFO] [stdout]    1: snaptokens::tests::tokenizer_json_path
[INFO] [stdout]    2: snaptokens::tests::load_tokenizer
[INFO] [stdout]    3: snaptokens::tests::decode_stream_skip_special_tokens
[INFO] [stdout]    4: <snaptokens::tests::decode_stream_skip_special_tokens::{closure#0} as core::ops::function::FnOnce<()>>::call_once
[INFO] [stdout]    5: test::__rust_begin_short_backtrace::<core::result::Result<(), alloc::string::String>, fn() -> core::result::Result<(), alloc::string::String>>
[INFO] [stdout]    6: test::run_test::{closure#0}
[INFO] [stdout]    7: std::sys::backtrace::__rust_begin_short_backtrace::<test::run_test::{closure#1}, ()>
[INFO] [stdout]    8: <std::thread::lifecycle::spawn_unchecked<test::run_test::{closure#1}, ()>::{closure#1} as core::ops::function::FnOnce<()>>::call_once::{shim:vtable#0}
[INFO] [stdout]    9: <std::sys::thread::unix::Thread>::new::thread_start
[INFO] [stdout]   10: <unknown>
[INFO] [stdout]   11: clone
[INFO] [stdout] stack backtrace:
[INFO] [stdout]    0:     0x6302e213d151 - <<std[70759c8f55707aa4]::sys::backtrace::BacktraceLock>::print::DisplayBacktrace as core[df12db4294e9bfd3]::fmt::Display>::fmt
[INFO] [stdout]    1:     0x6302e21553ba - core[df12db4294e9bfd3]::fmt::write
[INFO] [stdout]    2:     0x6302e21428dc - <alloc[2182bb758b4b3781]::vec::Vec<u8> as core[df12db4294e9bfd3]::io::write::Write>::write_fmt
[INFO] [stdout]    3:     0x6302e2114c66 - std[70759c8f55707aa4]::panicking::default_hook::{closure#0}
[INFO] [stdout]    4:     0x6302e2133c19 - std[70759c8f55707aa4]::panicking::default_hook
[INFO] [stdout]    5:     0x6302e1f11b90 - test[9d35eded1c95d3be]::test_main_inner::<test[9d35eded1c95d3be]::test_main_static::{closure#0}>::{closure#0}
[INFO] [stdout]    6:     0x6302e2133f42 - std[70759c8f55707aa4]::panicking::panic_with_hook
[INFO] [stdout]    7:     0x6302e2114d12 - std[70759c8f55707aa4]::panicking::panic_handler::{closure#0}
[INFO] [stdout]    8:     0x6302e210d0b9 - std[70759c8f55707aa4]::sys::backtrace::__rust_end_short_backtrace::<std[70759c8f55707aa4]::panicking::panic_handler::{closure#0}, !>
[INFO] [stdout]    9:     0x6302e2115ded - __rustc[8fa7c3cbc660c2b3]::rust_begin_unwind
[INFO] [stdout]   10:     0x6302e2155b9c - core[df12db4294e9bfd3]::panicking::panic_fmt
[INFO] [stdout]   11:     0x6302e2155972 - core[df12db4294e9bfd3]::result::unwrap_failed
[INFO] [stdout]   12:     0x6302e1cf36c1 - snaptokens[ff6d74ae37495140]::tests::decode_stream_skip_special_tokens
[INFO] [stdout]   13:     0x6302e1d123a9 - <snaptokens[ff6d74ae37495140]::tests::decode_stream_skip_special_tokens::{closure#0} as core[df12db4294e9bfd3]::ops::function::FnOnce<()>>::call_once
[INFO] [stdout]   14:     0x6302e1f04e7b - test[9d35eded1c95d3be]::__rust_begin_short_backtrace::<core[df12db4294e9bfd3]::result::Result<(), alloc[2182bb758b4b3781]::string::String>, fn() -> core[df12db4294e9bfd3]::result::Result<(), alloc[2182bb758b4b3781]::string::String>>
[INFO] [stdout]   15:     0x6302e1f124e5 - test[9d35eded1c95d3be]::run_test::{closure#0}
[INFO] [stdout]   16:     0x6302e1f0bda4 - std[70759c8f55707aa4]::sys::backtrace::__rust_begin_short_backtrace::<test[9d35eded1c95d3be]::run_test::{closure#1}, ()>
[INFO] [stdout]   17:     0x6302e1f15642 - <std[70759c8f55707aa4]::thread::lifecycle::spawn_unchecked<test[9d35eded1c95d3be]::run_test::{closure#1}, ()>::{closure#1} as core[df12db4294e9bfd3]::ops::function::FnOnce<()>>::call_once::{shim:vtable#0}
[INFO] [stdout]   18:     0x6302e213bc49 - <std[70759c8f55707aa4]::sys::thread::unix::Thread>::new::thread_start
[INFO] [stdout]   19:     0x7213a10dbdfa - <unknown>
[INFO] [stdout]   20:     0x7213a116f3d4 - clone
[INFO] [stdout]   21:                0x0 - <unknown>
[INFO] [stdout] 
[INFO] [stdout] ---- tests::decode_stream_unknown_id_does_not_error stdout ----
[INFO] [stdout] 
[INFO] [stdout] thread 'tests::decode_stream_unknown_id_does_not_error' (3324) panicked at src/lib.rs:2425:38:
[INFO] [stdout] failed to load tokenizer: request error: https://huggingface.co/Qwen/Qwen3-0.6B/resolve/main/tokenizer.json: Dns Failed: resolve dns name 'huggingface.co:443': failed to lookup address information: Temporary failure in name resolution
[INFO] [stdout] 
[INFO] [stdout] Caused by:
[INFO] [stdout]     0: https://huggingface.co/Qwen/Qwen3-0.6B/resolve/main/tokenizer.json: Dns Failed: resolve dns name 'huggingface.co:443': failed to lookup address information: Temporary failure in name resolution
[INFO] [stdout]     1: failed to lookup address information: Temporary failure in name resolution
[INFO] [stdout] 
[INFO] [stdout] Stack backtrace:
[INFO] [stdout]    0: <anyhow::Error as core::convert::From<hf_hub::api::sync::ApiError>>::from
[INFO] [stdout]    1: snaptokens::tests::tokenizer_json_path
[INFO] [stdout]    2: snaptokens::tests::load_tokenizer
[INFO] [stdout]    3: snaptokens::tests::decode_stream_unknown_id_does_not_error
[INFO] [stdout]    4: <snaptokens::tests::decode_stream_unknown_id_does_not_error::{closure#0} as core::ops::function::FnOnce<()>>::call_once
[INFO] [stdout]    5: test::__rust_begin_short_backtrace::<core::result::Result<(), alloc::string::String>, fn() -> core::result::Result<(), alloc::string::String>>
[INFO] [stdout]    6: test::run_test::{closure#0}
[INFO] [stdout]    7: std::sys::backtrace::__rust_begin_short_backtrace::<test::run_test::{closure#1}, ()>
[INFO] [stdout]    8: <std::thread::lifecycle::spawn_unchecked<test::run_test::{closure#1}, ()>::{closure#1} as core::ops::function::FnOnce<()>>::call_once::{shim:vtable#0}
[INFO] [stdout]    9: <std::sys::thread::unix::Thread>::new::thread_start
[INFO] [stdout]   10: <unknown>
[INFO] [stdout]   11: clone
[INFO] [stdout] stack backtrace:
[INFO] [stdout]    0:     0x6302e213d151 - <<std[70759c8f55707aa4]::sys::backtrace::BacktraceLock>::print::DisplayBacktrace as core[df12db4294e9bfd3]::fmt::Display>::fmt
[INFO] [stdout]    1:     0x6302e21553ba - core[df12db4294e9bfd3]::fmt::write
[INFO] [stdout]    2:     0x6302e21428dc - <alloc[2182bb758b4b3781]::vec::Vec<u8> as core[df12db4294e9bfd3]::io::write::Write>::write_fmt
[INFO] [stdout]    3:     0x6302e2114c66 - std[70759c8f55707aa4]::panicking::default_hook::{closure#0}
[INFO] [stdout]    4:     0x6302e2133c19 - std[70759c8f55707aa4]::panicking::default_hook
[INFO] [stdout]    5:     0x6302e1f11b90 - test[9d35eded1c95d3be]::test_main_inner::<test[9d35eded1c95d3be]::test_main_static::{closure#0}>::{closure#0}
[INFO] [stdout]    6:     0x6302e2133f42 - std[70759c8f55707aa4]::panicking::panic_with_hook
[INFO] [stdout]    7:     0x6302e2114d12 - std[70759c8f55707aa4]::panicking::panic_handler::{closure#0}
[INFO] [stdout]    8:     0x6302e210d0b9 - std[70759c8f55707aa4]::sys::backtrace::__rust_end_short_backtrace::<std[70759c8f55707aa4]::panicking::panic_handler::{closure#0}, !>
[INFO] [stdout]    9:     0x6302e2115ded - __rustc[8fa7c3cbc660c2b3]::rust_begin_unwind
[INFO] [stdout]   10:     0x6302e2155b9c - core[df12db4294e9bfd3]::panicking::panic_fmt
[INFO] [stdout]   11:     0x6302e2155972 - core[df12db4294e9bfd3]::result::unwrap_failed
[INFO] [stdout]   12:     0x6302e1cf6329 - snaptokens[ff6d74ae37495140]::tests::decode_stream_unknown_id_does_not_error
[INFO] [stdout]   13:     0x6302e1d124c9 - <snaptokens[ff6d74ae37495140]::tests::decode_stream_unknown_id_does_not_error::{closure#0} as core[df12db4294e9bfd3]::ops::function::FnOnce<()>>::call_once
[INFO] [stdout]   14:     0x6302e1f04e7b - test[9d35eded1c95d3be]::__rust_begin_short_backtrace::<core[df12db4294e9bfd3]::result::Result<(), alloc[2182bb758b4b3781]::string::String>, fn() -> core[df12db4294e9bfd3]::result::Result<(), alloc[2182bb758b4b3781]::string::String>>
[INFO] [stdout]   15:     0x6302e1f124e5 - test[9d35eded1c95d3be]::run_test::{closure#0}
[INFO] [stdout]   16:     0x6302e1f0bda4 - std[70759c8f55707aa4]::sys::backtrace::__rust_begin_short_backtrace::<test[9d35eded1c95d3be]::run_test::{closure#1}, ()>
[INFO] [stdout]   17:     0x6302e1f15642 - <std[70759c8f55707aa4]::thread::lifecycle::spawn_unchecked<test[9d35eded1c95d3be]::run_test::{closure#1}, ()>::{closure#1} as core[df12db4294e9bfd3]::ops::function::FnOnce<()>>::call_once::{shim:vtable#0}
[INFO] [stdout]   18:     0x6302e213bc49 - <std[70759c8f55707aa4]::sys::thread::unix::Thread>::new::thread_start
[INFO] [stdout]   19:     0x7213a10dbdfa - <unknown>
[INFO] [stdout]   20:     0x7213a116f3d4 - clone
[INFO] [stdout]   21:                0x0 - <unknown>
[INFO] [stdout] 
[INFO] [stdout] ---- tests::decode_tokens_matches_decode_by_id stdout ----
[INFO] [stdout] 
[INFO] [stdout] thread 'tests::decode_tokens_matches_decode_by_id' (3325) panicked at src/lib.rs:2293:53:
[INFO] [stdout] called `Result::unwrap()` on an `Err` value: request error: https://huggingface.co/Qwen/Qwen3-0.6B/resolve/main/tokenizer.json: Dns Failed: resolve dns name 'huggingface.co:443': failed to lookup address information: Temporary failure in name resolution
[INFO] [stdout] 
[INFO] [stdout] Caused by:
[INFO] [stdout]     0: https://huggingface.co/Qwen/Qwen3-0.6B/resolve/main/tokenizer.json: Dns Failed: resolve dns name 'huggingface.co:443': failed to lookup address information: Temporary failure in name resolution
[INFO] [stdout]     1: failed to lookup address information: Temporary failure in name resolution
[INFO] [stdout] 
[INFO] [stdout] Stack backtrace:
[INFO] [stdout]    0: <anyhow::Error as core::convert::From<hf_hub::api::sync::ApiError>>::from
[INFO] [stdout]    1: snaptokens::tests::tokenizer_json_path
[INFO] [stdout]    2: snaptokens::tests::load_tokenizer
[INFO] [stdout]    3: snaptokens::tests::decode_tokens_matches_decode_by_id
[INFO] [stdout]    4: <snaptokens::tests::decode_tokens_matches_decode_by_id::{closure#0} as core::ops::function::FnOnce<()>>::call_once
[INFO] [stdout]    5: test::__rust_begin_short_backtrace::<core::result::Result<(), alloc::string::String>, fn() -> core::result::Result<(), alloc::string::String>>
[INFO] [stdout]    6: test::run_test::{closure#0}
[INFO] [stdout]    7: std::sys::backtrace::__rust_begin_short_backtrace::<test::run_test::{closure#1}, ()>
[INFO] [stdout]    8: <std::thread::lifecycle::spawn_unchecked<test::run_test::{closure#1}, ()>::{closure#1} as core::ops::function::FnOnce<()>>::call_once::{shim:vtable#0}
[INFO] [stdout]    9: <std::sys::thread::unix::Thread>::new::thread_start
[INFO] [stdout]   10: <unknown>
[INFO] [stdout]   11: clone
[INFO] [stdout] stack backtrace:
[INFO] [stdout]    0:     0x6302e213d151 - <<std[70759c8f55707aa4]::sys::backtrace::BacktraceLock>::print::DisplayBacktrace as core[df12db4294e9bfd3]::fmt::Display>::fmt
[INFO] [stdout]    1:     0x6302e21553ba - core[df12db4294e9bfd3]::fmt::write
[INFO] [stdout]    2:     0x6302e21428dc - <alloc[2182bb758b4b3781]::vec::Vec<u8> as core[df12db4294e9bfd3]::io::write::Write>::write_fmt
[INFO] [stdout]    3:     0x6302e2114c66 - std[70759c8f55707aa4]::panicking::default_hook::{closure#0}
[INFO] [stdout]    4:     0x6302e2133c19 - std[70759c8f55707aa4]::panicking::default_hook
[INFO] [stdout]    5:     0x6302e1f11b90 - test[9d35eded1c95d3be]::test_main_inner::<test[9d35eded1c95d3be]::test_main_static::{closure#0}>::{closure#0}
[INFO] [stdout]    6:     0x6302e2133f42 - std[70759c8f55707aa4]::panicking::panic_with_hook
[INFO] [stdout]    7:     0x6302e2114d12 - std[70759c8f55707aa4]::panicking::panic_handler::{closure#0}
[INFO] [stdout]    8:     0x6302e210d0b9 - std[70759c8f55707aa4]::sys::backtrace::__rust_end_short_backtrace::<std[70759c8f55707aa4]::panicking::panic_handler::{closure#0}, !>
[INFO] [stdout]    9:     0x6302e2115ded - __rustc[8fa7c3cbc660c2b3]::rust_begin_unwind
[INFO] [stdout]   10:     0x6302e2155b9c - core[df12db4294e9bfd3]::panicking::panic_fmt
[INFO] [stdout]   11:     0x6302e2155972 - core[df12db4294e9bfd3]::result::unwrap_failed
[INFO] [stdout]   12:     0x6302e1cf5150 - snaptokens[ff6d74ae37495140]::tests::decode_tokens_matches_decode_by_id
[INFO] [stdout]   13:     0x6302e1d12429 - <snaptokens[ff6d74ae37495140]::tests::decode_tokens_matches_decode_by_id::{closure#0} as core[df12db4294e9bfd3]::ops::function::FnOnce<()>>::call_once
[INFO] [stdout]   14:     0x6302e1f04e7b - test[9d35eded1c95d3be]::__rust_begin_short_backtrace::<core[df12db4294e9bfd3]::result::Result<(), alloc[2182bb758b4b3781]::string::String>, fn() -> core[df12db4294e9bfd3]::result::Result<(), alloc[2182bb758b4b3781]::string::String>>
[INFO] [stdout]   15:     0x6302e1f124e5 - test[9d35eded1c95d3be]::run_test::{closure#0}
[INFO] [stdout]   16:     0x6302e1f0bda4 - std[70759c8f55707aa4]::sys::backtrace::__rust_begin_short_backtrace::<test[9d35eded1c95d3be]::run_test::{closure#1}, ()>
[INFO] [stdout]   17:     0x6302e1f15642 - <std[70759c8f55707aa4]::thread::lifecycle::spawn_unchecked<test[9d35eded1c95d3be]::run_test::{closure#1}, ()>::{closure#1} as core[df12db4294e9bfd3]::ops::function::FnOnce<()>>::call_once::{shim:vtable#0}
[INFO] [stdout]   18:     0x6302e213bc49 - <std[70759c8f55707aa4]::sys::thread::unix::Thread>::new::thread_start
[INFO] [stdout]   19:     0x7213a10dbdfa - <unknown>
[INFO] [stdout]   20:     0x7213a116f3d4 - clone
[INFO] [stdout]   21:                0x0 - <unknown>
[INFO] [stdout] 
[INFO] [stdout] ---- tests::decode_stream_invalid_prefix_error_message stdout ----
[INFO] [stdout] 
[INFO] [stdout] thread 'tests::decode_stream_invalid_prefix_error_message' (3317) panicked at src/lib.rs:2425:38:
[INFO] [stdout] failed to load tokenizer: request error: https://huggingface.co/Qwen/Qwen3-0.6B/resolve/main/tokenizer.json: Dns Failed: resolve dns name 'huggingface.co:443': failed to lookup address information: Temporary failure in name resolution
[INFO] [stdout] 
[INFO] [stdout] Caused by:
[INFO] [stdout]     0: https://huggingface.co/Qwen/Qwen3-0.6B/resolve/main/tokenizer.json: Dns Failed: resolve dns name 'huggingface.co:443': failed to lookup address information: Temporary failure in name resolution
[INFO] [stdout]     1: failed to lookup address information: Temporary failure in name resolution
[INFO] [stdout] 
[INFO] [stdout] Stack backtrace:
[INFO] [stdout]    0: <anyhow::Error as core::convert::From<hf_hub::api::sync::ApiError>>::from
[INFO] [stdout]    1: snaptokens::tests::tokenizer_json_path
[INFO] [stdout]    2: snaptokens::tests::load_tokenizer
[INFO] [stdout]    3: snaptokens::tests::decode_stream_invalid_prefix_error_message
[INFO] [stdout]    4: <snaptokens::tests::decode_stream_invalid_prefix_error_message::{closure#0} as core::ops::function::FnOnce<()>>::call_once
[INFO] [stdout]    5: test::__rust_begin_short_backtrace::<core::result::Result<(), alloc::string::String>, fn() -> core::result::Result<(), alloc::string::String>>
[INFO] [stdout]    6: test::run_test::{closure#0}
[INFO] [stdout]    7: std::sys::backtrace::__rust_begin_short_backtrace::<test::run_test::{closure#1}, ()>
[INFO] [stdout]    8: <std::thread::lifecycle::spawn_unchecked<test::run_test::{closure#1}, ()>::{closure#1} as core::ops::function::FnOnce<()>>::call_once::{shim:vtable#0}
[INFO] [stdout]    9: <std::sys::thread::unix::Thread>::new::thread_start
[INFO] [stdout]   10: <unknown>
[INFO] [stdout]   11: clone
[INFO] [stdout] stack backtrace:
[INFO] [stdout]    0:     0x6302e213d151 - <<std[70759c8f55707aa4]::sys::backtrace::BacktraceLock>::print::DisplayBacktrace as core[df12db4294e9bfd3]::fmt::Display>::fmt
[INFO] [stdout]    1:     0x6302e21553ba - core[df12db4294e9bfd3]::fmt::write
[INFO] [stdout]    2:     0x6302e21428dc - <alloc[2182bb758b4b3781]::vec::Vec<u8> as core[df12db4294e9bfd3]::io::write::Write>::write_fmt
[INFO] [stdout]    3:     0x6302e2114c66 - std[70759c8f55707aa4]::panicking::default_hook::{closure#0}
[INFO] [stdout]    4:     0x6302e2133c19 - std[70759c8f55707aa4]::panicking::default_hook
[INFO] [stdout]    5:     0x6302e1f11b90 - test[9d35eded1c95d3be]::test_main_inner::<test[9d35eded1c95d3be]::test_main_static::{closure#0}>::{closure#0}
[INFO] [stdout]    6:     0x6302e2133f42 - std[70759c8f55707aa4]::panicking::panic_with_hook
[INFO] [stdout]    7:     0x6302e2114d12 - std[70759c8f55707aa4]::panicking::panic_handler::{closure#0}
[INFO] [stdout]    8:     0x6302e210d0b9 - std[70759c8f55707aa4]::sys::backtrace::__rust_end_short_backtrace::<std[70759c8f55707aa4]::panicking::panic_handler::{closure#0}, !>
[INFO] [stdout]    9:     0x6302e2115ded - __rustc[8fa7c3cbc660c2b3]::rust_begin_unwind
[INFO] [stdout]   10:     0x6302e2155b9c - core[df12db4294e9bfd3]::panicking::panic_fmt
[INFO] [stdout]   11:     0x6302e2155972 - core[df12db4294e9bfd3]::result::unwrap_failed
[INFO] [stdout]   12:     0x6302e1cf6f36 - snaptokens[ff6d74ae37495140]::tests::decode_stream_invalid_prefix_error_message
[INFO] [stdout]   13:     0x6302e1d12529 - <snaptokens[ff6d74ae37495140]::tests::decode_stream_invalid_prefix_error_message::{closure#0} as core[df12db4294e9bfd3]::ops::function::FnOnce<()>>::call_once
[INFO] [stdout]   14:     0x6302e1f04e7b - test[9d35eded1c95d3be]::__rust_begin_short_backtrace::<core[df12db4294e9bfd3]::result::Result<(), alloc[2182bb758b4b3781]::string::String>, fn() -> core[df12db4294e9bfd3]::result::Result<(), alloc[2182bb758b4b3781]::string::String>>
[INFO] [stdout]   15:     0x6302e1f124e5 - test[9d35eded1c95d3be]::run_test::{closure#0}
[INFO] [stdout]   16:     0x6302e1f0bda4 - std[70759c8f55707aa4]::sys::backtrace::__rust_begin_short_backtrace::<test[9d35eded1c95d3be]::run_test::{closure#1}, ()>
[INFO] [stdout]   17:     0x6302e1f15642 - <std[70759c8f55707aa4]::thread::lifecycle::spawn_unchecked<test[9d35eded1c95d3be]::run_test::{closure#1}, ()>::{closure#1} as core[df12db4294e9bfd3]::ops::function::FnOnce<()>>::call_once::{shim:vtable#0}
[INFO] [stdout]   18:     0x6302e213bc49 - <std[70759c8f55707aa4]::sys::thread::unix::Thread>::new::thread_start
[INFO] [stdout]   19:     0x7213a10dbdfa - <unknown>
[INFO] [stdout]   20:     0x7213a116f3d4 - clone
[INFO] [stdout]   21:                0x0 - <unknown>
[INFO] [stdout] 
[INFO] [stdout] ---- tests::encode_batch_ragged_matches_nested stdout ----
[INFO] [stdout] 
[INFO] [stdout] thread 'tests::encode_batch_ragged_matches_nested' (3329) panicked at src/lib.rs:1197:60:
[INFO] [stdout] called `Result::unwrap()` on an `Err` value: request error: https://huggingface.co/openai-community/gpt2/resolve/main/tokenizer.json: Dns Failed: resolve dns name 'huggingface.co:443': failed to lookup address information: Temporary failure in name resolution
[INFO] [stdout] 
[INFO] [stdout] Caused by:
[INFO] [stdout]     0: https://huggingface.co/openai-community/gpt2/resolve/main/tokenizer.json: Dns Failed: resolve dns name 'huggingface.co:443': failed to lookup address information: Temporary failure in name resolution
[INFO] [stdout]     1: failed to lookup address information: Temporary failure in name resolution
[INFO] [stdout] 
[INFO] [stdout] Stack backtrace:
[INFO] [stdout]    0: <anyhow::Error as core::convert::From<hf_hub::api::sync::ApiError>>::from
[INFO] [stdout]    1: snaptokens::tests::tokenizer_json_path
[INFO] [stdout]    2: snaptokens::tests::load_tokenizer
[INFO] [stdout]    3: snaptokens::tests::encode_batch_ragged_matches_nested
[INFO] [stdout]    4: <snaptokens::tests::encode_batch_ragged_matches_nested::{closure#0} as core::ops::function::FnOnce<()>>::call_once
[INFO] [stdout]    5: test::__rust_begin_short_backtrace::<core::result::Result<(), alloc::string::String>, fn() -> core::result::Result<(), alloc::string::String>>
[INFO] [stdout]    6: test::run_test::{closure#0}
[INFO] [stdout]    7: std::sys::backtrace::__rust_begin_short_backtrace::<test::run_test::{closure#1}, ()>
[INFO] [stdout]    8: <std::thread::lifecycle::spawn_unchecked<test::run_test::{closure#1}, ()>::{closure#1} as core::ops::function::FnOnce<()>>::call_once::{shim:vtable#0}
[INFO] [stdout]    9: <std::sys::thread::unix::Thread>::new::thread_start
[INFO] [stdout]   10: <unknown>
[INFO] [stdout]   11: clone
[INFO] [stdout] stack backtrace:
[INFO] [stdout]    0:     0x6302e213d151 - <<std[70759c8f55707aa4]::sys::backtrace::BacktraceLock>::print::DisplayBacktrace as core[df12db4294e9bfd3]::fmt::Display>::fmt
[INFO] [stdout]    1:     0x6302e21553ba - core[df12db4294e9bfd3]::fmt::write
[INFO] [stdout]    2:     0x6302e21428dc - <alloc[2182bb758b4b3781]::vec::Vec<u8> as core[df12db4294e9bfd3]::io::write::Write>::write_fmt
[INFO] [stdout]    3:     0x6302e2114c66 - std[70759c8f55707aa4]::panicking::default_hook::{closure#0}
[INFO] [stdout]    4:     0x6302e2133c19 - std[70759c8f55707aa4]::panicking::default_hook
[INFO] [stdout]    5:     0x6302e1f11b90 - test[9d35eded1c95d3be]::test_main_inner::<test[9d35eded1c95d3be]::test_main_static::{closure#0}>::{closure#0}
[INFO] [stdout]    6:     0x6302e2133f42 - std[70759c8f55707aa4]::panicking::panic_with_hook
[INFO] [stdout]    7:     0x6302e2114d12 - std[70759c8f55707aa4]::panicking::panic_handler::{closure#0}
[INFO] [stdout]    8:     0x6302e210d0b9 - std[70759c8f55707aa4]::sys::backtrace::__rust_end_short_backtrace::<std[70759c8f55707aa4]::panicking::panic_handler::{closure#0}, !>
[INFO] [stdout]    9:     0x6302e2115ded - __rustc[8fa7c3cbc660c2b3]::rust_begin_unwind
[INFO] [stdout]   10:     0x6302e2155b9c - core[df12db4294e9bfd3]::panicking::panic_fmt
[INFO] [stdout]   11:     0x6302e2155972 - core[df12db4294e9bfd3]::result::unwrap_failed
[INFO] [stdout]   12:     0x6302e1cf5925 - snaptokens[ff6d74ae37495140]::tests::encode_batch_ragged_matches_nested
[INFO] [stdout]   13:     0x6302e1d12449 - <snaptokens[ff6d74ae37495140]::tests::encode_batch_ragged_matches_nested::{closure#0} as core[df12db4294e9bfd3]::ops::function::FnOnce<()>>::call_once
[INFO] [stdout]   14:     0x6302e1f04e7b - test[9d35eded1c95d3be]::__rust_begin_short_backtrace::<core[df12db4294e9bfd3]::result::Result<(), alloc[2182bb758b4b3781]::string::String>, fn() -> core[df12db4294e9bfd3]::result::Result<(), alloc[2182bb758b4b3781]::string::String>>
[INFO] [stdout]   15:     0x6302e1f124e5 - test[9d35eded1c95d3be]::run_test::{closure#0}
[INFO] [stdout]   16:     0x6302e1f0bda4 - std[70759c8f55707aa4]::sys::backtrace::__rust_begin_short_backtrace::<test[9d35eded1c95d3be]::run_test::{closure#1}, ()>
[INFO] [stdout]   17:     0x6302e1f15642 - <std[70759c8f55707aa4]::thread::lifecycle::spawn_unchecked<test[9d35eded1c95d3be]::run_test::{closure#1}, ()>::{closure#1} as core[df12db4294e9bfd3]::ops::function::FnOnce<()>>::call_once::{shim:vtable#0}
[INFO] [stdout]   18:     0x6302e213bc49 - <std[70759c8f55707aa4]::sys::thread::unix::Thread>::new::thread_start
[INFO] [stdout]   19:     0x7213a10dbdfa - <unknown>
[INFO] [stdout]   20:     0x7213a116f3d4 - clone
[INFO] [stdout]   21:                0x0 - <unknown>
[INFO] [stdout] 
[INFO] [stdout] ---- tests::empty_string_encode_decode stdout ----
[INFO] [stdout] 
[INFO] [stdout] thread 'tests::empty_string_encode_decode' (3327) panicked at src/lib.rs:2309:53:
[INFO] [stdout] called `Result::unwrap()` on an `Err` value: request error: https://huggingface.co/Qwen/Qwen3-0.6B/resolve/main/tokenizer.json: Dns Failed: resolve dns name 'huggingface.co:443': failed to lookup address information: Temporary failure in name resolution
[INFO] [stdout] 
[INFO] [stdout] Caused by:
[INFO] [stdout]     0: https://huggingface.co/Qwen/Qwen3-0.6B/resolve/main/tokenizer.json: Dns Failed: resolve dns name 'huggingface.co:443': failed to lookup address information: Temporary failure in name resolution
[INFO] [stdout]     1: failed to lookup address information: Temporary failure in name resolution
[INFO] [stdout] 
[INFO] [stdout] Stack backtrace:
[INFO] [stdout]    0: <anyhow::Error as core::convert::From<hf_hub::api::sync::ApiError>>::from
[INFO] [stdout]    1: snaptokens::tests::tokenizer_json_path
[INFO] [stdout]    2: snaptokens::tests::load_tokenizer
[INFO] [stdout]    3: snaptokens::tests::empty_string_encode_decode
[INFO] [stdout]    4: <snaptokens::tests::empty_string_encode_decode::{closure#0} as core::ops::function::FnOnce<()>>::call_once
[INFO] [stdout]    5: test::__rust_begin_short_backtrace::<core::result::Result<(), alloc::string::String>, fn() -> core::result::Result<(), alloc::string::String>>
[INFO] [stdout]    6: test::run_test::{closure#0}
[INFO] [stdout]    7: std::sys::backtrace::__rust_begin_short_backtrace::<test::run_test::{closure#1}, ()>
[INFO] [stdout]    8: <std::thread::lifecycle::spawn_unchecked<test::run_test::{closure#1}, ()>::{closure#1} as core::ops::function::FnOnce<()>>::call_once::{shim:vtable#0}
[INFO] [stdout]    9: <std::sys::thread::unix::Thread>::new::thread_start
[INFO] [stdout]   10: <unknown>
[INFO] [stdout]   11: clone
[INFO] [stdout] stack backtrace:
[INFO] [stdout]    0:     0x6302e213d151 - <<std[70759c8f55707aa4]::sys::backtrace::BacktraceLock>::print::DisplayBacktrace as core[df12db4294e9bfd3]::fmt::Display>::fmt
[INFO] [stdout]    1:     0x6302e21553ba - core[df12db4294e9bfd3]::fmt::write
[INFO] [stdout]    2:     0x6302e21428dc - <alloc[2182bb758b4b3781]::vec::Vec<u8> as core[df12db4294e9bfd3]::io::write::Write>::write_fmt
[INFO] [stdout]    3:     0x6302e2114c66 - std[70759c8f55707aa4]::panicking::default_hook::{closure#0}
[INFO] [stdout]    4:     0x6302e2133c19 - std[70759c8f55707aa4]::panicking::default_hook
[INFO] [stdout]    5:     0x6302e1f11b90 - test[9d35eded1c95d3be]::test_main_inner::<test[9d35eded1c95d3be]::test_main_static::{closure#0}>::{closure#0}
[INFO] [stdout]    6:     0x6302e2133f42 - std[70759c8f55707aa4]::panicking::panic_with_hook
[INFO] [stdout]    7:     0x6302e2114d12 - std[70759c8f55707aa4]::panicking::panic_handler::{closure#0}
[INFO] [stdout]    8:     0x6302e210d0b9 - std[70759c8f55707aa4]::sys::backtrace::__rust_end_short_backtrace::<std[70759c8f55707aa4]::panicking::panic_handler::{closure#0}, !>
[INFO] [stdout]    9:     0x6302e2115ded - __rustc[8fa7c3cbc660c2b3]::rust_begin_unwind
[INFO] [stdout]   10:     0x6302e2155b9c - core[df12db4294e9bfd3]::panicking::panic_fmt
[INFO] [stdout]   11:     0x6302e2155972 - core[df12db4294e9bfd3]::result::unwrap_failed
[INFO] [stdout]   12:     0x6302e1cf14f3 - snaptokens[ff6d74ae37495140]::tests::empty_string_encode_decode
[INFO] [stdout]   13:     0x6302e1d12269 - <snaptokens[ff6d74ae37495140]::tests::empty_string_encode_decode::{closure#0} as core[df12db4294e9bfd3]::ops::function::FnOnce<()>>::call_once
[INFO] [stdout]   14:     0x6302e1f04e7b - test[9d35eded1c95d3be]::__rust_begin_short_backtrace::<core[df12db4294e9bfd3]::result::Result<(), alloc[2182bb758b4b3781]::string::String>, fn() -> core[df12db4294e9bfd3]::result::Result<(), alloc[2182bb758b4b3781]::string::String>>
[INFO] [stdout]   15:     0x6302e1f124e5 - test[9d35eded1c95d3be]::run_test::{closure#0}
[INFO] [stdout]   16:     0x6302e1f0bda4 - std[70759c8f55707aa4]::sys::backtrace::__rust_begin_short_backtrace::<test[9d35eded1c95d3be]::run_test::{closure#1}, ()>
[INFO] [stdout]   17:     0x6302e1f15642 - <std[70759c8f55707aa4]::thread::lifecycle::spawn_unchecked<test[9d35eded1c95d3be]::run_test::{closure#1}, ()>::{closure#1} as core[df12db4294e9bfd3]::ops::function::FnOnce<()>>::call_once::{shim:vtable#0}
[INFO] [stdout]   18:     0x6302e213bc49 - <std[70759c8f55707aa4]::sys::thread::unix::Thread>::new::thread_start
[INFO] [stdout]   19:     0x7213a10dbdfa - <unknown>
[INFO] [stdout]   20:     0x7213a116f3d4 - clone
[INFO] [stdout]   21:                0x0 - <unknown>
[INFO] [stdout] 
[INFO] [stdout] ---- tests::encode_is_stable_after_decode stdout ----
[INFO] [stdout] 
[INFO] [stdout] thread 'tests::encode_is_stable_after_decode' (3331) panicked at src/lib.rs:2318:53:
[INFO] [stdout] called `Result::unwrap()` on an `Err` value: request error: https://huggingface.co/Qwen/Qwen3-0.6B/resolve/main/tokenizer.json: Dns Failed: resolve dns name 'huggingface.co:443': failed to lookup address information: Temporary failure in name resolution
[INFO] [stdout] 
[INFO] [stdout] Caused by:
[INFO] [stdout]     0: https://huggingface.co/Qwen/Qwen3-0.6B/resolve/main/tokenizer.json: Dns Failed: resolve dns name 'huggingface.co:443': failed to lookup address information: Temporary failure in name resolution
[INFO] [stdout]     1: failed to lookup address information: Temporary failure in name resolution
[INFO] [stdout] 
[INFO] [stdout] Stack backtrace:
[INFO] [stdout]    0: <anyhow::Error as core::convert::From<hf_hub::api::sync::ApiError>>::from
[INFO] [stdout]    1: snaptokens::tests::tokenizer_json_path
[INFO] [stdout]    2: snaptokens::tests::load_tokenizer
[INFO] [stdout]    3: snaptokens::tests::encode_is_stable_after_decode
[INFO] [stdout]    4: <snaptokens::tests::encode_is_stable_after_decode::{closure#0} as core::ops::function::FnOnce<()>>::call_once
[INFO] [stdout]    5: test::__rust_begin_short_backtrace::<core::result::Result<(), alloc::string::String>, fn() -> core::result::Result<(), alloc::string::String>>
[INFO] [stdout]    6: test::run_test::{closure#0}
[INFO] [stdout]    7: std::sys::backtrace::__rust_begin_short_backtrace::<test::run_test::{closure#1}, ()>
[INFO] [stdout]    8: <std::thread::lifecycle::spawn_unchecked<test::run_test::{closure#1}, ()>::{closure#1} as core::ops::function::FnOnce<()>>::call_once::{shim:vtable#0}
[INFO] [stdout]    9: <std::sys::thread::unix::Thread>::new::thread_start
[INFO] [stdout]   10: <unknown>
[INFO] [stdout]   11: clone
[INFO] [stdout] stack backtrace:
[INFO] [stdout]    0:     0x6302e213d151 - <<std[70759c8f55707aa4]::sys::backtrace::BacktraceLock>::print::DisplayBacktrace as core[df12db4294e9bfd3]::fmt::Display>::fmt
[INFO] [stdout]    1:     0x6302e21553ba - core[df12db4294e9bfd3]::fmt::write
[INFO] [stdout]    2:     0x6302e21428dc - <alloc[2182bb758b4b3781]::vec::Vec<u8> as core[df12db4294e9bfd3]::io::write::Write>::write_fmt
[INFO] [stdout]    3:     0x6302e2114c66 - std[70759c8f55707aa4]::panicking::default_hook::{closure#0}
[INFO] [stdout]    4:     0x6302e2133c19 - std[70759c8f55707aa4]::panicking::default_hook
[INFO] [stdout]    5:     0x6302e1f11b90 - test[9d35eded1c95d3be]::test_main_inner::<test[9d35eded1c95d3be]::test_main_static::{closure#0}>::{closure#0}
[INFO] [stdout]    6:     0x6302e2133f42 - std[70759c8f55707aa4]::panicking::panic_with_hook
[INFO] [stdout]    7:     0x6302e2114d12 - std[70759c8f55707aa4]::panicking::panic_handler::{closure#0}
[INFO] [stdout]    8:     0x6302e210d0b9 - std[70759c8f55707aa4]::sys::backtrace::__rust_end_short_backtrace::<std[70759c8f55707aa4]::panicking::panic_handler::{closure#0}, !>
[INFO] [stdout]    9:     0x6302e2115ded - __rustc[8fa7c3cbc660c2b3]::rust_begin_unwind
[INFO] [stdout]   10:     0x6302e2155b9c - core[df12db4294e9bfd3]::panicking::panic_fmt
[INFO] [stdout]   11:     0x6302e2155972 - core[df12db4294e9bfd3]::result::unwrap_failed
[INFO] [stdout]   12:     0x6302e1cf1d83 - snaptokens[ff6d74ae37495140]::tests::encode_is_stable_after_decode
[INFO] [stdout]   13:     0x6302e1d122a9 - <snaptokens[ff6d74ae37495140]::tests::encode_is_stable_after_decode::{closure#0} as core[df12db4294e9bfd3]::ops::function::FnOnce<()>>::call_once
[INFO] [stdout]   14:     0x6302e1f04e7b - test[9d35eded1c95d3be]::__rust_begin_short_backtrace::<core[df12db4294e9bfd3]::result::Result<(), alloc[2182bb758b4b3781]::string::String>, fn() -> core[df12db4294e9bfd3]::result::Result<(), alloc[2182bb758b4b3781]::string::String>>
[INFO] [stdout]   15:     0x6302e1f124e5 - test[9d35eded1c95d3be]::run_test::{closure#0}
[INFO] [stdout]   16:     0x6302e1f0bda4 - std[70759c8f55707aa4]::sys::backtrace::__rust_begin_short_backtrace::<test[9d35eded1c95d3be]::run_test::{closure#1}, ()>
[INFO] [stdout]   17:     0x6302e1f15642 - <std[70759c8f55707aa4]::thread::lifecycle::spawn_unchecked<test[9d35eded1c95d3be]::run_test::{closure#1}, ()>::{closure#1} as core[df12db4294e9bfd3]::ops::function::FnOnce<()>>::call_once::{shim:vtable#0}
[INFO] [stdout]   18:     0x6302e213bc49 - <std[70759c8f55707aa4]::sys::thread::unix::Thread>::new::thread_start
[INFO] [stdout]   19:     0x7213a10dbdfa - <unknown>
[INFO] [stdout]   20:     0x7213a116f3d4 - clone
[INFO] [stdout]   21:                0x0 - <unknown>
[INFO] [stdout] 
[INFO] [stdout] ---- tests::ignore_merges_glm47 stdout ----
[INFO] [stdout] 
[INFO] [stdout] thread 'tests::ignore_merges_glm47' (3332) panicked at src/lib.rs:1588:50:
[INFO] [stdout] called `Result::unwrap()` on an `Err` value: request error: https://huggingface.co/zai-org/GLM-4.7/resolve/main/tokenizer.json: Dns Failed: resolve dns name 'huggingface.co:443': failed to lookup address information: Temporary failure in name resolution
[INFO] [stdout] 
[INFO] [stdout] Caused by:
[INFO] [stdout]     0: https://huggingface.co/zai-org/GLM-4.7/resolve/main/tokenizer.json: Dns Failed: resolve dns name 'huggingface.co:443': failed to lookup address information: Temporary failure in name resolution
[INFO] [stdout]     1: failed to lookup address information: Temporary failure in name resolution
[INFO] [stdout] 
[INFO] [stdout] Stack backtrace:
[INFO] [stdout]    0: <anyhow::Error as core::convert::From<hf_hub::api::sync::ApiError>>::from
[INFO] [stdout]    1: snaptokens::tests::tokenizer_json_path
[INFO] [stdout]    2: snaptokens::tests::ignore_merges_glm47
[INFO] [stdout]    3: <snaptokens::tests::ignore_merges_glm47::{closure#0} as core::ops::function::FnOnce<()>>::call_once
[INFO] [stdout]    4: test::__rust_begin_short_backtrace::<core::result::Result<(), alloc::string::String>, fn() -> core::result::Result<(), alloc::string::String>>
[INFO] [stdout]    5: test::run_test::{closure#0}
[INFO] [stdout]    6: std::sys::backtrace::__rust_begin_short_backtrace::<test::run_test::{closure#1}, ()>
[INFO] [stdout]    7: <std::thread::lifecycle::spawn_unchecked<test::run_test::{closure#1}, ()>::{closure#1} as core::ops::function::FnOnce<()>>::call_once::{shim:vtable#0}
[INFO] [stdout]    8: <std::sys::thread::unix::Thread>::new::thread_start
[INFO] [stdout]    9: <unknown>
[INFO] [stdout]   10: clone
[INFO] [stdout] stack backtrace:
[INFO] [stdout]    0:     0x6302e213d151 - <<std[70759c8f55707aa4]::sys::backtrace::BacktraceLock>::print::DisplayBacktrace as core[df12db4294e9bfd3]::fmt::Display>::fmt
[INFO] [stdout]    1:     0x6302e21553ba - core[df12db4294e9bfd3]::fmt::write
[INFO] [stdout]    2:     0x6302e21428dc - <alloc[2182bb758b4b3781]::vec::Vec<u8> as core[df12db4294e9bfd3]::io::write::Write>::write_fmt
[INFO] [stdout]    3:     0x6302e2114c66 - std[70759c8f55707aa4]::panicking::default_hook::{closure#0}
[INFO] [stdout]    4:     0x6302e2133c19 - std[70759c8f55707aa4]::panicking::default_hook
[INFO] [stdout]    5:     0x6302e1f11b90 - test[9d35eded1c95d3be]::test_main_inner::<test[9d35eded1c95d3be]::test_main_static::{closure#0}>::{closure#0}
[INFO] [stdout]    6:     0x6302e2133f42 - std[70759c8f55707aa4]::panicking::panic_with_hook
[INFO] [stdout]    7:     0x6302e2114d12 - std[70759c8f55707aa4]::panicking::panic_handler::{closure#0}
[INFO] [stdout]    8:     0x6302e210d0b9 - std[70759c8f55707aa4]::sys::backtrace::__rust_end_short_backtrace::<std[70759c8f55707aa4]::panicking::panic_handler::{closure#0}, !>
[INFO] [stdout]    9:     0x6302e2115ded - __rustc[8fa7c3cbc660c2b3]::rust_begin_unwind
[INFO] [stdout]   10:     0x6302e2155b9c - core[df12db4294e9bfd3]::panicking::panic_fmt
[INFO] [stdout]   11:     0x6302e2155972 - core[df12db4294e9bfd3]::result::unwrap_failed
[INFO] [stdout]   12:     0x6302e1cef36d - snaptokens[ff6d74ae37495140]::tests::ignore_merges_glm47
[INFO] [stdout]   13:     0x6302e1d11fb9 - <snaptokens[ff6d74ae37495140]::tests::ignore_merges_glm47::{closure#0} as core[df12db4294e9bfd3]::ops::function::FnOnce<()>>::call_once
[INFO] [stdout]   14:     0x6302e1f04e7b - test[9d35eded1c95d3be]::__rust_begin_short_backtrace::<core[df12db4294e9bfd3]::result::Result<(), alloc[2182bb758b4b3781]::string::String>, fn() -> core[df12db4294e9bfd3]::result::Result<(), alloc[2182bb758b4b3781]::string::String>>
[INFO] [stdout]   15:     0x6302e1f124e5 - test[9d35eded1c95d3be]::run_test::{closure#0}
[INFO] [stdout]   16:     0x6302e1f0bda4 - std[70759c8f55707aa4]::sys::backtrace::__rust_begin_short_backtrace::<test[9d35eded1c95d3be]::run_test::{closure#1}, ()>
[INFO] [stdout]   17:     0x6302e1f15642 - <std[70759c8f55707aa4]::thread::lifecycle::spawn_unchecked<test[9d35eded1c95d3be]::run_test::{closure#1}, ()>::{closure#1} as core[df12db4294e9bfd3]::ops::function::FnOnce<()>>::call_once::{shim:vtable#0}
[INFO] [stdout]   18:     0x6302e213bc49 - <std[70759c8f55707aa4]::sys::thread::unix::Thread>::new::thread_start
[INFO] [stdout]   19:     0x7213a10dbdfa - <unknown>
[INFO] [stdout]   20:     0x7213a116f3d4 - clone
[INFO] [stdout]   21:                0x0 - <unknown>
[INFO] [stdout] 
[INFO] [stdout] ---- tests::long_input_correctness stdout ----
[INFO] [stdout] 
[INFO] [stdout] thread 'tests::long_input_correctness' (3334) panicked at src/lib.rs:1846:55:
[INFO] [stdout] called `Result::unwrap()` on an `Err` value: request error: https://huggingface.co/nvidia/NVIDIA-Nemotron-3-Nano-30B-A3B-BF16/resolve/main/tokenizer.json: Dns Failed: resolve dns name 'huggingface.co:443': failed to lookup address information: Temporary failure in name resolution
[INFO] [stdout] 
[INFO] [stdout] Caused by:
[INFO] [stdout]     0: https://huggingface.co/nvidia/NVIDIA-Nemotron-3-Nano-30B-A3B-BF16/resolve/main/tokenizer.json: Dns Failed: resolve dns name 'huggingface.co:443': failed to lookup address information: Temporary failure in name resolution
[INFO] [stdout]     1: failed to lookup address information: Temporary failure in name resolution
[INFO] [stdout] 
[INFO] [stdout] Stack backtrace:
[INFO] [stdout]    0: <anyhow::Error as core::convert::From<hf_hub::api::sync::ApiError>>::from
[INFO] [stdout]    1: snaptokens::tests::tokenizer_json_path
[INFO] [stdout]    2: snaptokens::tests::long_input_correctness
[INFO] [stdout]    3: <snaptokens::tests::long_input_correctness::{closure#0} as core::ops::function::FnOnce<()>>::call_once
[INFO] [stdout]    4: test::__rust_begin_short_backtrace::<core::result::Result<(), alloc::string::String>, fn() -> core::result::Result<(), alloc::string::String>>
[INFO] [stdout]    5: test::run_test::{closure#0}
[INFO] [stdout]    6: std::sys::backtrace::__rust_begin_short_backtrace::<test::run_test::{closure#1}, ()>
[INFO] [stdout]    7: <std::thread::lifecycle::spawn_unchecked<test::run_test::{closure#1}, ()>::{closure#1} as core::ops::function::FnOnce<()>>::call_once::{shim:vtable#0}
[INFO] [stdout]    8: <std::sys::thread::unix::Thread>::new::thread_start
[INFO] [stdout]    9: <unknown>
[INFO] [stdout]   10: clone
[INFO] [stdout] stack backtrace:
[INFO] [stdout]    0:     0x6302e213d151 - <<std[70759c8f55707aa4]::sys::backtrace::BacktraceLock>::print::DisplayBacktrace as core[df12db4294e9bfd3]::fmt::Display>::fmt
[INFO] [stdout]    1:     0x6302e21553ba - core[df12db4294e9bfd3]::fmt::write
[INFO] [stdout]    2:     0x6302e21428dc - <alloc[2182bb758b4b3781]::vec::Vec<u8> as core[df12db4294e9bfd3]::io::write::Write>::write_fmt
[INFO] [stdout]    3:     0x6302e2114c66 - std[70759c8f55707aa4]::panicking::default_hook::{closure#0}
[INFO] [stdout]    4:     0x6302e2133c19 - std[70759c8f55707aa4]::panicking::default_hook
[INFO] [stdout]    5:     0x6302e1f11b90 - test[9d35eded1c95d3be]::test_main_inner::<test[9d35eded1c95d3be]::test_main_static::{closure#0}>::{closure#0}
[INFO] [stdout]    6:     0x6302e2133f42 - std[70759c8f55707aa4]::panicking::panic_with_hook
[INFO] [stdout]    7:     0x6302e2114d12 - std[70759c8f55707aa4]::panicking::panic_handler::{closure#0}
[INFO] [stdout]    8:     0x6302e210d0b9 - std[70759c8f55707aa4]::sys::backtrace::__rust_end_short_backtrace::<std[70759c8f55707aa4]::panicking::panic_handler::{closure#0}, !>
[INFO] [stdout]    9:     0x6302e2115ded - __rustc[8fa7c3cbc660c2b3]::rust_begin_unwind
[INFO] [stdout]   10:     0x6302e2155b9c - core[df12db4294e9bfd3]::panicking::panic_fmt
[INFO] [stdout]   11:     0x6302e2155972 - core[df12db4294e9bfd3]::result::unwrap_failed
[INFO] [stdout]   12:     0x6302e1cf0115 - snaptokens[ff6d74ae37495140]::tests::long_input_correctness
[INFO] [stdout]   13:     0x6302e1d12139 - <snaptokens[ff6d74ae37495140]::tests::long_input_correctness::{closure#0} as core[df12db4294e9bfd3]::ops::function::FnOnce<()>>::call_once
[INFO] [stdout]   14:     0x6302e1f04e7b - test[9d35eded1c95d3be]::__rust_begin_short_backtrace::<core[df12db4294e9bfd3]::result::Result<(), alloc[2182bb758b4b3781]::string::String>, fn() -> core[df12db4294e9bfd3]::result::Result<(), alloc[2182bb758b4b3781]::string::String>>
[INFO] [stdout]   15:     0x6302e1f124e5 - test[9d35eded1c95d3be]::run_test::{closure#0}
[INFO] [stdout]   16:     0x6302e1f0bda4 - std[70759c8f55707aa4]::sys::backtrace::__rust_begin_short_backtrace::<test[9d35eded1c95d3be]::run_test::{closure#1}, ()>
[INFO] [stdout]   17:     0x6302e1f15642 - <std[70759c8f55707aa4]::thread::lifecycle::spawn_unchecked<test[9d35eded1c95d3be]::run_test::{closure#1}, ()>::{closure#1} as core[df12db4294e9bfd3]::ops::function::FnOnce<()>>::call_once::{shim:vtable#0}
[INFO] [stdout]   18:     0x6302e213bc49 - <std[70759c8f55707aa4]::sys::thread::unix::Thread>::new::thread_start
[INFO] [stdout]   19:     0x7213a10dbdfa - <unknown>
[INFO] [stdout]   20:     0x7213a116f3d4 - clone
[INFO] [stdout]   21:                0x0 - <unknown>
[INFO] [stdout] 
[INFO] [stdout] ---- tests::decode_unknown_id_is_skipped stdout ----
[INFO] [stdout] 
[INFO] [stdout] thread 'tests::decode_unknown_id_is_skipped' (3326) panicked at src/lib.rs:2366:53:
[INFO] [stdout] called `Result::unwrap()` on an `Err` value: request error: https://huggingface.co/Qwen/Qwen3-0.6B/resolve/main/tokenizer.json: Dns Failed: resolve dns name 'huggingface.co:443': failed to lookup address information: Temporary failure in name resolution
[INFO] [stdout] 
[INFO] [stdout] Caused by:
[INFO] [stdout]     0: https://huggingface.co/Qwen/Qwen3-0.6B/resolve/main/tokenizer.json: Dns Failed: resolve dns name 'huggingface.co:443': failed to lookup address information: Temporary failure in name resolution
[INFO] [stdout]     1: failed to lookup address information: Temporary failure in name resolution
[INFO] [stdout] 
[INFO] [stdout] Stack backtrace:
[INFO] [stdout]    0: <anyhow::Error as core::convert::From<hf_hub::api::sync::ApiError>>::from
[INFO] [stdout]    1: snaptokens::tests::tokenizer_json_path
[INFO] [stdout]    2: snaptokens::tests::load_tokenizer
[INFO] [stdout]    3: snaptokens::tests::decode_unknown_id_is_skipped
[INFO] [stdout]    4: <snaptokens::tests::decode_unknown_id_is_skipped::{closure#0} as core::ops::function::FnOnce<()>>::call_once
[INFO] [stdout]    5: test::__rust_begin_short_backtrace::<core::result::Result<(), alloc::string::String>, fn() -> core::result::Result<(), alloc::string::String>>
[INFO] [stdout]    6: test::run_test::{closure#0}
[INFO] [stdout]    7: std::sys::backtrace::__rust_begin_short_backtrace::<test::run_test::{closure#1}, ()>
[INFO] [stdout]    8: <std::thread::lifecycle::spawn_unchecked<test::run_test::{closure#1}, ()>::{closure#1} as core::ops::function::FnOnce<()>>::call_once::{shim:vtable#0}
[INFO] [stdout]    9: <std::sys::thread::unix::Thread>::new::thread_start
[INFO] [stdout]   10: <unknown>
[INFO] [stdout]   11: clone
[INFO] [stdout] stack backtrace:
[INFO] [stdout]    0:     0x6302e213d151 - <<std[70759c8f55707aa4]::sys::backtrace::BacktraceLock>::print::DisplayBacktrace as core[df12db4294e9bfd3]::fmt::Display>::fmt
[INFO] [stdout]    1:     0x6302e21553ba - core[df12db4294e9bfd3]::fmt::write
[INFO] [stdout]    2:     0x6302e21428dc - <alloc[2182bb758b4b3781]::vec::Vec<u8> as core[df12db4294e9bfd3]::io::write::Write>::write_fmt
[INFO] [stdout]    3:     0x6302e2114c66 - std[70759c8f55707aa4]::panicking::default_hook::{closure#0}
[INFO] [stdout]    4:     0x6302e2133c19 - std[70759c8f55707aa4]::panicking::default_hook
[INFO] [stdout]    5:     0x6302e1f11b90 - test[9d35eded1c95d3be]::test_main_inner::<test[9d35eded1c95d3be]::test_main_static::{closure#0}>::{closure#0}
[INFO] [stdout]    6:     0x6302e2133f42 - std[70759c8f55707aa4]::panicking::panic_with_hook
[INFO] [stdout]    7:     0x6302e2114d12 - std[70759c8f55707aa4]::panicking::panic_handler::{closure#0}
[INFO] [stdout]    8:     0x6302e210d0b9 - std[70759c8f55707aa4]::sys::backtrace::__rust_end_short_backtrace::<std[70759c8f55707aa4]::panicking::panic_handler::{closure#0}, !>
[INFO] [stdout]    9:     0x6302e2115ded - __rustc[8fa7c3cbc660c2b3]::rust_begin_unwind
[INFO] [stdout]   10:     0x6302e2155b9c - core[df12db4294e9bfd3]::panicking::panic_fmt
[INFO] [stdout]   11:     0x6302e2155972 - core[df12db4294e9bfd3]::result::unwrap_failed
[INFO] [stdout]   12:     0x6302e1cf1759 - snaptokens[ff6d74ae37495140]::tests::decode_unknown_id_is_skipped
[INFO] [stdout]   13:     0x6302e1d12289 - <snaptokens[ff6d74ae37495140]::tests::decode_unknown_id_is_skipped::{closure#0} as core[df12db4294e9bfd3]::ops::function::FnOnce<()>>::call_once
[INFO] [stdout]   14:     0x6302e1f04e7b - test[9d35eded1c95d3be]::__rust_begin_short_backtrace::<core[df12db4294e9bfd3]::result::Result<(), alloc[2182bb758b4b3781]::string::String>, fn() -> core[df12db4294e9bfd3]::result::Result<(), alloc[2182bb758b4b3781]::string::String>>
[INFO] [stdout]   15:     0x6302e1f124e5 - test[9d35eded1c95d3be]::run_test::{closure#0}
[INFO] [stdout]   16:     0x6302e1f0bda4 - std[70759c8f55707aa4]::sys::backtrace::__rust_begin_short_backtrace::<test[9d35eded1c95d3be]::run_test::{closure#1}, ()>
[INFO] [stdout]   17:     0x6302e1f15642 - <std[70759c8f55707aa4]::thread::lifecycle::spawn_unchecked<test[9d35eded1c95d3be]::run_test::{closure#1}, ()>::{closure#1} as core[df12db4294e9bfd3]::ops::function::FnOnce<()>>::call_once::{shim:vtable#0}
[INFO] [stdout]   18:     0x6302e213bc49 - <std[70759c8f55707aa4]::sys::thread::unix::Thread>::new::thread_start
[INFO] [stdout]   19:     0x7213a10dbdfa - <unknown>
[INFO] [stdout]   20:     0x7213a116f3d4 - clone
[INFO] [stdout]   21:                0x0 - <unknown>
[INFO] [stdout] 
[INFO] [stdout] ---- tests::encode_batch_matches_sequential stdout ----
[INFO] [stdout] 
[INFO] [stdout] thread 'tests::encode_batch_matches_sequential' (3328) panicked at src/lib.rs:1180:42:
[INFO] [stdout] called `Result::unwrap()` on an `Err` value: request error: https://huggingface.co/MiniMaxAI/MiniMax-M2.1/resolve/main/tokenizer.json: Dns Failed: resolve dns name 'huggingface.co:443': failed to lookup address information: Temporary failure in name resolution
[INFO] [stdout] 
[INFO] [stdout] Caused by:
[INFO] [stdout]     0: https://huggingface.co/MiniMaxAI/MiniMax-M2.1/resolve/main/tokenizer.json: Dns Failed: resolve dns name 'huggingface.co:443': failed to lookup address information: Temporary failure in name resolution
[INFO] [stdout]     1: failed to lookup address information: Temporary failure in name resolution
[INFO] [stdout] 
[INFO] [stdout] Stack backtrace:
[INFO] [stdout]    0: <anyhow::Error as core::convert::From<hf_hub::api::sync::ApiError>>::from
[INFO] [stdout]    1: snaptokens::tests::tokenizer_json_path
[INFO] [stdout]    2: snaptokens::tests::load_tokenizer
[INFO] [stdout]    3: snaptokens::tests::encode_batch_matches_sequential
[INFO] [stdout]    4: <snaptokens::tests::encode_batch_matches_sequential::{closure#0} as core::ops::function::FnOnce<()>>::call_once
[INFO] [stdout]    5: test::__rust_begin_short_backtrace::<core::result::Result<(), alloc::string::String>, fn() -> core::result::Result<(), alloc::string::String>>
[INFO] [stdout]    6: test::run_test::{closure#0}
[INFO] [stdout]    7: std::sys::backtrace::__rust_begin_short_backtrace::<test::run_test::{closure#1}, ()>
[INFO] [stdout]    8: <std::thread::lifecycle::spawn_unchecked<test::run_test::{closure#1}, ()>::{closure#1} as core::ops::function::FnOnce<()>>::call_once::{shim:vtable#0}
[INFO] [stdout]    9: <std::sys::thread::unix::Thread>::new::thread_start
[INFO] [stdout]   10: <unknown>
[INFO] [stdout]   11: clone
[INFO] [stdout] stack backtrace:
[INFO] [stdout]    0:     0x6302e213d151 - <<std[70759c8f55707aa4]::sys::backtrace::BacktraceLock>::print::DisplayBacktrace as core[df12db4294e9bfd3]::fmt::Display>::fmt
[INFO] [stdout]    1:     0x6302e21553ba - core[df12db4294e9bfd3]::fmt::write
[INFO] [stdout]    2:     0x6302e21428dc - <alloc[2182bb758b4b3781]::vec::Vec<u8> as core[df12db4294e9bfd3]::io::write::Write>::write_fmt
[INFO] [stdout]    3:     0x6302e2114c66 - std[70759c8f55707aa4]::panicking::default_hook::{closure#0}
[INFO] [stdout]    4:     0x6302e2133c19 - std[70759c8f55707aa4]::panicking::default_hook
[INFO] [stdout]    5:     0x6302e1f11b90 - test[9d35eded1c95d3be]::test_main_inner::<test[9d35eded1c95d3be]::test_main_static::{closure#0}>::{closure#0}
[INFO] [stdout]    6:     0x6302e2133f42 - std[70759c8f55707aa4]::panicking::panic_with_hook
[INFO] [stdout]    7:     0x6302e2114d12 - std[70759c8f55707aa4]::panicking::panic_handler::{closure#0}
[INFO] [stdout]    8:     0x6302e210d0b9 - std[70759c8f55707aa4]::sys::backtrace::__rust_end_short_backtrace::<std[70759c8f55707aa4]::panicking::panic_handler::{closure#0}, !>
[INFO] [stdout]    9:     0x6302e2115ded - __rustc[8fa7c3cbc660c2b3]::rust_begin_unwind
[INFO] [stdout]   10:     0x6302e2155b9c - core[df12db4294e9bfd3]::panicking::panic_fmt
[INFO] [stdout]   11:     0x6302e2155972 - core[df12db4294e9bfd3]::result::unwrap_failed
[INFO] [stdout]   12:     0x6302e1cf3010 - snaptokens[ff6d74ae37495140]::tests::encode_batch_matches_sequential
[INFO] [stdout]   13:     0x6302e1d12349 - <snaptokens[ff6d74ae37495140]::tests::encode_batch_matches_sequential::{closure#0} as core[df12db4294e9bfd3]::ops::function::FnOnce<()>>::call_once
[INFO] [stdout]   14:     0x6302e1f04e7b - test[9d35eded1c95d3be]::__rust_begin_short_backtrace::<core[df12db4294e9bfd3]::result::Result<(), alloc[2182bb758b4b3781]::string::String>, fn() -> core[df12db4294e9bfd3]::result::Result<(), alloc[2182bb758b4b3781]::string::String>>
[INFO] [stdout]   15:     0x6302e1f124e5 - test[9d35eded1c95d3be]::run_test::{closure#0}
[INFO] [stdout]   16:     0x6302e1f0bda4 - std[70759c8f55707aa4]::sys::backtrace::__rust_begin_short_backtrace::<test[9d35eded1c95d3be]::run_test::{closure#1}, ()>
[INFO] [stdout]   17:     0x6302e1f15642 - <std[70759c8f55707aa4]::thread::lifecycle::spawn_unchecked<test[9d35eded1c95d3be]::run_test::{closure#1}, ()>::{closure#1} as core[df12db4294e9bfd3]::ops::function::FnOnce<()>>::call_once::{shim:vtable#0}
[INFO] [stdout]   18:     0x6302e213bc49 - <std[70759c8f55707aa4]::sys::thread::unix::Thread>::new::thread_start
[INFO] [stdout]   19:     0x7213a10dbdfa - <unknown>
[INFO] [stdout]   20:     0x7213a116f3d4 - clone
[INFO] [stdout]   21:                0x0 - <unknown>
[INFO] [stdout] 
[INFO] [stdout] ---- tests::encode_decode_roundtrip_all_models stdout ----
[INFO] [stdout] 
[INFO] [stdout] thread 'tests::encode_decode_roundtrip_all_models' (3330) panicked at src/lib.rs:2197:9:
[INFO] [stdout] encode→decode roundtrip failures:
[INFO] [stdout] Qwen/Qwen3-0.6B: load error: request error: https://huggingface.co/Qwen/Qwen3-0.6B/resolve/main/tokenizer.json: Dns Failed: resolve dns name 'huggingface.co:443': failed to lookup address information: Temporary failure in name resolution
[INFO] [stdout] zai-org/GLM-4.7: load error: request error: https://huggingface.co/zai-org/GLM-4.7/resolve/main/tokenizer.json: Dns Failed: resolve dns name 'huggingface.co:443': failed to lookup address information: Temporary failure in name resolution
[INFO] [stdout] deepseek-ai/DeepSeek-V3.2: load error: request error: https://huggingface.co/deepseek-ai/DeepSeek-V3.2/resolve/main/tokenizer.json: Dns Failed: resolve dns name 'huggingface.co:443': failed to lookup address information: Temporary failure in name resolution
[INFO] [stdout] MiniMaxAI/MiniMax-M2.1: load error: request error: https://huggingface.co/MiniMaxAI/MiniMax-M2.1/resolve/main/tokenizer.json: Dns Failed: resolve dns name 'huggingface.co:443': failed to lookup address information: Temporary failure in name resolution
[INFO] [stdout] openai/gpt-oss-120b: load error: request error: https://huggingface.co/openai/gpt-oss-120b/resolve/main/tokenizer.json: Dns Failed: resolve dns name 'huggingface.co:443': failed to lookup address information: Temporary failure in name resolution
[INFO] [stdout] mistralai/Mistral-Nemo-Instruct-2407: load error: request error: https://huggingface.co/mistralai/Mistral-Nemo-Instruct-2407/resolve/main/tokenizer.json: Dns Failed: resolve dns name 'huggingface.co:443': failed to lookup address information: Temporary failure in name resolution
[INFO] [stdout] Qwen/Qwen3-235B-A22B-Instruct-2507: load error: request error: https://huggingface.co/Qwen/Qwen3-235B-A22B-Instruct-2507/resolve/main/tokenizer.json: Dns Failed: resolve dns name 'huggingface.co:443': failed to lookup address information: Temporary failure in name resolution
[INFO] [stdout] Qwen/Qwen3-Coder-480B-A35B-Instruct: load error: request error: https://huggingface.co/Qwen/Qwen3-Coder-480B-A35B-Instruct/resolve/main/tokenizer.json: Dns Failed: resolve dns name 'huggingface.co:443': failed to lookup address information: Temporary failure in name resolution
[INFO] [stdout] nvidia/NVIDIA-Nemotron-3-Nano-30B-A3B-BF16: load error: request error: https://huggingface.co/nvidia/NVIDIA-Nemotron-3-Nano-30B-A3B-BF16/resolve/main/tokenizer.json: Dns Failed: resolve dns name 'huggingface.co:443': failed to lookup address information: Temporary failure in name resolution
[INFO] [stdout] nvidia/Qwen3-Nemotron-235B-A22B-GenRM: load error: request error: https://huggingface.co/nvidia/Qwen3-Nemotron-235B-A22B-GenRM/resolve/main/tokenizer.json: Dns Failed: resolve dns name 'huggingface.co:443': failed to lookup address information: Temporary failure in name resolution
[INFO] [stdout] hoangquan456/Kimi-K2.5: load error: request error: https://huggingface.co/hoangquan456/Kimi-K2.5/resolve/main/tokenizer.json: Dns Failed: resolve dns name 'huggingface.co:443': failed to lookup address information: Temporary failure in name resolution
[INFO] [stdout] stack backtrace:
[INFO] [stdout]    0:     0x6302e213d151 - <<std[70759c8f55707aa4]::sys::backtrace::BacktraceLock>::print::DisplayBacktrace as core[df12db4294e9bfd3]::fmt::Display>::fmt
[INFO] [stdout]    1:     0x6302e21553ba - core[df12db4294e9bfd3]::fmt::write
[INFO] [stdout]    2:     0x6302e21428dc - <alloc[2182bb758b4b3781]::vec::Vec<u8> as core[df12db4294e9bfd3]::io::write::Write>::write_fmt
[INFO] [stdout]    3:     0x6302e2114c66 - std[70759c8f55707aa4]::panicking::default_hook::{closure#0}
[INFO] [stdout]    4:     0x6302e2133c19 - std[70759c8f55707aa4]::panicking::default_hook
[INFO] [stdout]    5:     0x6302e1f11b90 - test[9d35eded1c95d3be]::test_main_inner::<test[9d35eded1c95d3be]::test_main_static::{closure#0}>::{closure#0}
[INFO] [stdout]    6:     0x6302e2133f42 - std[70759c8f55707aa4]::panicking::panic_with_hook
[INFO] [stdout]    7:     0x6302e2114d12 - std[70759c8f55707aa4]::panicking::panic_handler::{closure#0}
[INFO] [stdout]    8:     0x6302e210d0b9 - std[70759c8f55707aa4]::sys::backtrace::__rust_end_short_backtrace::<std[70759c8f55707aa4]::panicking::panic_handler::{closure#0}, !>
[INFO] [stdout]    9:     0x6302e2115ded - __rustc[8fa7c3cbc660c2b3]::rust_begin_unwind
[INFO] [stdout]   10:     0x6302e2155b9c - core[df12db4294e9bfd3]::panicking::panic_fmt
[INFO] [stdout]   11:     0x6302e1cf5cc7 - snaptokens[ff6d74ae37495140]::tests::encode_decode_roundtrip_all_models
[INFO] [stdout]   12:     0x6302e1d12469 - <snaptokens[ff6d74ae37495140]::tests::encode_decode_roundtrip_all_models::{closure#0} as core[df12db4294e9bfd3]::ops::function::FnOnce<()>>::call_once
[INFO] [stdout]   13:     0x6302e1f04e7b - test[9d35eded1c95d3be]::__rust_begin_short_backtrace::<core[df12db4294e9bfd3]::result::Result<(), alloc[2182bb758b4b3781]::string::String>, fn() -> core[df12db4294e9bfd3]::result::Result<(), alloc[2182bb758b4b3781]::string::String>>
[INFO] [stdout]   14:     0x6302e1f124e5 - test[9d35eded1c95d3be]::run_test::{closure#0}
[INFO] [stdout]   15:     0x6302e1f0bda4 - std[70759c8f55707aa4]::sys::backtrace::__rust_begin_short_backtrace::<test[9d35eded1c95d3be]::run_test::{closure#1}, ()>
[INFO] [stdout]   16:     0x6302e1f15642 - <std[70759c8f55707aa4]::thread::lifecycle::spawn_unchecked<test[9d35eded1c95d3be]::run_test::{closure#1}, ()>::{closure#1} as core[df12db4294e9bfd3]::ops::function::FnOnce<()>>::call_once::{shim:vtable#0}
[INFO] [stdout]   17:     0x6302e213bc49 - <std[70759c8f55707aa4]::sys::thread::unix::Thread>::new::thread_start
[INFO] [stdout]   18:     0x7213a10dbdfa - <unknown>
[INFO] [stdout]   19:     0x7213a116f3d4 - clone
[INFO] [stdout]   20:                0x0 - <unknown>
[INFO] [stdout] 
[INFO] [stdout] ---- tests::newline_partitioned_ragged_matches_sequential stdout ----
[INFO] [stdout] 
[INFO] [stdout] thread 'tests::newline_partitioned_ragged_matches_sequential' (3336) panicked at src/lib.rs:1871:81:
[INFO] [stdout] called `Result::unwrap()` on an `Err` value: request error: https://huggingface.co/nvidia/NVIDIA-Nemotron-3-Nano-30B-A3B-BF16/resolve/main/tokenizer.json: Dns Failed: resolve dns name 'huggingface.co:443': failed to lookup address information: Temporary failure in name resolution
[INFO] [stdout] 
[INFO] [stdout] Caused by:
[INFO] [stdout]     0: https://huggingface.co/nvidia/NVIDIA-Nemotron-3-Nano-30B-A3B-BF16/resolve/main/tokenizer.json: Dns Failed: resolve dns name 'huggingface.co:443': failed to lookup address information: Temporary failure in name resolution
[INFO] [stdout]     1: failed to lookup address information: Temporary failure in name resolution
[INFO] [stdout] 
[INFO] [stdout] Stack backtrace:
[INFO] [stdout]    0: <anyhow::Error as core::convert::From<hf_hub::api::sync::ApiError>>::from
[INFO] [stdout]    1: snaptokens::tests::tokenizer_json_path
[INFO] [stdout]    2: snaptokens::tests::load_tokenizer
[INFO] [stdout]    3: snaptokens::tests::newline_partitioned_ragged_matches_sequential
[INFO] [stdout]    4: <snaptokens::tests::newline_partitioned_ragged_matches_sequential::{closure#0} as core::ops::function::FnOnce<()>>::call_once
[INFO] [stdout]    5: test::__rust_begin_short_backtrace::<core::result::Result<(), alloc::string::String>, fn() -> core::result::Result<(), alloc::string::String>>
[INFO] [stdout]    6: test::run_test::{closure#0}
[INFO] [stdout]    7: std::sys::backtrace::__rust_begin_short_backtrace::<test::run_test::{closure#1}, ()>
[INFO] [stdout]    8: <std::thread::lifecycle::spawn_unchecked<test::run_test::{closure#1}, ()>::{closure#1} as core::ops::function::FnOnce<()>>::call_once::{shim:vtable#0}
[INFO] [stdout]    9: <std::sys::thread::unix::Thread>::new::thread_start
[INFO] [stdout]   10: <unknown>
[INFO] [stdout]   11: clone
[INFO] [stdout] stack backtrace:
[INFO] [stdout]    0:     0x6302e213d151 - <<std[70759c8f55707aa4]::sys::backtrace::BacktraceLock>::print::DisplayBacktrace as core[df12db4294e9bfd3]::fmt::Display>::fmt
[INFO] [stdout]    1:     0x6302e21553ba - core[df12db4294e9bfd3]::fmt::write
[INFO] [stdout]    2:     0x6302e21428dc - <alloc[2182bb758b4b3781]::vec::Vec<u8> as core[df12db4294e9bfd3]::io::write::Write>::write_fmt
[INFO] [stdout]    3:     0x6302e2114c66 - std[70759c8f55707aa4]::panicking::default_hook::{closure#0}
[INFO] [stdout]    4:     0x6302e2133c19 - std[70759c8f55707aa4]::panicking::default_hook
[INFO] [stdout]    5:     0x6302e1f11b90 - test[9d35eded1c95d3be]::test_main_inner::<test[9d35eded1c95d3be]::test_main_static::{closure#0}>::{closure#0}
[INFO] [stdout]    6:     0x6302e2133f42 - std[70759c8f55707aa4]::panicking::panic_with_hook
[INFO] [stdout]    7:     0x6302e2114d12 - std[70759c8f55707aa4]::panicking::panic_handler::{closure#0}
[INFO] [stdout]    8:     0x6302e210d0b9 - std[70759c8f55707aa4]::sys::backtrace::__rust_end_short_backtrace::<std[70759c8f55707aa4]::panicking::panic_handler::{closure#0}, !>
[INFO] [stdout]    9:     0x6302e2115ded - __rustc[8fa7c3cbc660c2b3]::rust_begin_unwind
[INFO] [stdout]   10:     0x6302e2155b9c - core[df12db4294e9bfd3]::panicking::panic_fmt
[INFO] [stdout]   11:     0x6302e2155972 - core[df12db4294e9bfd3]::result::unwrap_failed
[INFO] [stdout]   12:     0x6302e1cf8daf - snaptokens[ff6d74ae37495140]::tests::newline_partitioned_ragged_matches_sequential
[INFO] [stdout]   13:     0x6302e1d12589 - <snaptokens[ff6d74ae37495140]::tests::newline_partitioned_ragged_matches_sequential::{closure#0} as core[df12db4294e9bfd3]::ops::function::FnOnce<()>>::call_once
[INFO] [stdout]   14:     0x6302e1f04e7b - test[9d35eded1c95d3be]::__rust_begin_short_backtrace::<core[df12db4294e9bfd3]::result::Result<(), alloc[2182bb758b4b3781]::string::String>, fn() -> core[df12db4294e9bfd3]::result::Result<(), alloc[2182bb758b4b3781]::string::String>>
[INFO] [stdout]   15:     0x6302e1f124e5 - test[9d35eded1c95d3be]::run_test::{closure#0}
[INFO] [stdout]   16:     0x6302e1f0bda4 - std[70759c8f55707aa4]::sys::backtrace::__rust_begin_short_backtrace::<test[9d35eded1c95d3be]::run_test::{closure#1}, ()>
[INFO] [stdout]   17:     0x6302e1f15642 - <std[70759c8f55707aa4]::thread::lifecycle::spawn_unchecked<test[9d35eded1c95d3be]::run_test::{closure#1}, ()>::{closure#1} as core[df12db4294e9bfd3]::ops::function::FnOnce<()>>::call_once::{shim:vtable#0}
[INFO] [stdout]   18:     0x6302e213bc49 - <std[70759c8f55707aa4]::sys::thread::unix::Thread>::new::thread_start
[INFO] [stdout]   19:     0x7213a10dbdfa - <unknown>
[INFO] [stdout]   20:     0x7213a116f3d4 - clone
[INFO] [stdout]   21:                0x0 - <unknown>
[INFO] [stdout] 
[INFO] [stdout] ---- tests::decode_stream_chunks_are_non_empty_and_concatenate stdout ----
[INFO] [stdout] 
[INFO] [stdout] thread 'tests::decode_stream_chunks_are_non_empty_and_concatenate' (3315) panicked at src/lib.rs:2425:38:
[INFO] [stdout] failed to load tokenizer: request error: https://huggingface.co/Qwen/Qwen3-0.6B/resolve/main/tokenizer.json: Dns Failed: resolve dns name 'huggingface.co:443': failed to lookup address information: Temporary failure in name resolution
[INFO] [stdout] 
[INFO] [stdout] Caused by:
[INFO] [stdout]     0: https://huggingface.co/Qwen/Qwen3-0.6B/resolve/main/tokenizer.json: Dns Failed: resolve dns name 'huggingface.co:443': failed to lookup address information: Temporary failure in name resolution
[INFO] [stdout]     1: failed to lookup address information: Temporary failure in name resolution
[INFO] [stdout] 
[INFO] [stdout] Stack backtrace:
[INFO] [stdout]    0: <anyhow::Error as core::convert::From<hf_hub::api::sync::ApiError>>::from
[INFO] [stdout]    1: snaptokens::tests::tokenizer_json_path
[INFO] [stdout]    2: snaptokens::tests::load_tokenizer
[INFO] [stdout]    3: snaptokens::tests::decode_stream_chunks_are_non_empty_and_concatenate
[INFO] [stdout]    4: <snaptokens::tests::decode_stream_chunks_are_non_empty_and_concatenate::{closure#0} as core::ops::function::FnOnce<()>>::call_once
[INFO] [stdout]    5: test::__rust_begin_short_backtrace::<core::result::Result<(), alloc::string::String>, fn() -> core::result::Result<(), alloc::string::String>>
[INFO] [stdout]    6: test::run_test::{closure#0}
[INFO] [stdout]    7: std::sys::backtrace::__rust_begin_short_backtrace::<test::run_test::{closure#1}, ()>
[INFO] [stdout]    8: <std::thread::lifecycle::spawn_unchecked<test::run_test::{closure#1}, ()>::{closure#1} as core::ops::function::FnOnce<()>>::call_once::{shim:vtable#0}
[INFO] [stdout]    9: <std::sys::thread::unix::Thread>::new::thread_start
[INFO] [stdout]   10: <unknown>
[INFO] [stdout]   11: clone
[INFO] [stdout] stack backtrace:
[INFO] [stdout]    0:     0x6302e213d151 - <<std[70759c8f55707aa4]::sys::backtrace::BacktraceLock>::print::DisplayBacktrace as core[df12db4294e9bfd3]::fmt::Display>::fmt
[INFO] [stdout]    1:     0x6302e21553ba - core[df12db4294e9bfd3]::fmt::write
[INFO] [stdout]    2:     0x6302e21428dc - <alloc[2182bb758b4b3781]::vec::Vec<u8> as core[df12db4294e9bfd3]::io::write::Write>::write_fmt
[INFO] [stdout]    3:     0x6302e2114c66 - std[70759c8f55707aa4]::panicking::default_hook::{closure#0}
[INFO] [stdout]    4:     0x6302e2133c19 - std[70759c8f55707aa4]::panicking::default_hook
[INFO] [stdout]    5:     0x6302e1f11b90 - test[9d35eded1c95d3be]::test_main_inner::<test[9d35eded1c95d3be]::test_main_static::{closure#0}>::{closure#0}
[INFO] [stdout]    6:     0x6302e2133f42 - std[70759c8f55707aa4]::panicking::panic_with_hook
[INFO] [stdout]    7:     0x6302e2114d12 - std[70759c8f55707aa4]::panicking::panic_handler::{closure#0}
[INFO] [stdout]    8:     0x6302e210d0b9 - std[70759c8f55707aa4]::sys::backtrace::__rust_end_short_backtrace::<std[70759c8f55707aa4]::panicking::panic_handler::{closure#0}, !>
[INFO] [stdout]    9:     0x6302e2115ded - __rustc[8fa7c3cbc660c2b3]::rust_begin_unwind
[INFO] [stdout]   10:     0x6302e2155b9c - core[df12db4294e9bfd3]::panicking::panic_fmt
[INFO] [stdout]   11:     0x6302e2155972 - core[df12db4294e9bfd3]::result::unwrap_failed
[INFO] [stdout]   12:     0x6302e1cfa5d4 - snaptokens[ff6d74ae37495140]::tests::decode_stream_chunks_are_non_empty_and_concatenate
[INFO] [stdout]   13:     0x6302e1d12609 - <snaptokens[ff6d74ae37495140]::tests::decode_stream_chunks_are_non_empty_and_concatenate::{closure#0} as core[df12db4294e9bfd3]::ops::function::FnOnce<()>>::call_once
[INFO] [stdout]   14:     0x6302e1f04e7b - test[9d35eded1c95d3be]::__rust_begin_short_backtrace::<core[df12db4294e9bfd3]::result::Result<(), alloc[2182bb758b4b3781]::string::String>, fn() -> core[df12db4294e9bfd3]::result::Result<(), alloc[2182bb758b4b3781]::string::String>>
[INFO] [stdout]   15:     0x6302e1f124e5 - test[9d35eded1c95d3be]::run_test::{closure#0}
[INFO] [stdout]   16:     0x6302e1f0bda4 - std[70759c8f55707aa4]::sys::backtrace::__rust_begin_short_backtrace::<test[9d35eded1c95d3be]::run_test::{closure#1}, ()>
[INFO] [stdout]   17:     0x6302e1f15642 - <std[70759c8f55707aa4]::thread::lifecycle::spawn_unchecked<test[9d35eded1c95d3be]::run_test::{closure#1}, ()>::{closure#1} as core[df12db4294e9bfd3]::ops::function::FnOnce<()>>::call_once::{shim:vtable#0}
[INFO] [stdout]   18:     0x6302e213bc49 - <std[70759c8f55707aa4]::sys::thread::unix::Thread>::new::thread_start
[INFO] [stdout]   19:     0x7213a10dbdfa - <unknown>
[INFO] [stdout]   20:     0x7213a116f3d4 - clone
[INFO] [stdout]   21:                0x0 - <unknown>
[INFO] [stdout] 
[INFO] [stdout] ---- tests::parse_hf_json stdout ----
[INFO] [stdout] 
[INFO] [stdout] thread 'tests::parse_hf_json' (3338) panicked at src/lib.rs:1170:75:
[INFO] [stdout] Qwen/Qwen3-0.6B: request error: https://huggingface.co/Qwen/Qwen3-0.6B/resolve/main/tokenizer.json: Dns Failed: resolve dns name 'huggingface.co:443': failed to lookup address information: Temporary failure in name resolution
[INFO] [stdout] stack backtrace:
[INFO] [stdout]    0:     0x6302e213d151 - <<std[70759c8f55707aa4]::sys::backtrace::BacktraceLock>::print::DisplayBacktrace as core[df12db4294e9bfd3]::fmt::Display>::fmt
[INFO] [stdout]    1:     0x6302e21553ba - core[df12db4294e9bfd3]::fmt::write
[INFO] [stdout]    2:     0x6302e21428dc - <alloc[2182bb758b4b3781]::vec::Vec<u8> as core[df12db4294e9bfd3]::io::write::Write>::write_fmt
[INFO] [stdout]    3:     0x6302e2114c66 - std[70759c8f55707aa4]::panicking::default_hook::{closure#0}
[INFO] [stdout]    4:     0x6302e2133c19 - std[70759c8f55707aa4]::panicking::default_hook
[INFO] [stdout]    5:     0x6302e1f11b90 - test[9d35eded1c95d3be]::test_main_inner::<test[9d35eded1c95d3be]::test_main_static::{closure#0}>::{closure#0}
[INFO] [stdout]    6:     0x6302e2133f42 - std[70759c8f55707aa4]::panicking::panic_with_hook
[INFO] [stdout]    7:     0x6302e2114d12 - std[70759c8f55707aa4]::panicking::panic_handler::{closure#0}
[INFO] [stdout]    8:     0x6302e210d0b9 - std[70759c8f55707aa4]::sys::backtrace::__rust_end_short_backtrace::<std[70759c8f55707aa4]::panicking::panic_handler::{closure#0}, !>
[INFO] [stdout]    9:     0x6302e2115ded - __rustc[8fa7c3cbc660c2b3]::rust_begin_unwind
[INFO] [stdout]   10:     0x6302e2155b9c - core[df12db4294e9bfd3]::panicking::panic_fmt
[INFO] [stdout]   11:     0x6302e1ce93aa - snaptokens[ff6d74ae37495140]::tests::parse_hf_json::{closure#0}
[INFO] [stdout]   12:     0x6302e1cee38d - snaptokens[ff6d74ae37495140]::tests::parse_hf_json
[INFO] [stdout]   13:     0x6302e1d11e69 - <snaptokens[ff6d74ae37495140]::tests::parse_hf_json::{closure#0} as core[df12db4294e9bfd3]::ops::function::FnOnce<()>>::call_once
[INFO] [stdout]   14:     0x6302e1f04e7b - test[9d35eded1c95d3be]::__rust_begin_short_backtrace::<core[df12db4294e9bfd3]::result::Result<(), alloc[2182bb758b4b3781]::string::String>, fn() -> core[df12db4294e9bfd3]::result::Result<(), alloc[2182bb758b4b3781]::string::String>>
[INFO] [stdout]   15:     0x6302e1f124e5 - test[9d35eded1c95d3be]::run_test::{closure#0}
[INFO] [stdout]   16:     0x6302e1f0bda4 - std[70759c8f55707aa4]::sys::backtrace::__rust_begin_short_backtrace::<test[9d35eded1c95d3be]::run_test::{closure#1}, ()>
[INFO] [stdout]   17:     0x6302e1f15642 - <std[70759c8f55707aa4]::thread::lifecycle::spawn_unchecked<test[9d35eded1c95d3be]::run_test::{closure#1}, ()>::{closure#1} as core[df12db4294e9bfd3]::ops::function::FnOnce<()>>::call_once::{shim:vtable#0}
[INFO] [stdout]   18:     0x6302e213bc49 - <std[70759c8f55707aa4]::sys::thread::unix::Thread>::new::thread_start
[INFO] [stdout]   19:     0x7213a10dbdfa - <unknown>
[INFO] [stdout]   20:     0x7213a116f3d4 - clone
[INFO] [stdout]   21:                0x0 - <unknown>
[INFO] [stdout] 
[INFO] [stdout] ---- tests::decode_stream_reconstructs_unicode stdout ----
[INFO] [stdout] 
[INFO] [stdout] thread 'tests::decode_stream_reconstructs_unicode' (3321) panicked at src/lib.rs:2425:38:
[INFO] [stdout] failed to load tokenizer: request error: https://huggingface.co/Qwen/Qwen3-0.6B/resolve/main/tokenizer.json: Dns Failed: resolve dns name 'huggingface.co:443': failed to lookup address information: Temporary failure in name resolution
[INFO] [stdout] 
[INFO] [stdout] Caused by:
[INFO] [stdout]     0: https://huggingface.co/Qwen/Qwen3-0.6B/resolve/main/tokenizer.json: Dns Failed: resolve dns name 'huggingface.co:443': failed to lookup address information: Temporary failure in name resolution
[INFO] [stdout]     1: failed to lookup address information: Temporary failure in name resolution
[INFO] [stdout] 
[INFO] [stdout] Stack backtrace:
[INFO] [stdout]    0: <anyhow::Error as core::convert::From<hf_hub::api::sync::ApiError>>::from
[INFO] [stdout]    1: snaptokens::tests::tokenizer_json_path
[INFO] [stdout]    2: snaptokens::tests::load_tokenizer
[INFO] [stdout]    3: snaptokens::tests::decode_stream_reconstructs_unicode
[INFO] [stdout]    4: <snaptokens::tests::decode_stream_reconstructs_unicode::{closure#0} as core::ops::function::FnOnce<()>>::call_once
[INFO] [stdout]    5: test::__rust_begin_short_backtrace::<core::result::Result<(), alloc::string::String>, fn() -> core::result::Result<(), alloc::string::String>>
[INFO] [stdout]    6: test::run_test::{closure#0}
[INFO] [stdout]    7: std::sys::backtrace::__rust_begin_short_backtrace::<test::run_test::{closure#1}, ()>
[INFO] [stdout]    8: <std::thread::lifecycle::spawn_unchecked<test::run_test::{closure#1}, ()>::{closure#1} as core::ops::function::FnOnce<()>>::call_once::{shim:vtable#0}
[INFO] [stdout]    9: <std::sys::thread::unix::Thread>::new::thread_start
[INFO] [stdout]   10: <unknown>
[INFO] [stdout]   11: clone
[INFO] [stdout] stack backtrace:
[INFO] [stdout]    0:     0x6302e213d151 - <<std[70759c8f55707aa4]::sys::backtrace::BacktraceLock>::print::DisplayBacktrace as core[df12db4294e9bfd3]::fmt::Display>::fmt
[INFO] [stdout]    1:     0x6302e21553ba - core[df12db4294e9bfd3]::fmt::write
[INFO] [stdout]    2:     0x6302e21428dc - <alloc[2182bb758b4b3781]::vec::Vec<u8> as core[df12db4294e9bfd3]::io::write::Write>::write_fmt
[INFO] [stdout]    3:     0x6302e2114c66 - std[70759c8f55707aa4]::panicking::default_hook::{closure#0}
[INFO] [stdout]    4:     0x6302e2133c19 - std[70759c8f55707aa4]::panicking::default_hook
[INFO] [stdout]    5:     0x6302e1f11b90 - test[9d35eded1c95d3be]::test_main_inner::<test[9d35eded1c95d3be]::test_main_static::{closure#0}>::{closure#0}
[INFO] [stdout]    6:     0x6302e2133f42 - std[70759c8f55707aa4]::panicking::panic_with_hook
[INFO] [stdout]    7:     0x6302e2114d12 - std[70759c8f55707aa4]::panicking::panic_handler::{closure#0}
[INFO] [stdout]    8:     0x6302e210d0b9 - std[70759c8f55707aa4]::sys::backtrace::__rust_end_short_backtrace::<std[70759c8f55707aa4]::panicking::panic_handler::{closure#0}, !>
[INFO] [stdout]    9:     0x6302e2115ded - __rustc[8fa7c3cbc660c2b3]::rust_begin_unwind
[INFO] [stdout]   10:     0x6302e2155b9c - core[df12db4294e9bfd3]::panicking::panic_fmt
[INFO] [stdout]   11:     0x6302e2155972 - core[df12db4294e9bfd3]::result::unwrap_failed
[INFO] [stdout]   12:     0x6302e1cf4a14 - snaptokens[ff6d74ae37495140]::tests::decode_stream_reconstructs_unicode
[INFO] [stdout]   13:     0x6302e1d12409 - <snaptokens[ff6d74ae37495140]::tests::decode_stream_reconstructs_unicode::{closure#0} as core[df12db4294e9bfd3]::ops::function::FnOnce<()>>::call_once
[INFO] [stdout]   14:     0x6302e1f04e7b - test[9d35eded1c95d3be]::__rust_begin_short_backtrace::<core[df12db4294e9bfd3]::result::Result<(), alloc[2182bb758b4b3781]::string::String>, fn() -> core[df12db4294e9bfd3]::result::Result<(), alloc[2182bb758b4b3781]::string::String>>
[INFO] [stdout]   15:     0x6302e1f124e5 - test[9d35eded1c95d3be]::run_test::{closure#0}
[INFO] [stdout]   16:     0x6302e1f0bda4 - std[70759c8f55707aa4]::sys::backtrace::__rust_begin_short_backtrace::<test[9d35eded1c95d3be]::run_test::{closure#1}, ()>
[INFO] [stdout]   17:     0x6302e1f15642 - <std[70759c8f55707aa4]::thread::lifecycle::spawn_unchecked<test[9d35eded1c95d3be]::run_test::{closure#1}, ()>::{closure#1} as core[df12db4294e9bfd3]::ops::function::FnOnce<()>>::call_once::{shim:vtable#0}
[INFO] [stdout]   18:     0x6302e213bc49 - <std[70759c8f55707aa4]::sys::thread::unix::Thread>::new::thread_start
[INFO] [stdout]   19:     0x7213a10dbdfa - <unknown>
[INFO] [stdout]   20:     0x7213a116f3d4 - clone
[INFO] [stdout]   21:                0x0 - <unknown>
[INFO] [stdout] 
[INFO] [stdout] ---- tests::post_process_false_is_identity_all_models stdout ----
[INFO] [stdout] 
[INFO] [stdout] thread 'tests::post_process_false_is_identity_all_models' (3339) panicked at src/lib.rs:2331:45:
[INFO] [stdout] called `Result::unwrap()` on an `Err` value: request error: https://huggingface.co/Qwen/Qwen3-0.6B/resolve/main/tokenizer.json: Dns Failed: resolve dns name 'huggingface.co:443': failed to lookup address information: Temporary failure in name resolution
[INFO] [stdout] 
[INFO] [stdout] Caused by:
[INFO] [stdout]     0: https://huggingface.co/Qwen/Qwen3-0.6B/resolve/main/tokenizer.json: Dns Failed: resolve dns name 'huggingface.co:443': failed to lookup address information: Temporary failure in name resolution
[INFO] [stdout]     1: failed to lookup address information: Temporary failure in name resolution
[INFO] [stdout] 
[INFO] [stdout] Stack backtrace:
[INFO] [stdout]    0: <anyhow::Error as core::convert::From<hf_hub::api::sync::ApiError>>::from
[INFO] [stdout]    1: snaptokens::tests::tokenizer_json_path
[INFO] [stdout]    2: snaptokens::tests::load_tokenizer
[INFO] [stdout]    3: snaptokens::tests::post_process_false_is_identity_all_models
[INFO] [stdout]    4: <snaptokens::tests::post_process_false_is_identity_all_models::{closure#0} as core::ops::function::FnOnce<()>>::call_once
[INFO] [stdout]    5: test::__rust_begin_short_backtrace::<core::result::Result<(), alloc::string::String>, fn() -> core::result::Result<(), alloc::string::String>>
[INFO] [stdout]    6: test::run_test::{closure#0}
[INFO] [stdout]    7: std::sys::backtrace::__rust_begin_short_backtrace::<test::run_test::{closure#1}, ()>
[INFO] [stdout]    8: <std::thread::lifecycle::spawn_unchecked<test::run_test::{closure#1}, ()>::{closure#1} as core::ops::function::FnOnce<()>>::call_once::{shim:vtable#0}
[INFO] [stdout]    9: <std::sys::thread::unix::Thread>::new::thread_start
[INFO] [stdout]   10: <unknown>
[INFO] [stdout]   11: clone
[INFO] [stdout] stack backtrace:
[INFO] [stdout]    0:     0x6302e213d151 - <<std[70759c8f55707aa4]::sys::backtrace::BacktraceLock>::print::DisplayBacktrace as core[df12db4294e9bfd3]::fmt::Display>::fmt
[INFO] [stdout]    1:     0x6302e21553ba - core[df12db4294e9bfd3]::fmt::write
[INFO] [stdout]    2:     0x6302e21428dc - <alloc[2182bb758b4b3781]::vec::Vec<u8> as core[df12db4294e9bfd3]::io::write::Write>::write_fmt
[INFO] [stdout]    3:     0x6302e2114c66 - std[70759c8f55707aa4]::panicking::default_hook::{closure#0}
[INFO] [stdout]    4:     0x6302e2133c19 - std[70759c8f55707aa4]::panicking::default_hook
[INFO] [stdout]    5:     0x6302e1f11b90 - test[9d35eded1c95d3be]::test_main_inner::<test[9d35eded1c95d3be]::test_main_static::{closure#0}>::{closure#0}
[INFO] [stdout]    6:     0x6302e2133f42 - std[70759c8f55707aa4]::panicking::panic_with_hook
[INFO] [stdout]    7:     0x6302e2114d12 - std[70759c8f55707aa4]::panicking::panic_handler::{closure#0}
[INFO] [stdout]    8:     0x6302e210d0b9 - std[70759c8f55707aa4]::sys::backtrace::__rust_end_short_backtrace::<std[70759c8f55707aa4]::panicking::panic_handler::{closure#0}, !>
[INFO] [stdout]    9:     0x6302e2115ded - __rustc[8fa7c3cbc660c2b3]::rust_begin_unwind
[INFO] [stdout]   10:     0x6302e2155b9c - core[df12db4294e9bfd3]::panicking::panic_fmt
[INFO] [stdout]   11:     0x6302e2155972 - core[df12db4294e9bfd3]::result::unwrap_failed
[INFO] [stdout]   12:     0x6302e1cf6b27 - snaptokens[ff6d74ae37495140]::tests::post_process_false_is_identity_all_models
[INFO] [stdout]   13:     0x6302e1d12509 - <snaptokens[ff6d74ae37495140]::tests::post_process_false_is_identity_all_models::{closure#0} as core[df12db4294e9bfd3]::ops::function::FnOnce<()>>::call_once
[INFO] [stdout]   14:     0x6302e1f04e7b - test[9d35eded1c95d3be]::__rust_begin_short_backtrace::<core[df12db4294e9bfd3]::result::Result<(), alloc[2182bb758b4b3781]::string::String>, fn() -> core[df12db4294e9bfd3]::result::Result<(), alloc[2182bb758b4b3781]::string::String>>
[INFO] [stdout]   15:     0x6302e1f124e5 - test[9d35eded1c95d3be]::run_test::{closure#0}
[INFO] [stdout]   16:     0x6302e1f0bda4 - std[70759c8f55707aa4]::sys::backtrace::__rust_begin_short_backtrace::<test[9d35eded1c95d3be]::run_test::{closure#1}, ()>
[INFO] [stdout]   17:     0x6302e1f15642 - <std[70759c8f55707aa4]::thread::lifecycle::spawn_unchecked<test[9d35eded1c95d3be]::run_test::{closure#1}, ()>::{closure#1} as core[df12db4294e9bfd3]::ops::function::FnOnce<()>>::call_once::{shim:vtable#0}
[INFO] [stdout]   18:     0x6302e213bc49 - <std[70759c8f55707aa4]::sys::thread::unix::Thread>::new::thread_start
[INFO] [stdout]   19:     0x7213a10dbdfa - <unknown>
[INFO] [stdout]   20:     0x7213a116f3d4 - clone
[INFO] [stdout]   21:                0x0 - <unknown>
[INFO] [stdout] 
[INFO] [stdout] ---- tests::post_process_true_adds_special_tokens stdout ----
[INFO] [stdout] 
[INFO] [stdout] thread 'tests::post_process_true_adds_special_tokens' (3340) panicked at src/lib.rs:2345:74:
[INFO] [stdout] called `Result::unwrap()` on an `Err` value: request error: https://huggingface.co/mistralai/Mistral-Nemo-Instruct-2407/resolve/main/tokenizer.json: Dns Failed: resolve dns name 'huggingface.co:443': failed to lookup address information: Temporary failure in name resolution
[INFO] [stdout] 
[INFO] [stdout] Caused by:
[INFO] [stdout]     0: https://huggingface.co/mistralai/Mistral-Nemo-Instruct-2407/resolve/main/tokenizer.json: Dns Failed: resolve dns name 'huggingface.co:443': failed to lookup address information: Temporary failure in name resolution
[INFO] [stdout]     1: failed to lookup address information: Temporary failure in name resolution
[INFO] [stdout] 
[INFO] [stdout] Stack backtrace:
[INFO] [stdout]    0: <anyhow::Error as core::convert::From<hf_hub::api::sync::ApiError>>::from
[INFO] [stdout]    1: snaptokens::tests::tokenizer_json_path
[INFO] [stdout]    2: snaptokens::tests::load_tokenizer
[INFO] [stdout]    3: snaptokens::tests::post_process_true_adds_special_tokens
[INFO] [stdout]    4: <snaptokens::tests::post_process_true_adds_special_tokens::{closure#0} as core::ops::function::FnOnce<()>>::call_once
[INFO] [stdout]    5: test::__rust_begin_short_backtrace::<core::result::Result<(), alloc::string::String>, fn() -> core::result::Result<(), alloc::string::String>>
[INFO] [stdout]    6: test::run_test::{closure#0}
[INFO] [stdout]    7: std::sys::backtrace::__rust_begin_short_backtrace::<test::run_test::{closure#1}, ()>
[INFO] [stdout]    8: <std::thread::lifecycle::spawn_unchecked<test::run_test::{closure#1}, ()>::{closure#1} as core::ops::function::FnOnce<()>>::call_once::{shim:vtable#0}
[INFO] [stdout]    9: <std::sys::thread::unix::Thread>::new::thread_start
[INFO] [stdout]   10: <unknown>
[INFO] [stdout]   11: clone
[INFO] [stdout] stack backtrace:
[INFO] [stdout]    0:     0x6302e213d151 - <<std[70759c8f55707aa4]::sys::backtrace::BacktraceLock>::print::DisplayBacktrace as core[df12db4294e9bfd3]::fmt::Display>::fmt
[INFO] [stdout]    1:     0x6302e21553ba - core[df12db4294e9bfd3]::fmt::write
[INFO] [stdout]    2:     0x6302e21428dc - <alloc[2182bb758b4b3781]::vec::Vec<u8> as core[df12db4294e9bfd3]::io::write::Write>::write_fmt
[INFO] [stdout]    3:     0x6302e2114c66 - std[70759c8f55707aa4]::panicking::default_hook::{closure#0}
[INFO] [stdout]    4:     0x6302e2133c19 - std[70759c8f55707aa4]::panicking::default_hook
[INFO] [stdout]    5:     0x6302e1f11b90 - test[9d35eded1c95d3be]::test_main_inner::<test[9d35eded1c95d3be]::test_main_static::{closure#0}>::{closure#0}
[INFO] [stdout]    6:     0x6302e2133f42 - std[70759c8f55707aa4]::panicking::panic_with_hook
[INFO] [stdout]    7:     0x6302e2114d12 - std[70759c8f55707aa4]::panicking::panic_handler::{closure#0}
[INFO] [stdout]    8:     0x6302e210d0b9 - std[70759c8f55707aa4]::sys::backtrace::__rust_end_short_backtrace::<std[70759c8f55707aa4]::panicking::panic_handler::{closure#0}, !>
[INFO] [stdout]    9:     0x6302e2115ded - __rustc[8fa7c3cbc660c2b3]::rust_begin_unwind
[INFO] [stdout]   10:     0x6302e2155b9c - core[df12db4294e9bfd3]::panicking::panic_fmt
[INFO] [stdout]   11:     0x6302e2155972 - core[df12db4294e9bfd3]::result::unwrap_failed
[INFO] [stdout]   12:     0x6302e1cf6081 - snaptokens[ff6d74ae37495140]::tests::post_process_true_adds_special_tokens
[INFO] [stdout]   13:     0x6302e1d124a9 - <snaptokens[ff6d74ae37495140]::tests::post_process_true_adds_special_tokens::{closure#0} as core[df12db4294e9bfd3]::ops::function::FnOnce<()>>::call_once
[INFO] [stdout]   14:     0x6302e1f04e7b - test[9d35eded1c95d3be]::__rust_begin_short_backtrace::<core[df12db4294e9bfd3]::result::Result<(), alloc[2182bb758b4b3781]::string::String>, fn() -> core[df12db4294e9bfd3]::result::Result<(), alloc[2182bb758b4b3781]::string::String>>
[INFO] [stdout]   15:     0x6302e1f124e5 - test[9d35eded1c95d3be]::run_test::{closure#0}
[INFO] [stdout]   16:     0x6302e1f0bda4 - std[70759c8f55707aa4]::sys::backtrace::__rust_begin_short_backtrace::<test[9d35eded1c95d3be]::run_test::{closure#1}, ()>
[INFO] [stdout]   17:     0x6302e1f15642 - <std[70759c8f55707aa4]::thread::lifecycle::spawn_unchecked<test[9d35eded1c95d3be]::run_test::{closure#1}, ()>::{closure#1} as core[df12db4294e9bfd3]::ops::function::FnOnce<()>>::call_once::{shim:vtable#0}
[INFO] [stdout]   18:     0x6302e213bc49 - <std[70759c8f55707aa4]::sys::thread::unix::Thread>::new::thread_start
[INFO] [stdout]   19:     0x7213a10dbdfa - <unknown>
[INFO] [stdout]   20:     0x7213a116f3d4 - clone
[INFO] [stdout]   21:                0x0 - <unknown>
[INFO] [stdout] 
[INFO] [stdout] ---- tests::public_added_token_accessors_expose_added_vocab stdout ----
[INFO] [stdout] 
[INFO] [stdout] thread 'tests::public_added_token_accessors_expose_added_vocab' (3341) panicked at src/lib.rs:1297:53:
[INFO] [stdout] called `Result::unwrap()` on an `Err` value: request error: https://huggingface.co/Qwen/Qwen3-0.6B/resolve/main/tokenizer.json: Dns Failed: resolve dns name 'huggingface.co:443': failed to lookup address information: Temporary failure in name resolution
[INFO] [stdout] 
[INFO] [stdout] Caused by:
[INFO] [stdout]     0: https://huggingface.co/Qwen/Qwen3-0.6B/resolve/main/tokenizer.json: Dns Failed: resolve dns name 'huggingface.co:443': failed to lookup address information: Temporary failure in name resolution
[INFO] [stdout]     1: failed to lookup address information: Temporary failure in name resolution
[INFO] [stdout] 
[INFO] [stdout] Stack backtrace:
[INFO] [stdout]    0: <anyhow::Error as core::convert::From<hf_hub::api::sync::ApiError>>::from
[INFO] [stdout]    1: snaptokens::tests::tokenizer_json_path
[INFO] [stdout]    2: snaptokens::tests::load_tokenizer
[INFO] [stdout]    3: snaptokens::tests::public_added_token_accessors_expose_added_vocab
[INFO] [stdout]    4: <snaptokens::tests::public_added_token_accessors_expose_added_vocab::{closure#0} as core::ops::function::FnOnce<()>>::call_once
[INFO] [stdout]    5: test::__rust_begin_short_backtrace::<core::result::Result<(), alloc::string::String>, fn() -> core::result::Result<(), alloc::string::String>>
[INFO] [stdout]    6: test::run_test::{closure#0}
[INFO] [stdout]    7: std::sys::backtrace::__rust_begin_short_backtrace::<test::run_test::{closure#1}, ()>
[INFO] [stdout]    8: <std::thread::lifecycle::spawn_unchecked<test::run_test::{closure#1}, ()>::{closure#1} as core::ops::function::FnOnce<()>>::call_once::{shim:vtable#0}
[INFO] [stdout]    9: <std::sys::thread::unix::Thread>::new::thread_start
[INFO] [stdout]   10: <unknown>
[INFO] [stdout]   11: clone
[INFO] [stdout] stack backtrace:
[INFO] [stdout]    0:     0x6302e213d151 - <<std[70759c8f55707aa4]::sys::backtrace::BacktraceLock>::print::DisplayBacktrace as core[df12db4294e9bfd3]::fmt::Display>::fmt
[INFO] [stdout]    1:     0x6302e21553ba - core[df12db4294e9bfd3]::fmt::write
[INFO] [stdout]    2:     0x6302e21428dc - <alloc[2182bb758b4b3781]::vec::Vec<u8> as core[df12db4294e9bfd3]::io::write::Write>::write_fmt
[INFO] [stdout]    3:     0x6302e2114c66 - std[70759c8f55707aa4]::panicking::default_hook::{closure#0}
[INFO] [stdout]    4:     0x6302e2133c19 - std[70759c8f55707aa4]::panicking::default_hook
[INFO] [stdout]    5:     0x6302e1f11b90 - test[9d35eded1c95d3be]::test_main_inner::<test[9d35eded1c95d3be]::test_main_static::{closure#0}>::{closure#0}
[INFO] [stdout]    6:     0x6302e2133f42 - std[70759c8f55707aa4]::panicking::panic_with_hook
[INFO] [stdout]    7:     0x6302e2114d12 - std[70759c8f55707aa4]::panicking::panic_handler::{closure#0}
[INFO] [stdout]    8:     0x6302e210d0b9 - std[70759c8f55707aa4]::sys::backtrace::__rust_end_short_backtrace::<std[70759c8f55707aa4]::panicking::panic_handler::{closure#0}, !>
[INFO] [stdout]    9:     0x6302e2115ded - __rustc[8fa7c3cbc660c2b3]::rust_begin_unwind
[INFO] [stdout]   10:     0x6302e2155b9c - core[df12db4294e9bfd3]::panicking::panic_fmt
[INFO] [stdout]   11:     0x6302e2155972 - core[df12db4294e9bfd3]::result::unwrap_failed
[INFO] [stdout]   12:     0x6302e1cf9937 - snaptokens[ff6d74ae37495140]::tests::public_added_token_accessors_expose_added_vocab
[INFO] [stdout]   13:     0x6302e1d125c9 - <snaptokens[ff6d74ae37495140]::tests::public_added_token_accessors_expose_added_vocab::{closure#0} as core[df12db4294e9bfd3]::ops::function::FnOnce<()>>::call_once
[INFO] [stdout]   14:     0x6302e1f04e7b - test[9d35eded1c95d3be]::__rust_begin_short_backtrace::<core[df12db4294e9bfd3]::result::Result<(), alloc[2182bb758b4b3781]::string::String>, fn() -> core[df12db4294e9bfd3]::result::Result<(), alloc[2182bb758b4b3781]::string::String>>
[INFO] [stdout]   15:     0x6302e1f124e5 - test[9d35eded1c95d3be]::run_test::{closure#0}
[INFO] [stdout]   16:     0x6302e1f0bda4 - std[70759c8f55707aa4]::sys::backtrace::__rust_begin_short_backtrace::<test[9d35eded1c95d3be]::run_test::{closure#1}, ()>
[INFO] [stdout]   17:     0x6302e1f15642 - <std[70759c8f55707aa4]::thread::lifecycle::spawn_unchecked<test[9d35eded1c95d3be]::run_test::{closure#1}, ()>::{closure#1} as core[df12db4294e9bfd3]::ops::function::FnOnce<()>>::call_once::{shim:vtable#0}
[INFO] [stdout]   18:     0x6302e213bc49 - <std[70759c8f55707aa4]::sys::thread::unix::Thread>::new::thread_start
[INFO] [stdout]   19:     0x7213a10dbdfa - <unknown>
[INFO] [stdout]   20:     0x7213a116f3d4 - clone
[INFO] [stdout]   21:                0x0 - <unknown>
[INFO] [stdout] 
[INFO] [stdout] ---- tests::token_to_id_searches_added_tokens stdout ----
[INFO] [stdout] 
[INFO] [stdout] thread 'tests::token_to_id_searches_added_tokens' (3343) panicked at src/lib.rs:1776:53:
[INFO] [stdout] called `Result::unwrap()` on an `Err` value: request error: https://huggingface.co/Qwen/Qwen3-0.6B/resolve/main/tokenizer.json: Dns Failed: resolve dns name 'huggingface.co:443': failed to lookup address information: Temporary failure in name resolution
[INFO] [stdout] 
[INFO] [stdout] Caused by:
[INFO] [stdout]     0: https://huggingface.co/Qwen/Qwen3-0.6B/resolve/main/tokenizer.json: Dns Failed: resolve dns name 'huggingface.co:443': failed to lookup address information: Temporary failure in name resolution
[INFO] [stdout]     1: failed to lookup address information: Temporary failure in name resolution
[INFO] [stdout] 
[INFO] [stdout] Stack backtrace:
[INFO] [stdout]    0: <anyhow::Error as core::convert::From<hf_hub::api::sync::ApiError>>::from
[INFO] [stdout]    1: snaptokens::tests::tokenizer_json_path
[INFO] [stdout]    2: snaptokens::tests::load_tokenizer
[INFO] [stdout]    3: snaptokens::tests::token_to_id_searches_added_tokens
[INFO] [stdout]    4: <snaptokens::tests::token_to_id_searches_added_tokens::{closure#0} as core::ops::function::FnOnce<()>>::call_once
[INFO] [stdout]    5: test::__rust_begin_short_backtrace::<core::result::Result<(), alloc::string::String>, fn() -> core::result::Result<(), alloc::string::String>>
[INFO] [stdout]    6: test::run_test::{closure#0}
[INFO] [stdout]    7: std::sys::backtrace::__rust_begin_short_backtrace::<test::run_test::{closure#1}, ()>
[INFO] [stdout]    8: <std::thread::lifecycle::spawn_unchecked<test::run_test::{closure#1}, ()>::{closure#1} as core::ops::function::FnOnce<()>>::call_once::{shim:vtable#0}
[INFO] [stdout]    9: <std::sys::thread::unix::Thread>::new::thread_start
[INFO] [stdout]   10: <unknown>
[INFO] [stdout]   11: clone
[INFO] [stdout] stack backtrace:
[INFO] [stdout]    0:     0x6302e213d151 - <<std[70759c8f55707aa4]::sys::backtrace::BacktraceLock>::print::DisplayBacktrace as core[df12db4294e9bfd3]::fmt::Display>::fmt
[INFO] [stdout]    1:     0x6302e21553ba - core[df12db4294e9bfd3]::fmt::write
[INFO] [stdout]    2:     0x6302e21428dc - <alloc[2182bb758b4b3781]::vec::Vec<u8> as core[df12db4294e9bfd3]::io::write::Write>::write_fmt
[INFO] [stdout]    3:     0x6302e2114c66 - std[70759c8f55707aa4]::panicking::default_hook::{closure#0}
[INFO] [stdout]    4:     0x6302e2133c19 - std[70759c8f55707aa4]::panicking::default_hook
[INFO] [stdout]    5:     0x6302e1f11b90 - test[9d35eded1c95d3be]::test_main_inner::<test[9d35eded1c95d3be]::test_main_static::{closure#0}>::{closure#0}
[INFO] [stdout]    6:     0x6302e2133f42 - std[70759c8f55707aa4]::panicking::panic_with_hook
[INFO] [stdout]    7:     0x6302e2114d12 - std[70759c8f55707aa4]::panicking::panic_handler::{closure#0}
[INFO] [stdout]    8:     0x6302e210d0b9 - std[70759c8f55707aa4]::sys::backtrace::__rust_end_short_backtrace::<std[70759c8f55707aa4]::panicking::panic_handler::{closure#0}, !>
[INFO] [stdout]    9:     0x6302e2115ded - __rustc[8fa7c3cbc660c2b3]::rust_begin_unwind
[INFO] [stdout]   10:     0x6302e2155b9c - core[df12db4294e9bfd3]::panicking::panic_fmt
[INFO] [stdout]   11:     0x6302e2155972 - core[df12db4294e9bfd3]::result::unwrap_failed
[INFO] [stdout]   12:     0x6302e1cf3f3d - snaptokens[ff6d74ae37495140]::tests::token_to_id_searches_added_tokens
[INFO] [stdout]   13:     0x6302e1d123c9 - <snaptokens[ff6d74ae37495140]::tests::token_to_id_searches_added_tokens::{closure#0} as core[df12db4294e9bfd3]::ops::function::FnOnce<()>>::call_once
[INFO] [stdout]   14:     0x6302e1f04e7b - test[9d35eded1c95d3be]::__rust_begin_short_backtrace::<core[df12db4294e9bfd3]::result::Result<(), alloc[2182bb758b4b3781]::string::String>, fn() -> core[df12db4294e9bfd3]::result::Result<(), alloc[2182bb758b4b3781]::string::String>>
[INFO] [stdout]   15:     0x6302e1f124e5 - test[9d35eded1c95d3be]::run_test::{closure#0}
[INFO] [stdout]   16:     0x6302e1f0bda4 - std[70759c8f55707aa4]::sys::backtrace::__rust_begin_short_backtrace::<test[9d35eded1c95d3be]::run_test::{closure#1}, ()>
[INFO] [stdout]   17:     0x6302e1f15642 - <std[70759c8f55707aa4]::thread::lifecycle::spawn_unchecked<test[9d35eded1c95d3be]::run_test::{closure#1}, ()>::{closure#1} as core[df12db4294e9bfd3]::ops::function::FnOnce<()>>::call_once::{shim:vtable#0}
[INFO] [stdout]   18:     0x6302e213bc49 - <std[70759c8f55707aa4]::sys::thread::unix::Thread>::new::thread_start
[INFO] [stdout]   19:     0x7213a10dbdfa - <unknown>
[INFO] [stdout]   20:     0x7213a116f3d4 - clone
[INFO] [stdout]   21:                0x0 - <unknown>
[INFO] [stdout] 
[INFO] [stdout] ---- tests::vocab_access stdout ----
[INFO] [stdout] 
[INFO] [stdout] thread 'tests::vocab_access' (3344) panicked at src/lib.rs:1284:42:
[INFO] [stdout] called `Result::unwrap()` on an `Err` value: request error: https://huggingface.co/MiniMaxAI/MiniMax-M2.1/resolve/main/tokenizer.json: Dns Failed: resolve dns name 'huggingface.co:443': failed to lookup address information: Temporary failure in name resolution
[INFO] [stdout] 
[INFO] [stdout] Caused by:
[INFO] [stdout]     0: https://huggingface.co/MiniMaxAI/MiniMax-M2.1/resolve/main/tokenizer.json: Dns Failed: resolve dns name 'huggingface.co:443': failed to lookup address information: Temporary failure in name resolution
[INFO] [stdout]     1: failed to lookup address information: Temporary failure in name resolution
[INFO] [stdout] 
[INFO] [stdout] Stack backtrace:
[INFO] [stdout]    0: <anyhow::Error as core::convert::From<hf_hub::api::sync::ApiError>>::from
[INFO] [stdout]    1: snaptokens::tests::tokenizer_json_path
[INFO] [stdout]    2: snaptokens::tests::load_tokenizer
[INFO] [stdout]    3: snaptokens::tests::vocab_access
[INFO] [stdout]    4: <snaptokens::tests::vocab_access::{closure#0} as core::ops::function::FnOnce<()>>::call_once
[INFO] [stdout]    5: test::__rust_begin_short_backtrace::<core::result::Result<(), alloc::string::String>, fn() -> core::result::Result<(), alloc::string::String>>
[INFO] [stdout]    6: test::run_test::{closure#0}
[INFO] [stdout]    7: std::sys::backtrace::__rust_begin_short_backtrace::<test::run_test::{closure#1}, ()>
[INFO] [stdout]    8: <std::thread::lifecycle::spawn_unchecked<test::run_test::{closure#1}, ()>::{closure#1} as core::ops::function::FnOnce<()>>::call_once::{shim:vtable#0}
[INFO] [stdout]    9: <std::sys::thread::unix::Thread>::new::thread_start
[INFO] [stdout]   10: <unknown>
[INFO] [stdout]   11: clone
[INFO] [stdout] stack backtrace:
[INFO] [stdout]    0:     0x6302e213d151 - <<std[70759c8f55707aa4]::sys::backtrace::BacktraceLock>::print::DisplayBacktrace as core[df12db4294e9bfd3]::fmt::Display>::fmt
[INFO] [stdout]    1:     0x6302e21553ba - core[df12db4294e9bfd3]::fmt::write
[INFO] [stdout]    2:     0x6302e21428dc - <alloc[2182bb758b4b3781]::vec::Vec<u8> as core[df12db4294e9bfd3]::io::write::Write>::write_fmt
[INFO] [stdout]    3:     0x6302e2114c66 - std[70759c8f55707aa4]::panicking::default_hook::{closure#0}
[INFO] [stdout]    4:     0x6302e2133c19 - std[70759c8f55707aa4]::panicking::default_hook
[INFO] [stdout]    5:     0x6302e1f11b90 - test[9d35eded1c95d3be]::test_main_inner::<test[9d35eded1c95d3be]::test_main_static::{closure#0}>::{closure#0}
[INFO] [stdout]    6:     0x6302e2133f42 - std[70759c8f55707aa4]::panicking::panic_with_hook
[INFO] [stdout]    7:     0x6302e2114d12 - std[70759c8f55707aa4]::panicking::panic_handler::{closure#0}
[INFO] [stdout]    8:     0x6302e210d0b9 - std[70759c8f55707aa4]::sys::backtrace::__rust_end_short_backtrace::<std[70759c8f55707aa4]::panicking::panic_handler::{closure#0}, !>
[INFO] [stdout]    9:     0x6302e2115ded - __rustc[8fa7c3cbc660c2b3]::rust_begin_unwind
[INFO] [stdout]   10:     0x6302e2155b9c - core[df12db4294e9bfd3]::panicking::panic_fmt
[INFO] [stdout]   11:     0x6302e2155972 - core[df12db4294e9bfd3]::result::unwrap_failed
[INFO] [stdout]   12:     0x6302e1ced8cd - snaptokens[ff6d74ae37495140]::tests::vocab_access
[INFO] [stdout]   13:     0x6302e1d11e29 - <snaptokens[ff6d74ae37495140]::tests::vocab_access::{closure#0} as core[df12db4294e9bfd3]::ops::function::FnOnce<()>>::call_once
[INFO] [stdout]   14:     0x6302e1f04e7b - test[9d35eded1c95d3be]::__rust_begin_short_backtrace::<core[df12db4294e9bfd3]::result::Result<(), alloc[2182bb758b4b3781]::string::String>, fn() -> core[df12db4294e9bfd3]::result::Result<(), alloc[2182bb758b4b3781]::string::String>>
[INFO] [stdout]   15:     0x6302e1f124e5 - test[9d35eded1c95d3be]::run_test::{closure#0}
[INFO] [stdout]   16:     0x6302e1f0bda4 - std[70759c8f55707aa4]::sys::backtrace::__rust_begin_short_backtrace::<test[9d35eded1c95d3be]::run_test::{closure#1}, ()>
[INFO] [stdout]   17:     0x6302e1f15642 - <std[70759c8f55707aa4]::thread::lifecycle::spawn_unchecked<test[9d35eded1c95d3be]::run_test::{closure#1}, ()>::{closure#1} as core[df12db4294e9bfd3]::ops::function::FnOnce<()>>::call_once::{shim:vtable#0}
[INFO] [stdout]   18:     0x6302e213bc49 - <std[70759c8f55707aa4]::sys::thread::unix::Thread>::new::thread_start
[INFO] [stdout]   19:     0x7213a10dbdfa - <unknown>
[INFO] [stdout]   20:     0x7213a116f3d4 - clone
[INFO] [stdout]   21:                0x0 - <unknown>
[INFO] [stdout] 
[INFO] [stdout] ---- tests::long_input_correctness_minimax stdout ----
[INFO] [stdout] 
[INFO] [stdout] thread 'tests::long_input_correctness_minimax' (3335) panicked at src/lib.rs:1889:55:
[INFO] [stdout] called `Result::unwrap()` on an `Err` value: request error: https://huggingface.co/MiniMaxAI/MiniMax-M2.1/resolve/main/tokenizer.json: Dns Failed: resolve dns name 'huggingface.co:443': failed to lookup address information: Temporary failure in name resolution
[INFO] [stdout] 
[INFO] [stdout] Caused by:
[INFO] [stdout]     0: https://huggingface.co/MiniMaxAI/MiniMax-M2.1/resolve/main/tokenizer.json: Dns Failed: resolve dns name 'huggingface.co:443': failed to lookup address information: Temporary failure in name resolution
[INFO] [stdout]     1: failed to lookup address information: Temporary failure in name resolution
[INFO] [stdout] 
[INFO] [stdout] Stack backtrace:
[INFO] [stdout]    0: <anyhow::Error as core::convert::From<hf_hub::api::sync::ApiError>>::from
[INFO] [stdout]    1: snaptokens::tests::tokenizer_json_path
[INFO] [stdout]    2: snaptokens::tests::long_input_correctness_minimax
[INFO] [stdout]    3: <snaptokens::tests::long_input_correctness_minimax::{closure#0} as core::ops::function::FnOnce<()>>::call_once
[INFO] [stdout]    4: test::__rust_begin_short_backtrace::<core::result::Result<(), alloc::string::String>, fn() -> core::result::Result<(), alloc::string::String>>
[INFO] [stdout]    5: test::run_test::{closure#0}
[INFO] [stdout]    6: std::sys::backtrace::__rust_begin_short_backtrace::<test::run_test::{closure#1}, ()>
[INFO] [stdout]    7: <std::thread::lifecycle::spawn_unchecked<test::run_test::{closure#1}, ()>::{closure#1} as core::ops::function::FnOnce<()>>::call_once::{shim:vtable#0}
[INFO] [stdout]    8: <std::sys::thread::unix::Thread>::new::thread_start
[INFO] [stdout]    9: <unknown>
[INFO] [stdout]   10: clone
[INFO] [stdout] stack backtrace:
[INFO] [stdout]    0:     0x6302e213d151 - <<std[70759c8f55707aa4]::sys::backtrace::BacktraceLock>::print::DisplayBacktrace as core[df12db4294e9bfd3]::fmt::Display>::fmt
[INFO] [stdout]    1:     0x6302e21553ba - core[df12db4294e9bfd3]::fmt::write
[INFO] [stdout]    2:     0x6302e21428dc - <alloc[2182bb758b4b3781]::vec::Vec<u8> as core[df12db4294e9bfd3]::io::write::Write>::write_fmt
[INFO] [stdout]    3:     0x6302e2114c66 - std[70759c8f55707aa4]::panicking::default_hook::{closure#0}
[INFO] [stdout]    4:     0x6302e2133c19 - std[70759c8f55707aa4]::panicking::default_hook
[INFO] [stdout]    5:     0x6302e1f11b90 - test[9d35eded1c95d3be]::test_main_inner::<test[9d35eded1c95d3be]::test_main_static::{closure#0}>::{closure#0}
[INFO] [stdout]    6:     0x6302e2133f42 - std[70759c8f55707aa4]::panicking::panic_with_hook
[INFO] [stdout]    7:     0x6302e2114d12 - std[70759c8f55707aa4]::panicking::panic_handler::{closure#0}
[INFO] [stdout]    8:     0x6302e210d0b9 - std[70759c8f55707aa4]::sys::backtrace::__rust_end_short_backtrace::<std[70759c8f55707aa4]::panicking::panic_handler::{closure#0}, !>
[INFO] [stdout]    9:     0x6302e2115ded - __rustc[8fa7c3cbc660c2b3]::rust_begin_unwind
[INFO] [stdout]   10:     0x6302e2155b9c - core[df12db4294e9bfd3]::panicking::panic_fmt
[INFO] [stdout]   11:     0x6302e2155972 - core[df12db4294e9bfd3]::result::unwrap_failed
[INFO] [stdout]   12:     0x6302e1cf23b5 - snaptokens[ff6d74ae37495140]::tests::long_input_correctness_minimax
[INFO] [stdout]   13:     0x6302e1d122e9 - <snaptokens[ff6d74ae37495140]::tests::long_input_correctness_minimax::{closure#0} as core[df12db4294e9bfd3]::ops::function::FnOnce<()>>::call_once
[INFO] [stdout]   14:     0x6302e1f04e7b - test[9d35eded1c95d3be]::__rust_begin_short_backtrace::<core[df12db4294e9bfd3]::result::Result<(), alloc[2182bb758b4b3781]::string::String>, fn() -> core[df12db4294e9bfd3]::result::Result<(), alloc[2182bb758b4b3781]::string::String>>
[INFO] [stdout]   15:     0x6302e1f124e5 - test[9d35eded1c95d3be]::run_test::{closure#0}
[INFO] [stdout]   16:     0x6302e1f0bda4 - std[70759c8f55707aa4]::sys::backtrace::__rust_begin_short_backtrace::<test[9d35eded1c95d3be]::run_test::{closure#1}, ()>
[INFO] [stdout]   17:     0x6302e1f15642 - <std[70759c8f55707aa4]::thread::lifecycle::spawn_unchecked<test[9d35eded1c95d3be]::run_test::{closure#1}, ()>::{closure#1} as core[df12db4294e9bfd3]::ops::function::FnOnce<()>>::call_once::{shim:vtable#0}
[INFO] [stdout]   18:     0x6302e213bc49 - <std[70759c8f55707aa4]::sys::thread::unix::Thread>::new::thread_start
[INFO] [stdout]   19:     0x7213a10dbdfa - <unknown>
[INFO] [stdout]   20:     0x7213a116f3d4 - clone
[INFO] [stdout]   21:                0x0 - <unknown>
[INFO] [stdout] 
[INFO] [stdout] ---- tests::token_id_roundtrip_all_models stdout ----
[INFO] [stdout] 
[INFO] [stdout] thread 'tests::token_id_roundtrip_all_models' (3342) panicked at src/lib.rs:2413:9:
[INFO] [stdout] id↔token roundtrip failures:
[INFO] [stdout] Qwen/Qwen3-0.6B: load error: request error: https://huggingface.co/Qwen/Qwen3-0.6B/resolve/main/tokenizer.json: Dns Failed: resolve dns name 'huggingface.co:443': failed to lookup address information: Temporary failure in name resolution
[INFO] [stdout] zai-org/GLM-4.7: load error: request error: https://huggingface.co/zai-org/GLM-4.7/resolve/main/tokenizer.json: Dns Failed: resolve dns name 'huggingface.co:443': failed to lookup address information: Temporary failure in name resolution
[INFO] [stdout] deepseek-ai/DeepSeek-V3.2: load error: request error: https://huggingface.co/deepseek-ai/DeepSeek-V3.2/resolve/main/tokenizer.json: Dns Failed: resolve dns name 'huggingface.co:443': failed to lookup address information: Temporary failure in name resolution
[INFO] [stdout] MiniMaxAI/MiniMax-M2.1: load error: request error: https://huggingface.co/MiniMaxAI/MiniMax-M2.1/resolve/main/tokenizer.json: Dns Failed: resolve dns name 'huggingface.co:443': failed to lookup address information: Temporary failure in name resolution
[INFO] [stdout] openai/gpt-oss-120b: load error: request error: https://huggingface.co/openai/gpt-oss-120b/resolve/main/tokenizer.json: Dns Failed: resolve dns name 'huggingface.co:443': failed to lookup address information: Temporary failure in name resolution
[INFO] [stdout] mistralai/Mistral-Nemo-Instruct-2407: load error: request error: https://huggingface.co/mistralai/Mistral-Nemo-Instruct-2407/resolve/main/tokenizer.json: Dns Failed: resolve dns name 'huggingface.co:443': failed to lookup address information: Temporary failure in name resolution
[INFO] [stdout] Qwen/Qwen3-235B-A22B-Instruct-2507: load error: request error: https://huggingface.co/Qwen/Qwen3-235B-A22B-Instruct-2507/resolve/main/tokenizer.json: Dns Failed: resolve dns name 'huggingface.co:443': failed to lookup address information: Temporary failure in name resolution
[INFO] [stdout] Qwen/Qwen3-Coder-480B-A35B-Instruct: load error: request error: https://huggingface.co/Qwen/Qwen3-Coder-480B-A35B-Instruct/resolve/main/tokenizer.json: Dns Failed: resolve dns name 'huggingface.co:443': failed to lookup address information: Temporary failure in name resolution
[INFO] [stdout] nvidia/NVIDIA-Nemotron-3-Nano-30B-A3B-BF16: load error: request error: https://huggingface.co/nvidia/NVIDIA-Nemotron-3-Nano-30B-A3B-BF16/resolve/main/tokenizer.json: Dns Failed: resolve dns name 'huggingface.co:443': failed to lookup address information: Temporary failure in name resolution
[INFO] [stdout] nvidia/Qwen3-Nemotron-235B-A22B-GenRM: load error: request error: https://huggingface.co/nvidia/Qwen3-Nemotron-235B-A22B-GenRM/resolve/main/tokenizer.json: Dns Failed: resolve dns name 'huggingface.co:443': failed to lookup address information: Temporary failure in name resolution
[INFO] [stdout] hoangquan456/Kimi-K2.5: load error: request error: https://huggingface.co/hoangquan456/Kimi-K2.5/resolve/main/tokenizer.json: Dns Failed: resolve dns name 'huggingface.co:443': failed to lookup address information: Temporary failure in name resolution
[INFO] [stdout] stack backtrace:
[INFO] [stdout]    0:     0x6302e213d151 - <<std[70759c8f55707aa4]::sys::backtrace::BacktraceLock>::print::DisplayBacktrace as core[df12db4294e9bfd3]::fmt::Display>::fmt
[INFO] [stdout]    1:     0x6302e21553ba - core[df12db4294e9bfd3]::fmt::write
[INFO] [stdout]    2:     0x6302e21428dc - <alloc[2182bb758b4b3781]::vec::Vec<u8> as core[df12db4294e9bfd3]::io::write::Write>::write_fmt
[INFO] [stdout]    3:     0x6302e2114c66 - std[70759c8f55707aa4]::panicking::default_hook::{closure#0}
[INFO] [stdout]    4:     0x6302e2133c19 - std[70759c8f55707aa4]::panicking::default_hook
[INFO] [stdout]    5:     0x6302e1f11b90 - test[9d35eded1c95d3be]::test_main_inner::<test[9d35eded1c95d3be]::test_main_static::{closure#0}>::{closure#0}
[INFO] [stdout]    6:     0x6302e2133f42 - std[70759c8f55707aa4]::panicking::panic_with_hook
[INFO] [stdout]    7:     0x6302e2114d12 - std[70759c8f55707aa4]::panicking::panic_handler::{closure#0}
[INFO] [stdout]    8:     0x6302e210d0b9 - std[70759c8f55707aa4]::sys::backtrace::__rust_end_short_backtrace::<std[70759c8f55707aa4]::panicking::panic_handler::{closure#0}, !>
[INFO] [stdout]    9:     0x6302e2115ded - __rustc[8fa7c3cbc660c2b3]::rust_begin_unwind
[INFO] [stdout]   10:     0x6302e2155b9c - core[df12db4294e9bfd3]::panicking::panic_fmt
[INFO] [stdout]   11:     0x6302e1cf1f79 - snaptokens[ff6d74ae37495140]::tests::token_id_roundtrip_all_models
[INFO] [stdout]   12:     0x6302e1d122c9 - <snaptokens[ff6d74ae37495140]::tests::token_id_roundtrip_all_models::{closure#0} as core[df12db4294e9bfd3]::ops::function::FnOnce<()>>::call_once
[INFO] [stdout]   13:     0x6302e1f04e7b - test[9d35eded1c95d3be]::__rust_begin_short_backtrace::<core[df12db4294e9bfd3]::result::Result<(), alloc[2182bb758b4b3781]::string::String>, fn() -> core[df12db4294e9bfd3]::result::Result<(), alloc[2182bb758b4b3781]::string::String>>
[INFO] [stdout]   14:     0x6302e1f124e5 - test[9d35eded1c95d3be]::run_test::{closure#0}
[INFO] [stdout]   15:     0x6302e1f0bda4 - std[70759c8f55707aa4]::sys::backtrace::__rust_begin_short_backtrace::<test[9d35eded1c95d3be]::run_test::{closure#1}, ()>
[INFO] [stdout]   16:     0x6302e1f15642 - <std[70759c8f55707aa4]::thread::lifecycle::spawn_unchecked<test[9d35eded1c95d3be]::run_test::{closure#1}, ()>::{closure#1} as core[df12db4294e9bfd3]::ops::function::FnOnce<()>>::call_once::{shim:vtable#0}
[INFO] [stdout]   17:     0x6302e213bc49 - <std[70759c8f55707aa4]::sys::thread::unix::Thread>::new::thread_start
[INFO] [stdout]   18:     0x7213a10dbdfa - <unknown>
[INFO] [stdout]   19:     0x7213a116f3d4 - clone
[INFO] [stdout]   20:                0x0 - <unknown>
[INFO] [stdout] 
[INFO] [stdout] 
[INFO] [stdout] failures:
[INFO] [stdout]     tests::add_bos_token
[INFO] [stdout]     tests::added_tokens_deepseek
[INFO] [stdout]     tests::added_tokens_minimax
[INFO] [stdout]     tests::added_tokens_nemotron
[INFO] [stdout]     tests::added_tokens_qwen3
[INFO] [stdout]     tests::added_tokens_qwen3vl_vision_sequence
[INFO] [stdout]     tests::cache_consistency
[INFO] [stdout]     tests::cache_consistency_fused
[INFO] [stdout]     tests::correctness_deepseek_v3_2
[INFO] [stdout]     tests::correctness_gpt2
[INFO] [stdout]     tests::correctness_gpt_oss
[INFO] [stdout]     tests::correctness_kimi_k2_5
[INFO] [stdout]     tests::correctness_minimax_m2_1
[INFO] [stdout]     tests::correctness_mistral_nemo
[INFO] [stdout]     tests::correctness_nemotron
[INFO] [stdout]     tests::correctness_qwen3
[INFO] [stdout]     tests::correctness_qwen3_nemotron
[INFO] [stdout]     tests::decode_batch_matches_sequential
[INFO] [stdout]     tests::decode_mixed_valid_and_unknown_ids
[INFO] [stdout]     tests::decode_skip_special_tokens
[INFO] [stdout]     tests::decode_stream_batch_step_matches_sequential
[INFO] [stdout]     tests::decode_stream_buffer_does_not_grow_unboundedly
[INFO] [stdout]     tests::decode_stream_chunks_are_non_empty_and_concatenate
[INFO] [stdout]     tests::decode_stream_empty_ids_no_output
[INFO] [stdout]     tests::decode_stream_invalid_prefix_error_message
[INFO] [stdout]     tests::decode_stream_pre_seeded_only_returns_new_tokens
[INFO] [stdout]     tests::decode_stream_reconstructs_ascii
[INFO] [stdout]     tests::decode_stream_reconstructs_code
[INFO] [stdout]     tests::decode_stream_reconstructs_unicode
[INFO] [stdout]     tests::decode_stream_single_token
[INFO] [stdout]     tests::decode_stream_skip_special_tokens
[INFO] [stdout]     tests::decode_stream_unknown_id_does_not_error
[INFO] [stdout]     tests::decode_tokens_matches_decode_by_id
[INFO] [stdout]     tests::decode_unknown_id_is_skipped
[INFO] [stdout]     tests::empty_string_encode_decode
[INFO] [stdout]     tests::encode_batch_matches_sequential
[INFO] [stdout]     tests::encode_batch_ragged_matches_nested
[INFO] [stdout]     tests::encode_decode_roundtrip_all_models
[INFO] [stdout]     tests::encode_is_stable_after_decode
[INFO] [stdout]     tests::ignore_merges_glm47
[INFO] [stdout]     tests::long_input_correctness
[INFO] [stdout]     tests::long_input_correctness_minimax
[INFO] [stdout]     tests::newline_partitioned_ragged_matches_sequential
[INFO] [stdout]     tests::parse_hf_json
[INFO] [stdout]     tests::post_process_false_is_identity_all_models
[INFO] [stdout]     tests::post_process_true_adds_special_tokens
[INFO] [stdout]     tests::public_added_token_accessors_expose_added_vocab
[INFO] [stdout]     tests::token_id_roundtrip_all_models
[INFO] [stdout]     tests::token_to_id_searches_added_tokens
[INFO] [stdout]     tests::vocab_access
[INFO] [stdout] 
[INFO] [stdout] test result: FAILED. 126 passed; 50 failed; 9 ignored; 0 measured; 0 filtered out; finished in 0.50s
[INFO] [stdout] 
[INFO] [stderr] error: test failed, to rerun pass `--lib`
[INFO] running `Command { std: "docker" "inspect" "e8bdac57a28b5ba857640884ca2da0ef098ab0075d21f988baab41c847a738ad", kill_on_drop: false }`
[INFO] running `Command { std: "docker" "rm" "-f" "e8bdac57a28b5ba857640884ca2da0ef098ab0075d21f988baab41c847a738ad", kill_on_drop: false }`
[INFO] [stdout] e8bdac57a28b5ba857640884ca2da0ef098ab0075d21f988baab41c847a738ad
