[INFO] fetching crate snapfire_media 0.1.0...
[INFO] testing snapfire_media-0.1.0 against 1.99.0-beta.8+cargoflags=--release for beta-release-1.100-2
[INFO] extracting crate snapfire_media 0.1.0 into /workspace/builds/worker-2-tc1/source
[INFO] started tweaking crates.io crate snapfire_media 0.1.0
[INFO] finished tweaking crates.io crate snapfire_media 0.1.0
[INFO] tweaked toml for crates.io crate snapfire_media 0.1.0 written to /workspace/builds/worker-2-tc1/source/Cargo.toml
[INFO] validating manifest of crates.io crate snapfire_media 0.1.0 on toolchain 1.99.0-beta.8
[INFO] running `Command { std: CARGO_HOME="/workspace/cargo-home" RUSTUP_HOME="/workspace/rustup-home" "/workspace/cargo-home/bin/cargo" "+1.99.0-beta.8" "metadata" "--manifest-path" "Cargo.toml" "--no-deps", kill_on_drop: false }`
[INFO] crate crates.io crate snapfire_media 0.1.0 already has a lockfile, it will not be regenerated
[INFO] running `Command { std: CARGO_HOME="/workspace/cargo-home" RUSTUP_HOME="/workspace/rustup-home" "/workspace/cargo-home/bin/cargo" "+1.99.0-beta.8" "fetch" "--manifest-path" "Cargo.toml", kill_on_drop: false }`
[INFO] [stderr]     Updating crates.io index
[INFO] [stderr]  Downloading crates ...
[INFO] [stderr]   Downloaded mutate_once v0.1.2
[INFO] [stderr]   Downloaded imagesize v0.14.0
[INFO] [stderr]   Downloaded kamadak-exif v0.6.1
[INFO] [stderr]   Downloaded wuff v0.2.9
[INFO] running `Command { std: "docker" "create" "-v" "/var/lib/crater-agent-workspace/builds/worker-2-tc1/source:/opt/rustwide/workdir:ro,Z" "-v" "/var/lib/crater-agent-workspace/builds/worker-2-tc1/target:/opt/rustwide/target:rw,Z" "-v" "/var/lib/crater-agent-workspace/cargo-home:/opt/rustwide/cargo-home:ro,Z" "-v" "/var/lib/crater-agent-workspace/rustup-home:/opt/rustwide/rustup-home:ro,Z" "-m" "1610612736" "--network" "none" "ghcr.io/rust-lang/crates-build-env/linux@sha256:77db811e55d90add9212f6832c23229e3de5f1c1f9905e8cb07319ea15df73ac" "sleep" "infinity", kill_on_drop: false }`
[INFO] [stdout] 19e58c8ecb4d1c26ab0e1b92d226b12da1996649a6251a9348bddab32fe67f33
[INFO] running `Command { std: "docker" "start" "19e58c8ecb4d1c26ab0e1b92d226b12da1996649a6251a9348bddab32fe67f33", kill_on_drop: false }`
[INFO] running `Command { std: "docker" "inspect" "19e58c8ecb4d1c26ab0e1b92d226b12da1996649a6251a9348bddab32fe67f33", kill_on_drop: false }`
[INFO] running `Command { std: "docker" "exec" "-e" "SOURCE_DIR=/opt/rustwide/workdir" "-e" "CARGO_HOME=/opt/rustwide/cargo-home" "-e" "RUSTUP_HOME=/opt/rustwide/rustup-home" "-e" "CARGO_TARGET_DIR=/opt/rustwide/target" "-w" "/opt/rustwide/workdir" "--user" "0:0" "19e58c8ecb4d1c26ab0e1b92d226b12da1996649a6251a9348bddab32fe67f33" "/opt/rustwide/cargo-home/bin/cargo" "+1.99.0-beta.8" "metadata" "--no-deps" "--format-version=1", kill_on_drop: false }`
[INFO] running `Command { std: "docker" "inspect" "19e58c8ecb4d1c26ab0e1b92d226b12da1996649a6251a9348bddab32fe67f33", kill_on_drop: false }`
[INFO] running `Command { std: "docker" "exec" "-e" "SOURCE_DIR=/opt/rustwide/workdir" "-e" "CARGO_HOME=/opt/rustwide/cargo-home" "-e" "RUSTUP_HOME=/opt/rustwide/rustup-home" "-e" "CARGO_TARGET_DIR=/opt/rustwide/target" "-e" "CARGO_INCREMENTAL=0" "-e" "RUST_BACKTRACE=full" "-e" "RUSTFLAGS=--cap-lints=warn" "-e" "RUSTDOCFLAGS=--cap-lints=warn" "-w" "/opt/rustwide/workdir" "--user" "0:0" "19e58c8ecb4d1c26ab0e1b92d226b12da1996649a6251a9348bddab32fe67f33" "/opt/rustwide/cargo-home/bin/cargo" "+1.99.0-beta.8" "build" "--frozen" "--message-format=json" "--release", kill_on_drop: false }`
[INFO] [stderr]    Compiling syn v3.0.4
[INFO] [stderr]    Compiling crc32fast v1.5.1
[INFO] [stderr]    Compiling alloc-no-stdlib v2.0.4
[INFO] [stderr]    Compiling thiserror v2.0.20
[INFO] [stderr]    Compiling bytes v1.12.1
[INFO] [stderr]    Compiling mutate_once v0.1.2
[INFO] [stderr]    Compiling ttf-parser v0.25.1
[INFO] [stderr]    Compiling imagesize v0.14.0
[INFO] [stderr]    Compiling brotli-decompressor v5.0.3
[INFO] [stderr]    Compiling kamadak-exif v0.6.1
[INFO] [stderr]    Compiling flate2 v1.1.10
[INFO] [stderr]    Compiling wuff v0.2.9
[INFO] [stderr]    Compiling serde_derive v1.0.229
[INFO] [stderr]    Compiling thiserror-impl v2.0.20
[INFO] [stderr]    Compiling serde v1.0.229
[INFO] [stderr]    Compiling snapfire_media v0.1.0 (/opt/rustwide/workdir)
[INFO] [stderr]     Finished `release` profile [optimized] target(s) in 32.02s
[INFO] running `Command { std: "docker" "inspect" "19e58c8ecb4d1c26ab0e1b92d226b12da1996649a6251a9348bddab32fe67f33", kill_on_drop: false }`
[INFO] running `Command { std: "docker" "exec" "-e" "SOURCE_DIR=/opt/rustwide/workdir" "-e" "CARGO_HOME=/opt/rustwide/cargo-home" "-e" "RUSTUP_HOME=/opt/rustwide/rustup-home" "-e" "CARGO_TARGET_DIR=/opt/rustwide/target" "-e" "CARGO_INCREMENTAL=0" "-e" "RUST_BACKTRACE=full" "-e" "RUSTFLAGS=--cap-lints=warn" "-e" "RUSTDOCFLAGS=--cap-lints=warn" "-w" "/opt/rustwide/workdir" "--user" "0:0" "19e58c8ecb4d1c26ab0e1b92d226b12da1996649a6251a9348bddab32fe67f33" "/opt/rustwide/cargo-home/bin/cargo" "+1.99.0-beta.8" "test" "--frozen" "--no-run" "--message-format=json" "--release", kill_on_drop: false }`
[INFO] [stderr]    Compiling snapfire_media v0.1.0 (/opt/rustwide/workdir)
[INFO] [stderr]     Finished `release` profile [optimized] target(s) in 3.06s
[INFO] running `Command { std: "docker" "inspect" "19e58c8ecb4d1c26ab0e1b92d226b12da1996649a6251a9348bddab32fe67f33", kill_on_drop: false }`
[INFO] running `Command { std: "docker" "exec" "-e" "SOURCE_DIR=/opt/rustwide/workdir" "-e" "CARGO_HOME=/opt/rustwide/cargo-home" "-e" "RUSTUP_HOME=/opt/rustwide/rustup-home" "-e" "CARGO_TARGET_DIR=/opt/rustwide/target" "-e" "CARGO_INCREMENTAL=0" "-e" "RUST_BACKTRACE=full" "-e" "RUSTFLAGS=--cap-lints=warn" "-e" "RUSTDOCFLAGS=--cap-lints=warn" "-w" "/opt/rustwide/workdir" "--user" "0:0" "19e58c8ecb4d1c26ab0e1b92d226b12da1996649a6251a9348bddab32fe67f33" "/opt/rustwide/cargo-home/bin/cargo" "+1.99.0-beta.8" "test" "--frozen" "--release", kill_on_drop: false }`
[INFO] [stderr]     Finished `release` profile [optimized] target(s) in 0.07s
[INFO] [stderr]      Running unittests src/lib.rs (/opt/rustwide/target/release/deps/snapfire_media-3a5cd9628f16cb3f)
[INFO] [stdout] 
[INFO] [stdout] running 10 tests
[INFO] [stdout] test image::tests::a_file_without_a_tag_is_upright_at_its_stored_size ... ok
[INFO] [stdout] test font::tests::an_unknown_fallback_is_none_and_the_known_ones_are_listed ... ok
[INFO] [stdout] test image::tests::an_svg_is_sized_by_its_attributes_or_its_view_box_and_never_rotated ... ok
[INFO] [stdout] test font::tests::the_fallback_face_scales_arial_to_inters_advance_and_overrides_the_vertical_metrics ... FAILED
[INFO] [stdout] test image::tests::a_tagged_jpeg_png_and_webp_report_the_displayed_size_and_the_tag ... FAILED
[INFO] [stdout] test font::tests::bytes_that_are_not_a_font_are_refused_with_the_path ... ok
[INFO] [stdout] test font::tests::a_subset_without_a_to_z_reads_with_no_average_width_and_sizes_no_fallback ... FAILED
[INFO] [stdout] test font::tests::a_woff2_is_read_for_its_family_weight_style_and_metrics ... FAILED
[INFO] [stdout] test image::tests::a_tag_outside_one_to_eight_reads_as_upright ... FAILED
[INFO] [stdout] test image::tests::bytes_that_are_not_an_image_are_refused_with_the_path ... ok
[INFO] [stdout] 
[INFO] [stdout] failures:
[INFO] [stdout] 
[INFO] [stdout] ---- font::tests::the_fallback_face_scales_arial_to_inters_advance_and_overrides_the_vertical_metrics stdout ----
[INFO] [stdout] 
[INFO] [stdout] thread 'font::tests::the_fallback_face_scales_arial_to_inters_advance_and_overrides_the_vertical_metrics' (482) panicked at src/font.rs:240:61:
[INFO] [stdout] called `Result::unwrap()` on an `Err` value: Io("/opt/rustwide/workdir/tests/fixtures/Inter-Regular.woff2", Os { code: 2, kind: NotFound, message: "No such file or directory" })
[INFO] [stdout] stack backtrace:
[INFO] [stdout]    0:     0x5fe49594a691 - <<std[70759c8f55707aa4]::sys::backtrace::BacktraceLock>::print::DisplayBacktrace as core[df12db4294e9bfd3]::fmt::Display>::fmt
[INFO] [stdout]    1:     0x5fe49595f8fa - core[df12db4294e9bfd3]::fmt::write
[INFO] [stdout]    2:     0x5fe49594ebfc - <alloc[2182bb758b4b3781]::vec::Vec<u8> as core[df12db4294e9bfd3]::io::write::Write>::write_fmt
[INFO] [stdout]    3:     0x5fe4959266a6 - std[70759c8f55707aa4]::panicking::default_hook::{closure#0}
[INFO] [stdout]    4:     0x5fe495942ad9 - std[70759c8f55707aa4]::panicking::default_hook
[INFO] [stdout]    5:     0x5fe4958de6f0 - test[9d35eded1c95d3be]::test_main_inner::<test[9d35eded1c95d3be]::test_main_static::{closure#0}>::{closure#0}
[INFO] [stdout]    6:     0x5fe495942c92 - std[70759c8f55707aa4]::panicking::panic_with_hook
[INFO] [stdout]    7:     0x5fe495926752 - std[70759c8f55707aa4]::panicking::panic_handler::{closure#0}
[INFO] [stdout]    8:     0x5fe49591f319 - std[70759c8f55707aa4]::sys::backtrace::__rust_end_short_backtrace::<std[70759c8f55707aa4]::panicking::panic_handler::{closure#0}, !>
[INFO] [stdout]    9:     0x5fe49592734d - __rustc[8fa7c3cbc660c2b3]::rust_begin_unwind
[INFO] [stdout]   10:     0x5fe49596002c - core[df12db4294e9bfd3]::panicking::panic_fmt
[INFO] [stdout]   11:     0x5fe49595fe02 - core[df12db4294e9bfd3]::result::unwrap_failed
[INFO] [stdout]   12:     0x5fe4958956e6 - snapfire_media[3dcf6adbfa933b4a]::font::tests::the_fallback_face_scales_arial_to_inters_advance_and_overrides_the_vertical_metrics
[INFO] [stdout]   13:     0x5fe4958943c9 - <snapfire_media[3dcf6adbfa933b4a]::font::tests::the_fallback_face_scales_arial_to_inters_advance_and_overrides_the_vertical_metrics::{closure#0} as core[df12db4294e9bfd3]::ops::function::FnOnce<()>>::call_once
[INFO] [stdout]   14:     0x5fe4958d19db - test[9d35eded1c95d3be]::__rust_begin_short_backtrace::<core[df12db4294e9bfd3]::result::Result<(), alloc[2182bb758b4b3781]::string::String>, fn() -> core[df12db4294e9bfd3]::result::Result<(), alloc[2182bb758b4b3781]::string::String>>
[INFO] [stdout]   15:     0x5fe4958df045 - test[9d35eded1c95d3be]::run_test::{closure#0}
[INFO] [stdout]   16:     0x5fe4958d8904 - std[70759c8f55707aa4]::sys::backtrace::__rust_begin_short_backtrace::<test[9d35eded1c95d3be]::run_test::{closure#1}, ()>
[INFO] [stdout]   17:     0x5fe4958e21a2 - <std[70759c8f55707aa4]::thread::lifecycle::spawn_unchecked<test[9d35eded1c95d3be]::run_test::{closure#1}, ()>::{closure#1} as core[df12db4294e9bfd3]::ops::function::FnOnce<()>>::call_once::{shim:vtable#0}
[INFO] [stdout]   18:     0x5fe495949c49 - <std[70759c8f55707aa4]::sys::thread::unix::Thread>::new::thread_start
[INFO] [stdout]   19:     0x76d837bc4dfa - <unknown>
[INFO] [stdout]   20:     0x76d837c583d4 - clone
[INFO] [stdout]   21:                0x0 - <unknown>
[INFO] [stdout] 
[INFO] [stdout] ---- image::tests::a_tagged_jpeg_png_and_webp_report_the_displayed_size_and_the_tag stdout ----
[INFO] [stdout] 
[INFO] [stdout] thread 'image::tests::a_tagged_jpeg_png_and_webp_report_the_displayed_size_and_the_tag' (485) panicked at src/image.rs:113:92:
[INFO] [stdout] called `Result::unwrap()` on an `Err` value: Os { code: 2, kind: NotFound, message: "No such file or directory" }
[INFO] [stdout] stack backtrace:
[INFO] [stdout]    0:     0x5fe49594a691 - <<std[70759c8f55707aa4]::sys::backtrace::BacktraceLock>::print::DisplayBacktrace as core[df12db4294e9bfd3]::fmt::Display>::fmt
[INFO] [stdout]    1:     0x5fe49595f8fa - core[df12db4294e9bfd3]::fmt::write
[INFO] [stdout]    2:     0x5fe49594ebfc - <alloc[2182bb758b4b3781]::vec::Vec<u8> as core[df12db4294e9bfd3]::io::write::Write>::write_fmt
[INFO] [stdout]    3:     0x5fe4959266a6 - std[70759c8f55707aa4]::panicking::default_hook::{closure#0}
[INFO] [stdout]    4:     0x5fe495942ad9 - std[70759c8f55707aa4]::panicking::default_hook
[INFO] [stdout]    5:     0x5fe4958de6f0 - test[9d35eded1c95d3be]::test_main_inner::<test[9d35eded1c95d3be]::test_main_static::{closure#0}>::{closure#0}
[INFO] [stdout]    6:     0x5fe495942c92 - std[70759c8f55707aa4]::panicking::panic_with_hook
[INFO] [stdout]    7:     0x5fe495926752 - std[70759c8f55707aa4]::panicking::panic_handler::{closure#0}
[INFO] [stdout]    8:     0x5fe49591f319 - std[70759c8f55707aa4]::sys::backtrace::__rust_end_short_backtrace::<std[70759c8f55707aa4]::panicking::panic_handler::{closure#0}, !>
[INFO] [stdout]    9:     0x5fe49592734d - __rustc[8fa7c3cbc660c2b3]::rust_begin_unwind
[INFO] [stdout]   10:     0x5fe49596002c - core[df12db4294e9bfd3]::panicking::panic_fmt
[INFO] [stdout]   11:     0x5fe49595fe02 - core[df12db4294e9bfd3]::result::unwrap_failed
[INFO] [stdout]   12:     0x5fe4958977f5 - snapfire_media[3dcf6adbfa933b4a]::image::tests::fixture
[INFO] [stdout]   13:     0x5fe495898193 - snapfire_media[3dcf6adbfa933b4a]::image::tests::a_tagged_jpeg_png_and_webp_report_the_displayed_size_and_the_tag
[INFO] [stdout]   14:     0x5fe495894449 - <snapfire_media[3dcf6adbfa933b4a]::image::tests::a_tagged_jpeg_png_and_webp_report_the_displayed_size_and_the_tag::{closure#0} as core[df12db4294e9bfd3]::ops::function::FnOnce<()>>::call_once
[INFO] [stdout]   15:     0x5fe4958d19db - test[9d35eded1c95d3be]::__rust_begin_short_backtrace::<core[df12db4294e9bfd3]::result::Result<(), alloc[2182bb758b4b3781]::string::String>, fn() -> core[df12db4294e9bfd3]::result::Result<(), alloc[2182bb758b4b3781]::string::String>>
[INFO] [stdout]   16:     0x5fe4958df045 - test[9d35eded1c95d3be]::run_test::{closure#0}
[INFO] [stdout]   17:     0x5fe4958d8904 - std[70759c8f55707aa4]::sys::backtrace::__rust_begin_short_backtrace::<test[9d35eded1c95d3be]::run_test::{closure#1}, ()>
[INFO] [stdout]   18:     0x5fe4958e21a2 - <std[70759c8f55707aa4]::thread::lifecycle::spawn_unchecked<test[9d35eded1c95d3be]::run_test::{closure#1}, ()>::{closure#1} as core[df12db4294e9bfd3]::ops::function::FnOnce<()>>::call_once::{shim:vtable#0}
[INFO] [stdout]   19:     0x5fe495949c49 - <std[70759c8f55707aa4]::sys::thread::unix::Thread>::new::thread_start
[INFO] [stdout]   20:     0x76d837bc4dfa - <unknown>
[INFO] [stdout]   21:     0x76d837c583d4 - clone
[INFO] [stdout]   22:                0x0 - <unknown>
[INFO] [stdout] 
[INFO] [stdout] ---- font::tests::a_subset_without_a_to_z_reads_with_no_average_width_and_sizes_no_fallback stdout ----
[INFO] [stdout] 
[INFO] [stdout] thread 'font::tests::a_subset_without_a_to_z_reads_with_no_average_width_and_sizes_no_fallback' (478) panicked at src/font.rs:265:76:
[INFO] [stdout] called `Result::unwrap()` on an `Err` value: Io("/opt/rustwide/workdir/tests/fixtures/Fraunces-400-vietnamese.woff2", Os { code: 2, kind: NotFound, message: "No such file or directory" })
[INFO] [stdout] stack backtrace:
[INFO] [stdout]    0:     0x5fe49594a691 - <<std[70759c8f55707aa4]::sys::backtrace::BacktraceLock>::print::DisplayBacktrace as core[df12db4294e9bfd3]::fmt::Display>::fmt
[INFO] [stdout]    1:     0x5fe49595f8fa - core[df12db4294e9bfd3]::fmt::write
[INFO] [stdout]    2:     0x5fe49594ebfc - <alloc[2182bb758b4b3781]::vec::Vec<u8> as core[df12db4294e9bfd3]::io::write::Write>::write_fmt
[INFO] [stdout]    3:     0x5fe4959266a6 - std[70759c8f55707aa4]::panicking::default_hook::{closure#0}
[INFO] [stdout]    4:     0x5fe495942ad9 - std[70759c8f55707aa4]::panicking::default_hook
[INFO] [stdout]    5:     0x5fe4958de6f0 - test[9d35eded1c95d3be]::test_main_inner::<test[9d35eded1c95d3be]::test_main_static::{closure#0}>::{closure#0}
[INFO] [stdout]    6:     0x5fe495942c92 - std[70759c8f55707aa4]::panicking::panic_with_hook
[INFO] [stdout]    7:     0x5fe495926752 - std[70759c8f55707aa4]::panicking::panic_handler::{closure#0}
[INFO] [stdout]    8:     0x5fe49591f319 - std[70759c8f55707aa4]::sys::backtrace::__rust_end_short_backtrace::<std[70759c8f55707aa4]::panicking::panic_handler::{closure#0}, !>
[INFO] [stdout]    9:     0x5fe49592734d - __rustc[8fa7c3cbc660c2b3]::rust_begin_unwind
[INFO] [stdout]   10:     0x5fe49596002c - core[df12db4294e9bfd3]::panicking::panic_fmt
[INFO] [stdout]   11:     0x5fe49595fe02 - core[df12db4294e9bfd3]::result::unwrap_failed
[INFO] [stdout]   12:     0x5fe495895328 - snapfire_media[3dcf6adbfa933b4a]::font::tests::a_subset_without_a_to_z_reads_with_no_average_width_and_sizes_no_fallback
[INFO] [stdout]   13:     0x5fe4958943a9 - <snapfire_media[3dcf6adbfa933b4a]::font::tests::a_subset_without_a_to_z_reads_with_no_average_width_and_sizes_no_fallback::{closure#0} as core[df12db4294e9bfd3]::ops::function::FnOnce<()>>::call_once
[INFO] [stdout]   14:     0x5fe4958d19db - test[9d35eded1c95d3be]::__rust_begin_short_backtrace::<core[df12db4294e9bfd3]::result::Result<(), alloc[2182bb758b4b3781]::string::String>, fn() -> core[df12db4294e9bfd3]::result::Result<(), alloc[2182bb758b4b3781]::string::String>>
[INFO] [stdout]   15:     0x5fe4958df045 - test[9d35eded1c95d3be]::run_test::{closure#0}
[INFO] [stdout]   16:     0x5fe4958d8904 - std[70759c8f55707aa4]::sys::backtrace::__rust_begin_short_backtrace::<test[9d35eded1c95d3be]::run_test::{closure#1}, ()>
[INFO] [stdout]   17:     0x5fe4958e21a2 - <std[70759c8f55707aa4]::thread::lifecycle::spawn_unchecked<test[9d35eded1c95d3be]::run_test::{closure#1}, ()>::{closure#1} as core[df12db4294e9bfd3]::ops::function::FnOnce<()>>::call_once::{shim:vtable#0}
[INFO] [stdout]   18:     0x5fe495949c49 - <std[70759c8f55707aa4]::sys::thread::unix::Thread>::new::thread_start
[INFO] [stdout]   19:     0x76d837bc4dfa - <unknown>
[INFO] [stdout]   20:     0x76d837c583d4 - clone
[INFO] [stdout]   21:                0x0 - <unknown>
[INFO] [stdout] 
[INFO] [stdout] ---- font::tests::a_woff2_is_read_for_its_family_weight_style_and_metrics stdout ----
[INFO] [stdout] 
[INFO] [stdout] thread 'font::tests::a_woff2_is_read_for_its_family_weight_style_and_metrics' (479) panicked at src/font.rs:221:63:
[INFO] [stdout] called `Result::unwrap()` on an `Err` value: Io("/opt/rustwide/workdir/tests/fixtures/Inter-Regular.woff2", Os { code: 2, kind: NotFound, message: "No such file or directory" })
[INFO] [stdout] stack backtrace:
[INFO] [stdout]    0:     0x5fe49594a691 - <<std[70759c8f55707aa4]::sys::backtrace::BacktraceLock>::print::DisplayBacktrace as core[df12db4294e9bfd3]::fmt::Display>::fmt
[INFO] [stdout]    1:     0x5fe49595f8fa - core[df12db4294e9bfd3]::fmt::write
[INFO] [stdout]    2:     0x5fe49594ebfc - <alloc[2182bb758b4b3781]::vec::Vec<u8> as core[df12db4294e9bfd3]::io::write::Write>::write_fmt
[INFO] [stdout]    3:     0x5fe4959266a6 - std[70759c8f55707aa4]::panicking::default_hook::{closure#0}
[INFO] [stdout]    4:     0x5fe495942ad9 - std[70759c8f55707aa4]::panicking::default_hook
[INFO] [stdout]    5:     0x5fe4958de6f0 - test[9d35eded1c95d3be]::test_main_inner::<test[9d35eded1c95d3be]::test_main_static::{closure#0}>::{closure#0}
[INFO] [stdout]    6:     0x5fe495942c92 - std[70759c8f55707aa4]::panicking::panic_with_hook
[INFO] [stdout]    7:     0x5fe495926752 - std[70759c8f55707aa4]::panicking::panic_handler::{closure#0}
[INFO] [stdout]    8:     0x5fe49591f319 - std[70759c8f55707aa4]::sys::backtrace::__rust_end_short_backtrace::<std[70759c8f55707aa4]::panicking::panic_handler::{closure#0}, !>
[INFO] [stdout]    9:     0x5fe49592734d - __rustc[8fa7c3cbc660c2b3]::rust_begin_unwind
[INFO] [stdout]   10:     0x5fe49596002c - core[df12db4294e9bfd3]::panicking::panic_fmt
[INFO] [stdout]   11:     0x5fe49595fe02 - core[df12db4294e9bfd3]::result::unwrap_failed
[INFO] [stdout]   12:     0x5fe495894df2 - snapfire_media[3dcf6adbfa933b4a]::font::tests::a_woff2_is_read_for_its_family_weight_style_and_metrics
[INFO] [stdout]   13:     0x5fe495894369 - <snapfire_media[3dcf6adbfa933b4a]::font::tests::a_woff2_is_read_for_its_family_weight_style_and_metrics::{closure#0} as core[df12db4294e9bfd3]::ops::function::FnOnce<()>>::call_once
[INFO] [stdout]   14:     0x5fe4958d19db - test[9d35eded1c95d3be]::__rust_begin_short_backtrace::<core[df12db4294e9bfd3]::result::Result<(), alloc[2182bb758b4b3781]::string::String>, fn() -> core[df12db4294e9bfd3]::result::Result<(), alloc[2182bb758b4b3781]::string::String>>
[INFO] [stdout]   15:     0x5fe4958df045 - test[9d35eded1c95d3be]::run_test::{closure#0}
[INFO] [stdout]   16:     0x5fe4958d8904 - std[70759c8f55707aa4]::sys::backtrace::__rust_begin_short_backtrace::<test[9d35eded1c95d3be]::run_test::{closure#1}, ()>
[INFO] [stdout]   17:     0x5fe4958e21a2 - <std[70759c8f55707aa4]::thread::lifecycle::spawn_unchecked<test[9d35eded1c95d3be]::run_test::{closure#1}, ()>::{closure#1} as core[df12db4294e9bfd3]::ops::function::FnOnce<()>>::call_once::{shim:vtable#0}
[INFO] [stdout]   18:     0x5fe495949c49 - <std[70759c8f55707aa4]::sys::thread::unix::Thread>::new::thread_start
[INFO] [stdout]   19:     0x76d837bc4dfa - <unknown>
[INFO] [stdout]   20:     0x76d837c583d4 - clone
[INFO] [stdout]   21:                0x0 - <unknown>
[INFO] [stdout] 
[INFO] [stdout] ---- image::tests::a_tag_outside_one_to_eight_reads_as_upright stdout ----
[INFO] [stdout] 
[INFO] [stdout] thread 'image::tests::a_tag_outside_one_to_eight_reads_as_upright' (484) panicked at src/image.rs:113:92:
[INFO] [stdout] called `Result::unwrap()` on an `Err` value: Os { code: 2, kind: NotFound, message: "No such file or directory" }
[INFO] [stdout] stack backtrace:
[INFO] [stdout]    0:     0x5fe49594a691 - <<std[70759c8f55707aa4]::sys::backtrace::BacktraceLock>::print::DisplayBacktrace as core[df12db4294e9bfd3]::fmt::Display>::fmt
[INFO] [stdout]    1:     0x5fe49595f8fa - core[df12db4294e9bfd3]::fmt::write
[INFO] [stdout]    2:     0x5fe49594ebfc - <alloc[2182bb758b4b3781]::vec::Vec<u8> as core[df12db4294e9bfd3]::io::write::Write>::write_fmt
[INFO] [stdout]    3:     0x5fe4959266a6 - std[70759c8f55707aa4]::panicking::default_hook::{closure#0}
[INFO] [stdout]    4:     0x5fe495942ad9 - std[70759c8f55707aa4]::panicking::default_hook
[INFO] [stdout]    5:     0x5fe4958de6f0 - test[9d35eded1c95d3be]::test_main_inner::<test[9d35eded1c95d3be]::test_main_static::{closure#0}>::{closure#0}
[INFO] [stdout]    6:     0x5fe495942c92 - std[70759c8f55707aa4]::panicking::panic_with_hook
[INFO] [stdout]    7:     0x5fe495926752 - std[70759c8f55707aa4]::panicking::panic_handler::{closure#0}
[INFO] [stdout]    8:     0x5fe49591f319 - std[70759c8f55707aa4]::sys::backtrace::__rust_end_short_backtrace::<std[70759c8f55707aa4]::panicking::panic_handler::{closure#0}, !>
[INFO] [stdout]    9:     0x5fe49592734d - __rustc[8fa7c3cbc660c2b3]::rust_begin_unwind
[INFO] [stdout]   10:     0x5fe49596002c - core[df12db4294e9bfd3]::panicking::panic_fmt
[INFO] [stdout]   11:     0x5fe49595fe02 - core[df12db4294e9bfd3]::result::unwrap_failed
[INFO] [stdout]   12:     0x5fe4958977f5 - snapfire_media[3dcf6adbfa933b4a]::image::tests::fixture
[INFO] [stdout]   13:     0x5fe495897870 - snapfire_media[3dcf6adbfa933b4a]::image::tests::a_tag_outside_one_to_eight_reads_as_upright
[INFO] [stdout]   14:     0x5fe4958943e9 - <snapfire_media[3dcf6adbfa933b4a]::image::tests::a_tag_outside_one_to_eight_reads_as_upright::{closure#0} as core[df12db4294e9bfd3]::ops::function::FnOnce<()>>::call_once
[INFO] [stdout]   15:     0x5fe4958d19db - test[9d35eded1c95d3be]::__rust_begin_short_backtrace::<core[df12db4294e9bfd3]::result::Result<(), alloc[2182bb758b4b3781]::string::String>, fn() -> core[df12db4294e9bfd3]::result::Result<(), alloc[2182bb758b4b3781]::string::String>>
[INFO] [stdout]   16:     0x5fe4958df045 - test[9d35eded1c95d3be]::run_test::{closure#0}
[INFO] [stdout]   17:     0x5fe4958d8904 - std[70759c8f55707aa4]::sys::backtrace::__rust_begin_short_backtrace::<test[9d35eded1c95d3be]::run_test::{closure#1}, ()>
[INFO] [stdout]   18:     0x5fe4958e21a2 - <std[70759c8f55707aa4]::thread::lifecycle::spawn_unchecked<test[9d35eded1c95d3be]::run_test::{closure#1}, ()>::{closure#1} as core[df12db4294e9bfd3]::ops::function::FnOnce<()>>::call_once::{shim:vtable#0}
[INFO] [stdout]   19:     0x5fe495949c49 - <std[70759c8f55707aa4]::sys::thread::unix::Thread>::new::thread_start
[INFO] [stdout]   20:     0x76d837bc4dfa - <unknown>
[INFO] [stdout]   21:     0x76d837c583d4 - clone
[INFO] [stdout]   22:                0x0 - <unknown>
[INFO] [stdout] 
[INFO] [stdout] 
[INFO] [stdout] failures:
[INFO] [stdout]     font::tests::a_subset_without_a_to_z_reads_with_no_average_width_and_sizes_no_fallback
[INFO] [stdout]     font::tests::a_woff2_is_read_for_its_family_weight_style_and_metrics
[INFO] [stdout]     font::tests::the_fallback_face_scales_arial_to_inters_advance_and_overrides_the_vertical_metrics
[INFO] [stdout]     image::tests::a_tag_outside_one_to_eight_reads_as_upright
[INFO] [stdout]     image::tests::a_tagged_jpeg_png_and_webp_report_the_displayed_size_and_the_tag
[INFO] [stdout] 
[INFO] [stdout] test result: FAILED. 5 passed; 5 failed; 0 ignored; 0 measured; 0 filtered out; finished in 0.00s
[INFO] [stdout] 
[INFO] [stderr] error: test failed, to rerun pass `--lib`
[INFO] running `Command { std: "docker" "inspect" "19e58c8ecb4d1c26ab0e1b92d226b12da1996649a6251a9348bddab32fe67f33", kill_on_drop: false }`
[INFO] running `Command { std: "docker" "rm" "-f" "19e58c8ecb4d1c26ab0e1b92d226b12da1996649a6251a9348bddab32fe67f33", kill_on_drop: false }`
[INFO] [stdout] 19e58c8ecb4d1c26ab0e1b92d226b12da1996649a6251a9348bddab32fe67f33
