[INFO] fetching crate snap-coin 16.1.0...
[INFO] testing snap-coin-16.1.0 against 1.99.0-beta.8+cargoflags=--release for beta-release-1.100-2
[INFO] extracting crate snap-coin 16.1.0 into /workspace/builds/worker-3-tc1/source
[INFO] started tweaking crates.io crate snap-coin 16.1.0
[INFO] finished tweaking crates.io crate snap-coin 16.1.0
[INFO] tweaked toml for crates.io crate snap-coin 16.1.0 written to /workspace/builds/worker-3-tc1/source/Cargo.toml
[INFO] validating manifest of crates.io crate snap-coin 16.1.0 on toolchain 1.99.0-beta.8
[INFO] running `Command { std: CARGO_HOME="/workspace/cargo-home" RUSTUP_HOME="/workspace/rustup-home" "/workspace/cargo-home/bin/cargo" "+1.99.0-beta.8" "metadata" "--manifest-path" "Cargo.toml" "--no-deps", kill_on_drop: false }`
[INFO] crate crates.io crate snap-coin 16.1.0 already has a lockfile, it will not be regenerated
[INFO] running `Command { std: CARGO_HOME="/workspace/cargo-home" RUSTUP_HOME="/workspace/rustup-home" "/workspace/cargo-home/bin/cargo" "+1.99.0-beta.8" "fetch" "--manifest-path" "Cargo.toml", kill_on_drop: false }`
[INFO] [stderr]     Updating crates.io index
[INFO] [stderr]  Downloading crates ...
[INFO] [stderr]   Downloaded rustdom-x-argon2 v2.1.0
[INFO] [stderr]   Downloaded rustdom-x v1.1.0
[INFO] [stderr]   Downloaded blake2b_simd v1.0.4
[INFO] [stderr]   Downloaded flexi_logger v0.31.7
[INFO] [stderr]   Downloaded randomx-rs v1.4.1
[INFO] running `Command { std: "docker" "create" "-v" "/var/lib/crater-agent-workspace/builds/worker-3-tc1/source:/opt/rustwide/workdir:ro,Z" "-v" "/var/lib/crater-agent-workspace/builds/worker-3-tc1/target:/opt/rustwide/target:rw,Z" "-v" "/var/lib/crater-agent-workspace/cargo-home:/opt/rustwide/cargo-home:ro,Z" "-v" "/var/lib/crater-agent-workspace/rustup-home:/opt/rustwide/rustup-home:ro,Z" "-m" "1610612736" "--network" "none" "ghcr.io/rust-lang/crates-build-env/linux@sha256:77db811e55d90add9212f6832c23229e3de5f1c1f9905e8cb07319ea15df73ac" "sleep" "infinity", kill_on_drop: false }`
[INFO] [stdout] c781c59cf39d5dfca0fbb7c658c8490aec0ebfeb866f136ab049487ad5cc9f93
[INFO] running `Command { std: "docker" "start" "c781c59cf39d5dfca0fbb7c658c8490aec0ebfeb866f136ab049487ad5cc9f93", kill_on_drop: false }`
[INFO] running `Command { std: "docker" "inspect" "c781c59cf39d5dfca0fbb7c658c8490aec0ebfeb866f136ab049487ad5cc9f93", kill_on_drop: false }`
[INFO] running `Command { std: "docker" "exec" "-e" "SOURCE_DIR=/opt/rustwide/workdir" "-e" "CARGO_HOME=/opt/rustwide/cargo-home" "-e" "RUSTUP_HOME=/opt/rustwide/rustup-home" "-e" "CARGO_TARGET_DIR=/opt/rustwide/target" "-w" "/opt/rustwide/workdir" "--user" "0:0" "c781c59cf39d5dfca0fbb7c658c8490aec0ebfeb866f136ab049487ad5cc9f93" "/opt/rustwide/cargo-home/bin/cargo" "+1.99.0-beta.8" "metadata" "--no-deps" "--format-version=1", kill_on_drop: false }`
[INFO] running `Command { std: "docker" "inspect" "c781c59cf39d5dfca0fbb7c658c8490aec0ebfeb866f136ab049487ad5cc9f93", kill_on_drop: false }`
[INFO] running `Command { std: "docker" "exec" "-e" "SOURCE_DIR=/opt/rustwide/workdir" "-e" "CARGO_HOME=/opt/rustwide/cargo-home" "-e" "RUSTUP_HOME=/opt/rustwide/rustup-home" "-e" "CARGO_TARGET_DIR=/opt/rustwide/target" "-e" "CARGO_INCREMENTAL=0" "-e" "RUST_BACKTRACE=full" "-e" "RUSTFLAGS=--cap-lints=warn" "-e" "RUSTDOCFLAGS=--cap-lints=warn" "-w" "/opt/rustwide/workdir" "--user" "0:0" "c781c59cf39d5dfca0fbb7c658c8490aec0ebfeb866f136ab049487ad5cc9f93" "/opt/rustwide/cargo-home/bin/cargo" "+1.99.0-beta.8" "build" "--frozen" "--message-format=json" "--release", kill_on_drop: false }`
[INFO] [stderr]    Compiling parking_lot_core v0.8.6
[INFO] [stderr]    Compiling futures-sink v0.3.31
[INFO] [stderr]    Compiling instant v0.1.13
[INFO] [stderr]    Compiling curve25519-dalek v4.1.3
[INFO] [stderr]    Compiling syn v2.0.111
[INFO] [stderr]    Compiling getrandom v0.3.4
[INFO] [stderr]    Compiling zeroize v1.8.2
[INFO] [stderr]    Compiling serde_json v1.0.145
[INFO] [stderr]    Compiling iana-time-zone v0.1.64
[INFO] [stderr]    Compiling virtue v0.0.18
[INFO] [stderr]    Compiling regex v1.12.2
[INFO] [stderr]    Compiling fs2 v0.4.3
[INFO] [stderr]    Compiling socket2 v0.6.1
[INFO] [stderr]    Compiling unty v0.0.4
[INFO] [stderr]    Compiling c_linked_list v1.1.1
[INFO] [stderr]    Compiling num-bigint v0.4.6
[INFO] [stderr]    Compiling get_if_addrs v0.5.3
[INFO] [stderr]    Compiling bitflags v2.11.0
[INFO] [stderr]    Compiling futures-channel v0.3.31
[INFO] [stderr]    Compiling chrono v0.4.42
[INFO] [stderr]    Compiling rand_core v0.9.3
[INFO] [stderr]    Compiling parking_lot v0.11.2
[INFO] [stderr]    Compiling rand_chacha v0.9.0
[INFO] [stderr]    Compiling sled v0.34.7
[INFO] [stderr]    Compiling rand v0.9.2
[INFO] [stderr]    Compiling bincode_derive v2.0.1
[INFO] [stderr]    Compiling futures-macro v0.3.31
[INFO] [stderr]    Compiling thiserror-impl v2.0.17
[INFO] [stderr]    Compiling serde_derive v1.0.228
[INFO] [stderr]    Compiling curve25519-dalek-derive v0.1.1
[INFO] [stderr]    Compiling tokio-macros v2.6.0
[INFO] [stderr]    Compiling async-trait v0.1.89
[INFO] [stderr]    Compiling tokio v1.48.0
[INFO] [stderr]    Compiling futures-util v0.3.31
[INFO] [stderr]    Compiling thiserror v2.0.17
[INFO] [stderr]    Compiling flexi_logger v0.31.7
[INFO] [stderr]    Compiling ed25519-dalek v2.2.0
[INFO] [stderr]    Compiling serde v1.0.228
[INFO] [stderr]    Compiling bincode v2.0.1
[INFO] [stderr]    Compiling futures-executor v0.3.31
[INFO] [stderr]    Compiling futures v0.3.31
[INFO] [stderr]    Compiling snap-coin v16.1.0 (/opt/rustwide/workdir)
[INFO] [stderr]     Finished `release` profile [optimized] target(s) in 49.78s
[INFO] running `Command { std: "docker" "inspect" "c781c59cf39d5dfca0fbb7c658c8490aec0ebfeb866f136ab049487ad5cc9f93", kill_on_drop: false }`
[INFO] running `Command { std: "docker" "exec" "-e" "SOURCE_DIR=/opt/rustwide/workdir" "-e" "CARGO_HOME=/opt/rustwide/cargo-home" "-e" "RUSTUP_HOME=/opt/rustwide/rustup-home" "-e" "CARGO_TARGET_DIR=/opt/rustwide/target" "-e" "CARGO_INCREMENTAL=0" "-e" "RUST_BACKTRACE=full" "-e" "RUSTFLAGS=--cap-lints=warn" "-e" "RUSTDOCFLAGS=--cap-lints=warn" "-w" "/opt/rustwide/workdir" "--user" "0:0" "c781c59cf39d5dfca0fbb7c658c8490aec0ebfeb866f136ab049487ad5cc9f93" "/opt/rustwide/cargo-home/bin/cargo" "+1.99.0-beta.8" "test" "--frozen" "--no-run" "--message-format=json" "--release", kill_on_drop: false }`
[INFO] [stderr]    Compiling snap-coin v16.1.0 (/opt/rustwide/workdir)
[INFO] [stdout] warning: unused import: `node::mempool::MemPool`
[INFO] [stdout]   --> src/tests/blockchain_tests.rs:14:5
[INFO] [stdout]    |
[INFO] [stdout] 14 |     node::mempool::MemPool,
[INFO] [stdout]    |     ^^^^^^^^^^^^^^^^^^^^^^
[INFO] [stdout]    |
[INFO] [stdout]    = note: `#[warn(unused_imports)]` (part of `#[warn(unused)]`) on by default
[INFO] [stdout] 
[INFO] [stdout] 
[INFO] [stderr]     Finished `release` profile [optimized] target(s) in 6.92s
[INFO] running `Command { std: "docker" "inspect" "c781c59cf39d5dfca0fbb7c658c8490aec0ebfeb866f136ab049487ad5cc9f93", kill_on_drop: false }`
[INFO] running `Command { std: "docker" "exec" "-e" "SOURCE_DIR=/opt/rustwide/workdir" "-e" "CARGO_HOME=/opt/rustwide/cargo-home" "-e" "RUSTUP_HOME=/opt/rustwide/rustup-home" "-e" "CARGO_TARGET_DIR=/opt/rustwide/target" "-e" "CARGO_INCREMENTAL=0" "-e" "RUST_BACKTRACE=full" "-e" "RUSTFLAGS=--cap-lints=warn" "-e" "RUSTDOCFLAGS=--cap-lints=warn" "-w" "/opt/rustwide/workdir" "--user" "0:0" "c781c59cf39d5dfca0fbb7c658c8490aec0ebfeb866f136ab049487ad5cc9f93" "/opt/rustwide/cargo-home/bin/cargo" "+1.99.0-beta.8" "test" "--frozen" "--release", kill_on_drop: false }`
[INFO] [stderr] warning: unused import: `node::mempool::MemPool`
[INFO] [stderr]   --> src/tests/blockchain_tests.rs:14:5
[INFO] [stderr]    |
[INFO] [stderr] 14 |     node::mempool::MemPool,
[INFO] [stderr]    |     ^^^^^^^^^^^^^^^^^^^^^^
[INFO] [stderr]    |
[INFO] [stderr]    = note: `#[warn(unused_imports)]` (part of `#[warn(unused)]`) on by default
[INFO] [stderr] 
[INFO] [stderr] warning: `snap-coin` (lib test) generated 1 warning (run `cargo fix --lib -p snap-coin --tests` to apply 1 suggestion)
[INFO] [stderr]     Finished `release` profile [optimized] target(s) in 0.12s
[INFO] [stderr]      Running unittests src/lib.rs (/opt/rustwide/target/release/deps/snap_coin-9e48d3e33ff3b5a7)
[INFO] [stdout] 
[INFO] [stdout] running 12 tests
[INFO] [stdout] test crypto::address_inclusion_filter::tests::test_search_filter ... ok
[INFO] [stdout] test crypto::address_inclusion_filter::tests::test_empty_transactions ... ok
[INFO] [stdout] test tests::blockchain_tests::test_bincode ... ok
[INFO] [stdout] test crypto::merkle_tree::tests::test_merkle_tree_basic ... ok
[INFO] [stdout] test crypto::merkle_tree::tests::test_merkle_proof ... ok
[INFO] [stdout] test tests::crypto_primitives_tests::test_signing ... ok
[INFO] [stdout] test crypto::address_inclusion_filter::tests::test_multiple_addresses_in_one_tx ... ok
[INFO] [stdout] test tests::crypto_primitives_tests::test_hashing ... FAILED
[INFO] [stdout] test crypto::address_inclusion_filter::tests::test_filter_creation_and_contains ... ok
[INFO] [stdout] test crypto::merkle_tree::tests::test_merkle_tree_proof_creation ... ok
[INFO] [stdout] test tests::blockchain_tests::test_transaction_validation ... FAILED
[INFO] [stdout] test tests::blockchain_tests::test_blockchain_rollback ... FAILED
[INFO] [stdout] 
[INFO] [stdout] failures:
[INFO] [stdout] 
[INFO] [stdout] ---- tests::crypto_primitives_tests::test_hashing stdout ----
[INFO] [stdout] 
[INFO] [stdout] thread 'tests::crypto_primitives_tests::test_hashing' (1004) panicked at src/crypto/mod.rs:205:5:
[INFO] [stdout] Hashing is disabled without light or full feature enabled
[INFO] [stdout] stack backtrace:
[INFO] [stdout]    0:     0x5ea91ec930a1 - <<std[70759c8f55707aa4]::sys::backtrace::BacktraceLock>::print::DisplayBacktrace as core[df12db4294e9bfd3]::fmt::Display>::fmt
[INFO] [stdout]    1:     0x5ea91eca9b5a - core[df12db4294e9bfd3]::fmt::write
[INFO] [stdout]    2:     0x5ea91ec9805c - <alloc[2182bb758b4b3781]::vec::Vec<u8> as core[df12db4294e9bfd3]::io::write::Write>::write_fmt
[INFO] [stdout]    3:     0x5ea91ec6c346 - std[70759c8f55707aa4]::panicking::default_hook::{closure#0}
[INFO] [stdout]    4:     0x5ea91ec8a1c9 - std[70759c8f55707aa4]::panicking::default_hook
[INFO] [stdout]    5:     0x5ea91ebf63e0 - test[9d35eded1c95d3be]::test_main_inner::<test[9d35eded1c95d3be]::test_main_static::{closure#0}>::{closure#0}
[INFO] [stdout]    6:     0x5ea91ec8a382 - std[70759c8f55707aa4]::panicking::panic_with_hook
[INFO] [stdout]    7:     0x5ea91ec6c424 - std[70759c8f55707aa4]::panicking::panic_handler::{closure#0}
[INFO] [stdout]    8:     0x5ea91ec64809 - std[70759c8f55707aa4]::sys::backtrace::__rust_end_short_backtrace::<std[70759c8f55707aa4]::panicking::panic_handler::{closure#0}, !>
[INFO] [stdout]    9:     0x5ea91ec6d1ed - __rustc[8fa7c3cbc660c2b3]::rust_begin_unwind
[INFO] [stdout]   10:     0x5ea91ecaa2bc - core[df12db4294e9bfd3]::panicking::panic_fmt
[INFO] [stdout]   11:     0x5ea91eb5e4fa - <snap_coin[b32e0fc67f926c01]::crypto::Hash>::new
[INFO] [stdout]   12:     0x5ea91eb390fa - <snap_coin[b32e0fc67f926c01]::tests::crypto_primitives_tests::test_hashing::{closure#0} as core[df12db4294e9bfd3]::ops::function::FnOnce<()>>::call_once
[INFO] [stdout]   13:     0x5ea91ebe96cb - test[9d35eded1c95d3be]::__rust_begin_short_backtrace::<core[df12db4294e9bfd3]::result::Result<(), alloc[2182bb758b4b3781]::string::String>, fn() -> core[df12db4294e9bfd3]::result::Result<(), alloc[2182bb758b4b3781]::string::String>>
[INFO] [stdout]   14:     0x5ea91ebf6d35 - test[9d35eded1c95d3be]::run_test::{closure#0}
[INFO] [stdout]   15:     0x5ea91ebf05f4 - std[70759c8f55707aa4]::sys::backtrace::__rust_begin_short_backtrace::<test[9d35eded1c95d3be]::run_test::{closure#1}, ()>
[INFO] [stdout]   16:     0x5ea91ebf9e92 - <std[70759c8f55707aa4]::thread::lifecycle::spawn_unchecked<test[9d35eded1c95d3be]::run_test::{closure#1}, ()>::{closure#1} as core[df12db4294e9bfd3]::ops::function::FnOnce<()>>::call_once::{shim:vtable#0}
[INFO] [stdout]   17:     0x5ea91ec92579 - <std[70759c8f55707aa4]::sys::thread::unix::Thread>::new::thread_start
[INFO] [stdout]   18:     0x78d76578adfa - <unknown>
[INFO] [stdout]   19:     0x78d76581e3d4 - clone
[INFO] [stdout]   20:                0x0 - <unknown>
[INFO] [stdout] 
[INFO] [stdout] ---- tests::blockchain_tests::test_transaction_validation stdout ----
[INFO] [stdout] 
[INFO] [stdout] thread 'tests::blockchain_tests::test_transaction_validation' (1003) panicked at src/crypto/mod.rs:205:5:
[INFO] [stdout] Hashing is disabled without light or full feature enabled
[INFO] [stdout] stack backtrace:
[INFO] [stdout]    0:     0x5ea91ec930a1 - <<std[70759c8f55707aa4]::sys::backtrace::BacktraceLock>::print::DisplayBacktrace as core[df12db4294e9bfd3]::fmt::Display>::fmt
[INFO] [stdout]    1:     0x5ea91eca9b5a - core[df12db4294e9bfd3]::fmt::write
[INFO] [stdout]    2:     0x5ea91ec9805c - <alloc[2182bb758b4b3781]::vec::Vec<u8> as core[df12db4294e9bfd3]::io::write::Write>::write_fmt
[INFO] [stdout]    3:     0x5ea91ec6c346 - std[70759c8f55707aa4]::panicking::default_hook::{closure#0}
[INFO] [stdout]    4:     0x5ea91ec8a1c9 - std[70759c8f55707aa4]::panicking::default_hook
[INFO] [stdout]    5:     0x5ea91ebf63e0 - test[9d35eded1c95d3be]::test_main_inner::<test[9d35eded1c95d3be]::test_main_static::{closure#0}>::{closure#0}
[INFO] [stdout]    6:     0x5ea91ec8a382 - std[70759c8f55707aa4]::panicking::panic_with_hook
[INFO] [stdout]    7:     0x5ea91ec6c424 - std[70759c8f55707aa4]::panicking::panic_handler::{closure#0}
[INFO] [stdout]    8:     0x5ea91ec64809 - std[70759c8f55707aa4]::sys::backtrace::__rust_end_short_backtrace::<std[70759c8f55707aa4]::panicking::panic_handler::{closure#0}, !>
[INFO] [stdout]    9:     0x5ea91ec6d1ed - __rustc[8fa7c3cbc660c2b3]::rust_begin_unwind
[INFO] [stdout]   10:     0x5ea91ecaa2bc - core[df12db4294e9bfd3]::panicking::panic_fmt
[INFO] [stdout]   11:     0x5ea91eb5e4fa - <snap_coin[b32e0fc67f926c01]::crypto::Hash>::new
[INFO] [stdout]   12:     0x5ea91eb37142 - <snap_coin[b32e0fc67f926c01]::core::transaction::Transaction>::compute_pow
[INFO] [stdout]   13:     0x5ea91eb48eb0 - snap_coin[b32e0fc67f926c01]::build_block::<snap_coin[b32e0fc67f926c01]::core::blockchain::Blockchain>::{closure#0}
[INFO] [stdout]   14:     0x5ea91eb4b24d - snap_coin[b32e0fc67f926c01]::tests::blockchain_tests::test_transaction_validation::{closure#0}
[INFO] [stdout]   15:     0x5ea91eb395d8 - <tokio[281454c78ac0c142]::runtime::scheduler::current_thread::Context>::enter::<core[df12db4294e9bfd3]::task::poll::Poll<core[df12db4294e9bfd3]::result::Result<(), anyhow[89f820ed30bbc3fb]::Error>>, <tokio[281454c78ac0c142]::runtime::scheduler::current_thread::CoreGuard>::block_on<core[df12db4294e9bfd3]::pin::Pin<&mut core[df12db4294e9bfd3]::pin::Pin<&mut dyn core[df12db4294e9bfd3]::future::future::Future<Output = core[df12db4294e9bfd3]::result::Result<(), anyhow[89f820ed30bbc3fb]::Error>>>>>::{closure#0}::{closure#0}>
[INFO] [stdout]   16:     0x5ea91eb4de49 - <std[70759c8f55707aa4]::thread::local::LocalKey<tokio[281454c78ac0c142]::runtime::context::Context>>::with::<tokio[281454c78ac0c142]::runtime::context::set_scheduler<(alloc[2182bb758b4b3781]::boxed::Box<tokio[281454c78ac0c142]::runtime::scheduler::current_thread::Core>, core[df12db4294e9bfd3]::option::Option<core[df12db4294e9bfd3]::result::Result<(), anyhow[89f820ed30bbc3fb]::Error>>), <tokio[281454c78ac0c142]::runtime::scheduler::current_thread::CoreGuard>::enter<<tokio[281454c78ac0c142]::runtime::scheduler::current_thread::CoreGuard>::block_on<core[df12db4294e9bfd3]::pin::Pin<&mut core[df12db4294e9bfd3]::pin::Pin<&mut dyn core[df12db4294e9bfd3]::future::future::Future<Output = core[df12db4294e9bfd3]::result::Result<(), anyhow[89f820ed30bbc3fb]::Error>>>>>::{closure#0}, core[df12db4294e9bfd3]::option::Option<core[df12db4294e9bfd3]::result::Result<(), anyhow[89f820ed30bbc3fb]::Error>>>::{closure#0}>::{closure#0}, (alloc[2182bb758b4b3781]::boxed::Box<tokio[281454c78ac0c142]::runtime::scheduler::current_thread::Core>, core[df12db4294e9bfd3]::option::Option<core[df12db4294e9bfd3]::result::Result<(), anyhow[89f820ed30bbc3fb]::Error>>)>
[INFO] [stdout]   17:     0x5ea91eb39b9d - <tokio[281454c78ac0c142]::runtime::scheduler::current_thread::CoreGuard>::block_on::<core[df12db4294e9bfd3]::pin::Pin<&mut core[df12db4294e9bfd3]::pin::Pin<&mut dyn core[df12db4294e9bfd3]::future::future::Future<Output = core[df12db4294e9bfd3]::result::Result<(), anyhow[89f820ed30bbc3fb]::Error>>>>>
[INFO] [stdout]   18:     0x5ea91eb4eaa7 - tokio[281454c78ac0c142]::runtime::context::runtime::enter_runtime::<<tokio[281454c78ac0c142]::runtime::scheduler::current_thread::CurrentThread>::block_on<core[df12db4294e9bfd3]::pin::Pin<&mut dyn core[df12db4294e9bfd3]::future::future::Future<Output = core[df12db4294e9bfd3]::result::Result<(), anyhow[89f820ed30bbc3fb]::Error>>>>::{closure#0}, core[df12db4294e9bfd3]::result::Result<(), anyhow[89f820ed30bbc3fb]::Error>>
[INFO] [stdout]   19:     0x5ea91eb394cb - <tokio[281454c78ac0c142]::runtime::runtime::Runtime>::block_on::<core[df12db4294e9bfd3]::pin::Pin<&mut dyn core[df12db4294e9bfd3]::future::future::Future<Output = core[df12db4294e9bfd3]::result::Result<(), anyhow[89f820ed30bbc3fb]::Error>>>>
[INFO] [stdout]   20:     0x5ea91eb4d3e8 - snap_coin[b32e0fc67f926c01]::tests::blockchain_tests::test_transaction_validation
[INFO] [stdout]   21:     0x5ea91eb3903f - <snap_coin[b32e0fc67f926c01]::tests::blockchain_tests::test_transaction_validation::{closure#0} as core[df12db4294e9bfd3]::ops::function::FnOnce<()>>::call_once
[INFO] [stdout]   22:     0x5ea91ebe96cb - test[9d35eded1c95d3be]::__rust_begin_short_backtrace::<core[df12db4294e9bfd3]::result::Result<(), alloc[2182bb758b4b3781]::string::String>, fn() -> core[df12db4294e9bfd3]::result::Result<(), alloc[2182bb758b4b3781]::string::String>>
[INFO] [stdout]   23:     0x5ea91ebf6d35 - test[9d35eded1c95d3be]::run_test::{closure#0}
[INFO] [stdout]   24:     0x5ea91ebf05f4 - std[70759c8f55707aa4]::sys::backtrace::__rust_begin_short_backtrace::<test[9d35eded1c95d3be]::run_test::{closure#1}, ()>
[INFO] [stdout]   25:     0x5ea91ebf9e92 - <std[70759c8f55707aa4]::thread::lifecycle::spawn_unchecked<test[9d35eded1c95d3be]::run_test::{closure#1}, ()>::{closure#1} as core[df12db4294e9bfd3]::ops::function::FnOnce<()>>::call_once::{shim:vtable#0}
[INFO] [stdout]   26:     0x5ea91ec92579 - <std[70759c8f55707aa4]::sys::thread::unix::Thread>::new::thread_start
[INFO] [stdout]   27:     0x78d76578adfa - <unknown>
[INFO] [stdout]   28:     0x78d76581e3d4 - clone
[INFO] [stdout]   29:                0x0 - <unknown>
[INFO] [stdout] 
[INFO] [stdout] ---- tests::blockchain_tests::test_blockchain_rollback stdout ----
[INFO] [stdout] 
[INFO] [stdout] thread 'tests::blockchain_tests::test_blockchain_rollback' (1002) panicked at src/crypto/mod.rs:205:5:
[INFO] [stdout] Hashing is disabled without light or full feature enabled
[INFO] [stdout] stack backtrace:
[INFO] [stdout]    0:     0x5ea91ec930a1 - <<std[70759c8f55707aa4]::sys::backtrace::BacktraceLock>::print::DisplayBacktrace as core[df12db4294e9bfd3]::fmt::Display>::fmt
[INFO] [stdout]    1:     0x5ea91eca9b5a - core[df12db4294e9bfd3]::fmt::write
[INFO] [stdout]    2:     0x5ea91ec9805c - <alloc[2182bb758b4b3781]::vec::Vec<u8> as core[df12db4294e9bfd3]::io::write::Write>::write_fmt
[INFO] [stdout]    3:     0x5ea91ec6c346 - std[70759c8f55707aa4]::panicking::default_hook::{closure#0}
[INFO] [stdout]    4:     0x5ea91ec8a1c9 - std[70759c8f55707aa4]::panicking::default_hook
[INFO] [stdout]    5:     0x5ea91ebf63e0 - test[9d35eded1c95d3be]::test_main_inner::<test[9d35eded1c95d3be]::test_main_static::{closure#0}>::{closure#0}
[INFO] [stdout]    6:     0x5ea91ec8a382 - std[70759c8f55707aa4]::panicking::panic_with_hook
[INFO] [stdout]    7:     0x5ea91ec6c424 - std[70759c8f55707aa4]::panicking::panic_handler::{closure#0}
[INFO] [stdout]    8:     0x5ea91ec64809 - std[70759c8f55707aa4]::sys::backtrace::__rust_end_short_backtrace::<std[70759c8f55707aa4]::panicking::panic_handler::{closure#0}, !>
[INFO] [stdout]    9:     0x5ea91ec6d1ed - __rustc[8fa7c3cbc660c2b3]::rust_begin_unwind
[INFO] [stdout]   10:     0x5ea91ecaa2bc - core[df12db4294e9bfd3]::panicking::panic_fmt
[INFO] [stdout]   11:     0x5ea91eb5e4fa - <snap_coin[b32e0fc67f926c01]::crypto::Hash>::new
[INFO] [stdout]   12:     0x5ea91eb37142 - <snap_coin[b32e0fc67f926c01]::core::transaction::Transaction>::compute_pow
[INFO] [stdout]   13:     0x5ea91eb48eb0 - snap_coin[b32e0fc67f926c01]::build_block::<snap_coin[b32e0fc67f926c01]::core::blockchain::Blockchain>::{closure#0}
[INFO] [stdout]   14:     0x5ea91eb4991d - snap_coin[b32e0fc67f926c01]::tests::blockchain_tests::test_blockchain_rollback::{closure#0}
[INFO] [stdout]   15:     0x5ea91eb395d8 - <tokio[281454c78ac0c142]::runtime::scheduler::current_thread::Context>::enter::<core[df12db4294e9bfd3]::task::poll::Poll<core[df12db4294e9bfd3]::result::Result<(), anyhow[89f820ed30bbc3fb]::Error>>, <tokio[281454c78ac0c142]::runtime::scheduler::current_thread::CoreGuard>::block_on<core[df12db4294e9bfd3]::pin::Pin<&mut core[df12db4294e9bfd3]::pin::Pin<&mut dyn core[df12db4294e9bfd3]::future::future::Future<Output = core[df12db4294e9bfd3]::result::Result<(), anyhow[89f820ed30bbc3fb]::Error>>>>>::{closure#0}::{closure#0}>
[INFO] [stdout]   16:     0x5ea91eb4de49 - <std[70759c8f55707aa4]::thread::local::LocalKey<tokio[281454c78ac0c142]::runtime::context::Context>>::with::<tokio[281454c78ac0c142]::runtime::context::set_scheduler<(alloc[2182bb758b4b3781]::boxed::Box<tokio[281454c78ac0c142]::runtime::scheduler::current_thread::Core>, core[df12db4294e9bfd3]::option::Option<core[df12db4294e9bfd3]::result::Result<(), anyhow[89f820ed30bbc3fb]::Error>>), <tokio[281454c78ac0c142]::runtime::scheduler::current_thread::CoreGuard>::enter<<tokio[281454c78ac0c142]::runtime::scheduler::current_thread::CoreGuard>::block_on<core[df12db4294e9bfd3]::pin::Pin<&mut core[df12db4294e9bfd3]::pin::Pin<&mut dyn core[df12db4294e9bfd3]::future::future::Future<Output = core[df12db4294e9bfd3]::result::Result<(), anyhow[89f820ed30bbc3fb]::Error>>>>>::{closure#0}, core[df12db4294e9bfd3]::option::Option<core[df12db4294e9bfd3]::result::Result<(), anyhow[89f820ed30bbc3fb]::Error>>>::{closure#0}>::{closure#0}, (alloc[2182bb758b4b3781]::boxed::Box<tokio[281454c78ac0c142]::runtime::scheduler::current_thread::Core>, core[df12db4294e9bfd3]::option::Option<core[df12db4294e9bfd3]::result::Result<(), anyhow[89f820ed30bbc3fb]::Error>>)>
[INFO] [stdout]   17:     0x5ea91eb39b9d - <tokio[281454c78ac0c142]::runtime::scheduler::current_thread::CoreGuard>::block_on::<core[df12db4294e9bfd3]::pin::Pin<&mut core[df12db4294e9bfd3]::pin::Pin<&mut dyn core[df12db4294e9bfd3]::future::future::Future<Output = core[df12db4294e9bfd3]::result::Result<(), anyhow[89f820ed30bbc3fb]::Error>>>>>
[INFO] [stdout]   18:     0x5ea91eb4eaa7 - tokio[281454c78ac0c142]::runtime::context::runtime::enter_runtime::<<tokio[281454c78ac0c142]::runtime::scheduler::current_thread::CurrentThread>::block_on<core[df12db4294e9bfd3]::pin::Pin<&mut dyn core[df12db4294e9bfd3]::future::future::Future<Output = core[df12db4294e9bfd3]::result::Result<(), anyhow[89f820ed30bbc3fb]::Error>>>>::{closure#0}, core[df12db4294e9bfd3]::result::Result<(), anyhow[89f820ed30bbc3fb]::Error>>
[INFO] [stdout]   19:     0x5ea91eb394cb - <tokio[281454c78ac0c142]::runtime::runtime::Runtime>::block_on::<core[df12db4294e9bfd3]::pin::Pin<&mut dyn core[df12db4294e9bfd3]::future::future::Future<Output = core[df12db4294e9bfd3]::result::Result<(), anyhow[89f820ed30bbc3fb]::Error>>>>
[INFO] [stdout]   20:     0x5ea91eb4d2a8 - snap_coin[b32e0fc67f926c01]::tests::blockchain_tests::test_blockchain_rollback
[INFO] [stdout]   21:     0x5ea91eb38f8f - <snap_coin[b32e0fc67f926c01]::tests::blockchain_tests::test_blockchain_rollback::{closure#0} as core[df12db4294e9bfd3]::ops::function::FnOnce<()>>::call_once
[INFO] [stdout]   22:     0x5ea91ebe96cb - test[9d35eded1c95d3be]::__rust_begin_short_backtrace::<core[df12db4294e9bfd3]::result::Result<(), alloc[2182bb758b4b3781]::string::String>, fn() -> core[df12db4294e9bfd3]::result::Result<(), alloc[2182bb758b4b3781]::string::String>>
[INFO] [stdout]   23:     0x5ea91ebf6d35 - test[9d35eded1c95d3be]::run_test::{closure#0}
[INFO] [stdout]   24:     0x5ea91ebf05f4 - std[70759c8f55707aa4]::sys::backtrace::__rust_begin_short_backtrace::<test[9d35eded1c95d3be]::run_test::{closure#1}, ()>
[INFO] [stdout]   25:     0x5ea91ebf9e92 - <std[70759c8f55707aa4]::thread::lifecycle::spawn_unchecked<test[9d35eded1c95d3be]::run_test::{closure#1}, ()>::{closure#1} as core[df12db4294e9bfd3]::ops::function::FnOnce<()>>::call_once::{shim:vtable#0}
[INFO] [stdout]   26:     0x5ea91ec92579 - <std[70759c8f55707aa4]::sys::thread::unix::Thread>::new::thread_start
[INFO] [stdout]   27:     0x78d76578adfa - <unknown>
[INFO] [stdout]   28:     0x78d76581e3d4 - clone
[INFO] [stdout]   29:                0x0 - <unknown>
[INFO] [stdout] 
[INFO] [stdout] 
[INFO] [stdout] failures:
[INFO] [stdout]     tests::blockchain_tests::test_blockchain_rollback
[INFO] [stdout]     tests::blockchain_tests::test_transaction_validation
[INFO] [stdout]     tests::crypto_primitives_tests::test_hashing
[INFO] [stdout] 
[INFO] [stdout] test result: FAILED. 9 passed; 3 failed; 0 ignored; 0 measured; 0 filtered out; finished in 0.02s
[INFO] [stdout] 
[INFO] [stderr] error: test failed, to rerun pass `--lib`
[INFO] running `Command { std: "docker" "inspect" "c781c59cf39d5dfca0fbb7c658c8490aec0ebfeb866f136ab049487ad5cc9f93", kill_on_drop: false }`
[INFO] running `Command { std: "docker" "rm" "-f" "c781c59cf39d5dfca0fbb7c658c8490aec0ebfeb866f136ab049487ad5cc9f93", kill_on_drop: false }`
[INFO] [stdout] c781c59cf39d5dfca0fbb7c658c8490aec0ebfeb866f136ab049487ad5cc9f93
