[INFO] fetching crate snailcrypt 0.3.0...
[INFO] testing snailcrypt-0.3.0 against 1.100.0-beta.1+cargoflags=--release for beta-release-1.100-2
[INFO] extracting crate snailcrypt 0.3.0 into /workspace/builds/worker-6-tc2/source
[INFO] started tweaking crates.io crate snailcrypt 0.3.0
[INFO] finished tweaking crates.io crate snailcrypt 0.3.0
[INFO] tweaked toml for crates.io crate snailcrypt 0.3.0 written to /workspace/builds/worker-6-tc2/source/Cargo.toml
[INFO] validating manifest of crates.io crate snailcrypt 0.3.0 on toolchain 1.100.0-beta.1
[INFO] running `Command { std: CARGO_HOME="/workspace/cargo-home" RUSTUP_HOME="/workspace/rustup-home" "/workspace/cargo-home/bin/cargo" "+1.100.0-beta.1" "metadata" "--manifest-path" "Cargo.toml" "--no-deps", kill_on_drop: false }`
[INFO] running `Command { std: CARGO_HOME="/workspace/cargo-home" RUSTUP_HOME="/workspace/rustup-home" "/workspace/cargo-home/bin/cargo" "+1.100.0-beta.1" "generate-lockfile" "--manifest-path" "Cargo.toml", kill_on_drop: false }`
[INFO] [stderr]     Updating crates.io index
[INFO] [stderr]      Locking 114 packages to highest compatible versions
[INFO] [stderr]       Adding base64 v0.13.1 (available: v0.23.1)
[INFO] [stderr]       Adding cbindgen v0.24.5 (available: v0.29.4)
[INFO] running `Command { std: CARGO_HOME="/workspace/cargo-home" RUSTUP_HOME="/workspace/rustup-home" "/workspace/cargo-home/bin/cargo" "+1.100.0-beta.1" "fetch" "--manifest-path" "Cargo.toml", kill_on_drop: false }`
[INFO] [stderr] warning: unused build dependency `cbindgen`
[INFO] [stderr]  --> Cargo.toml:1:21
[INFO] [stderr]   |
[INFO] [stderr] 1 | [build-dependencies.cbindgen]
[INFO] [stderr]   |                     ^^^^^^^^^
[INFO] [stderr]   |
[INFO] [stderr]   = note: `cargo::unused_dependencies` is set to `warn` by default
[INFO] [stderr] help: consider removing the dependency on `cbindgen`
[INFO] [stderr] warning: `snailcrypt` (manifest) generated 1 warning
[INFO] running `Command { std: "docker" "create" "-v" "/var/lib/crater-agent-workspace/builds/worker-6-tc2/source:/opt/rustwide/workdir:ro,Z" "-v" "/var/lib/crater-agent-workspace/builds/worker-6-tc2/target:/opt/rustwide/target:rw,Z" "-v" "/var/lib/crater-agent-workspace/cargo-home:/opt/rustwide/cargo-home:ro,Z" "-v" "/var/lib/crater-agent-workspace/rustup-home:/opt/rustwide/rustup-home:ro,Z" "-m" "1610612736" "--network" "none" "ghcr.io/rust-lang/crates-build-env/linux@sha256:77db811e55d90add9212f6832c23229e3de5f1c1f9905e8cb07319ea15df73ac" "sleep" "infinity", kill_on_drop: false }`
[INFO] [stdout] 3ba28a86121784eac66888bcf25373bca7aca231b8fe5deefbc308f2d7811432
[INFO] running `Command { std: "docker" "start" "3ba28a86121784eac66888bcf25373bca7aca231b8fe5deefbc308f2d7811432", kill_on_drop: false }`
[INFO] running `Command { std: "docker" "inspect" "3ba28a86121784eac66888bcf25373bca7aca231b8fe5deefbc308f2d7811432", kill_on_drop: false }`
[INFO] running `Command { std: "docker" "exec" "-e" "SOURCE_DIR=/opt/rustwide/workdir" "-e" "CARGO_HOME=/opt/rustwide/cargo-home" "-e" "RUSTUP_HOME=/opt/rustwide/rustup-home" "-e" "CARGO_TARGET_DIR=/opt/rustwide/target" "-w" "/opt/rustwide/workdir" "--user" "0:0" "3ba28a86121784eac66888bcf25373bca7aca231b8fe5deefbc308f2d7811432" "/opt/rustwide/cargo-home/bin/cargo" "+1.100.0-beta.1" "metadata" "--no-deps" "--format-version=1", kill_on_drop: false }`
[INFO] running `Command { std: "docker" "inspect" "3ba28a86121784eac66888bcf25373bca7aca231b8fe5deefbc308f2d7811432", kill_on_drop: false }`
[INFO] running `Command { std: "docker" "exec" "-e" "SOURCE_DIR=/opt/rustwide/workdir" "-e" "CARGO_HOME=/opt/rustwide/cargo-home" "-e" "RUSTUP_HOME=/opt/rustwide/rustup-home" "-e" "CARGO_TARGET_DIR=/opt/rustwide/target" "-e" "CARGO_INCREMENTAL=0" "-e" "RUST_BACKTRACE=full" "-e" "RUSTFLAGS=--cap-lints=warn" "-e" "RUSTDOCFLAGS=--cap-lints=warn" "-w" "/opt/rustwide/workdir" "--user" "0:0" "3ba28a86121784eac66888bcf25373bca7aca231b8fe5deefbc308f2d7811432" "/opt/rustwide/cargo-home/bin/cargo" "+1.100.0-beta.1" "build" "--frozen" "--message-format=json" "--release", kill_on_drop: false }`
[INFO] [stderr] warning: unused build dependency `cbindgen`
[INFO] [stderr]  --> Cargo.toml:1:21
[INFO] [stderr]   |
[INFO] [stderr] 1 | [build-dependencies.cbindgen]
[INFO] [stderr]   |                     ^^^^^^^^^
[INFO] [stderr]   |
[INFO] [stderr]   = note: `cargo::unused_dependencies` is set to `warn` by default
[INFO] [stderr] help: consider removing the dependency on `cbindgen`
[INFO] [stderr] warning: `snailcrypt` (manifest) generated 1 warning
[INFO] [stderr]    Compiling smallvec v1.16.3
[INFO] [stderr]    Compiling curl v0.4.51
[INFO] [stderr]    Compiling libz-sys v1.1.30
[INFO] [stderr]    Compiling curl-sys v0.4.91+curl-8.22.0
[INFO] [stderr]    Compiling syn v3.0.9
[INFO] [stderr]    Compiling syn v2.0.119
[INFO] [stderr]    Compiling socket2 v0.6.5
[INFO] [stderr]    Compiling serde_json v1.0.154
[INFO] [stderr]    Compiling chrono v0.4.45
[INFO] [stderr]    Compiling synstructure v0.14.0
[INFO] [stderr]    Compiling zerofrom-derive v0.1.8
[INFO] [stderr]    Compiling yoke-derive v0.8.4
[INFO] [stderr]    Compiling zerovec-derive v0.11.6
[INFO] [stderr]    Compiling displaydoc v0.2.7
[INFO] [stderr]    Compiling openssl-macros v0.1.1
[INFO] [stderr]    Compiling openssl v0.10.81
[INFO] [stderr]    Compiling zerofrom v0.1.8
[INFO] [stderr]    Compiling yoke v0.8.3
[INFO] [stderr]    Compiling zerovec v0.11.8
[INFO] [stderr]    Compiling zerotrie v0.2.5
[INFO] [stderr]    Compiling tinystr v0.8.4
[INFO] [stderr]    Compiling potential_utf v0.1.6
[INFO] [stderr]    Compiling icu_collections v2.3.0
[INFO] [stderr]    Compiling icu_locale_core v2.3.0
[INFO] [stderr]    Compiling icu_provider v2.3.1
[INFO] [stderr]    Compiling icu_properties v2.3.0
[INFO] [stderr]    Compiling icu_normalizer v2.3.0
[INFO] [stderr]    Compiling idna_adapter v1.2.2
[INFO] [stderr]    Compiling idna v1.1.0
[INFO] [stderr]    Compiling url v2.5.8
[INFO] [stderr]    Compiling snailcrypt v0.3.0 (/opt/rustwide/workdir)
[INFO] [stdout] warning: unused imports: `V1Client` and `V2Client`
[INFO] [stdout]   --> src/client/version_selector_client.rs:32:9
[INFO] [stdout]    |
[INFO] [stdout] 32 |         V1Client,
[INFO] [stdout]    |         ^^^^^^^^
[INFO] [stdout] 33 |         V2Client,
[INFO] [stdout]    |         ^^^^^^^^
[INFO] [stdout]    |
[INFO] [stdout]    = note: `#[warn(unused_imports)]` (part of `#[warn(unused)]`) on by default
[INFO] [stdout] 
[INFO] [stdout] 
[INFO] [stdout] warning: unused import: `ClientVersion`
[INFO] [stdout]   --> src/factory/client_factory.rs:27:3
[INFO] [stdout]    |
[INFO] [stdout] 27 |         ClientVersion,
[INFO] [stdout]    |         ^^^^^^^^^^^^^
[INFO] [stdout] 
[INFO] [stdout] 
[INFO] [stderr] warning: unused dependency `url`
[INFO] [stderr]   --> Cargo.toml:19:15
[INFO] [stderr]    |
[INFO] [stderr] 19 | [dependencies.url]
[INFO] [stderr]    |               ^^^^
[INFO] [stderr]    |
[INFO] [stderr]    = note: `cargo::unused_dependencies` is set to `warn` by default
[INFO] [stderr] help: consider removing the dependency on `url`
[INFO] [stderr] warning: `snailcrypt` (manifest) generated 1 warning
[INFO] [stderr]     Finished `release` profile [optimized] target(s) in 22.59s
[INFO] running `Command { std: "docker" "inspect" "3ba28a86121784eac66888bcf25373bca7aca231b8fe5deefbc308f2d7811432", kill_on_drop: false }`
[INFO] running `Command { std: "docker" "exec" "-e" "SOURCE_DIR=/opt/rustwide/workdir" "-e" "CARGO_HOME=/opt/rustwide/cargo-home" "-e" "RUSTUP_HOME=/opt/rustwide/rustup-home" "-e" "CARGO_TARGET_DIR=/opt/rustwide/target" "-e" "CARGO_INCREMENTAL=0" "-e" "RUST_BACKTRACE=full" "-e" "RUSTFLAGS=--cap-lints=warn" "-e" "RUSTDOCFLAGS=--cap-lints=warn" "-w" "/opt/rustwide/workdir" "--user" "0:0" "3ba28a86121784eac66888bcf25373bca7aca231b8fe5deefbc308f2d7811432" "/opt/rustwide/cargo-home/bin/cargo" "+1.100.0-beta.1" "test" "--frozen" "--no-run" "--message-format=json" "--release", kill_on_drop: false }`
[INFO] [stderr] warning: unused build dependency `cbindgen`
[INFO] [stderr]  --> Cargo.toml:1:21
[INFO] [stderr]   |
[INFO] [stderr] 1 | [build-dependencies.cbindgen]
[INFO] [stderr]   |                     ^^^^^^^^^
[INFO] [stderr]   |
[INFO] [stderr]   = note: `cargo::unused_dependencies` is set to `warn` by default
[INFO] [stderr] help: consider removing the dependency on `cbindgen`
[INFO] [stderr] warning: `snailcrypt` (manifest) generated 1 warning
[INFO] [stdout] warning: unused imports: `V1Client` and `V2Client`
[INFO] [stdout]   --> src/client/version_selector_client.rs:32:9
[INFO] [stdout]    |
[INFO] [stdout] 32 |         V1Client,
[INFO] [stdout]    |         ^^^^^^^^
[INFO] [stdout] 33 |         V2Client,
[INFO] [stdout]    |         ^^^^^^^^
[INFO] [stdout]    |
[INFO] [stdout]    = note: `#[warn(unused_imports)]` (part of `#[warn(unused)]`) on by default
[INFO] [stdout] 
[INFO] [stdout] 
[INFO] [stdout] warning: unused import: `ClientVersion`
[INFO] [stdout]   --> src/factory/client_factory.rs:27:3
[INFO] [stdout]    |
[INFO] [stdout] 27 |         ClientVersion,
[INFO] [stdout]    |         ^^^^^^^^^^^^^
[INFO] [stdout] 
[INFO] [stdout] 
[INFO] [stderr]    Compiling snailcrypt v0.3.0 (/opt/rustwide/workdir)
[INFO] [stdout] warning: unused imports: `V1Client` and `V2Client`
[INFO] [stdout]   --> src/client/version_selector_client.rs:32:9
[INFO] [stdout]    |
[INFO] [stdout] 32 |         V1Client,
[INFO] [stdout]    |         ^^^^^^^^
[INFO] [stdout] 33 |         V2Client,
[INFO] [stdout]    |         ^^^^^^^^
[INFO] [stdout]    |
[INFO] [stdout]    = note: `#[warn(unused_imports)]` (part of `#[warn(unused)]`) on by default
[INFO] [stdout] 
[INFO] [stdout] 
[INFO] [stdout] warning: unused import: `ClientVersion`
[INFO] [stdout]   --> src/factory/client_factory.rs:27:3
[INFO] [stdout]    |
[INFO] [stdout] 27 |         ClientVersion,
[INFO] [stdout]    |         ^^^^^^^^^^^^^
[INFO] [stdout] 
[INFO] [stdout] 
[INFO] [stderr] warning: unused dependency `url`
[INFO] [stderr]   --> Cargo.toml:19:15
[INFO] [stderr]    |
[INFO] [stderr] 19 | [dependencies.url]
[INFO] [stderr]    |               ^^^^
[INFO] [stderr]    |
[INFO] [stderr]    = note: `cargo::unused_dependencies` is set to `warn` by default
[INFO] [stderr] help: consider removing the dependency on `url`
[INFO] [stderr] help: to still use for development builds, move to `dev-dependencies`
[INFO] [stderr] warning: `snailcrypt` (manifest) generated 1 warning
[INFO] [stderr]     Finished `release` profile [optimized] target(s) in 1.83s
[INFO] running `Command { std: "docker" "inspect" "3ba28a86121784eac66888bcf25373bca7aca231b8fe5deefbc308f2d7811432", kill_on_drop: false }`
[INFO] running `Command { std: "docker" "exec" "-e" "SOURCE_DIR=/opt/rustwide/workdir" "-e" "CARGO_HOME=/opt/rustwide/cargo-home" "-e" "RUSTUP_HOME=/opt/rustwide/rustup-home" "-e" "CARGO_TARGET_DIR=/opt/rustwide/target" "-e" "CARGO_INCREMENTAL=0" "-e" "RUST_BACKTRACE=full" "-e" "RUSTFLAGS=--cap-lints=warn" "-e" "RUSTDOCFLAGS=--cap-lints=warn" "-w" "/opt/rustwide/workdir" "--user" "0:0" "3ba28a86121784eac66888bcf25373bca7aca231b8fe5deefbc308f2d7811432" "/opt/rustwide/cargo-home/bin/cargo" "+1.100.0-beta.1" "test" "--frozen" "--release", kill_on_drop: false }`
[INFO] [stderr] warning: unused build dependency `cbindgen`
[INFO] [stderr]  --> Cargo.toml:1:21
[INFO] [stderr]   |
[INFO] [stderr] 1 | [build-dependencies.cbindgen]
[INFO] [stderr]   |                     ^^^^^^^^^
[INFO] [stderr]   |
[INFO] [stderr]   = note: `cargo::unused_dependencies` is set to `warn` by default
[INFO] [stderr] help: consider removing the dependency on `cbindgen`
[INFO] [stderr] warning: `snailcrypt` (manifest) generated 1 warning
[INFO] [stderr] warning: unused imports: `V1Client` and `V2Client`
[INFO] [stderr]   --> src/client/version_selector_client.rs:32:9
[INFO] [stderr]    |
[INFO] [stderr] 32 |         V1Client,
[INFO] [stderr]    |         ^^^^^^^^
[INFO] [stderr] 33 |         V2Client,
[INFO] [stderr]    |         ^^^^^^^^
[INFO] [stderr]    |
[INFO] [stderr]    = note: `#[warn(unused_imports)]` (part of `#[warn(unused)]`) on by default
[INFO] [stderr] 
[INFO] [stderr] warning: unused import: `ClientVersion`
[INFO] [stderr]   --> src/factory/client_factory.rs:27:3
[INFO] [stderr]    |
[INFO] [stderr] 27 |         ClientVersion,
[INFO] [stderr]    |         ^^^^^^^^^^^^^
[INFO] [stderr] 
[INFO] [stderr] warning: `snailcrypt` (lib) generated 2 warnings (run `cargo fix --lib -p snailcrypt` to apply 2 suggestions)
[INFO] [stderr] warning: `snailcrypt` (lib test) generated 2 warnings (2 duplicates)
[INFO] [stderr] warning: unused dependency `url`
[INFO] [stderr]   --> Cargo.toml:19:15
[INFO] [stderr]    |
[INFO] [stderr] 19 | [dependencies.url]
[INFO] [stderr]    |               ^^^^
[INFO] [stderr]    |
[INFO] [stderr]    = note: `cargo::unused_dependencies` is set to `warn` by default
[INFO] [stderr] help: consider removing the dependency on `url`
[INFO] [stderr] help: to still use for development builds, move to `dev-dependencies`
[INFO] [stderr] warning: `snailcrypt` (manifest) generated 1 warning
[INFO] [stderr]     Finished `release` profile [optimized] target(s) in 0.12s
[INFO] [stderr]      Running unittests src/lib.rs (/opt/rustwide/target/release/build/snailcrypt/d36dbce40a6a5498/out/snailcrypt-d36dbce40a6a5498)
[INFO] [stdout] 
[INFO] [stdout] running 11 tests
[INFO] [stdout] test tests::encrypt_v1_large_str ... FAILED
[INFO] [stdout] test tests::version_v1_parse_ok ... ok
[INFO] [stdout] test tests::encrypt_v1_small_str ... FAILED
[INFO] [stdout] test tests::encrypt_v1_url ... FAILED
[INFO] [stdout] test tests::version_v1_parse_nok ... ok
[INFO] [stdout] test tests::version_v2_parse_nok ... ok
[INFO] [stdout] test tests::version_v2_parse_ok ... ok
[INFO] [stdout] test tests::encrypt_vguess_large_str ... FAILED
[INFO] [stdout] test tests::encrypt_vguess_small_str ... FAILED
[INFO] [stdout] test tests::encrypt_v2_small_str ... FAILED
[INFO] [stdout] test tests::encrypt_v2_larg_str ... FAILED
[INFO] [stdout] 
[INFO] [stdout] failures:
[INFO] [stdout] 
[INFO] [stdout] ---- tests::encrypt_v1_large_str stdout ----
[INFO] [stdout] 
[INFO] [stdout] thread 'tests::encrypt_v1_large_str' (807) panicked at src/client/v1_client.rs:140:17:
[INFO] [stdout] Error Error { description: "Could not resolve hostname", code: 6, extra: Some("Could not resolve host: api.snailcrypt.com") }
[INFO] [stdout] stack backtrace:
[INFO] [stdout]    0:     0x58d05bc81801 - <<std[617be2ca0a6fd877]::sys::backtrace::BacktraceLock>::print::DisplayBacktrace as core[a373ad73a504971]::fmt::Display>::fmt
[INFO] [stdout]    1:     0x58d05bc961ea - core[a373ad73a504971]::fmt::write
[INFO] [stdout]    2:     0x58d05bc85b8c - <alloc[2e1b2a31b91974c5]::vec::Vec<u8> as core[a373ad73a504971]::io::write::Write>::write_fmt
[INFO] [stdout]    3:     0x58d05bc5dad6 - std[617be2ca0a6fd877]::panicking::default_hook::{closure#0}
[INFO] [stdout]    4:     0x58d05bc79d19 - std[617be2ca0a6fd877]::panicking::default_hook
[INFO] [stdout]    5:     0x58d05bc06570 - test[aada8e7e76ba119b]::test_main_inner::{closure#0}
[INFO] [stdout]    6:     0x58d05bc7a042 - std[617be2ca0a6fd877]::panicking::panic_with_hook
[INFO] [stdout]    7:     0x58d05bc5db82 - std[617be2ca0a6fd877]::panicking::panic_handler::{closure#0}
[INFO] [stdout]    8:     0x58d05bc56869 - std[617be2ca0a6fd877]::sys::backtrace::__rust_end_short_backtrace::<std[617be2ca0a6fd877]::panicking::panic_handler::{closure#0}, !>
[INFO] [stdout]    9:     0x58d05bc5e78d - __rustc[ea4f61d10b84890b]::rust_begin_unwind
[INFO] [stdout]   10:     0x58d05bc9694c - core[a373ad73a504971]::panicking::panic_fmt
[INFO] [stdout]   11:     0x58d05bbe6144 - <snailcrypt[8acd10a03e6b7a34]::client::v1_client::V1Client>::send_lockdate_request::{closure#6}
[INFO] [stdout]   12:     0x58d05bbe6c90 - <snailcrypt[8acd10a03e6b7a34]::client::v1_client::V1Client>::send_lockdate_request
[INFO] [stdout]   13:     0x58d05bbe7dd6 - <snailcrypt[8acd10a03e6b7a34]::client::v1_client::V1Client as snailcrypt[8acd10a03e6b7a34]::client::client::Client>::encrypt
[INFO] [stdout]   14:     0x58d05bbefd84 - <snailcrypt[8acd10a03e6b7a34]::tests::encrypt_v1_large_str::{closure#0} as core[a373ad73a504971]::ops::function::FnOnce<()>>::call_once
[INFO] [stdout]   15:     0x58d05bbf99bb - test[aada8e7e76ba119b]::__rust_begin_short_backtrace::<core[a373ad73a504971]::result::Result<(), alloc[2e1b2a31b91974c5]::string::String>, fn() -> core[a373ad73a504971]::result::Result<(), alloc[2e1b2a31b91974c5]::string::String>>
[INFO] [stdout]   16:     0x58d05bc06b95 - test[aada8e7e76ba119b]::run_test::{closure#0}
[INFO] [stdout]   17:     0x58d05bc00484 - std[617be2ca0a6fd877]::sys::backtrace::__rust_begin_short_backtrace::<test[aada8e7e76ba119b]::run_test::{closure#1}, ()>
[INFO] [stdout]   18:     0x58d05bc09c22 - <std[617be2ca0a6fd877]::thread::lifecycle::spawn_unchecked<test[aada8e7e76ba119b]::run_test::{closure#1}, ()>::{closure#1} as core[a373ad73a504971]::ops::function::FnOnce<()>>::call_once::{shim:vtable#0}
[INFO] [stdout]   19:     0x58d05bc8104f - <std[617be2ca0a6fd877]::sys::thread::unix::Thread>::new::thread_start
[INFO] [stdout]   20:     0x6ffcfdd1edfa - <unknown>
[INFO] [stdout]   21:     0x6ffcfddb23d4 - clone
[INFO] [stdout]   22:                0x0 - <unknown>
[INFO] [stdout] 
[INFO] [stdout] ---- tests::encrypt_v1_small_str stdout ----
[INFO] [stdout] 
[INFO] [stdout] thread 'tests::encrypt_v1_small_str' (808) panicked at src/client/v1_client.rs:140:17:
[INFO] [stdout] Error Error { description: "Could not resolve hostname", code: 6, extra: Some("Could not resolve host: api.snailcrypt.com") }
[INFO] [stdout] stack backtrace:
[INFO] [stdout]    0:     0x58d05bc81801 - <<std[617be2ca0a6fd877]::sys::backtrace::BacktraceLock>::print::DisplayBacktrace as core[a373ad73a504971]::fmt::Display>::fmt
[INFO] [stdout]    1:     0x58d05bc961ea - core[a373ad73a504971]::fmt::write
[INFO] [stdout]    2:     0x58d05bc85b8c - <alloc[2e1b2a31b91974c5]::vec::Vec<u8> as core[a373ad73a504971]::io::write::Write>::write_fmt
[INFO] [stdout]    3:     0x58d05bc5dad6 - std[617be2ca0a6fd877]::panicking::default_hook::{closure#0}
[INFO] [stdout]    4:     0x58d05bc79d19 - std[617be2ca0a6fd877]::panicking::default_hook
[INFO] [stdout]    5:     0x58d05bc06570 - test[aada8e7e76ba119b]::test_main_inner::{closure#0}
[INFO] [stdout]    6:     0x58d05bc7a042 - std[617be2ca0a6fd877]::panicking::panic_with_hook
[INFO] [stdout]    7:     0x58d05bc5db82 - std[617be2ca0a6fd877]::panicking::panic_handler::{closure#0}
[INFO] [stdout]    8:     0x58d05bc56869 - std[617be2ca0a6fd877]::sys::backtrace::__rust_end_short_backtrace::<std[617be2ca0a6fd877]::panicking::panic_handler::{closure#0}, !>
[INFO] [stdout]    9:     0x58d05bc5e78d - __rustc[ea4f61d10b84890b]::rust_begin_unwind
[INFO] [stdout]   10:     0x58d05bc9694c - core[a373ad73a504971]::panicking::panic_fmt
[INFO] [stdout]   11:     0x58d05bbe6144 - <snailcrypt[8acd10a03e6b7a34]::client::v1_client::V1Client>::send_lockdate_request::{closure#6}
[INFO] [stdout]   12:     0x58d05bbe6c90 - <snailcrypt[8acd10a03e6b7a34]::client::v1_client::V1Client>::send_lockdate_request
[INFO] [stdout]   13:     0x58d05bbe7dd6 - <snailcrypt[8acd10a03e6b7a34]::client::v1_client::V1Client as snailcrypt[8acd10a03e6b7a34]::client::client::Client>::encrypt
[INFO] [stdout]   14:     0x58d05bbf0374 - <snailcrypt[8acd10a03e6b7a34]::tests::encrypt_v1_small_str::{closure#0} as core[a373ad73a504971]::ops::function::FnOnce<()>>::call_once
[INFO] [stdout]   15:     0x58d05bbf99bb - test[aada8e7e76ba119b]::__rust_begin_short_backtrace::<core[a373ad73a504971]::result::Result<(), alloc[2e1b2a31b91974c5]::string::String>, fn() -> core[a373ad73a504971]::result::Result<(), alloc[2e1b2a31b91974c5]::string::String>>
[INFO] [stdout]   16:     0x58d05bc06b95 - test[aada8e7e76ba119b]::run_test::{closure#0}
[INFO] [stdout]   17:     0x58d05bc00484 - std[617be2ca0a6fd877]::sys::backtrace::__rust_begin_short_backtrace::<test[aada8e7e76ba119b]::run_test::{closure#1}, ()>
[INFO] [stdout]   18:     0x58d05bc09c22 - <std[617be2ca0a6fd877]::thread::lifecycle::spawn_unchecked<test[aada8e7e76ba119b]::run_test::{closure#1}, ()>::{closure#1} as core[a373ad73a504971]::ops::function::FnOnce<()>>::call_once::{shim:vtable#0}
[INFO] [stdout]   19:     0x58d05bc8104f - <std[617be2ca0a6fd877]::sys::thread::unix::Thread>::new::thread_start
[INFO] [stdout]   20:     0x6ffcfdd1edfa - <unknown>
[INFO] [stdout]   21:     0x6ffcfddb23d4 - clone
[INFO] [stdout]   22:                0x0 - <unknown>
[INFO] [stdout] 
[INFO] [stdout] ---- tests::encrypt_v1_url stdout ----
[INFO] [stdout] 
[INFO] [stderr] error: test failed, to rerun pass `--lib`
[INFO] [stdout] thread 'tests::encrypt_v1_url' (809) panicked at src/client/v1_client.rs:140:17:
[INFO] [stdout] Error Error { description: "Could not resolve hostname", code: 6, extra: Some("Could not resolve host: api.snailcrypt.com") }
[INFO] [stdout] stack backtrace:
[INFO] [stdout]    0:     0x58d05bc81801 - <<std[617be2ca0a6fd877]::sys::backtrace::BacktraceLock>::print::DisplayBacktrace as core[a373ad73a504971]::fmt::Display>::fmt
[INFO] [stdout]    1:     0x58d05bc961ea - core[a373ad73a504971]::fmt::write
[INFO] [stdout]    2:     0x58d05bc85b8c - <alloc[2e1b2a31b91974c5]::vec::Vec<u8> as core[a373ad73a504971]::io::write::Write>::write_fmt
[INFO] [stdout]    3:     0x58d05bc5dad6 - std[617be2ca0a6fd877]::panicking::default_hook::{closure#0}
[INFO] [stdout]    4:     0x58d05bc79d19 - std[617be2ca0a6fd877]::panicking::default_hook
[INFO] [stdout]    5:     0x58d05bc06570 - test[aada8e7e76ba119b]::test_main_inner::{closure#0}
[INFO] [stdout]    6:     0x58d05bc7a042 - std[617be2ca0a6fd877]::panicking::panic_with_hook
[INFO] [stdout]    7:     0x58d05bc5db82 - std[617be2ca0a6fd877]::panicking::panic_handler::{closure#0}
[INFO] [stdout]    8:     0x58d05bc56869 - std[617be2ca0a6fd877]::sys::backtrace::__rust_end_short_backtrace::<std[617be2ca0a6fd877]::panicking::panic_handler::{closure#0}, !>
[INFO] [stdout]    9:     0x58d05bc5e78d - __rustc[ea4f61d10b84890b]::rust_begin_unwind
[INFO] [stdout]   10:     0x58d05bc9694c - core[a373ad73a504971]::panicking::panic_fmt
[INFO] [stdout]   11:     0x58d05bbe6144 - <snailcrypt[8acd10a03e6b7a34]::client::v1_client::V1Client>::send_lockdate_request::{closure#6}
[INFO] [stdout]   12:     0x58d05bbe6c90 - <snailcrypt[8acd10a03e6b7a34]::client::v1_client::V1Client>::send_lockdate_request
[INFO] [stdout]   13:     0x58d05bbe7dd6 - <snailcrypt[8acd10a03e6b7a34]::client::v1_client::V1Client as snailcrypt[8acd10a03e6b7a34]::client::client::Client>::encrypt
[INFO] [stdout]   14:     0x58d05bbeed04 - <snailcrypt[8acd10a03e6b7a34]::tests::encrypt_v1_url::{closure#0} as core[a373ad73a504971]::ops::function::FnOnce<()>>::call_once
[INFO] [stdout]   15:     0x58d05bbf99bb - test[aada8e7e76ba119b]::__rust_begin_short_backtrace::<core[a373ad73a504971]::result::Result<(), alloc[2e1b2a31b91974c5]::string::String>, fn() -> core[a373ad73a504971]::result::Result<(), alloc[2e1b2a31b91974c5]::string::String>>
[INFO] [stdout]   16:     0x58d05bc06b95 - test[aada8e7e76ba119b]::run_test::{closure#0}
[INFO] [stdout]   17:     0x58d05bc00484 - std[617be2ca0a6fd877]::sys::backtrace::__rust_begin_short_backtrace::<test[aada8e7e76ba119b]::run_test::{closure#1}, ()>
[INFO] [stdout]   18:     0x58d05bc09c22 - <std[617be2ca0a6fd877]::thread::lifecycle::spawn_unchecked<test[aada8e7e76ba119b]::run_test::{closure#1}, ()>::{closure#1} as core[a373ad73a504971]::ops::function::FnOnce<()>>::call_once::{shim:vtable#0}
[INFO] [stdout]   19:     0x58d05bc8104f - <std[617be2ca0a6fd877]::sys::thread::unix::Thread>::new::thread_start
[INFO] [stdout]   20:     0x6ffcfdd1edfa - <unknown>
[INFO] [stdout]   21:     0x6ffcfddb23d4 - clone
[INFO] [stdout]   22:                0x0 - <unknown>
[INFO] [stdout] 
[INFO] [stdout] ---- tests::encrypt_vguess_large_str stdout ----
[INFO] [stdout] 
[INFO] [stdout] thread 'tests::encrypt_vguess_large_str' (816) panicked at src/client/v1_client.rs:140:17:
[INFO] [stdout] Error Error { description: "Could not resolve hostname", code: 6, extra: Some("Could not resolve host: api.snailcrypt.com") }
[INFO] [stdout] stack backtrace:
[INFO] [stdout]    0:     0x58d05bc81801 - <<std[617be2ca0a6fd877]::sys::backtrace::BacktraceLock>::print::DisplayBacktrace as core[a373ad73a504971]::fmt::Display>::fmt
[INFO] [stdout]    1:     0x58d05bc961ea - core[a373ad73a504971]::fmt::write
[INFO] [stdout]    2:     0x58d05bc85b8c - <alloc[2e1b2a31b91974c5]::vec::Vec<u8> as core[a373ad73a504971]::io::write::Write>::write_fmt
[INFO] [stdout]    3:     0x58d05bc5dad6 - std[617be2ca0a6fd877]::panicking::default_hook::{closure#0}
[INFO] [stdout]    4:     0x58d05bc79d19 - std[617be2ca0a6fd877]::panicking::default_hook
[INFO] [stdout]    5:     0x58d05bc06570 - test[aada8e7e76ba119b]::test_main_inner::{closure#0}
[INFO] [stdout]    6:     0x58d05bc7a042 - std[617be2ca0a6fd877]::panicking::panic_with_hook
[INFO] [stdout]    7:     0x58d05bc5db82 - std[617be2ca0a6fd877]::panicking::panic_handler::{closure#0}
[INFO] [stdout]    8:     0x58d05bc56869 - std[617be2ca0a6fd877]::sys::backtrace::__rust_end_short_backtrace::<std[617be2ca0a6fd877]::panicking::panic_handler::{closure#0}, !>
[INFO] [stdout]    9:     0x58d05bc5e78d - __rustc[ea4f61d10b84890b]::rust_begin_unwind
[INFO] [stdout]   10:     0x58d05bc9694c - core[a373ad73a504971]::panicking::panic_fmt
[INFO] [stdout]   11:     0x58d05bbe6144 - <snailcrypt[8acd10a03e6b7a34]::client::v1_client::V1Client>::send_lockdate_request::{closure#6}
[INFO] [stdout]   12:     0x58d05bbe6c90 - <snailcrypt[8acd10a03e6b7a34]::client::v1_client::V1Client>::send_lockdate_request
[INFO] [stdout]   13:     0x58d05bbe7dd6 - <snailcrypt[8acd10a03e6b7a34]::client::v1_client::V1Client as snailcrypt[8acd10a03e6b7a34]::client::client::Client>::encrypt
[INFO] [stdout]   14:     0x58d05bbf16ea - <snailcrypt[8acd10a03e6b7a34]::tests::encrypt_vguess_large_str::{closure#0} as core[a373ad73a504971]::ops::function::FnOnce<()>>::call_once
[INFO] [stdout]   15:     0x58d05bbf99bb - test[aada8e7e76ba119b]::__rust_begin_short_backtrace::<core[a373ad73a504971]::result::Result<(), alloc[2e1b2a31b91974c5]::string::String>, fn() -> core[a373ad73a504971]::result::Result<(), alloc[2e1b2a31b91974c5]::string::String>>
[INFO] [stdout]   16:     0x58d05bc06b95 - test[aada8e7e76ba119b]::run_test::{closure#0}
[INFO] [stdout]   17:     0x58d05bc00484 - std[617be2ca0a6fd877]::sys::backtrace::__rust_begin_short_backtrace::<test[aada8e7e76ba119b]::run_test::{closure#1}, ()>
[INFO] [stdout]   18:     0x58d05bc09c22 - <std[617be2ca0a6fd877]::thread::lifecycle::spawn_unchecked<test[aada8e7e76ba119b]::run_test::{closure#1}, ()>::{closure#1} as core[a373ad73a504971]::ops::function::FnOnce<()>>::call_once::{shim:vtable#0}
[INFO] [stdout]   19:     0x58d05bc8104f - <std[617be2ca0a6fd877]::sys::thread::unix::Thread>::new::thread_start
[INFO] [stdout]   20:     0x6ffcfdd1edfa - <unknown>
[INFO] [stdout]   21:     0x6ffcfddb23d4 - clone
[INFO] [stdout]   22:                0x0 - <unknown>
[INFO] [stdout] 
[INFO] [stdout] ---- tests::encrypt_vguess_small_str stdout ----
[INFO] [stdout] 
[INFO] [stdout] thread 'tests::encrypt_vguess_small_str' (817) panicked at src/client/v1_client.rs:140:17:
[INFO] [stdout] Error Error { description: "Could not resolve hostname", code: 6, extra: Some("Could not resolve host: api.snailcrypt.com") }
[INFO] [stdout] stack backtrace:
[INFO] [stdout]    0:     0x58d05bc81801 - <<std[617be2ca0a6fd877]::sys::backtrace::BacktraceLock>::print::DisplayBacktrace as core[a373ad73a504971]::fmt::Display>::fmt
[INFO] [stdout]    1:     0x58d05bc961ea - core[a373ad73a504971]::fmt::write
[INFO] [stdout]    2:     0x58d05bc85b8c - <alloc[2e1b2a31b91974c5]::vec::Vec<u8> as core[a373ad73a504971]::io::write::Write>::write_fmt
[INFO] [stdout]    3:     0x58d05bc5dad6 - std[617be2ca0a6fd877]::panicking::default_hook::{closure#0}
[INFO] [stdout]    4:     0x58d05bc79d19 - std[617be2ca0a6fd877]::panicking::default_hook
[INFO] [stdout]    5:     0x58d05bc06570 - test[aada8e7e76ba119b]::test_main_inner::{closure#0}
[INFO] [stdout]    6:     0x58d05bc7a042 - std[617be2ca0a6fd877]::panicking::panic_with_hook
[INFO] [stdout]    7:     0x58d05bc5db82 - std[617be2ca0a6fd877]::panicking::panic_handler::{closure#0}
[INFO] [stdout]    8:     0x58d05bc56869 - std[617be2ca0a6fd877]::sys::backtrace::__rust_end_short_backtrace::<std[617be2ca0a6fd877]::panicking::panic_handler::{closure#0}, !>
[INFO] [stdout]    9:     0x58d05bc5e78d - __rustc[ea4f61d10b84890b]::rust_begin_unwind
[INFO] [stdout]   10:     0x58d05bc9694c - core[a373ad73a504971]::panicking::panic_fmt
[INFO] [stdout]   11:     0x58d05bbe6144 - <snailcrypt[8acd10a03e6b7a34]::client::v1_client::V1Client>::send_lockdate_request::{closure#6}
[INFO] [stdout]   12:     0x58d05bbe6c90 - <snailcrypt[8acd10a03e6b7a34]::client::v1_client::V1Client>::send_lockdate_request
[INFO] [stdout]   13:     0x58d05bbe7dd6 - <snailcrypt[8acd10a03e6b7a34]::client::v1_client::V1Client as snailcrypt[8acd10a03e6b7a34]::client::client::Client>::encrypt
[INFO] [stdout]   14:     0x58d05bbf1d14 - <snailcrypt[8acd10a03e6b7a34]::tests::encrypt_vguess_small_str::{closure#0} as core[a373ad73a504971]::ops::function::FnOnce<()>>::call_once
[INFO] [stdout]   15:     0x58d05bbf99bb - test[aada8e7e76ba119b]::__rust_begin_short_backtrace::<core[a373ad73a504971]::result::Result<(), alloc[2e1b2a31b91974c5]::string::String>, fn() -> core[a373ad73a504971]::result::Result<(), alloc[2e1b2a31b91974c5]::string::String>>
[INFO] [stdout]   16:     0x58d05bc06b95 - test[aada8e7e76ba119b]::run_test::{closure#0}
[INFO] [stdout]   17:     0x58d05bc00484 - std[617be2ca0a6fd877]::sys::backtrace::__rust_begin_short_backtrace::<test[aada8e7e76ba119b]::run_test::{closure#1}, ()>
[INFO] [stdout]   18:     0x58d05bc09c22 - <std[617be2ca0a6fd877]::thread::lifecycle::spawn_unchecked<test[aada8e7e76ba119b]::run_test::{closure#1}, ()>::{closure#1} as core[a373ad73a504971]::ops::function::FnOnce<()>>::call_once::{shim:vtable#0}
[INFO] [stdout]   19:     0x58d05bc8104f - <std[617be2ca0a6fd877]::sys::thread::unix::Thread>::new::thread_start
[INFO] [stdout]   20:     0x6ffcfdd1edfa - <unknown>
[INFO] [stdout]   21:     0x6ffcfddb23d4 - clone
[INFO] [stdout]   22:                0x0 - <unknown>
[INFO] [stdout] 
[INFO] [stdout] ---- tests::encrypt_v2_small_str stdout ----
[INFO] [stdout] 
[INFO] [stdout] thread 'tests::encrypt_v2_small_str' (815) panicked at src/client/v1_client.rs:140:17:
[INFO] [stdout] Error Error { description: "Could not resolve hostname", code: 6, extra: Some("Could not resolve host: api.snailcrypt.com") }
[INFO] [stdout] stack backtrace:
[INFO] [stdout]    0:     0x58d05bc81801 - <<std[617be2ca0a6fd877]::sys::backtrace::BacktraceLock>::print::DisplayBacktrace as core[a373ad73a504971]::fmt::Display>::fmt
[INFO] [stdout]    1:     0x58d05bc961ea - core[a373ad73a504971]::fmt::write
[INFO] [stdout]    2:     0x58d05bc85b8c - <alloc[2e1b2a31b91974c5]::vec::Vec<u8> as core[a373ad73a504971]::io::write::Write>::write_fmt
[INFO] [stdout]    3:     0x58d05bc5dad6 - std[617be2ca0a6fd877]::panicking::default_hook::{closure#0}
[INFO] [stdout]    4:     0x58d05bc79d19 - std[617be2ca0a6fd877]::panicking::default_hook
[INFO] [stdout]    5:     0x58d05bc06570 - test[aada8e7e76ba119b]::test_main_inner::{closure#0}
[INFO] [stdout]    6:     0x58d05bc7a042 - std[617be2ca0a6fd877]::panicking::panic_with_hook
[INFO] [stdout]    7:     0x58d05bc5db82 - std[617be2ca0a6fd877]::panicking::panic_handler::{closure#0}
[INFO] [stdout]    8:     0x58d05bc56869 - std[617be2ca0a6fd877]::sys::backtrace::__rust_end_short_backtrace::<std[617be2ca0a6fd877]::panicking::panic_handler::{closure#0}, !>
[INFO] [stdout]    9:     0x58d05bc5e78d - __rustc[ea4f61d10b84890b]::rust_begin_unwind
[INFO] [stdout]   10:     0x58d05bc9694c - core[a373ad73a504971]::panicking::panic_fmt
[INFO] [stdout]   11:     0x58d05bbe6144 - <snailcrypt[8acd10a03e6b7a34]::client::v1_client::V1Client>::send_lockdate_request::{closure#6}
[INFO] [stdout]   12:     0x58d05bbe6c90 - <snailcrypt[8acd10a03e6b7a34]::client::v1_client::V1Client>::send_lockdate_request
[INFO] [stdout]   13:     0x58d05bbe7dd6 - <snailcrypt[8acd10a03e6b7a34]::client::v1_client::V1Client as snailcrypt[8acd10a03e6b7a34]::client::client::Client>::encrypt
[INFO] [stdout]   14:     0x58d05bbf5852 - <snailcrypt[8acd10a03e6b7a34]::client::v2_client::V2Client as snailcrypt[8acd10a03e6b7a34]::client::client::Client>::encrypt
[INFO] [stdout]   15:     0x58d05bbf0985 - <snailcrypt[8acd10a03e6b7a34]::tests::encrypt_v2_small_str::{closure#0} as core[a373ad73a504971]::ops::function::FnOnce<()>>::call_once
[INFO] [stdout]   16:     0x58d05bbf99bb - test[aada8e7e76ba119b]::__rust_begin_short_backtrace::<core[a373ad73a504971]::result::Result<(), alloc[2e1b2a31b91974c5]::string::String>, fn() -> core[a373ad73a504971]::result::Result<(), alloc[2e1b2a31b91974c5]::string::String>>
[INFO] [stdout]   17:     0x58d05bc06b95 - test[aada8e7e76ba119b]::run_test::{closure#0}
[INFO] [stdout]   18:     0x58d05bc00484 - std[617be2ca0a6fd877]::sys::backtrace::__rust_begin_short_backtrace::<test[aada8e7e76ba119b]::run_test::{closure#1}, ()>
[INFO] [stdout]   19:     0x58d05bc09c22 - <std[617be2ca0a6fd877]::thread::lifecycle::spawn_unchecked<test[aada8e7e76ba119b]::run_test::{closure#1}, ()>::{closure#1} as core[a373ad73a504971]::ops::function::FnOnce<()>>::call_once::{shim:vtable#0}
[INFO] [stdout]   20:     0x58d05bc8104f - <std[617be2ca0a6fd877]::sys::thread::unix::Thread>::new::thread_start
[INFO] [stdout]   21:     0x6ffcfdd1edfa - <unknown>
[INFO] [stdout]   22:     0x6ffcfddb23d4 - clone
[INFO] [stdout]   23:                0x0 - <unknown>
[INFO] [stdout] 
[INFO] [stdout] ---- tests::encrypt_v2_larg_str stdout ----
[INFO] [stdout] 
[INFO] [stdout] thread 'tests::encrypt_v2_larg_str' (810) panicked at src/client/v1_client.rs:140:17:
[INFO] [stdout] Error Error { description: "Could not resolve hostname", code: 6, extra: Some("Could not resolve host: api.snailcrypt.com") }
[INFO] [stdout] stack backtrace:
[INFO] [stdout]    0:     0x58d05bc81801 - <<std[617be2ca0a6fd877]::sys::backtrace::BacktraceLock>::print::DisplayBacktrace as core[a373ad73a504971]::fmt::Display>::fmt
[INFO] [stdout]    1:     0x58d05bc961ea - core[a373ad73a504971]::fmt::write
[INFO] [stdout]    2:     0x58d05bc85b8c - <alloc[2e1b2a31b91974c5]::vec::Vec<u8> as core[a373ad73a504971]::io::write::Write>::write_fmt
[INFO] [stdout]    3:     0x58d05bc5dad6 - std[617be2ca0a6fd877]::panicking::default_hook::{closure#0}
[INFO] [stdout]    4:     0x58d05bc79d19 - std[617be2ca0a6fd877]::panicking::default_hook
[INFO] [stdout]    5:     0x58d05bc06570 - test[aada8e7e76ba119b]::test_main_inner::{closure#0}
[INFO] [stdout]    6:     0x58d05bc7a042 - std[617be2ca0a6fd877]::panicking::panic_with_hook
[INFO] [stdout]    7:     0x58d05bc5db82 - std[617be2ca0a6fd877]::panicking::panic_handler::{closure#0}
[INFO] [stdout]    8:     0x58d05bc56869 - std[617be2ca0a6fd877]::sys::backtrace::__rust_end_short_backtrace::<std[617be2ca0a6fd877]::panicking::panic_handler::{closure#0}, !>
[INFO] [stdout]    9:     0x58d05bc5e78d - __rustc[ea4f61d10b84890b]::rust_begin_unwind
[INFO] [stdout]   10:     0x58d05bc9694c - core[a373ad73a504971]::panicking::panic_fmt
[INFO] [stdout]   11:     0x58d05bbe6144 - <snailcrypt[8acd10a03e6b7a34]::client::v1_client::V1Client>::send_lockdate_request::{closure#6}
[INFO] [stdout]   12:     0x58d05bbe6c90 - <snailcrypt[8acd10a03e6b7a34]::client::v1_client::V1Client>::send_lockdate_request
[INFO] [stdout]   13:     0x58d05bbe7dd6 - <snailcrypt[8acd10a03e6b7a34]::client::v1_client::V1Client as snailcrypt[8acd10a03e6b7a34]::client::client::Client>::encrypt
[INFO] [stdout]   14:     0x58d05bbf5852 - <snailcrypt[8acd10a03e6b7a34]::client::v2_client::V2Client as snailcrypt[8acd10a03e6b7a34]::client::client::Client>::encrypt
[INFO] [stdout]   15:     0x58d05bbef3dc - <snailcrypt[8acd10a03e6b7a34]::tests::encrypt_v2_larg_str::{closure#0} as core[a373ad73a504971]::ops::function::FnOnce<()>>::call_once
[INFO] [stdout]   16:     0x58d05bbf99bb - test[aada8e7e76ba119b]::__rust_begin_short_backtrace::<core[a373ad73a504971]::result::Result<(), alloc[2e1b2a31b91974c5]::string::String>, fn() -> core[a373ad73a504971]::result::Result<(), alloc[2e1b2a31b91974c5]::string::String>>
[INFO] [stdout]   17:     0x58d05bc06b95 - test[aada8e7e76ba119b]::run_test::{closure#0}
[INFO] [stdout]   18:     0x58d05bc00484 - std[617be2ca0a6fd877]::sys::backtrace::__rust_begin_short_backtrace::<test[aada8e7e76ba119b]::run_test::{closure#1}, ()>
[INFO] [stdout]   19:     0x58d05bc09c22 - <std[617be2ca0a6fd877]::thread::lifecycle::spawn_unchecked<test[aada8e7e76ba119b]::run_test::{closure#1}, ()>::{closure#1} as core[a373ad73a504971]::ops::function::FnOnce<()>>::call_once::{shim:vtable#0}
[INFO] [stdout]   20:     0x58d05bc8104f - <std[617be2ca0a6fd877]::sys::thread::unix::Thread>::new::thread_start
[INFO] [stdout]   21:     0x6ffcfdd1edfa - <unknown>
[INFO] [stdout]   22:     0x6ffcfddb23d4 - clone
[INFO] [stdout]   23:                0x0 - <unknown>
[INFO] [stdout] 
[INFO] [stdout] 
[INFO] [stdout] failures:
[INFO] [stdout]     tests::encrypt_v1_large_str
[INFO] [stdout]     tests::encrypt_v1_small_str
[INFO] [stdout]     tests::encrypt_v1_url
[INFO] [stdout]     tests::encrypt_v2_larg_str
[INFO] [stdout]     tests::encrypt_v2_small_str
[INFO] [stdout]     tests::encrypt_vguess_large_str
[INFO] [stdout]     tests::encrypt_vguess_small_str
[INFO] [stdout] 
[INFO] [stdout] test result: FAILED. 4 passed; 7 failed; 0 ignored; 0 measured; 0 filtered out; finished in 0.02s
[INFO] [stdout] 
[INFO] running `Command { std: "docker" "inspect" "3ba28a86121784eac66888bcf25373bca7aca231b8fe5deefbc308f2d7811432", kill_on_drop: false }`
[INFO] running `Command { std: "docker" "rm" "-f" "3ba28a86121784eac66888bcf25373bca7aca231b8fe5deefbc308f2d7811432", kill_on_drop: false }`
[INFO] [stdout] 3ba28a86121784eac66888bcf25373bca7aca231b8fe5deefbc308f2d7811432
