[INFO] fetching crate sn-pulsar 4.1.3...
[INFO] testing sn-pulsar-4.1.3 against 1.100.0-beta.1+cargoflags=--release for beta-release-1.100-2
[INFO] extracting crate sn-pulsar 4.1.3 into /workspace/builds/worker-0-tc2/source
[INFO] started tweaking crates.io crate sn-pulsar 4.1.3
[INFO] finished tweaking crates.io crate sn-pulsar 4.1.3
[INFO] tweaked toml for crates.io crate sn-pulsar 4.1.3 written to /workspace/builds/worker-0-tc2/source/Cargo.toml
[INFO] validating manifest of crates.io crate sn-pulsar 4.1.3 on toolchain 1.100.0-beta.1
[INFO] running `Command { std: CARGO_HOME="/workspace/cargo-home" RUSTUP_HOME="/workspace/rustup-home" "/workspace/cargo-home/bin/cargo" "+1.100.0-beta.1" "metadata" "--manifest-path" "Cargo.toml" "--no-deps", kill_on_drop: false }`
[INFO] crate crates.io crate sn-pulsar 4.1.3 already has a lockfile, it will not be regenerated
[INFO] running `Command { std: CARGO_HOME="/workspace/cargo-home" RUSTUP_HOME="/workspace/rustup-home" "/workspace/cargo-home/bin/cargo" "+1.100.0-beta.1" "fetch" "--manifest-path" "Cargo.toml", kill_on_drop: false }`
[INFO] running `Command { std: "docker" "create" "-v" "/var/lib/crater-agent-workspace/builds/worker-0-tc2/source:/opt/rustwide/workdir:ro,Z" "-v" "/var/lib/crater-agent-workspace/builds/worker-0-tc2/target:/opt/rustwide/target:rw,Z" "-v" "/var/lib/crater-agent-workspace/cargo-home:/opt/rustwide/cargo-home:ro,Z" "-v" "/var/lib/crater-agent-workspace/rustup-home:/opt/rustwide/rustup-home:ro,Z" "-m" "1610612736" "--network" "none" "ghcr.io/rust-lang/crates-build-env/linux@sha256:77db811e55d90add9212f6832c23229e3de5f1c1f9905e8cb07319ea15df73ac" "sleep" "infinity", kill_on_drop: false }`
[INFO] [stdout] 7a63cf8871f3eb0777335216f3dc6565e5016a3594e1f2e26368118c14d68198
[INFO] running `Command { std: "docker" "start" "7a63cf8871f3eb0777335216f3dc6565e5016a3594e1f2e26368118c14d68198", kill_on_drop: false }`
[INFO] running `Command { std: "docker" "inspect" "7a63cf8871f3eb0777335216f3dc6565e5016a3594e1f2e26368118c14d68198", kill_on_drop: false }`
[INFO] running `Command { std: "docker" "exec" "-e" "SOURCE_DIR=/opt/rustwide/workdir" "-e" "CARGO_HOME=/opt/rustwide/cargo-home" "-e" "RUSTUP_HOME=/opt/rustwide/rustup-home" "-e" "CARGO_TARGET_DIR=/opt/rustwide/target" "-w" "/opt/rustwide/workdir" "--user" "0:0" "7a63cf8871f3eb0777335216f3dc6565e5016a3594e1f2e26368118c14d68198" "/opt/rustwide/cargo-home/bin/cargo" "+1.100.0-beta.1" "metadata" "--no-deps" "--format-version=1", kill_on_drop: false }`
[INFO] running `Command { std: "docker" "inspect" "7a63cf8871f3eb0777335216f3dc6565e5016a3594e1f2e26368118c14d68198", kill_on_drop: false }`
[INFO] running `Command { std: "docker" "exec" "-e" "SOURCE_DIR=/opt/rustwide/workdir" "-e" "CARGO_HOME=/opt/rustwide/cargo-home" "-e" "RUSTUP_HOME=/opt/rustwide/rustup-home" "-e" "CARGO_TARGET_DIR=/opt/rustwide/target" "-e" "CARGO_INCREMENTAL=0" "-e" "RUST_BACKTRACE=full" "-e" "RUSTFLAGS=--cap-lints=warn" "-e" "RUSTDOCFLAGS=--cap-lints=warn" "-w" "/opt/rustwide/workdir" "--user" "0:0" "7a63cf8871f3eb0777335216f3dc6565e5016a3594e1f2e26368118c14d68198" "/opt/rustwide/cargo-home/bin/cargo" "+1.100.0-beta.1" "build" "--frozen" "--message-format=json" "--release", kill_on_drop: false }`
[INFO] [stderr]    Compiling libc v0.2.126
[INFO] [stderr]    Compiling proc-macro2 v1.0.39
[INFO] [stderr]    Compiling unicode-ident v1.0.0
[INFO] [stderr]    Compiling syn v1.0.95
[INFO] [stderr]    Compiling log v0.4.17
[INFO] [stderr]    Compiling once_cell v1.12.0
[INFO] [stderr]    Compiling pin-project-lite v0.2.9
[INFO] [stderr]    Compiling futures-core v0.3.21
[INFO] [stderr]    Compiling futures-io v0.3.21
[INFO] [stderr]    Compiling slab v0.4.6
[INFO] [stderr]    Compiling bytes v1.1.0
[INFO] [stderr]    Compiling futures-sink v0.3.21
[INFO] [stderr]    Compiling value-bag v1.0.0-alpha.9
[INFO] [stderr]    Compiling indexmap v1.7.0
[INFO] [stderr]    Compiling serde_derive v1.0.137
[INFO] [stderr]    Compiling futures-channel v0.3.21
[INFO] [stderr]    Compiling serde v1.0.137
[INFO] [stderr]    Compiling futures-task v0.3.21
[INFO] [stderr]    Compiling either v1.6.1
[INFO] [stderr]    Compiling futures-util v0.3.21
[INFO] [stderr]    Compiling itoa v1.0.2
[INFO] [stderr]    Compiling num-traits v0.2.15
[INFO] [stderr]    Compiling matches v0.1.9
[INFO] [stderr]    Compiling cache-padded v1.2.0
[INFO] [stderr]    Compiling anyhow v1.0.57
[INFO] [stderr]    Compiling typenum v1.15.0
[INFO] [stderr]    Compiling pkg-config v0.3.25
[INFO] [stderr]    Compiling tracing-core v0.1.26
[INFO] [stderr]    Compiling concurrent-queue v1.2.2
[INFO] [stderr]    Compiling generic-array v0.14.5
[INFO] [stderr]    Compiling waker-fn v1.1.0
[INFO] [stderr]    Compiling fastrand v1.7.0
[INFO] [stderr]    Compiling event-listener v2.5.2
[INFO] [stderr]    Compiling parking v2.0.0
[INFO] [stderr]    Compiling tinyvec_macros v0.1.0
[INFO] [stderr]    Compiling tinyvec v1.6.0
[INFO] [stderr]    Compiling itertools v0.10.3
[INFO] [stderr]    Compiling futures-lite v1.12.0
[INFO] [stderr]    Compiling percent-encoding v2.1.0
[INFO] [stderr]    Compiling hashbrown v0.11.2
[INFO] [stderr]    Compiling rustls v0.20.6
[INFO] [stderr]    Compiling httparse v1.7.1
[INFO] [stderr]    Compiling form_urlencoded v1.0.1
[INFO] [stderr]    Compiling memchr v2.5.0
[INFO] [stderr]    Compiling unicode-bidi v0.3.8
[INFO] [stderr]    Compiling http v0.2.7
[INFO] [stderr]    Compiling try-lock v0.2.3
[INFO] [stderr]    Compiling socket2 v0.4.4
[INFO] [stderr]    Compiling jobserver v0.1.24
[INFO] [stderr]    Compiling quote v1.0.18
[INFO] [stderr]    Compiling cc v1.0.73
[INFO] [stderr]    Compiling num_cpus v1.13.1
[INFO] [stderr]    Compiling which v4.2.5
[INFO] [stderr]    Compiling getrandom v0.2.6
[INFO] [stderr]    Compiling base64 v0.13.0
[INFO] [stderr]    Compiling signal-hook v0.3.14
[INFO] [stderr]    Compiling openssl v0.10.40
[INFO] [stderr]    Compiling ryu v1.0.10
[INFO] [stderr]    Compiling httpdate v1.0.2
[INFO] [stderr]    Compiling async-task v4.2.0
[INFO] [stderr]    Compiling unicode-normalization v0.1.19
[INFO] [stderr]    Compiling tower-service v0.3.1
[INFO] [stderr]    Compiling encoding_rs v0.8.31
[INFO] [stderr]    Compiling num-integer v0.1.45
[INFO] [stderr]    Compiling prost-build v0.9.0
[INFO] [stderr]    Compiling rand_core v0.6.3
[INFO] [stderr]    Compiling aho-corasick v0.7.18
[INFO] [stderr]    Compiling signal-hook-registry v1.4.0
[INFO] [stderr]    Compiling async-channel v1.6.1
[INFO] [stderr]    Compiling atomic-waker v1.0.0
[INFO] [stderr]    Compiling serde_json v1.0.81
[INFO] [stderr]    Compiling remove_dir_all v0.5.3
[INFO] [stderr]    Compiling regex-syntax v0.6.26
[INFO] [stderr]    Compiling native-tls v0.2.10
[INFO] [stderr]    Compiling http-body v0.4.5
[INFO] [stderr]    Compiling ppv-lite86 v0.2.16
[INFO] [stderr]    Compiling unicode-segmentation v1.9.0
[INFO] [stderr]    Compiling ring v0.16.20
[INFO] [stderr]    Compiling openssl-sys v0.9.73
[INFO] [stderr]    Compiling zstd-sys v1.6.2+zstd.1.5.1
[INFO] [stderr]    Compiling crossbeam-utils v0.8.8
[INFO] [stderr]    Compiling crypto-common v0.1.3
[INFO] [stderr]    Compiling block-buffer v0.10.2
[INFO] [stderr]    Compiling fixedbitset v0.4.1
[INFO] [stderr]    Compiling heck v0.3.3
[INFO] [stderr]    Compiling tempfile v3.3.0
[INFO] [stderr]    Compiling lz4-sys v1.9.3
[INFO] [stderr]    Compiling digest v0.10.3
[INFO] [stderr]    Compiling blocking v1.2.0
[INFO] [stderr]    Compiling async-executor v1.4.1
[INFO] [stderr]    Compiling rustls-pemfile v0.3.0
[INFO] [stderr]    Compiling petgraph v0.6.1
[INFO] [stderr]    Compiling rand_chacha v0.3.1
[INFO] [stderr]    Compiling idna v0.2.3
[INFO] [stderr]    Compiling time v0.1.43
[INFO] [stderr]    Compiling async-mutex v1.4.0
[INFO] [stderr]    Compiling num-bigint v0.4.3
[INFO] [stderr]    Compiling cpufeatures v0.2.2
[INFO] [stderr]    Compiling mime v0.3.16
[INFO] [stderr]    Compiling ipnet v2.5.0
[INFO] [stderr]    Compiling openssl-probe v0.1.5
[INFO] [stderr]    Compiling multimap v0.8.3
[INFO] [stderr]    Compiling zstd-safe v4.1.3+zstd.1.5.1
[INFO] [stderr]    Compiling sha2 v0.10.2
[INFO] [stderr]    Compiling rand v0.8.5
[INFO] [stderr]    Compiling ordered-float v2.10.0
[INFO] [stderr]    Compiling async-lock v2.5.0
[INFO] [stderr]    Compiling async-trait v0.1.53
[INFO] [stderr]    Compiling snap v1.0.5
[INFO] [stderr]    Compiling miniz_oxide v0.5.1
[INFO] [stderr]    Compiling crc-catalog v1.1.1
[INFO] [stderr]    Compiling nom v7.1.1
[INFO] [stderr]    Compiling crc v2.1.0
[INFO] [stderr]    Compiling flate2 v1.0.23
[INFO] [stderr]    Compiling regex v1.5.6
[INFO] [stderr]    Compiling data-url v0.1.1
[INFO] [stderr]    Compiling bit-vec v0.6.3
[INFO] [stderr]    Compiling futures-timer v3.0.2
[INFO] [stderr]    Compiling ctor v0.1.22
[INFO] [stderr]    Compiling tokio-macros v1.7.0
[INFO] [stderr]    Compiling futures-macro v0.3.21
[INFO] [stderr]    Compiling tracing-attributes v0.1.21
[INFO] [stderr]    Compiling prost-derive v0.9.0
[INFO] [stderr]    Compiling openssl-macros v0.1.0
[INFO] [stderr]    Compiling mio v0.8.3
[INFO] [stderr]    Compiling want v0.3.0
[INFO] [stderr]    Compiling polling v2.2.0
[INFO] [stderr]    Compiling thiserror-impl v1.0.31
[INFO] [stderr]    Compiling async-io v1.6.0
[INFO] [stderr]    Compiling kv-log-macro v1.0.7
[INFO] [stderr]    Compiling async-attributes v1.1.2
[INFO] [stderr]    Compiling tokio v1.18.2
[INFO] [stderr]    Compiling tracing v0.1.34
[INFO] [stderr]    Compiling async-process v1.4.0
[INFO] [stderr]    Compiling thiserror v1.0.31
[INFO] [stderr]    Compiling async-global-executor v2.0.4
[INFO] [stderr]    Compiling prost v0.9.0
[INFO] [stderr]    Compiling async-std v1.11.0
[INFO] [stderr]    Compiling prost-types v0.9.0
[INFO] [stderr]    Compiling pem v0.8.3
[INFO] [stderr]    Compiling webpki v0.22.0
[INFO] [stderr]    Compiling sct v0.7.0
[INFO] [stderr]    Compiling futures-executor v0.3.21
[INFO] [stderr]    Compiling webpki-roots v0.22.3
[INFO] [stderr]    Compiling sn-pulsar v4.1.3 (/opt/rustwide/workdir)
[INFO] [stderr]    Compiling futures v0.3.21
[INFO] [stderr]    Compiling asynchronous-codec v0.6.0
[INFO] [stderr]    Compiling tokio-util v0.7.2
[INFO] [stderr]    Compiling tokio-util v0.6.10
[INFO] [stderr]    Compiling tokio-native-tls v0.3.0
[INFO] [stderr]    Compiling h2 v0.3.13
[INFO] [stderr]    Compiling lz4 v1.23.3
[INFO] [stderr]    Compiling url v2.2.2
[INFO] [stderr]    Compiling serde_urlencoded v0.7.1
[INFO] [stderr]    Compiling serde_path_to_error v0.1.7
[INFO] [stderr]    Compiling tokio-rustls v0.23.4
[INFO] [stderr]    Compiling chrono v0.4.19
[INFO] [stderr]    Compiling serde-value v0.7.0
[INFO] [stderr]    Compiling async-native-tls v0.3.3
[INFO] [stderr]    Compiling hyper v0.14.18
[INFO] [stderr]    Compiling hyper-rustls v0.23.0
[INFO] [stderr]    Compiling reqwest v0.11.10
[INFO] [stderr]    Compiling oauth2 v4.2.0
[INFO] [stderr]    Compiling openidconnect v2.3.1
[INFO] [stderr]    Compiling zstd v0.9.2+zstd.1.5.1
[INFO] [stdout] warning: unused import: `crate::error::ServiceDiscoveryError::NotFound`
[INFO] [stdout]   --> src/service_discovery.rs:11:5
[INFO] [stdout]    |
[INFO] [stdout] 11 | use crate::error::ServiceDiscoveryError::NotFound;
[INFO] [stdout]    |     ^^^^^^^^^^^^^^^^^^^^^^^^^^^^^^^^^^^^^^^^^^^^^
[INFO] [stdout]    |
[INFO] [stdout]    = note: `#[warn(unused_imports)]` (part of `#[warn(unused)]`) on by default
[INFO] [stdout] 
[INFO] [stdout] 
[INFO] [stdout] warning: unused variable: `u`
[INFO] [stdout]    --> src/service_discovery.rs:274:14
[INFO] [stdout]     |
[INFO] [stdout] 274 |         Some(u) => Some(Url::parse(&response.broker_service_url.clone().unwrap()).map_err(|e| {
[INFO] [stdout]     |              ^ help: if this is intentional, prefix it with an underscore: `_u`
[INFO] [stdout]     |
[INFO] [stdout]     = note: `#[warn(unused_variables)]` (part of `#[warn(unused)]`) on by default
[INFO] [stdout] 
[INFO] [stdout] 
[INFO] [stdout] warning: field `client_email` is never read
[INFO] [stdout]   --> src/authentication.rs:75:9
[INFO] [stdout]    |
[INFO] [stdout] 72 |     struct OAuth2PrivateParams {
[INFO] [stdout]    |            ------------------- field in this struct
[INFO] [stdout] ...
[INFO] [stdout] 75 |         client_email: Option<String>,
[INFO] [stdout]    |         ^^^^^^^^^^^^
[INFO] [stdout]    |
[INFO] [stdout]    = note: `OAuth2PrivateParams` has a derived impl for the trait `Debug`, but this is intentionally ignored during dead code analysis
[INFO] [stdout]    = note: `#[warn(dead_code)]` (part of `#[warn(unused)]`) on by default
[INFO] [stdout] 
[INFO] [stdout] 
[INFO] [stdout] warning: hiding a lifetime that's elided elsewhere is confusing
[INFO] [stdout]    --> src/message.rs:445:21
[INFO] [stdout]     |
[INFO] [stdout] 445 | fn command_frame(i: &[u8]) -> IResult<&[u8], CommandFrame> {
[INFO] [stdout]     |                     ^^^^^             ^^^^^  ^^^^^^^^^^^^ the same lifetime is hidden here
[INFO] [stdout]     |                     |                 |
[INFO] [stdout]     |                     |                 the same lifetime is elided here
[INFO] [stdout]     |                     the lifetime is elided here
[INFO] [stdout]     |
[INFO] [stdout]     = help: the same lifetime is referred to in inconsistent ways, making the signature confusing
[INFO] [stdout]     = note: `#[warn(mismatched_lifetime_syntaxes)]` on by default
[INFO] [stdout] help: use `'_` for type paths
[INFO] [stdout]     |
[INFO] [stdout] 445 | fn command_frame(i: &[u8]) -> IResult<&[u8], CommandFrame<'_>> {
[INFO] [stdout]     |                                                          ++++
[INFO] [stdout] 
[INFO] [stdout] 
[INFO] [stdout] warning: hiding a lifetime that's elided elsewhere is confusing
[INFO] [stdout]    --> src/message.rs:470:21
[INFO] [stdout]     |
[INFO] [stdout] 470 | fn payload_frame(i: &[u8]) -> IResult<&[u8], PayloadFrame> {
[INFO] [stdout]     |                     ^^^^^             ^^^^^  ^^^^^^^^^^^^ the same lifetime is hidden here
[INFO] [stdout]     |                     |                 |
[INFO] [stdout]     |                     |                 the same lifetime is elided here
[INFO] [stdout]     |                     the lifetime is elided here
[INFO] [stdout]     |
[INFO] [stdout]     = help: the same lifetime is referred to in inconsistent ways, making the signature confusing
[INFO] [stdout] help: use `'_` for type paths
[INFO] [stdout]     |
[INFO] [stdout] 470 | fn payload_frame(i: &[u8]) -> IResult<&[u8], PayloadFrame<'_>> {
[INFO] [stdout]     |                                                          ++++
[INFO] [stdout] 
[INFO] [stdout] 
[INFO] [stdout] warning: hiding a lifetime that's elided elsewhere is confusing
[INFO] [stdout]    --> src/producer.rs:264:27
[INFO] [stdout]     |
[INFO] [stdout] 264 |     pub fn create_message(&mut self) -> MessageBuilder<(), Exe> {
[INFO] [stdout]     |                           ^^^^^^^^^     ^^^^^^^^^^^^^^^^^^^^^^^ the same lifetime is hidden here
[INFO] [stdout]     |                           |
[INFO] [stdout]     |                           the lifetime is elided here
[INFO] [stdout]     |
[INFO] [stdout]     = help: the same lifetime is referred to in inconsistent ways, making the signature confusing
[INFO] [stdout] help: use `'_` for type paths
[INFO] [stdout]     |
[INFO] [stdout] 264 |     pub fn create_message(&mut self) -> MessageBuilder<'_, (), Exe> {
[INFO] [stdout]     |                                                        +++
[INFO] [stdout] 
[INFO] [stdout] 
[INFO] [stderr] warning: unused dependency `bit-vec`
[INFO] [stderr]   --> Cargo.toml:20:15
[INFO] [stderr]    |
[INFO] [stderr] 20 | [dependencies.bit-vec]
[INFO] [stderr]    |               ^^^^^^^^
[INFO] [stderr]    |
[INFO] [stderr]    = note: `cargo::unused_dependencies` is set to `warn` by default
[INFO] [stderr] help: consider removing the dependency on `bit-vec`
[INFO] [stderr] warning: unused dependency `futures-timer`
[INFO] [stderr]   --> Cargo.toml:46:15
[INFO] [stderr]    |
[INFO] [stderr] 46 | [dependencies.futures-timer]
[INFO] [stderr]    |               ^^^^^^^^^^^^^^
[INFO] [stderr]    |
[INFO] [stderr] help: consider removing the dependency on `futures-timer`
[INFO] [stderr] warning: `sn-pulsar` (manifest) generated 2 warnings
[INFO] [stderr]     Finished `release` profile [optimized] target(s) in 2m 26s
[INFO] [stderr] warning: the following packages contain code that will be rejected by a future version of Rust: openssl v0.10.40
[INFO] [stderr] note: to see what the problems were, use the option `--future-incompat-report`, or run `cargo report future-incompatibilities --id 5`
[INFO] running `Command { std: "docker" "inspect" "7a63cf8871f3eb0777335216f3dc6565e5016a3594e1f2e26368118c14d68198", kill_on_drop: false }`
[INFO] running `Command { std: "docker" "exec" "-e" "SOURCE_DIR=/opt/rustwide/workdir" "-e" "CARGO_HOME=/opt/rustwide/cargo-home" "-e" "RUSTUP_HOME=/opt/rustwide/rustup-home" "-e" "CARGO_TARGET_DIR=/opt/rustwide/target" "-e" "CARGO_INCREMENTAL=0" "-e" "RUST_BACKTRACE=full" "-e" "RUSTFLAGS=--cap-lints=warn" "-e" "RUSTDOCFLAGS=--cap-lints=warn" "-w" "/opt/rustwide/workdir" "--user" "0:0" "7a63cf8871f3eb0777335216f3dc6565e5016a3594e1f2e26368118c14d68198" "/opt/rustwide/cargo-home/bin/cargo" "+1.100.0-beta.1" "test" "--frozen" "--no-run" "--message-format=json" "--release", kill_on_drop: false }`
[INFO] [stderr]    Compiling atty v0.2.14
[INFO] [stderr]    Compiling termcolor v1.1.3
[INFO] [stderr]    Compiling humantime v2.1.0
[INFO] [stdout] warning: unused import: `crate::error::ServiceDiscoveryError::NotFound`
[INFO] [stdout]   --> src/service_discovery.rs:11:5
[INFO] [stdout]    |
[INFO] [stdout] 11 | use crate::error::ServiceDiscoveryError::NotFound;
[INFO] [stdout]    |     ^^^^^^^^^^^^^^^^^^^^^^^^^^^^^^^^^^^^^^^^^^^^^
[INFO] [stdout]    |
[INFO] [stdout]    = note: `#[warn(unused_imports)]` (part of `#[warn(unused)]`) on by default
[INFO] [stdout] 
[INFO] [stdout] 
[INFO] [stdout] warning: unused variable: `u`
[INFO] [stdout]    --> src/service_discovery.rs:274:14
[INFO] [stdout]     |
[INFO] [stdout] 274 |         Some(u) => Some(Url::parse(&response.broker_service_url.clone().unwrap()).map_err(|e| {
[INFO] [stdout]     |              ^ help: if this is intentional, prefix it with an underscore: `_u`
[INFO] [stdout]     |
[INFO] [stdout]     = note: `#[warn(unused_variables)]` (part of `#[warn(unused)]`) on by default
[INFO] [stdout] 
[INFO] [stdout] 
[INFO] [stdout] warning: field `client_email` is never read
[INFO] [stdout]   --> src/authentication.rs:75:9
[INFO] [stdout]    |
[INFO] [stdout] 72 |     struct OAuth2PrivateParams {
[INFO] [stdout]    |            ------------------- field in this struct
[INFO] [stdout] ...
[INFO] [stdout] 75 |         client_email: Option<String>,
[INFO] [stdout]    |         ^^^^^^^^^^^^
[INFO] [stdout]    |
[INFO] [stdout]    = note: `OAuth2PrivateParams` has a derived impl for the trait `Debug`, but this is intentionally ignored during dead code analysis
[INFO] [stdout]    = note: `#[warn(dead_code)]` (part of `#[warn(unused)]`) on by default
[INFO] [stdout] 
[INFO] [stdout] 
[INFO] [stdout] warning: hiding a lifetime that's elided elsewhere is confusing
[INFO] [stdout]    --> src/message.rs:445:21
[INFO] [stdout]     |
[INFO] [stdout] 445 | fn command_frame(i: &[u8]) -> IResult<&[u8], CommandFrame> {
[INFO] [stdout]     |                     ^^^^^             ^^^^^  ^^^^^^^^^^^^ the same lifetime is hidden here
[INFO] [stdout]     |                     |                 |
[INFO] [stdout]     |                     |                 the same lifetime is elided here
[INFO] [stdout]     |                     the lifetime is elided here
[INFO] [stdout]     |
[INFO] [stdout]     = help: the same lifetime is referred to in inconsistent ways, making the signature confusing
[INFO] [stdout]     = note: `#[warn(mismatched_lifetime_syntaxes)]` on by default
[INFO] [stdout] help: use `'_` for type paths
[INFO] [stdout]     |
[INFO] [stdout] 445 | fn command_frame(i: &[u8]) -> IResult<&[u8], CommandFrame<'_>> {
[INFO] [stdout]     |                                                          ++++
[INFO] [stdout] 
[INFO] [stdout] 
[INFO] [stdout] warning: hiding a lifetime that's elided elsewhere is confusing
[INFO] [stdout]    --> src/message.rs:470:21
[INFO] [stdout]     |
[INFO] [stdout] 470 | fn payload_frame(i: &[u8]) -> IResult<&[u8], PayloadFrame> {
[INFO] [stdout]     |                     ^^^^^             ^^^^^  ^^^^^^^^^^^^ the same lifetime is hidden here
[INFO] [stdout]     |                     |                 |
[INFO] [stdout]     |                     |                 the same lifetime is elided here
[INFO] [stdout]     |                     the lifetime is elided here
[INFO] [stdout]     |
[INFO] [stdout]     = help: the same lifetime is referred to in inconsistent ways, making the signature confusing
[INFO] [stdout] help: use `'_` for type paths
[INFO] [stdout]     |
[INFO] [stdout] 470 | fn payload_frame(i: &[u8]) -> IResult<&[u8], PayloadFrame<'_>> {
[INFO] [stdout]     |                                                          ++++
[INFO] [stdout] 
[INFO] [stdout] 
[INFO] [stdout] warning: hiding a lifetime that's elided elsewhere is confusing
[INFO] [stdout]    --> src/producer.rs:264:27
[INFO] [stdout]     |
[INFO] [stdout] 264 |     pub fn create_message(&mut self) -> MessageBuilder<(), Exe> {
[INFO] [stdout]     |                           ^^^^^^^^^     ^^^^^^^^^^^^^^^^^^^^^^^ the same lifetime is hidden here
[INFO] [stdout]     |                           |
[INFO] [stdout]     |                           the lifetime is elided here
[INFO] [stdout]     |
[INFO] [stdout]     = help: the same lifetime is referred to in inconsistent ways, making the signature confusing
[INFO] [stdout] help: use `'_` for type paths
[INFO] [stdout]     |
[INFO] [stdout] 264 |     pub fn create_message(&mut self) -> MessageBuilder<'_, (), Exe> {
[INFO] [stdout]     |                                                        +++
[INFO] [stdout] 
[INFO] [stdout] 
[INFO] [stderr]    Compiling env_logger v0.9.0
[INFO] [stderr]    Compiling sn-pulsar v4.1.3 (/opt/rustwide/workdir)
[INFO] [stdout] warning: unused import: `crate::error::ServiceDiscoveryError::NotFound`
[INFO] [stdout]   --> src/service_discovery.rs:11:5
[INFO] [stdout]    |
[INFO] [stdout] 11 | use crate::error::ServiceDiscoveryError::NotFound;
[INFO] [stdout]    |     ^^^^^^^^^^^^^^^^^^^^^^^^^^^^^^^^^^^^^^^^^^^^^
[INFO] [stdout]    |
[INFO] [stdout]    = note: `#[warn(unused_imports)]` (part of `#[warn(unused)]`) on by default
[INFO] [stdout] 
[INFO] [stdout] 
[INFO] [stdout] warning: unused variable: `u`
[INFO] [stdout]    --> src/service_discovery.rs:274:14
[INFO] [stdout]     |
[INFO] [stdout] 274 |         Some(u) => Some(Url::parse(&response.broker_service_url.clone().unwrap()).map_err(|e| {
[INFO] [stdout]     |              ^ help: if this is intentional, prefix it with an underscore: `_u`
[INFO] [stdout]     |
[INFO] [stdout]     = note: `#[warn(unused_variables)]` (part of `#[warn(unused)]`) on by default
[INFO] [stdout] 
[INFO] [stdout] 
[INFO] [stdout] warning: enum `Error` is never used
[INFO] [stdout]    --> src/lib.rs:238:10
[INFO] [stdout]     |
[INFO] [stdout] 238 |     enum Error {
[INFO] [stdout]     |          ^^^^^
[INFO] [stdout]     |
[INFO] [stdout]     = note: `#[warn(dead_code)]` (part of `#[warn(unused)]`) on by default
[INFO] [stdout] 
[INFO] [stdout] 
[INFO] [stdout] warning: hiding a lifetime that's elided elsewhere is confusing
[INFO] [stdout]    --> src/message.rs:445:21
[INFO] [stdout]     |
[INFO] [stdout] 445 | fn command_frame(i: &[u8]) -> IResult<&[u8], CommandFrame> {
[INFO] [stdout]     |                     ^^^^^             ^^^^^  ^^^^^^^^^^^^ the same lifetime is hidden here
[INFO] [stdout]     |                     |                 |
[INFO] [stdout]     |                     |                 the same lifetime is elided here
[INFO] [stdout]     |                     the lifetime is elided here
[INFO] [stdout]     |
[INFO] [stdout]     = help: the same lifetime is referred to in inconsistent ways, making the signature confusing
[INFO] [stdout]     = note: `#[warn(mismatched_lifetime_syntaxes)]` on by default
[INFO] [stdout] help: use `'_` for type paths
[INFO] [stdout]     |
[INFO] [stdout] 445 | fn command_frame(i: &[u8]) -> IResult<&[u8], CommandFrame<'_>> {
[INFO] [stdout]     |                                                          ++++
[INFO] [stdout] 
[INFO] [stdout] 
[INFO] [stdout] warning: hiding a lifetime that's elided elsewhere is confusing
[INFO] [stdout]    --> src/message.rs:470:21
[INFO] [stdout]     |
[INFO] [stdout] 470 | fn payload_frame(i: &[u8]) -> IResult<&[u8], PayloadFrame> {
[INFO] [stdout]     |                     ^^^^^             ^^^^^  ^^^^^^^^^^^^ the same lifetime is hidden here
[INFO] [stdout]     |                     |                 |
[INFO] [stdout]     |                     |                 the same lifetime is elided here
[INFO] [stdout]     |                     the lifetime is elided here
[INFO] [stdout]     |
[INFO] [stdout]     = help: the same lifetime is referred to in inconsistent ways, making the signature confusing
[INFO] [stdout] help: use `'_` for type paths
[INFO] [stdout]     |
[INFO] [stdout] 470 | fn payload_frame(i: &[u8]) -> IResult<&[u8], PayloadFrame<'_>> {
[INFO] [stdout]     |                                                          ++++
[INFO] [stdout] 
[INFO] [stdout] 
[INFO] [stdout] warning: hiding a lifetime that's elided elsewhere is confusing
[INFO] [stdout]    --> src/producer.rs:264:27
[INFO] [stdout]     |
[INFO] [stdout] 264 |     pub fn create_message(&mut self) -> MessageBuilder<(), Exe> {
[INFO] [stdout]     |                           ^^^^^^^^^     ^^^^^^^^^^^^^^^^^^^^^^^ the same lifetime is hidden here
[INFO] [stdout]     |                           |
[INFO] [stdout]     |                           the lifetime is elided here
[INFO] [stdout]     |
[INFO] [stdout]     = help: the same lifetime is referred to in inconsistent ways, making the signature confusing
[INFO] [stdout] help: use `'_` for type paths
[INFO] [stdout]     |
[INFO] [stdout] 264 |     pub fn create_message(&mut self) -> MessageBuilder<'_, (), Exe> {
[INFO] [stdout]     |                                                        +++
[INFO] [stdout] 
[INFO] [stdout] 
[INFO] [stderr] warning: unused dependency `bit-vec`
[INFO] [stderr]   --> Cargo.toml:20:15
[INFO] [stderr]    |
[INFO] [stderr] 20 | [dependencies.bit-vec]
[INFO] [stderr]    |               ^^^^^^^^
[INFO] [stderr]    |
[INFO] [stderr]    = note: `cargo::unused_dependencies` is set to `warn` by default
[INFO] [stderr] help: consider removing the dependency on `bit-vec`
[INFO] [stderr] warning: unused dependency `futures-timer`
[INFO] [stderr]   --> Cargo.toml:46:15
[INFO] [stderr]    |
[INFO] [stderr] 46 | [dependencies.futures-timer]
[INFO] [stderr]    |               ^^^^^^^^^^^^^^
[INFO] [stderr]    |
[INFO] [stderr] help: consider removing the dependency on `futures-timer`
[INFO] [stderr] warning: `sn-pulsar` (manifest) generated 2 warnings
[INFO] [stderr]     Finished `release` profile [optimized] target(s) in 1m 54s
[INFO] [stderr] warning: the following packages contain code that will be rejected by a future version of Rust: openssl v0.10.40
[INFO] [stderr] note: to see what the problems were, use the option `--future-incompat-report`, or run `cargo report future-incompatibilities --id 5`
[INFO] running `Command { std: "docker" "inspect" "7a63cf8871f3eb0777335216f3dc6565e5016a3594e1f2e26368118c14d68198", kill_on_drop: false }`
[INFO] running `Command { std: "docker" "exec" "-e" "SOURCE_DIR=/opt/rustwide/workdir" "-e" "CARGO_HOME=/opt/rustwide/cargo-home" "-e" "RUSTUP_HOME=/opt/rustwide/rustup-home" "-e" "CARGO_TARGET_DIR=/opt/rustwide/target" "-e" "CARGO_INCREMENTAL=0" "-e" "RUST_BACKTRACE=full" "-e" "RUSTFLAGS=--cap-lints=warn" "-e" "RUSTDOCFLAGS=--cap-lints=warn" "-w" "/opt/rustwide/workdir" "--user" "0:0" "7a63cf8871f3eb0777335216f3dc6565e5016a3594e1f2e26368118c14d68198" "/opt/rustwide/cargo-home/bin/cargo" "+1.100.0-beta.1" "test" "--frozen" "--release", kill_on_drop: false }`
[INFO] [stderr] warning: unused import: `crate::error::ServiceDiscoveryError::NotFound`
[INFO] [stderr]   --> src/service_discovery.rs:11:5
[INFO] [stderr]    |
[INFO] [stderr] 11 | use crate::error::ServiceDiscoveryError::NotFound;
[INFO] [stderr]    |     ^^^^^^^^^^^^^^^^^^^^^^^^^^^^^^^^^^^^^^^^^^^^^
[INFO] [stderr]    |
[INFO] [stderr]    = note: `#[warn(unused_imports)]` (part of `#[warn(unused)]`) on by default
[INFO] [stderr] 
[INFO] [stderr] warning: unused variable: `u`
[INFO] [stderr]    --> src/service_discovery.rs:274:14
[INFO] [stderr]     |
[INFO] [stderr] 274 |         Some(u) => Some(Url::parse(&response.broker_service_url.clone().unwrap()).map_err(|e| {
[INFO] [stderr]     |              ^ help: if this is intentional, prefix it with an underscore: `_u`
[INFO] [stderr]     |
[INFO] [stderr]     = note: `#[warn(unused_variables)]` (part of `#[warn(unused)]`) on by default
[INFO] [stderr] 
[INFO] [stderr] warning: field `client_email` is never read
[INFO] [stderr]   --> src/authentication.rs:75:9
[INFO] [stderr]    |
[INFO] [stderr] 72 |     struct OAuth2PrivateParams {
[INFO] [stderr]    |            ------------------- field in this struct
[INFO] [stderr] ...
[INFO] [stderr] 75 |         client_email: Option<String>,
[INFO] [stderr]    |         ^^^^^^^^^^^^
[INFO] [stderr]    |
[INFO] [stderr]    = note: `OAuth2PrivateParams` has a derived impl for the trait `Debug`, but this is intentionally ignored during dead code analysis
[INFO] [stderr]    = note: `#[warn(dead_code)]` (part of `#[warn(unused)]`) on by default
[INFO] [stderr] 
[INFO] [stderr] warning: hiding a lifetime that's elided elsewhere is confusing
[INFO] [stderr]    --> src/message.rs:445:21
[INFO] [stderr]     |
[INFO] [stderr] 445 | fn command_frame(i: &[u8]) -> IResult<&[u8], CommandFrame> {
[INFO] [stderr]     |                     ^^^^^             ^^^^^  ^^^^^^^^^^^^ the same lifetime is hidden here
[INFO] [stderr]     |                     |                 |
[INFO] [stderr]     |                     |                 the same lifetime is elided here
[INFO] [stderr]     |                     the lifetime is elided here
[INFO] [stderr]     |
[INFO] [stderr]     = help: the same lifetime is referred to in inconsistent ways, making the signature confusing
[INFO] [stderr]     = note: `#[warn(mismatched_lifetime_syntaxes)]` on by default
[INFO] [stderr] help: use `'_` for type paths
[INFO] [stderr]     |
[INFO] [stderr] 445 | fn command_frame(i: &[u8]) -> IResult<&[u8], CommandFrame<'_>> {
[INFO] [stderr]     |                                                          ++++
[INFO] [stderr] 
[INFO] [stderr] warning: hiding a lifetime that's elided elsewhere is confusing
[INFO] [stderr]    --> src/message.rs:470:21
[INFO] [stderr]     |
[INFO] [stderr] 470 | fn payload_frame(i: &[u8]) -> IResult<&[u8], PayloadFrame> {
[INFO] [stderr]     |                     ^^^^^             ^^^^^  ^^^^^^^^^^^^ the same lifetime is hidden here
[INFO] [stderr]     |                     |                 |
[INFO] [stderr]     |                     |                 the same lifetime is elided here
[INFO] [stderr]     |                     the lifetime is elided here
[INFO] [stderr]     |
[INFO] [stderr]     = help: the same lifetime is referred to in inconsistent ways, making the signature confusing
[INFO] [stderr] help: use `'_` for type paths
[INFO] [stderr]     |
[INFO] [stderr] 470 | fn payload_frame(i: &[u8]) -> IResult<&[u8], PayloadFrame<'_>> {
[INFO] [stderr]     |                                                          ++++
[INFO] [stderr] 
[INFO] [stderr] warning: hiding a lifetime that's elided elsewhere is confusing
[INFO] [stderr]    --> src/producer.rs:264:27
[INFO] [stderr]     |
[INFO] [stderr] 264 |     pub fn create_message(&mut self) -> MessageBuilder<(), Exe> {
[INFO] [stderr]     |                           ^^^^^^^^^     ^^^^^^^^^^^^^^^^^^^^^^^ the same lifetime is hidden here
[INFO] [stderr]     |                           |
[INFO] [stderr]     |                           the lifetime is elided here
[INFO] [stderr]     |
[INFO] [stderr]     = help: the same lifetime is referred to in inconsistent ways, making the signature confusing
[INFO] [stderr] help: use `'_` for type paths
[INFO] [stderr]     |
[INFO] [stderr] 264 |     pub fn create_message(&mut self) -> MessageBuilder<'_, (), Exe> {
[INFO] [stderr]     |                                                        +++
[INFO] [stderr] 
[INFO] [stderr] warning: `sn-pulsar` (lib) generated 6 warnings (run `cargo fix --lib -p sn-pulsar` to apply 5 suggestions)
[INFO] [stderr] warning: enum `Error` is never used
[INFO] [stderr]    --> src/lib.rs:238:10
[INFO] [stderr]     |
[INFO] [stderr] 238 |     enum Error {
[INFO] [stderr]     |          ^^^^^
[INFO] [stderr]     |
[INFO] [stderr]     = note: `#[warn(dead_code)]` (part of `#[warn(unused)]`) on by default
[INFO] [stderr] 
[INFO] [stderr] warning: `sn-pulsar` (lib test) generated 6 warnings (5 duplicates)
[INFO] [stderr] warning: unused dependency `bit-vec`
[INFO] [stderr]   --> Cargo.toml:20:15
[INFO] [stderr]    |
[INFO] [stderr] 20 | [dependencies.bit-vec]
[INFO] [stderr]    |               ^^^^^^^^
[INFO] [stderr]    |
[INFO] [stderr]    = note: `cargo::unused_dependencies` is set to `warn` by default
[INFO] [stderr] help: consider removing the dependency on `bit-vec`
[INFO] [stderr] warning: unused dependency `futures-timer`
[INFO] [stderr]   --> Cargo.toml:46:15
[INFO] [stderr]    |
[INFO] [stderr] 46 | [dependencies.futures-timer]
[INFO] [stderr]    |               ^^^^^^^^^^^^^^
[INFO] [stderr]    |
[INFO] [stderr] help: consider removing the dependency on `futures-timer`
[INFO] [stderr] warning: `sn-pulsar` (manifest) generated 2 warnings
[INFO] [stderr]     Finished `release` profile [optimized] target(s) in 0.36s
[INFO] [stderr] warning: the following packages contain code that will be rejected by a future version of Rust: openssl v0.10.40
[INFO] [stderr] note: to see what the problems were, use the option `--future-incompat-report`, or run `cargo report future-incompatibilities --id 5`
[INFO] [stderr]      Running unittests src/lib.rs (/opt/rustwide/target/release/build/sn-pulsar/985e6505fb3d4f69/out/pulsar-985e6505fb3d4f69)
[INFO] [stdout] 
[INFO] [stdout] running 13 tests
[INFO] [stdout] test message::tests::base_command_type_parsing ... ok
[INFO] [stdout] test consumer::tests::dead_letter_queue ... FAILED
[INFO] [stdout] test consumer::tests::multi_consumer ... FAILED
[INFO] [stdout] test authentication::oauth2::tests::parse_data_url ... ok
[INFO] [stdout] test consumer::tests::consumer_dropped_with_lingering_acks ... FAILED
[INFO] [stdout] test message::tests::parse_simple_command ... ok
[INFO] [stdout] test message::tests::parse_payload_command ... ok
[INFO] [stdout] test tests::redelivery ... FAILED
[INFO] [stdout] test tests::round_trip ... FAILED
[INFO] [stdout] test consumer::tests::failover ... FAILED
[INFO] [stdout] test tests::batching ... FAILED
[INFO] [stderr] error: test failed, to rerun pass `--lib`
[INFO] [stdout] test consumer::tests::seek_single_consumer ... FAILED
[INFO] [stdout] test tests::unsized_data ... FAILED
[INFO] [stdout] 
[INFO] [stdout] failures:
[INFO] [stdout] 
[INFO] [stdout] ---- consumer::tests::dead_letter_queue stdout ----
[INFO] [stdout] 2026-10-18 17:23:54.938951711 UTC multi_consumer DEBUG	pulsar::connection_manager	ConnectionManager::connect(BrokerAddress { url: Url { scheme: "pulsar", cannot_be_a_base: false, username: "", password: None, host: Some(Domain("127.0.0.1")), port: Some(6650), path: "", query: None, fragment: None }, broker_url: "127.0.0.1:6650", proxy: false })
[INFO] [stdout] 2026-10-18 17:23:54.939363451 UTC multi_consumer DEBUG	pulsar::connection	Connecting to pulsar://127.0.0.1:6650: 127.0.0.1:6650
[INFO] [stdout] 
[INFO] [stdout] thread 'consumer::tests::dead_letter_queue' (4206) panicked at src/consumer.rs:2248:84:
[INFO] [stdout] called `Result::unwrap()` on an `Err` value: Connection(Io(Os { code: 111, kind: ConnectionRefused, message: "Connection refused" }))
[INFO] [stdout] stack backtrace:
[INFO] [stdout]    0:     0x62943de1de21 - <<std[617be2ca0a6fd877]::sys::backtrace::BacktraceLock>::print::DisplayBacktrace as core[a373ad73a504971]::fmt::Display>::fmt
[INFO] [stdout]    1:     0x62943de345aa - core[a373ad73a504971]::fmt::write
[INFO] [stdout]    2:     0x62943de225bc - <alloc[2e1b2a31b91974c5]::vec::Vec<u8> as core[a373ad73a504971]::io::write::Write>::write_fmt
[INFO] [stdout]    3:     0x62943ddf8ea6 - std[617be2ca0a6fd877]::panicking::default_hook::{closure#0}
[INFO] [stdout]    4:     0x62943de15919 - std[617be2ca0a6fd877]::panicking::default_hook
[INFO] [stdout]    5:     0x62943dcd8510 - test[aada8e7e76ba119b]::test_main_inner::{closure#0}
[INFO] [stdout]    6:     0x62943de15c42 - std[617be2ca0a6fd877]::panicking::panic_with_hook
[INFO] [stdout]    7:     0x62943ddf8f52 - std[617be2ca0a6fd877]::panicking::panic_handler::{closure#0}
[INFO] [stdout]    8:     0x62943ddf17b9 - std[617be2ca0a6fd877]::sys::backtrace::__rust_end_short_backtrace::<std[617be2ca0a6fd877]::panicking::panic_handler::{closure#0}, !>
[INFO] [stdout]    9:     0x62943ddf9ded - __rustc[ea4f61d10b84890b]::rust_begin_unwind
[INFO] [stdout]   10:     0x62943de34d8c - core[a373ad73a504971]::panicking::panic_fmt
[INFO] [stdout]   11:     0x62943de34b62 - core[a373ad73a504971]::result::unwrap_failed
[INFO] [stdout]   12:     0x62943d9a7cfc - <core[a373ad73a504971]::pin::Pin<&mut pulsar[55777cb70c1edc0f]::consumer::tests::dead_letter_queue::{closure#0}> as core[a373ad73a504971]::future::future::Future>::poll
[INFO] [stdout]   13:     0x62943dba8e66 - <tokio[1e1a8bb095638c9]::runtime::basic_scheduler::BasicScheduler>::block_on::<pulsar[55777cb70c1edc0f]::consumer::tests::dead_letter_queue::{closure#0}>
[INFO] [stdout]   14:     0x62943db2a4f8 - <pulsar[55777cb70c1edc0f]::consumer::tests::dead_letter_queue::{closure#0} as core[a373ad73a504971]::ops::function::FnOnce<()>>::call_once
[INFO] [stdout]   15:     0x62943dccb95b - test[aada8e7e76ba119b]::__rust_begin_short_backtrace::<core[a373ad73a504971]::result::Result<(), alloc[2e1b2a31b91974c5]::string::String>, fn() -> core[a373ad73a504971]::result::Result<(), alloc[2e1b2a31b91974c5]::string::String>>
[INFO] [stdout]   16:     0x62943dcd8b35 - test[aada8e7e76ba119b]::run_test::{closure#0}
[INFO] [stdout]   17:     0x62943dcd2424 - std[617be2ca0a6fd877]::sys::backtrace::__rust_begin_short_backtrace::<test[aada8e7e76ba119b]::run_test::{closure#1}, ()>
[INFO] [stdout]   18:     0x62943dcdbbc2 - <std[617be2ca0a6fd877]::thread::lifecycle::spawn_unchecked<test[aada8e7e76ba119b]::run_test::{closure#1}, ()>::{closure#1} as core[a373ad73a504971]::ops::function::FnOnce<()>>::call_once::{shim:vtable#0}
[INFO] [stdout]   19:     0x62943de1cf6f - <std[617be2ca0a6fd877]::sys::thread::unix::Thread>::new::thread_start
[INFO] [stdout]   20:     0x7be487df8dfa - <unknown>
[INFO] [stdout]   21:     0x7be487e8c3d4 - clone
[INFO] [stdout]   22:                0x0 - <unknown>
[INFO] [stdout] 
[INFO] [stdout] ---- consumer::tests::multi_consumer stdout ----
[INFO] [stdout] 2026-10-18 17:23:54.928134112 UTC multi_consumer DEBUG	pulsar::connection_manager	ConnectionManager::connect(BrokerAddress { url: Url { scheme: "pulsar", cannot_be_a_base: false, username: "", password: None, host: Some(Domain("127.0.0.1")), port: Some(6650), path: "", query: None, fragment: None }, broker_url: "127.0.0.1:6650", proxy: false })
[INFO] [stdout] 2026-10-18 17:23:54.940039521 UTC multi_consumer DEBUG	pulsar::connection	Connecting to pulsar://127.0.0.1:6650: 127.0.0.1:6650
[INFO] [stdout] 
[INFO] [stdout] thread 'consumer::tests::multi_consumer' (4208) panicked at src/consumer.rs:2068:84:
[INFO] [stdout] called `Result::unwrap()` on an `Err` value: Connection(Io(Os { code: 111, kind: ConnectionRefused, message: "Connection refused" }))
[INFO] [stdout] stack backtrace:
[INFO] [stdout]    0:     0x62943de1de21 - <<std[617be2ca0a6fd877]::sys::backtrace::BacktraceLock>::print::DisplayBacktrace as core[a373ad73a504971]::fmt::Display>::fmt
[INFO] [stdout]    1:     0x62943de345aa - core[a373ad73a504971]::fmt::write
[INFO] [stdout]    2:     0x62943de225bc - <alloc[2e1b2a31b91974c5]::vec::Vec<u8> as core[a373ad73a504971]::io::write::Write>::write_fmt
[INFO] [stdout]    3:     0x62943ddf8ea6 - std[617be2ca0a6fd877]::panicking::default_hook::{closure#0}
[INFO] [stdout]    4:     0x62943de15919 - std[617be2ca0a6fd877]::panicking::default_hook
[INFO] [stdout]    5:     0x62943dcd8510 - test[aada8e7e76ba119b]::test_main_inner::{closure#0}
[INFO] [stdout]    6:     0x62943de15c42 - std[617be2ca0a6fd877]::panicking::panic_with_hook
[INFO] [stdout]    7:     0x62943ddf8f52 - std[617be2ca0a6fd877]::panicking::panic_handler::{closure#0}
[INFO] [stdout]    8:     0x62943ddf17b9 - std[617be2ca0a6fd877]::sys::backtrace::__rust_end_short_backtrace::<std[617be2ca0a6fd877]::panicking::panic_handler::{closure#0}, !>
[INFO] [stdout]    9:     0x62943ddf9ded - __rustc[ea4f61d10b84890b]::rust_begin_unwind
[INFO] [stdout]   10:     0x62943de34d8c - core[a373ad73a504971]::panicking::panic_fmt
[INFO] [stdout]   11:     0x62943de34b62 - core[a373ad73a504971]::result::unwrap_failed
[INFO] [stdout]   12:     0x62943d9a560a - <core[a373ad73a504971]::pin::Pin<&mut pulsar[55777cb70c1edc0f]::consumer::tests::multi_consumer::{closure#0}> as core[a373ad73a504971]::future::future::Future>::poll
[INFO] [stdout]   13:     0x62943dba83a6 - <tokio[1e1a8bb095638c9]::runtime::basic_scheduler::BasicScheduler>::block_on::<pulsar[55777cb70c1edc0f]::consumer::tests::multi_consumer::{closure#0}>
[INFO] [stdout]   14:     0x62943db2a225 - <pulsar[55777cb70c1edc0f]::consumer::tests::multi_consumer::{closure#0} as core[a373ad73a504971]::ops::function::FnOnce<()>>::call_once
[INFO] [stdout]   15:     0x62943dccb95b - test[aada8e7e76ba119b]::__rust_begin_short_backtrace::<core[a373ad73a504971]::result::Result<(), alloc[2e1b2a31b91974c5]::string::String>, fn() -> core[a373ad73a504971]::result::Result<(), alloc[2e1b2a31b91974c5]::string::String>>
[INFO] [stdout]   16:     0x62943dcd8b35 - test[aada8e7e76ba119b]::run_test::{closure#0}
[INFO] [stdout]   17:     0x62943dcd2424 - std[617be2ca0a6fd877]::sys::backtrace::__rust_begin_short_backtrace::<test[aada8e7e76ba119b]::run_test::{closure#1}, ()>
[INFO] [stdout]   18:     0x62943dcdbbc2 - <std[617be2ca0a6fd877]::thread::lifecycle::spawn_unchecked<test[aada8e7e76ba119b]::run_test::{closure#1}, ()>::{closure#1} as core[a373ad73a504971]::ops::function::FnOnce<()>>::call_once::{shim:vtable#0}
[INFO] [stdout]   19:     0x62943de1cf6f - <std[617be2ca0a6fd877]::sys::thread::unix::Thread>::new::thread_start
[INFO] [stdout]   20:     0x7be487df8dfa - <unknown>
[INFO] [stdout]   21:     0x7be487e8c3d4 - clone
[INFO] [stdout]   22:                0x0 - <unknown>
[INFO] [stdout] 
[INFO] [stdout] ---- consumer::tests::consumer_dropped_with_lingering_acks stdout ----
[INFO] [stdout] 2026-10-18 17:23:54.939108331 UTC multi_consumer DEBUG	pulsar::connection_manager	ConnectionManager::connect(BrokerAddress { url: Url { scheme: "pulsar", cannot_be_a_base: false, username: "", password: None, host: Some(Domain("127.0.0.1")), port: Some(6650), path: "", query: None, fragment: None }, broker_url: "127.0.0.1:6650", proxy: false })
[INFO] [stdout] 2026-10-18 17:23:54.941857941 UTC multi_consumer DEBUG	pulsar::connection	Connecting to pulsar://127.0.0.1:6650: 127.0.0.1:6650
[INFO] [stdout] 
[INFO] [stdout] thread 'consumer::tests::consumer_dropped_with_lingering_acks' (4205) panicked at src/consumer.rs:2144:84:
[INFO] [stdout] called `Result::unwrap()` on an `Err` value: Connection(Io(Os { code: 111, kind: ConnectionRefused, message: "Connection refused" }))
[INFO] [stdout] stack backtrace:
[INFO] [stdout]    0:     0x62943de1de21 - <<std[617be2ca0a6fd877]::sys::backtrace::BacktraceLock>::print::DisplayBacktrace as core[a373ad73a504971]::fmt::Display>::fmt
[INFO] [stdout]    1:     0x62943de345aa - core[a373ad73a504971]::fmt::write
[INFO] [stdout]    2:     0x62943de225bc - <alloc[2e1b2a31b91974c5]::vec::Vec<u8> as core[a373ad73a504971]::io::write::Write>::write_fmt
[INFO] [stdout]    3:     0x62943ddf8ea6 - std[617be2ca0a6fd877]::panicking::default_hook::{closure#0}
[INFO] [stdout]    4:     0x62943de15919 - std[617be2ca0a6fd877]::panicking::default_hook
[INFO] [stdout]    5:     0x62943dcd8510 - test[aada8e7e76ba119b]::test_main_inner::{closure#0}
[INFO] [stdout]    6:     0x62943de15c42 - std[617be2ca0a6fd877]::panicking::panic_with_hook
[INFO] [stdout]    7:     0x62943ddf8f52 - std[617be2ca0a6fd877]::panicking::panic_handler::{closure#0}
[INFO] [stdout]    8:     0x62943ddf17b9 - std[617be2ca0a6fd877]::sys::backtrace::__rust_end_short_backtrace::<std[617be2ca0a6fd877]::panicking::panic_handler::{closure#0}, !>
[INFO] [stdout]    9:     0x62943ddf9ded - __rustc[ea4f61d10b84890b]::rust_begin_unwind
[INFO] [stdout]   10:     0x62943de34d8c - core[a373ad73a504971]::panicking::panic_fmt
[INFO] [stdout]   11:     0x62943de34b62 - core[a373ad73a504971]::result::unwrap_failed
[INFO] [stdout]   12:     0x62943d9ab247 - <core[a373ad73a504971]::pin::Pin<&mut pulsar[55777cb70c1edc0f]::consumer::tests::consumer_dropped_with_lingering_acks::{closure#0}> as core[a373ad73a504971]::future::future::Future>::poll
[INFO] [stdout]   13:     0x62943dbaa406 - <tokio[1e1a8bb095638c9]::runtime::basic_scheduler::BasicScheduler>::block_on::<pulsar[55777cb70c1edc0f]::consumer::tests::consumer_dropped_with_lingering_acks::{closure#0}>
[INFO] [stdout]   14:     0x62943db2aa55 - <pulsar[55777cb70c1edc0f]::consumer::tests::consumer_dropped_with_lingering_acks::{closure#0} as core[a373ad73a504971]::ops::function::FnOnce<()>>::call_once
[INFO] [stdout]   15:     0x62943dccb95b - test[aada8e7e76ba119b]::__rust_begin_short_backtrace::<core[a373ad73a504971]::result::Result<(), alloc[2e1b2a31b91974c5]::string::String>, fn() -> core[a373ad73a504971]::result::Result<(), alloc[2e1b2a31b91974c5]::string::String>>
[INFO] [stdout]   16:     0x62943dcd8b35 - test[aada8e7e76ba119b]::run_test::{closure#0}
[INFO] [stdout]   17:     0x62943dcd2424 - std[617be2ca0a6fd877]::sys::backtrace::__rust_begin_short_backtrace::<test[aada8e7e76ba119b]::run_test::{closure#1}, ()>
[INFO] [stdout]   18:     0x62943dcdbbc2 - <std[617be2ca0a6fd877]::thread::lifecycle::spawn_unchecked<test[aada8e7e76ba119b]::run_test::{closure#1}, ()>::{closure#1} as core[a373ad73a504971]::ops::function::FnOnce<()>>::call_once::{shim:vtable#0}
[INFO] [stdout]   19:     0x62943de1cf6f - <std[617be2ca0a6fd877]::sys::thread::unix::Thread>::new::thread_start
[INFO] [stdout]   20:     0x7be487df8dfa - <unknown>
[INFO] [stdout]   21:     0x7be487e8c3d4 - clone
[INFO] [stdout]   22:                0x0 - <unknown>
[INFO] [stdout] 
[INFO] [stdout] ---- tests::redelivery stdout ----
[INFO] [stdout] 2026-10-18 17:23:54.943060791 UTC multi_consumer DEBUG	pulsar::connection_manager	ConnectionManager::connect(BrokerAddress { url: Url { scheme: "pulsar", cannot_be_a_base: false, username: "", password: None, host: Some(Domain("127.0.0.1")), port: Some(6650), path: "", query: None, fragment: None }, broker_url: "127.0.0.1:6650", proxy: false })
[INFO] [stdout] 2026-10-18 17:23:54.943903360 UTC multi_consumer DEBUG	pulsar::connection	Connecting to pulsar://127.0.0.1:6650: 127.0.0.1:6650
[INFO] [stdout] 
[INFO] [stdout] thread 'tests::redelivery' (4214) panicked at src/lib.rs:466:84:
[INFO] [stdout] called `Result::unwrap()` on an `Err` value: Connection(Io(Os { code: 111, kind: ConnectionRefused, message: "Connection refused" }))
[INFO] [stdout] stack backtrace:
[INFO] [stdout]    0:     0x62943de1de21 - <<std[617be2ca0a6fd877]::sys::backtrace::BacktraceLock>::print::DisplayBacktrace as core[a373ad73a504971]::fmt::Display>::fmt
[INFO] [stdout]    1:     0x62943de345aa - core[a373ad73a504971]::fmt::write
[INFO] [stdout]    2:     0x62943de225bc - <alloc[2e1b2a31b91974c5]::vec::Vec<u8> as core[a373ad73a504971]::io::write::Write>::write_fmt
[INFO] [stdout]    3:     0x62943ddf8ea6 - std[617be2ca0a6fd877]::panicking::default_hook::{closure#0}
[INFO] [stdout]    4:     0x62943de15919 - std[617be2ca0a6fd877]::panicking::default_hook
[INFO] [stdout]    5:     0x62943dcd8510 - test[aada8e7e76ba119b]::test_main_inner::{closure#0}
[INFO] [stdout]    6:     0x62943de15c42 - std[617be2ca0a6fd877]::panicking::panic_with_hook
[INFO] [stdout]    7:     0x62943ddf8f52 - std[617be2ca0a6fd877]::panicking::panic_handler::{closure#0}
[INFO] [stdout]    8:     0x62943ddf17b9 - std[617be2ca0a6fd877]::sys::backtrace::__rust_end_short_backtrace::<std[617be2ca0a6fd877]::panicking::panic_handler::{closure#0}, !>
[INFO] [stdout]    9:     0x62943ddf9ded - __rustc[ea4f61d10b84890b]::rust_begin_unwind
[INFO] [stdout]   10:     0x62943de34d8c - core[a373ad73a504971]::panicking::panic_fmt
[INFO] [stdout]   11:     0x62943de34b62 - core[a373ad73a504971]::result::unwrap_failed
[INFO] [stdout]   12:     0x62943d9a0f6d - <core[a373ad73a504971]::pin::Pin<&mut pulsar[55777cb70c1edc0f]::tests::redelivery::{closure#0}> as core[a373ad73a504971]::future::future::Future>::poll
[INFO] [stdout]   13:     0x62943dba5826 - <tokio[1e1a8bb095638c9]::runtime::basic_scheduler::BasicScheduler>::block_on::<pulsar[55777cb70c1edc0f]::tests::redelivery::{closure#0}>
[INFO] [stdout]   14:     0x62943dafea78 - <tokio[1e1a8bb095638c9]::runtime::Runtime>::block_on::<pulsar[55777cb70c1edc0f]::tests::redelivery::{closure#0}>
[INFO] [stdout]   15:     0x62943dba4f42 - <pulsar[55777cb70c1edc0f]::tests::redelivery::{closure#0} as core[a373ad73a504971]::ops::function::FnOnce<()>>::call_once
[INFO] [stdout]   16:     0x62943dccb95b - test[aada8e7e76ba119b]::__rust_begin_short_backtrace::<core[a373ad73a504971]::result::Result<(), alloc[2e1b2a31b91974c5]::string::String>, fn() -> core[a373ad73a504971]::result::Result<(), alloc[2e1b2a31b91974c5]::string::String>>
[INFO] [stdout]   17:     0x62943dcd8b35 - test[aada8e7e76ba119b]::run_test::{closure#0}
[INFO] [stdout]   18:     0x62943dcd2424 - std[617be2ca0a6fd877]::sys::backtrace::__rust_begin_short_backtrace::<test[aada8e7e76ba119b]::run_test::{closure#1}, ()>
[INFO] [stdout]   19:     0x62943dcdbbc2 - <std[617be2ca0a6fd877]::thread::lifecycle::spawn_unchecked<test[aada8e7e76ba119b]::run_test::{closure#1}, ()>::{closure#1} as core[a373ad73a504971]::ops::function::FnOnce<()>>::call_once::{shim:vtable#0}
[INFO] [stdout]   20:     0x62943de1cf6f - <std[617be2ca0a6fd877]::sys::thread::unix::Thread>::new::thread_start
[INFO] [stdout]   21:     0x7be487df8dfa - <unknown>
[INFO] [stdout]   22:     0x7be487e8c3d4 - clone
[INFO] [stdout]   23:                0x0 - <unknown>
[INFO] [stdout] 
[INFO] [stdout] ---- tests::round_trip stdout ----
[INFO] [stdout] 2026-10-18 17:23:54.940097031 UTC multi_consumer DEBUG	pulsar::connection_manager	ConnectionManager::connect(BrokerAddress { url: Url { scheme: "pulsar", cannot_be_a_base: false, username: "", password: None, host: Some(Domain("127.0.0.1")), port: Some(6650), path: "", query: None, fragment: None }, broker_url: "127.0.0.1:6650", proxy: false })
[INFO] [stdout] 2026-10-18 17:23:54.943796551 UTC multi_consumer DEBUG	pulsar::connection	Connecting to pulsar://127.0.0.1:6650: 127.0.0.1:6650
[INFO] [stdout] 
[INFO] [stdout] thread 'tests::round_trip' (4215) panicked at src/lib.rs:313:84:
[INFO] [stdout] called `Result::unwrap()` on an `Err` value: Connection(Io(Os { code: 111, kind: ConnectionRefused, message: "Connection refused" }))
[INFO] [stdout] stack backtrace:
[INFO] [stdout]    0:     0x62943de1de21 - <<std[617be2ca0a6fd877]::sys::backtrace::BacktraceLock>::print::DisplayBacktrace as core[a373ad73a504971]::fmt::Display>::fmt
[INFO] [stdout]    1:     0x62943de345aa - core[a373ad73a504971]::fmt::write
[INFO] [stdout]    2:     0x62943de225bc - <alloc[2e1b2a31b91974c5]::vec::Vec<u8> as core[a373ad73a504971]::io::write::Write>::write_fmt
[INFO] [stdout]    3:     0x62943ddf8ea6 - std[617be2ca0a6fd877]::panicking::default_hook::{closure#0}
[INFO] [stdout]    4:     0x62943de15919 - std[617be2ca0a6fd877]::panicking::default_hook
[INFO] [stdout]    5:     0x62943dcd8510 - test[aada8e7e76ba119b]::test_main_inner::{closure#0}
[INFO] [stdout]    6:     0x62943de15c42 - std[617be2ca0a6fd877]::panicking::panic_with_hook
[INFO] [stdout]    7:     0x62943ddf8f52 - std[617be2ca0a6fd877]::panicking::panic_handler::{closure#0}
[INFO] [stdout]    8:     0x62943ddf17b9 - std[617be2ca0a6fd877]::sys::backtrace::__rust_end_short_backtrace::<std[617be2ca0a6fd877]::panicking::panic_handler::{closure#0}, !>
[INFO] [stdout]    9:     0x62943ddf9ded - __rustc[ea4f61d10b84890b]::rust_begin_unwind
[INFO] [stdout]   10:     0x62943de34d8c - core[a373ad73a504971]::panicking::panic_fmt
[INFO] [stdout]   11:     0x62943de34b62 - core[a373ad73a504971]::result::unwrap_failed
[INFO] [stdout]   12:     0x62943d9907f9 - pulsar[55777cb70c1edc0f]::tests::round_trip::{closure#0}
[INFO] [stdout]   13:     0x62943dba6316 - <tokio[1e1a8bb095638c9]::runtime::basic_scheduler::BasicScheduler>::block_on::<pulsar[55777cb70c1edc0f]::tests::round_trip::{closure#0}>
[INFO] [stdout]   14:     0x62943dafebb6 - <tokio[1e1a8bb095638c9]::runtime::Runtime>::block_on::<pulsar[55777cb70c1edc0f]::tests::round_trip::{closure#0}>
[INFO] [stdout]   15:     0x62943dba5103 - <pulsar[55777cb70c1edc0f]::tests::round_trip::{closure#0} as core[a373ad73a504971]::ops::function::FnOnce<()>>::call_once
[INFO] [stdout]   16:     0x62943dccb95b - test[aada8e7e76ba119b]::__rust_begin_short_backtrace::<core[a373ad73a504971]::result::Result<(), alloc[2e1b2a31b91974c5]::string::String>, fn() -> core[a373ad73a504971]::result::Result<(), alloc[2e1b2a31b91974c5]::string::String>>
[INFO] [stdout]   17:     0x62943dcd8b35 - test[aada8e7e76ba119b]::run_test::{closure#0}
[INFO] [stdout]   18:     0x62943dcd2424 - std[617be2ca0a6fd877]::sys::backtrace::__rust_begin_short_backtrace::<test[aada8e7e76ba119b]::run_test::{closure#1}, ()>
[INFO] [stdout]   19:     0x62943dcdbbc2 - <std[617be2ca0a6fd877]::thread::lifecycle::spawn_unchecked<test[aada8e7e76ba119b]::run_test::{closure#1}, ()>::{closure#1} as core[a373ad73a504971]::ops::function::FnOnce<()>>::call_once::{shim:vtable#0}
[INFO] [stdout]   20:     0x62943de1cf6f - <std[617be2ca0a6fd877]::sys::thread::unix::Thread>::new::thread_start
[INFO] [stdout]   21:     0x7be487df8dfa - <unknown>
[INFO] [stdout]   22:     0x7be487e8c3d4 - clone
[INFO] [stdout]   23:                0x0 - <unknown>
[INFO] [stdout] 
[INFO] [stdout] ---- consumer::tests::failover stdout ----
[INFO] [stdout] 2026-10-18 17:23:54.938951701 UTC multi_consumer DEBUG	pulsar::connection_manager	ConnectionManager::connect(BrokerAddress { url: Url { scheme: "pulsar", cannot_be_a_base: false, username: "", password: None, host: Some(Domain("127.0.0.1")), port: Some(6650), path: "", query: None, fragment: None }, broker_url: "127.0.0.1:6650", proxy: false })
[INFO] [stdout] 2026-10-18 17:23:54.944802211 UTC multi_consumer DEBUG	pulsar::connection	Connecting to pulsar://127.0.0.1:6650: 127.0.0.1:6650
[INFO] [stdout] 
[INFO] [stdout] thread 'consumer::tests::failover' (4207) panicked at src/consumer.rs:2306:84:
[INFO] [stdout] called `Result::unwrap()` on an `Err` value: Connection(Io(Os { code: 111, kind: ConnectionRefused, message: "Connection refused" }))
[INFO] [stdout] stack backtrace:
[INFO] [stdout]    0:     0x62943de1de21 - <<std[617be2ca0a6fd877]::sys::backtrace::BacktraceLock>::print::DisplayBacktrace as core[a373ad73a504971]::fmt::Display>::fmt
[INFO] [stdout]    1:     0x62943de345aa - core[a373ad73a504971]::fmt::write
[INFO] [stdout]    2:     0x62943de225bc - <alloc[2e1b2a31b91974c5]::vec::Vec<u8> as core[a373ad73a504971]::io::write::Write>::write_fmt
[INFO] [stdout]    3:     0x62943ddf8ea6 - std[617be2ca0a6fd877]::panicking::default_hook::{closure#0}
[INFO] [stdout]    4:     0x62943de15919 - std[617be2ca0a6fd877]::panicking::default_hook
[INFO] [stdout]    5:     0x62943dcd8510 - test[aada8e7e76ba119b]::test_main_inner::{closure#0}
[INFO] [stdout]    6:     0x62943de15c42 - std[617be2ca0a6fd877]::panicking::panic_with_hook
[INFO] [stdout]    7:     0x62943ddf8f52 - std[617be2ca0a6fd877]::panicking::panic_handler::{closure#0}
[INFO] [stdout]    8:     0x62943ddf17b9 - std[617be2ca0a6fd877]::sys::backtrace::__rust_end_short_backtrace::<std[617be2ca0a6fd877]::panicking::panic_handler::{closure#0}, !>
[INFO] [stdout]    9:     0x62943ddf9ded - __rustc[ea4f61d10b84890b]::rust_begin_unwind
[INFO] [stdout]   10:     0x62943de34d8c - core[a373ad73a504971]::panicking::panic_fmt
[INFO] [stdout]   11:     0x62943de34b62 - core[a373ad73a504971]::result::unwrap_failed
[INFO] [stdout]   12:     0x62943d9ac23d - <core[a373ad73a504971]::pin::Pin<&mut pulsar[55777cb70c1edc0f]::consumer::tests::failover::{closure#0}> as core[a373ad73a504971]::future::future::Future>::poll
[INFO] [stdout]   13:     0x62943dbaaec6 - <tokio[1e1a8bb095638c9]::runtime::basic_scheduler::BasicScheduler>::block_on::<pulsar[55777cb70c1edc0f]::consumer::tests::failover::{closure#0}>
[INFO] [stdout]   14:     0x62943db2ad25 - <pulsar[55777cb70c1edc0f]::consumer::tests::failover::{closure#0} as core[a373ad73a504971]::ops::function::FnOnce<()>>::call_once
[INFO] [stdout]   15:     0x62943dccb95b - test[aada8e7e76ba119b]::__rust_begin_short_backtrace::<core[a373ad73a504971]::result::Result<(), alloc[2e1b2a31b91974c5]::string::String>, fn() -> core[a373ad73a504971]::result::Result<(), alloc[2e1b2a31b91974c5]::string::String>>
[INFO] [stdout]   16:     0x62943dcd8b35 - test[aada8e7e76ba119b]::run_test::{closure#0}
[INFO] [stdout]   17:     0x62943dcd2424 - std[617be2ca0a6fd877]::sys::backtrace::__rust_begin_short_backtrace::<test[aada8e7e76ba119b]::run_test::{closure#1}, ()>
[INFO] [stdout]   18:     0x62943dcdbbc2 - <std[617be2ca0a6fd877]::thread::lifecycle::spawn_unchecked<test[aada8e7e76ba119b]::run_test::{closure#1}, ()>::{closure#1} as core[a373ad73a504971]::ops::function::FnOnce<()>>::call_once::{shim:vtable#0}
[INFO] [stdout]   19:     0x62943de1cf6f - <std[617be2ca0a6fd877]::sys::thread::unix::Thread>::new::thread_start
[INFO] [stdout]   20:     0x7be487df8dfa - <unknown>
[INFO] [stdout]   21:     0x7be487e8c3d4 - clone
[INFO] [stdout]   22:                0x0 - <unknown>
[INFO] [stdout] 
[INFO] [stdout] ---- tests::batching stdout ----
[INFO] [stdout] 2026-10-18 17:23:54.928135282 UTC multi_consumer DEBUG	pulsar::connection_manager	ConnectionManager::connect(BrokerAddress { url: Url { scheme: "pulsar", cannot_be_a_base: false, username: "", password: None, host: Some(Domain("127.0.0.1")), port: Some(6650), path: "", query: None, fragment: None }, broker_url: "127.0.0.1:6650", proxy: false })
[INFO] [stdout] 2026-10-18 17:23:54.944920731 UTC multi_consumer DEBUG	pulsar::connection	Connecting to pulsar://127.0.0.1:6650: 127.0.0.1:6650
[INFO] [stdout] 
[INFO] [stdout] thread 'tests::batching' (4213) panicked at src/lib.rs:512:84:
[INFO] [stdout] called `Result::unwrap()` on an `Err` value: Connection(Io(Os { code: 111, kind: ConnectionRefused, message: "Connection refused" }))
[INFO] [stdout] stack backtrace:
[INFO] [stdout]    0:     0x62943de1de21 - <<std[617be2ca0a6fd877]::sys::backtrace::BacktraceLock>::print::DisplayBacktrace as core[a373ad73a504971]::fmt::Display>::fmt
[INFO] [stdout]    1:     0x62943de345aa - core[a373ad73a504971]::fmt::write
[INFO] [stdout]    2:     0x62943de225bc - <alloc[2e1b2a31b91974c5]::vec::Vec<u8> as core[a373ad73a504971]::io::write::Write>::write_fmt
[INFO] [stdout]    3:     0x62943ddf8ea6 - std[617be2ca0a6fd877]::panicking::default_hook::{closure#0}
[INFO] [stdout]    4:     0x62943de15919 - std[617be2ca0a6fd877]::panicking::default_hook
[INFO] [stdout]    5:     0x62943dcd8510 - test[aada8e7e76ba119b]::test_main_inner::{closure#0}
[INFO] [stdout]    6:     0x62943de15c42 - std[617be2ca0a6fd877]::panicking::panic_with_hook
[INFO] [stdout]    7:     0x62943ddf8f52 - std[617be2ca0a6fd877]::panicking::panic_handler::{closure#0}
[INFO] [stdout]    8:     0x62943ddf17b9 - std[617be2ca0a6fd877]::sys::backtrace::__rust_end_short_backtrace::<std[617be2ca0a6fd877]::panicking::panic_handler::{closure#0}, !>
[INFO] [stdout]    9:     0x62943ddf9ded - __rustc[ea4f61d10b84890b]::rust_begin_unwind
[INFO] [stdout]   10:     0x62943de34d8c - core[a373ad73a504971]::panicking::panic_fmt
[INFO] [stdout]   11:     0x62943de34b62 - core[a373ad73a504971]::result::unwrap_failed
[INFO] [stdout]   12:     0x62943d9a28df - <core[a373ad73a504971]::pin::Pin<&mut pulsar[55777cb70c1edc0f]::tests::batching::{closure#0}> as core[a373ad73a504971]::future::future::Future>::poll
[INFO] [stdout]   13:     0x62943dba78e6 - <tokio[1e1a8bb095638c9]::runtime::basic_scheduler::BasicScheduler>::block_on::<pulsar[55777cb70c1edc0f]::tests::batching::{closure#0}>
[INFO] [stdout]   14:     0x62943dafee16 - <tokio[1e1a8bb095638c9]::runtime::Runtime>::block_on::<pulsar[55777cb70c1edc0f]::tests::batching::{closure#0}>
[INFO] [stdout]   15:     0x62943dba5493 - <pulsar[55777cb70c1edc0f]::tests::batching::{closure#0} as core[a373ad73a504971]::ops::function::FnOnce<()>>::call_once
[INFO] [stdout]   16:     0x62943dccb95b - test[aada8e7e76ba119b]::__rust_begin_short_backtrace::<core[a373ad73a504971]::result::Result<(), alloc[2e1b2a31b91974c5]::string::String>, fn() -> core[a373ad73a504971]::result::Result<(), alloc[2e1b2a31b91974c5]::string::String>>
[INFO] [stdout]   17:     0x62943dcd8b35 - test[aada8e7e76ba119b]::run_test::{closure#0}
[INFO] [stdout]   18:     0x62943dcd2424 - std[617be2ca0a6fd877]::sys::backtrace::__rust_begin_short_backtrace::<test[aada8e7e76ba119b]::run_test::{closure#1}, ()>
[INFO] [stdout]   19:     0x62943dcdbbc2 - <std[617be2ca0a6fd877]::thread::lifecycle::spawn_unchecked<test[aada8e7e76ba119b]::run_test::{closure#1}, ()>::{closure#1} as core[a373ad73a504971]::ops::function::FnOnce<()>>::call_once::{shim:vtable#0}
[INFO] [stdout]   20:     0x62943de1cf6f - <std[617be2ca0a6fd877]::sys::thread::unix::Thread>::new::thread_start
[INFO] [stdout]   21:     0x7be487df8dfa - <unknown>
[INFO] [stdout]   22:     0x7be487e8c3d4 - clone
[INFO] [stdout]   23:                0x0 - <unknown>
[INFO] [stdout] 
[INFO] [stdout] ---- consumer::tests::seek_single_consumer stdout ----
[INFO] [stdout] 2026-10-18 17:23:54.939922951 UTC multi_consumer INFO	pulsar::consumer::tests	starting seek test
[INFO] [stdout] 2026-10-18 17:23:54.939951471 UTC multi_consumer DEBUG	pulsar::connection_manager	ConnectionManager::connect(BrokerAddress { url: Url { scheme: "pulsar", cannot_be_a_base: false, username: "", password: None, host: Some(Domain("127.0.0.1")), port: Some(6650), path: "", query: None, fragment: None }, broker_url: "127.0.0.1:6650", proxy: false })
[INFO] [stdout] 2026-10-18 17:23:54.946856160 UTC multi_consumer DEBUG	pulsar::connection	Connecting to pulsar://127.0.0.1:6650: 127.0.0.1:6650
[INFO] [stdout] 
[INFO] [stdout] thread 'consumer::tests::seek_single_consumer' (4209) panicked at src/consumer.rs:2364:84:
[INFO] [stdout] called `Result::unwrap()` on an `Err` value: Connection(Io(Os { code: 111, kind: ConnectionRefused, message: "Connection refused" }))
[INFO] [stdout] stack backtrace:
[INFO] [stdout]    0:     0x62943de1de21 - <<std[617be2ca0a6fd877]::sys::backtrace::BacktraceLock>::print::DisplayBacktrace as core[a373ad73a504971]::fmt::Display>::fmt
[INFO] [stdout]    1:     0x62943de345aa - core[a373ad73a504971]::fmt::write
[INFO] [stdout]    2:     0x62943de225bc - <alloc[2e1b2a31b91974c5]::vec::Vec<u8> as core[a373ad73a504971]::io::write::Write>::write_fmt
[INFO] [stdout]    3:     0x62943ddf8ea6 - std[617be2ca0a6fd877]::panicking::default_hook::{closure#0}
[INFO] [stdout]    4:     0x62943de15919 - std[617be2ca0a6fd877]::panicking::default_hook
[INFO] [stdout]    5:     0x62943dcd8510 - test[aada8e7e76ba119b]::test_main_inner::{closure#0}
[INFO] [stdout]    6:     0x62943de15c42 - std[617be2ca0a6fd877]::panicking::panic_with_hook
[INFO] [stdout]    7:     0x62943ddf8f52 - std[617be2ca0a6fd877]::panicking::panic_handler::{closure#0}
[INFO] [stdout]    8:     0x62943ddf17b9 - std[617be2ca0a6fd877]::sys::backtrace::__rust_end_short_backtrace::<std[617be2ca0a6fd877]::panicking::panic_handler::{closure#0}, !>
[INFO] [stdout]    9:     0x62943ddf9ded - __rustc[ea4f61d10b84890b]::rust_begin_unwind
[INFO] [stdout]   10:     0x62943de34d8c - core[a373ad73a504971]::panicking::panic_fmt
[INFO] [stdout]   11:     0x62943de34b62 - core[a373ad73a504971]::result::unwrap_failed
[INFO] [stdout]   12:     0x62943d9a8e13 - <core[a373ad73a504971]::pin::Pin<&mut pulsar[55777cb70c1edc0f]::consumer::tests::seek_single_consumer::{closure#0}> as core[a373ad73a504971]::future::future::Future>::poll
[INFO] [stdout]   13:     0x62943dba9946 - <tokio[1e1a8bb095638c9]::runtime::basic_scheduler::BasicScheduler>::block_on::<pulsar[55777cb70c1edc0f]::consumer::tests::seek_single_consumer::{closure#0}>
[INFO] [stdout]   14:     0x62943db2a78c - <pulsar[55777cb70c1edc0f]::consumer::tests::seek_single_consumer::{closure#0} as core[a373ad73a504971]::ops::function::FnOnce<()>>::call_once
[INFO] [stdout]   15:     0x62943dccb95b - test[aada8e7e76ba119b]::__rust_begin_short_backtrace::<core[a373ad73a504971]::result::Result<(), alloc[2e1b2a31b91974c5]::string::String>, fn() -> core[a373ad73a504971]::result::Result<(), alloc[2e1b2a31b91974c5]::string::String>>
[INFO] [stdout]   16:     0x62943dcd8b35 - test[aada8e7e76ba119b]::run_test::{closure#0}
[INFO] [stdout]   17:     0x62943dcd2424 - std[617be2ca0a6fd877]::sys::backtrace::__rust_begin_short_backtrace::<test[aada8e7e76ba119b]::run_test::{closure#1}, ()>
[INFO] [stdout]   18:     0x62943dcdbbc2 - <std[617be2ca0a6fd877]::thread::lifecycle::spawn_unchecked<test[aada8e7e76ba119b]::run_test::{closure#1}, ()>::{closure#1} as core[a373ad73a504971]::ops::function::FnOnce<()>>::call_once::{shim:vtable#0}
[INFO] [stdout]   19:     0x62943de1cf6f - <std[617be2ca0a6fd877]::sys::thread::unix::Thread>::new::thread_start
[INFO] [stdout]   20:     0x7be487df8dfa - <unknown>
[INFO] [stdout]   21:     0x7be487e8c3d4 - clone
[INFO] [stdout]   22:                0x0 - <unknown>
[INFO] [stdout] 
[INFO] [stdout] ---- tests::unsized_data stdout ----
[INFO] [stdout] 2026-10-18 17:23:54.944789780 UTC multi_consumer DEBUG	pulsar::connection_manager	ConnectionManager::connect(BrokerAddress { url: Url { scheme: "pulsar", cannot_be_a_base: false, username: "", password: None, host: Some(Domain("127.0.0.1")), port: Some(6650), path: "", query: None, fragment: None }, broker_url: "127.0.0.1:6650", proxy: false })
[INFO] [stdout] 2026-10-18 17:23:54.949144970 UTC multi_consumer DEBUG	pulsar::connection	Connecting to pulsar://127.0.0.1:6650: 127.0.0.1:6650
[INFO] [stdout] 
[INFO] [stdout] thread 'tests::unsized_data' (4216) panicked at src/lib.rs:379:84:
[INFO] [stdout] called `Result::unwrap()` on an `Err` value: Connection(Io(Os { code: 111, kind: ConnectionRefused, message: "Connection refused" }))
[INFO] [stdout] stack backtrace:
[INFO] [stdout]    0:     0x62943de1de21 - <<std[617be2ca0a6fd877]::sys::backtrace::BacktraceLock>::print::DisplayBacktrace as core[a373ad73a504971]::fmt::Display>::fmt
[INFO] [stdout]    1:     0x62943de345aa - core[a373ad73a504971]::fmt::write
[INFO] [stdout]    2:     0x62943de225bc - <alloc[2e1b2a31b91974c5]::vec::Vec<u8> as core[a373ad73a504971]::io::write::Write>::write_fmt
[INFO] [stdout]    3:     0x62943ddf8ea6 - std[617be2ca0a6fd877]::panicking::default_hook::{closure#0}
[INFO] [stdout]    4:     0x62943de15919 - std[617be2ca0a6fd877]::panicking::default_hook
[INFO] [stdout]    5:     0x62943dcd8510 - test[aada8e7e76ba119b]::test_main_inner::{closure#0}
[INFO] [stdout]    6:     0x62943de15c42 - std[617be2ca0a6fd877]::panicking::panic_with_hook
[INFO] [stdout]    7:     0x62943ddf8f52 - std[617be2ca0a6fd877]::panicking::panic_handler::{closure#0}
[INFO] [stdout]    8:     0x62943ddf17b9 - std[617be2ca0a6fd877]::sys::backtrace::__rust_end_short_backtrace::<std[617be2ca0a6fd877]::panicking::panic_handler::{closure#0}, !>
[INFO] [stdout]    9:     0x62943ddf9ded - __rustc[ea4f61d10b84890b]::rust_begin_unwind
[INFO] [stdout]   10:     0x62943de34d8c - core[a373ad73a504971]::panicking::panic_fmt
[INFO] [stdout]   11:     0x62943de34b62 - core[a373ad73a504971]::result::unwrap_failed
[INFO] [stdout]   12:     0x62943d997f38 - pulsar[55777cb70c1edc0f]::tests::unsized_data::{closure#0}
[INFO] [stdout]   13:     0x62943dba6df6 - <tokio[1e1a8bb095638c9]::runtime::basic_scheduler::BasicScheduler>::block_on::<pulsar[55777cb70c1edc0f]::tests::unsized_data::{closure#0}>
[INFO] [stdout]   14:     0x62943dafecd8 - <tokio[1e1a8bb095638c9]::runtime::Runtime>::block_on::<pulsar[55777cb70c1edc0f]::tests::unsized_data::{closure#0}>
[INFO] [stdout]   15:     0x62943dba52cf - <pulsar[55777cb70c1edc0f]::tests::unsized_data::{closure#0} as core[a373ad73a504971]::ops::function::FnOnce<()>>::call_once
[INFO] [stdout]   16:     0x62943dccb95b - test[aada8e7e76ba119b]::__rust_begin_short_backtrace::<core[a373ad73a504971]::result::Result<(), alloc[2e1b2a31b91974c5]::string::String>, fn() -> core[a373ad73a504971]::result::Result<(), alloc[2e1b2a31b91974c5]::string::String>>
[INFO] [stdout]   17:     0x62943dcd8b35 - test[aada8e7e76ba119b]::run_test::{closure#0}
[INFO] [stdout]   18:     0x62943dcd2424 - std[617be2ca0a6fd877]::sys::backtrace::__rust_begin_short_backtrace::<test[aada8e7e76ba119b]::run_test::{closure#1}, ()>
[INFO] [stdout]   19:     0x62943dcdbbc2 - <std[617be2ca0a6fd877]::thread::lifecycle::spawn_unchecked<test[aada8e7e76ba119b]::run_test::{closure#1}, ()>::{closure#1} as core[a373ad73a504971]::ops::function::FnOnce<()>>::call_once::{shim:vtable#0}
[INFO] [stdout]   20:     0x62943de1cf6f - <std[617be2ca0a6fd877]::sys::thread::unix::Thread>::new::thread_start
[INFO] [stdout]   21:     0x7be487df8dfa - <unknown>
[INFO] [stdout]   22:     0x7be487e8c3d4 - clone
[INFO] [stdout]   23:                0x0 - <unknown>
[INFO] [stdout] 
[INFO] [stdout] 
[INFO] [stdout] failures:
[INFO] [stdout]     consumer::tests::consumer_dropped_with_lingering_acks
[INFO] [stdout]     consumer::tests::dead_letter_queue
[INFO] [stdout]     consumer::tests::failover
[INFO] [stdout]     consumer::tests::multi_consumer
[INFO] [stdout]     consumer::tests::seek_single_consumer
[INFO] [stdout]     tests::batching
[INFO] [stdout]     tests::redelivery
[INFO] [stdout]     tests::round_trip
[INFO] [stdout]     tests::unsized_data
[INFO] [stdout] 
[INFO] [stdout] test result: FAILED. 4 passed; 9 failed; 0 ignored; 0 measured; 0 filtered out; finished in 0.02s
[INFO] [stdout] 
[INFO] running `Command { std: "docker" "inspect" "7a63cf8871f3eb0777335216f3dc6565e5016a3594e1f2e26368118c14d68198", kill_on_drop: false }`
[INFO] running `Command { std: "docker" "rm" "-f" "7a63cf8871f3eb0777335216f3dc6565e5016a3594e1f2e26368118c14d68198", kill_on_drop: false }`
[INFO] [stdout] 7a63cf8871f3eb0777335216f3dc6565e5016a3594e1f2e26368118c14d68198
