[INFO] fetching crate smufl 0.2.1...
[INFO] testing smufl-0.2.1 against 1.100.0-beta.1+cargoflags=--release for beta-release-1.100-2
[INFO] extracting crate smufl 0.2.1 into /workspace/builds/worker-1-tc2/source
[INFO] started tweaking crates.io crate smufl 0.2.1
[INFO] finished tweaking crates.io crate smufl 0.2.1
[INFO] tweaked toml for crates.io crate smufl 0.2.1 written to /workspace/builds/worker-1-tc2/source/Cargo.toml
[INFO] validating manifest of crates.io crate smufl 0.2.1 on toolchain 1.100.0-beta.1
[INFO] running `Command { std: CARGO_HOME="/workspace/cargo-home" RUSTUP_HOME="/workspace/rustup-home" "/workspace/cargo-home/bin/cargo" "+1.100.0-beta.1" "metadata" "--manifest-path" "Cargo.toml" "--no-deps", kill_on_drop: false }`
[INFO] running `Command { std: CARGO_HOME="/workspace/cargo-home" RUSTUP_HOME="/workspace/rustup-home" "/workspace/cargo-home/bin/cargo" "+1.100.0-beta.1" "generate-lockfile" "--manifest-path" "Cargo.toml", kill_on_drop: false }`
[INFO] [stderr]     Updating crates.io index
[INFO] [stderr]      Locking 66 packages to highest compatible versions
[INFO] [stderr]       Adding codegen v0.2.0 (available: v0.3.0)
[INFO] [stderr]       Adding convert_case v0.6.0 (available: v0.12.0)
[INFO] [stderr]       Adding itertools v0.10.5 (available: v0.15.0)
[INFO] [stderr]       Adding rstest v0.17.0 (available: v0.27.0)
[INFO] [stderr]       Adding similar-asserts v1.7.0 (available: v2.0.0)
[INFO] running `Command { std: CARGO_HOME="/workspace/cargo-home" RUSTUP_HOME="/workspace/rustup-home" "/workspace/cargo-home/bin/cargo" "+1.100.0-beta.1" "fetch" "--manifest-path" "Cargo.toml", kill_on_drop: false }`
[INFO] [stderr] warning: Cargo.toml: `default_features` is deprecated in favor of `default-features` and will not work in the 2024 edition
[INFO] [stderr] (in the `rstest` dependency)
[INFO] [stderr] warning: `package.homepage` is redundant with `package.repository`
[INFO] [stderr]   --> Cargo.toml:45:12
[INFO] [stderr]    |
[INFO] [stderr] 45 | homepage = "https://github.com/peterstuart/smufl/"
[INFO] [stderr]    |            ^^^^^^^^^^^^^^^^^^^^^^^^^^^^^^^^^^^^^^^
[INFO] [stderr] ...
[INFO] [stderr] 50 | repository = "https://github.com/peterstuart/smufl/"
[INFO] [stderr]    |              ---------------------------------------
[INFO] [stderr]    |
[INFO] [stderr]    = note: `cargo::redundant_homepage` is set to `warn` by default
[INFO] [stderr] help: consider removing `package.homepage`
[INFO] [stderr] warning: `smufl` (manifest) generated 2 warnings
[INFO] running `Command { std: "docker" "create" "-v" "/var/lib/crater-agent-workspace/builds/worker-1-tc2/source:/opt/rustwide/workdir:ro,Z" "-v" "/var/lib/crater-agent-workspace/builds/worker-1-tc2/target:/opt/rustwide/target:rw,Z" "-v" "/var/lib/crater-agent-workspace/cargo-home:/opt/rustwide/cargo-home:ro,Z" "-v" "/var/lib/crater-agent-workspace/rustup-home:/opt/rustwide/rustup-home:ro,Z" "-m" "1610612736" "--network" "none" "ghcr.io/rust-lang/crates-build-env/linux@sha256:77db811e55d90add9212f6832c23229e3de5f1c1f9905e8cb07319ea15df73ac" "sleep" "infinity", kill_on_drop: false }`
[INFO] [stdout] a5c1241c2bebb596f1da60059e5630e447a10cd336002b8936c4aca9139d8415
[INFO] running `Command { std: "docker" "start" "a5c1241c2bebb596f1da60059e5630e447a10cd336002b8936c4aca9139d8415", kill_on_drop: false }`
[INFO] running `Command { std: "docker" "inspect" "a5c1241c2bebb596f1da60059e5630e447a10cd336002b8936c4aca9139d8415", kill_on_drop: false }`
[INFO] running `Command { std: "docker" "exec" "-e" "SOURCE_DIR=/opt/rustwide/workdir" "-e" "CARGO_HOME=/opt/rustwide/cargo-home" "-e" "RUSTUP_HOME=/opt/rustwide/rustup-home" "-e" "CARGO_TARGET_DIR=/opt/rustwide/target" "-w" "/opt/rustwide/workdir" "--user" "0:0" "a5c1241c2bebb596f1da60059e5630e447a10cd336002b8936c4aca9139d8415" "/opt/rustwide/cargo-home/bin/cargo" "+1.100.0-beta.1" "metadata" "--no-deps" "--format-version=1", kill_on_drop: false }`
[INFO] running `Command { std: "docker" "inspect" "a5c1241c2bebb596f1da60059e5630e447a10cd336002b8936c4aca9139d8415", kill_on_drop: false }`
[INFO] running `Command { std: "docker" "exec" "-e" "SOURCE_DIR=/opt/rustwide/workdir" "-e" "CARGO_HOME=/opt/rustwide/cargo-home" "-e" "RUSTUP_HOME=/opt/rustwide/rustup-home" "-e" "CARGO_TARGET_DIR=/opt/rustwide/target" "-e" "CARGO_INCREMENTAL=0" "-e" "RUST_BACKTRACE=full" "-e" "RUSTFLAGS=--cap-lints=warn" "-e" "RUSTDOCFLAGS=--cap-lints=warn" "-w" "/opt/rustwide/workdir" "--user" "0:0" "a5c1241c2bebb596f1da60059e5630e447a10cd336002b8936c4aca9139d8415" "/opt/rustwide/cargo-home/bin/cargo" "+1.100.0-beta.1" "build" "--frozen" "--message-format=json" "--release", kill_on_drop: false }`
[INFO] [stderr] warning: Cargo.toml: `default_features` is deprecated in favor of `default-features` and will not work in the 2024 edition
[INFO] [stderr] (in the `rstest` dependency)
[INFO] [stderr] warning: `package.homepage` is redundant with `package.repository`
[INFO] [stderr]   --> Cargo.toml:45:12
[INFO] [stderr]    |
[INFO] [stderr] 45 | homepage = "https://github.com/peterstuart/smufl/"
[INFO] [stderr]    |            ^^^^^^^^^^^^^^^^^^^^^^^^^^^^^^^^^^^^^^^
[INFO] [stderr] ...
[INFO] [stderr] 50 | repository = "https://github.com/peterstuart/smufl/"
[INFO] [stderr]    |              ---------------------------------------
[INFO] [stderr]    |
[INFO] [stderr]    = note: `cargo::redundant_homepage` is set to `warn` by default
[INFO] [stderr] help: consider removing `package.homepage`
[INFO] [stderr] warning: `smufl` (manifest) generated 2 warnings
[INFO] [stderr]    Compiling either v1.19.0
[INFO] [stderr]    Compiling syn v3.0.9
[INFO] [stderr]    Compiling syn v2.0.119
[INFO] [stderr]    Compiling itertools v0.10.5
[INFO] [stderr]    Compiling serde_derive v1.0.229
[INFO] [stderr]    Compiling tracing-attributes v0.1.31
[INFO] [stderr]    Compiling serde v1.0.229
[INFO] [stderr]    Compiling tracing v0.1.44
[INFO] [stderr]    Compiling smufl v0.2.1 (/opt/rustwide/workdir)
[INFO] [stderr]     Finished `release` profile [optimized] target(s) in 16.97s
[INFO] running `Command { std: "docker" "inspect" "a5c1241c2bebb596f1da60059e5630e447a10cd336002b8936c4aca9139d8415", kill_on_drop: false }`
[INFO] running `Command { std: "docker" "exec" "-e" "SOURCE_DIR=/opt/rustwide/workdir" "-e" "CARGO_HOME=/opt/rustwide/cargo-home" "-e" "RUSTUP_HOME=/opt/rustwide/rustup-home" "-e" "CARGO_TARGET_DIR=/opt/rustwide/target" "-e" "CARGO_INCREMENTAL=0" "-e" "RUST_BACKTRACE=full" "-e" "RUSTFLAGS=--cap-lints=warn" "-e" "RUSTDOCFLAGS=--cap-lints=warn" "-w" "/opt/rustwide/workdir" "--user" "0:0" "a5c1241c2bebb596f1da60059e5630e447a10cd336002b8936c4aca9139d8415" "/opt/rustwide/cargo-home/bin/cargo" "+1.100.0-beta.1" "test" "--frozen" "--no-run" "--message-format=json" "--release", kill_on_drop: false }`
[INFO] [stderr] warning: Cargo.toml: `default_features` is deprecated in favor of `default-features` and will not work in the 2024 edition
[INFO] [stderr] (in the `rstest` dependency)
[INFO] [stderr] warning: `package.homepage` is redundant with `package.repository`
[INFO] [stderr]   --> Cargo.toml:45:12
[INFO] [stderr]    |
[INFO] [stderr] 45 | homepage = "https://github.com/peterstuart/smufl/"
[INFO] [stderr]    |            ^^^^^^^^^^^^^^^^^^^^^^^^^^^^^^^^^^^^^^^
[INFO] [stderr] ...
[INFO] [stderr] 50 | repository = "https://github.com/peterstuart/smufl/"
[INFO] [stderr]    |              ---------------------------------------
[INFO] [stderr]    |
[INFO] [stderr]    = note: `cargo::redundant_homepage` is set to `warn` by default
[INFO] [stderr] help: consider removing `package.homepage`
[INFO] [stderr] warning: `smufl` (manifest) generated 2 warnings
[INFO] [stderr]    Compiling syn v1.0.109
[INFO] [stderr]    Compiling unicode-segmentation v1.13.3
[INFO] [stderr]    Compiling bitflags v2.13.2
[INFO] [stderr]    Compiling serde v1.0.229
[INFO] [stderr]    Compiling indexmap v1.9.3
[INFO] [stderr]    Compiling rstest_macros v0.17.0
[INFO] [stderr]    Compiling getrandom v0.4.3
[INFO] [stderr]    Compiling serde_json v1.0.154
[INFO] [stderr]    Compiling regex-automata v0.4.18
[INFO] [stderr]    Compiling console v0.15.11
[INFO] [stderr]    Compiling console v0.16.6
[INFO] [stderr]    Compiling rustix v1.1.5
[INFO] [stderr]    Compiling codegen v0.2.0
[INFO] [stderr]    Compiling ron v0.12.2
[INFO] [stderr]    Compiling similar v2.7.0
[INFO] [stderr]    Compiling convert_case v0.6.0
[INFO] [stderr]    Compiling smufl v0.2.1 (/opt/rustwide/workdir)
[INFO] [stderr]    Compiling similar-asserts v1.7.0
[INFO] [stderr]    Compiling regex v1.13.1
[INFO] [stderr]    Compiling tempfile v3.27.0
[INFO] [stderr]    Compiling insta v1.49.0
[INFO] [stderr]    Compiling rstest v0.17.0
[INFO] [stderr]     Finished `release` profile [optimized] target(s) in 1m 10s
[INFO] running `Command { std: "docker" "inspect" "a5c1241c2bebb596f1da60059e5630e447a10cd336002b8936c4aca9139d8415", kill_on_drop: false }`
[INFO] running `Command { std: "docker" "exec" "-e" "SOURCE_DIR=/opt/rustwide/workdir" "-e" "CARGO_HOME=/opt/rustwide/cargo-home" "-e" "RUSTUP_HOME=/opt/rustwide/rustup-home" "-e" "CARGO_TARGET_DIR=/opt/rustwide/target" "-e" "CARGO_INCREMENTAL=0" "-e" "RUST_BACKTRACE=full" "-e" "RUSTFLAGS=--cap-lints=warn" "-e" "RUSTDOCFLAGS=--cap-lints=warn" "-w" "/opt/rustwide/workdir" "--user" "0:0" "a5c1241c2bebb596f1da60059e5630e447a10cd336002b8936c4aca9139d8415" "/opt/rustwide/cargo-home/bin/cargo" "+1.100.0-beta.1" "test" "--frozen" "--release", kill_on_drop: false }`
[INFO] [stderr] warning: Cargo.toml: `default_features` is deprecated in favor of `default-features` and will not work in the 2024 edition
[INFO] [stderr] (in the `rstest` dependency)
[INFO] [stderr] warning: `package.homepage` is redundant with `package.repository`
[INFO] [stderr]   --> Cargo.toml:45:12
[INFO] [stderr]    |
[INFO] [stderr] 45 | homepage = "https://github.com/peterstuart/smufl/"
[INFO] [stderr]    |            ^^^^^^^^^^^^^^^^^^^^^^^^^^^^^^^^^^^^^^^
[INFO] [stderr] ...
[INFO] [stderr] 50 | repository = "https://github.com/peterstuart/smufl/"
[INFO] [stderr]    |              ---------------------------------------
[INFO] [stderr]    |
[INFO] [stderr]    = note: `cargo::redundant_homepage` is set to `warn` by default
[INFO] [stderr] help: consider removing `package.homepage`
[INFO] [stderr] warning: `smufl` (manifest) generated 2 warnings
[INFO] [stderr]     Finished `release` profile [optimized] target(s) in 0.09s
[INFO] [stderr]      Running unittests src/lib.rs (/opt/rustwide/target/release/build/smufl/c18356a58d0e7bb0/out/smufl-c18356a58d0e7bb0)
[INFO] [stdout] 
[INFO] [stdout] running 76 tests
[INFO] [stdout] test coord::tests::x ... ok
[INFO] [stdout] test coord::tests::y ... ok
[INFO] [stdout] test engraving_defaults::tests::with_defaults_empty_original ... ok
[INFO] [stdout] test metadata::tests::from_reader::case_2_petaluma ... FAILED
[INFO] [stdout] test metadata::tests::from_reader::case_3_leland ... FAILED
[INFO] [stdout] test metadata::tests::from_reader::case_1_bravura ... FAILED
[INFO] [stdout] test metadata::tests::from_reader::case_5_leipzig ... FAILED
[INFO] [stdout] test staff_spaces::tests::abs::case_2 ... ok
[INFO] [stdout] test engraving_defaults::tests::with_defaults_non_empty_original ... ok
[INFO] [stdout] test glyph_data::tests::get::case_1_empty ... ok
[INFO] [stdout] test metadata::tests::from_reader::case_4_sebastian ... FAILED
[INFO] [stdout] test glyph_data::tests::unknown_glyphs::case_2_not_empty ... ok
[INFO] [stdout] test glyph_data::tests::get::case_2_not_empty ... ok
[INFO] [stdout] test glyph_data::tests::with_defaults::case_3_original_empty ... ok
[INFO] [stdout] test glyph_data::tests::unknown_glyphs::case_1_empty ... ok
[INFO] [stdout] test glyph_data::tests::with_defaults::case_2_fallback_empty ... ok
[INFO] [stdout] test metadata::tests::with_defaults_original_empty ... ok
[INFO] [stdout] test glyph_data::tests::with_defaults::case_4_neither_empty ... ok
[INFO] [stdout] test glyph_data::tests::with_defaults::case_1_both_empty ... ok
[INFO] [stdout] test metadata::tests::with_defaults_original_non_empty ... ok
[INFO] [stdout] test staff_spaces::tests::add::case_1 ... ok
[INFO] [stdout] test staff_spaces::tests::abs::case_1 ... ok
[INFO] [stdout] test staff_spaces::tests::div_self::case_2 ... ok
[INFO] [stdout] test staff_spaces::tests::abs::case_3 ... ok
[INFO] [stdout] test staff_spaces::tests::add::case_2 ... ok
[INFO] [stdout] test staff_spaces::tests::add_assign::case_1 ... ok
[INFO] [stdout] test staff_spaces::tests::add_assign::case_2 ... ok
[INFO] [stdout] test staff_spaces::tests::div_f64::case_1 ... ok
[INFO] [stdout] test staff_spaces::tests::div_f64::case_2 ... ok
[INFO] [stdout] test staff_spaces::tests::div_self::case_1 ... ok
[INFO] [stdout] test staff_spaces::tests::from_f64::case_1 ... ok
[INFO] [stdout] test staff_spaces::tests::from_f32::case_1 ... ok
[INFO] [stdout] test staff_spaces::tests::from_f32::case_3 ... ok
[INFO] [stdout] test staff_spaces::tests::from_i16::case_3 ... ok
[INFO] [stdout] test staff_spaces::tests::from_i32::case_2 ... ok
[INFO] [stdout] test staff_spaces::tests::from_u16::case_1 ... ok
[INFO] [stdout] test staff_spaces::tests::from_u16::case_2 ... ok
[INFO] [stdout] test staff_spaces::tests::from_u16::case_3 ... ok
[INFO] [stdout] test staff_spaces::tests::from_f32::case_2 ... ok
[INFO] [stdout] test staff_spaces::tests::from_f64::case_2 ... ok
[INFO] [stdout] test staff_spaces::tests::from_i16::case_1 ... ok
[INFO] [stdout] test staff_spaces::tests::from_i8::case_2 ... ok
[INFO] [stdout] test staff_spaces::tests::from_u8::case_3 ... ok
[INFO] [stdout] test staff_spaces::tests::from_i32::case_1 ... ok
[INFO] [stdout] test staff_spaces::tests::from_u32::case_2 ... ok
[INFO] [stdout] test staff_spaces::tests::from_i8::case_1 ... ok
[INFO] [stdout] test staff_spaces::tests::into_f64::case_3 ... ok
[INFO] [stdout] test staff_spaces::tests::from_i16::case_2 ... ok
[INFO] [stdout] test staff_spaces::tests::from_f64::case_3 ... ok
[INFO] [stdout] test staff_spaces::tests::max::case_1 ... ok
[INFO] [stdout] test staff_spaces::tests::from_i32::case_3 ... ok
[INFO] [stdout] test staff_spaces::tests::from_u8::case_2 ... ok
[INFO] [stdout] test staff_spaces::tests::max::case_2 ... ok
[INFO] [stdout] test staff_spaces::tests::max::case_3 ... ok
[INFO] [stdout] test staff_spaces::tests::min::case_1 ... ok
[INFO] [stdout] test staff_spaces::tests::sub::case_2 ... ok
[INFO] [stdout] test staff_spaces::tests::into_f64::case_1 ... ok
[INFO] [stdout] test staff_spaces::tests::mul_f64::case_1 ... ok
[INFO] [stdout] test staff_spaces::tests::from_u32::case_1 ... ok
[INFO] [stdout] test staff_spaces::tests::into_f64::case_2 ... ok
[INFO] [stdout] test staff_spaces::tests::mul_f64::case_2 ... ok
[INFO] [stdout] test staff_spaces::tests::sub_assign::case_1 ... ok
[INFO] [stdout] test staff_spaces::tests::from_u32::case_3 ... ok
[INFO] [stdout] test staff_spaces::tests::mul_self::case_1 ... ok
[INFO] [stdout] test staff_spaces::tests::from_u8::case_1 ... ok
[INFO] [stdout] test staff_spaces::tests::sub_assign::case_2 ... ok
[INFO] [stdout] test staff_spaces::tests::sum::case_1 ... ok
[INFO] [stdout] test staff_spaces::tests::min::case_2 ... ok
[INFO] [stdout] test staff_spaces::tests::sum::case_2 ... ok
[INFO] [stdout] test staff_spaces::tests::min::case_3 ... ok
[INFO] [stdout] test staff_spaces::tests::sum::case_3 ... ok
[INFO] [stdout] test staff_spaces::tests::mul_self::case_2 ... ok
[INFO] [stdout] test staff_spaces::tests::from_i8::case_3 ... ok
[INFO] [stdout] test staff_spaces::tests::sub::case_1 ... ok
[INFO] [stdout] test staff_spaces::tests::zero ... ok
[INFO] [stdout] test glyph::tests::sourcegen ... FAILED
[INFO] [stdout] 
[INFO] [stdout] failures:
[INFO] [stdout] 
[INFO] [stdout] ---- metadata::tests::from_reader::case_2_petaluma stdout ----
[INFO] [stdout] Error: No such file or directory (os error 2)
[INFO] [stdout] 
[INFO] [stdout] Stack backtrace:
[INFO] [stdout]    0: <anyhow::Error as core::convert::From<core::io::error::Error>>::from
[INFO] [stdout]    1: smufl::metadata::tests::from_reader
[INFO] [stdout]    2: <smufl::metadata::tests::from_reader::case_2_petaluma::{closure#0} as core::ops::function::FnOnce<()>>::call_once
[INFO] [stdout]    3: test::__rust_begin_short_backtrace::<core::result::Result<(), alloc::string::String>, fn() -> core::result::Result<(), alloc::string::String>>
[INFO] [stdout]    4: test::run_test::{closure#0}
[INFO] [stdout]    5: std::sys::backtrace::__rust_begin_short_backtrace::<test::run_test::{closure#1}, ()>
[INFO] [stdout]    6: <std::thread::lifecycle::spawn_unchecked<test::run_test::{closure#1}, ()>::{closure#1} as core::ops::function::FnOnce<()>>::call_once::{shim:vtable#0}
[INFO] [stdout]    7: <std::sys::thread::unix::Thread>::new::thread_start
[INFO] [stdout]    8: <unknown>
[INFO] [stdout]    9: clone
[INFO] [stdout] 
[INFO] [stdout] ---- metadata::tests::from_reader::case_3_leland stdout ----
[INFO] [stdout] Error: No such file or directory (os error 2)
[INFO] [stdout] 
[INFO] [stdout] Stack backtrace:
[INFO] [stdout]    0: <anyhow::Error as core::convert::From<core::io::error::Error>>::from
[INFO] [stdout]    1: smufl::metadata::tests::from_reader
[INFO] [stdout]    2: <smufl::metadata::tests::from_reader::case_3_leland::{closure#0} as core::ops::function::FnOnce<()>>::call_once
[INFO] [stdout]    3: test::__rust_begin_short_backtrace::<core::result::Result<(), alloc::string::String>, fn() -> core::result::Result<(), alloc::string::String>>
[INFO] [stdout]    4: test::run_test::{closure#0}
[INFO] [stdout]    5: std::sys::backtrace::__rust_begin_short_backtrace::<test::run_test::{closure#1}, ()>
[INFO] [stdout]    6: <std::thread::lifecycle::spawn_unchecked<test::run_test::{closure#1}, ()>::{closure#1} as core::ops::function::FnOnce<()>>::call_once::{shim:vtable#0}
[INFO] [stdout]    7: <std::sys::thread::unix::Thread>::new::thread_start
[INFO] [stdout]    8: <unknown>
[INFO] [stdout]    9: clone
[INFO] [stdout] 
[INFO] [stdout] ---- metadata::tests::from_reader::case_1_bravura stdout ----
[INFO] [stdout] Error: No such file or directory (os error 2)
[INFO] [stdout] 
[INFO] [stdout] Stack backtrace:
[INFO] [stdout]    0: <anyhow::Error as core::convert::From<core::io::error::Error>>::from
[INFO] [stdout]    1: smufl::metadata::tests::from_reader
[INFO] [stdout]    2: <smufl::metadata::tests::from_reader::case_1_bravura::{closure#0} as core::ops::function::FnOnce<()>>::call_once
[INFO] [stdout]    3: test::__rust_begin_short_backtrace::<core::result::Result<(), alloc::string::String>, fn() -> core::result::Result<(), alloc::string::String>>
[INFO] [stdout]    4: test::run_test::{closure#0}
[INFO] [stdout]    5: std::sys::backtrace::__rust_begin_short_backtrace::<test::run_test::{closure#1}, ()>
[INFO] [stdout]    6: <std::thread::lifecycle::spawn_unchecked<test::run_test::{closure#1}, ()>::{closure#1} as core::ops::function::FnOnce<()>>::call_once::{shim:vtable#0}
[INFO] [stdout]    7: <std::sys::thread::unix::Thread>::new::thread_start
[INFO] [stdout]    8: <unknown>
[INFO] [stdout]    9: clone
[INFO] [stdout] 
[INFO] [stdout] ---- metadata::tests::from_reader::case_5_leipzig stdout ----
[INFO] [stdout] Error: No such file or directory (os error 2)
[INFO] [stdout] 
[INFO] [stdout] Stack backtrace:
[INFO] [stdout]    0: <anyhow::Error as core::convert::From<core::io::error::Error>>::from
[INFO] [stdout]    1: smufl::metadata::tests::from_reader
[INFO] [stdout]    2: <smufl::metadata::tests::from_reader::case_5_leipzig::{closure#0} as core::ops::function::FnOnce<()>>::call_once
[INFO] [stdout]    3: test::__rust_begin_short_backtrace::<core::result::Result<(), alloc::string::String>, fn() -> core::result::Result<(), alloc::string::String>>
[INFO] [stdout]    4: test::run_test::{closure#0}
[INFO] [stdout]    5: std::sys::backtrace::__rust_begin_short_backtrace::<test::run_test::{closure#1}, ()>
[INFO] [stdout]    6: <std::thread::lifecycle::spawn_unchecked<test::run_test::{closure#1}, ()>::{closure#1} as core::ops::function::FnOnce<()>>::call_once::{shim:vtable#0}
[INFO] [stdout]    7: <std::sys::thread::unix::Thread>::new::thread_start
[INFO] [stdout]    8: <unknown>
[INFO] [stdout]    9: clone
[INFO] [stdout] 
[INFO] [stdout] ---- metadata::tests::from_reader::case_4_sebastian stdout ----
[INFO] [stdout] Error: No such file or directory (os error 2)
[INFO] [stdout] 
[INFO] [stdout] Stack backtrace:
[INFO] [stdout]    0: <anyhow::Error as core::convert::From<core::io::error::Error>>::from
[INFO] [stdout]    1: smufl::metadata::tests::from_reader
[INFO] [stdout]    2: <smufl::metadata::tests::from_reader::case_4_sebastian::{closure#0} as core::ops::function::FnOnce<()>>::call_once
[INFO] [stdout]    3: test::__rust_begin_short_backtrace::<core::result::Result<(), alloc::string::String>, fn() -> core::result::Result<(), alloc::string::String>>
[INFO] [stdout]    4: test::run_test::{closure#0}
[INFO] [stdout]    5: std::sys::backtrace::__rust_begin_short_backtrace::<test::run_test::{closure#1}, ()>
[INFO] [stdout]    6: <std::thread::lifecycle::spawn_unchecked<test::run_test::{closure#1}, ()>::{closure#1} as core::ops::function::FnOnce<()>>::call_once::{shim:vtable#0}
[INFO] [stdout]    7: <std::sys::thread::unix::Thread>::new::thread_start
[INFO] [stdout]    8: <unknown>
[INFO] [stdout]    9: clone
[INFO] [stdout] 
[INFO] [stdout] ---- glyph::tests::sourcegen stdout ----
[INFO] [stdout] Error: No such file or directory (os error 2)
[INFO] [stdout] 
[INFO] [stdout] Stack backtrace:
[INFO] [stdout]    0: <anyhow::Error as core::convert::From<core::io::error::Error>>::from
[INFO] [stdout]    1: <smufl::glyph::tests::sourcegen::{closure#0} as core::ops::function::FnOnce<()>>::call_once
[INFO] [stdout]    2: test::__rust_begin_short_backtrace::<core::result::Result<(), alloc::string::String>, fn() -> core::result::Result<(), alloc::string::String>>
[INFO] [stdout]    3: test::run_test::{closure#0}
[INFO] [stdout]    4: std::sys::backtrace::__rust_begin_short_backtrace::<test::run_test::{closure#1}, ()>
[INFO] [stdout]    5: <std::thread::lifecycle::spawn_unchecked<test::run_test::{closure#1}, ()>::{closure#1} as core::ops::function::FnOnce<()>>::call_once::{shim:vtable#0}
[INFO] [stdout]    6: <std::sys::thread::unix::Thread>::new::thread_start
[INFO] [stdout]    7: <unknown>
[INFO] [stdout]    8: clone
[INFO] [stdout] 
[INFO] [stdout] 
[INFO] [stdout] failures:
[INFO] [stdout]     glyph::tests::sourcegen
[INFO] [stdout]     metadata::tests::from_reader::case_1_bravura
[INFO] [stdout]     metadata::tests::from_reader::case_2_petaluma
[INFO] [stdout]     metadata::tests::from_reader::case_3_leland
[INFO] [stdout]     metadata::tests::from_reader::case_4_sebastian
[INFO] [stdout]     metadata::tests::from_reader::case_5_leipzig
[INFO] [stdout] 
[INFO] [stdout] test result: FAILED. 70 passed; 6 failed; 0 ignored; 0 measured; 0 filtered out; finished in 0.02s
[INFO] [stdout] 
[INFO] [stderr] error: test failed, to rerun pass `--lib`
[INFO] running `Command { std: "docker" "inspect" "a5c1241c2bebb596f1da60059e5630e447a10cd336002b8936c4aca9139d8415", kill_on_drop: false }`
[INFO] running `Command { std: "docker" "rm" "-f" "a5c1241c2bebb596f1da60059e5630e447a10cd336002b8936c4aca9139d8415", kill_on_drop: false }`
[INFO] [stdout] a5c1241c2bebb596f1da60059e5630e447a10cd336002b8936c4aca9139d8415
