[INFO] fetching crate sms_splitter 0.1.9...
[INFO] testing sms_splitter-0.1.9 against 1.100.0-beta.1+cargoflags=--release for beta-release-1.100-2
[INFO] extracting crate sms_splitter 0.1.9 into /workspace/builds/worker-4-tc2/source
[INFO] started tweaking crates.io crate sms_splitter 0.1.9
[INFO] finished tweaking crates.io crate sms_splitter 0.1.9
[INFO] tweaked toml for crates.io crate sms_splitter 0.1.9 written to /workspace/builds/worker-4-tc2/source/Cargo.toml
[INFO] validating manifest of crates.io crate sms_splitter 0.1.9 on toolchain 1.100.0-beta.1
[INFO] running `Command { std: CARGO_HOME="/workspace/cargo-home" RUSTUP_HOME="/workspace/rustup-home" "/workspace/cargo-home/bin/cargo" "+1.100.0-beta.1" "metadata" "--manifest-path" "Cargo.toml" "--no-deps", kill_on_drop: false }`
[INFO] crate crates.io crate sms_splitter 0.1.9 already has a lockfile, it will not be regenerated
[INFO] running `Command { std: CARGO_HOME="/workspace/cargo-home" RUSTUP_HOME="/workspace/rustup-home" "/workspace/cargo-home/bin/cargo" "+1.100.0-beta.1" "fetch" "--manifest-path" "Cargo.toml", kill_on_drop: false }`
[INFO] running `Command { std: "docker" "create" "-v" "/var/lib/crater-agent-workspace/builds/worker-4-tc2/source:/opt/rustwide/workdir:ro,Z" "-v" "/var/lib/crater-agent-workspace/builds/worker-4-tc2/target:/opt/rustwide/target:rw,Z" "-v" "/var/lib/crater-agent-workspace/cargo-home:/opt/rustwide/cargo-home:ro,Z" "-v" "/var/lib/crater-agent-workspace/rustup-home:/opt/rustwide/rustup-home:ro,Z" "-m" "1610612736" "--network" "none" "ghcr.io/rust-lang/crates-build-env/linux@sha256:77db811e55d90add9212f6832c23229e3de5f1c1f9905e8cb07319ea15df73ac" "sleep" "infinity", kill_on_drop: false }`
[INFO] [stdout] 1b40800c652a58947a37f2b4b3439e720301a99bbf6f444618d5e075e537b624
[INFO] running `Command { std: "docker" "start" "1b40800c652a58947a37f2b4b3439e720301a99bbf6f444618d5e075e537b624", kill_on_drop: false }`
[INFO] running `Command { std: "docker" "inspect" "1b40800c652a58947a37f2b4b3439e720301a99bbf6f444618d5e075e537b624", kill_on_drop: false }`
[INFO] running `Command { std: "docker" "exec" "-e" "SOURCE_DIR=/opt/rustwide/workdir" "-e" "CARGO_HOME=/opt/rustwide/cargo-home" "-e" "RUSTUP_HOME=/opt/rustwide/rustup-home" "-e" "CARGO_TARGET_DIR=/opt/rustwide/target" "-w" "/opt/rustwide/workdir" "--user" "0:0" "1b40800c652a58947a37f2b4b3439e720301a99bbf6f444618d5e075e537b624" "/opt/rustwide/cargo-home/bin/cargo" "+1.100.0-beta.1" "metadata" "--no-deps" "--format-version=1", kill_on_drop: false }`
[INFO] running `Command { std: "docker" "inspect" "1b40800c652a58947a37f2b4b3439e720301a99bbf6f444618d5e075e537b624", kill_on_drop: false }`
[INFO] running `Command { std: "docker" "exec" "-e" "SOURCE_DIR=/opt/rustwide/workdir" "-e" "CARGO_HOME=/opt/rustwide/cargo-home" "-e" "RUSTUP_HOME=/opt/rustwide/rustup-home" "-e" "CARGO_TARGET_DIR=/opt/rustwide/target" "-e" "CARGO_INCREMENTAL=0" "-e" "RUST_BACKTRACE=full" "-e" "RUSTFLAGS=--cap-lints=warn" "-e" "RUSTDOCFLAGS=--cap-lints=warn" "-w" "/opt/rustwide/workdir" "--user" "0:0" "1b40800c652a58947a37f2b4b3439e720301a99bbf6f444618d5e075e537b624" "/opt/rustwide/cargo-home/bin/cargo" "+1.100.0-beta.1" "build" "--frozen" "--message-format=json" "--release", kill_on_drop: false }`
[INFO] [stderr]    Compiling sms_splitter v0.1.9 (/opt/rustwide/workdir)
[INFO] [stderr]     Finished `release` profile [optimized] target(s) in 0.70s
[INFO] running `Command { std: "docker" "inspect" "1b40800c652a58947a37f2b4b3439e720301a99bbf6f444618d5e075e537b624", kill_on_drop: false }`
[INFO] running `Command { std: "docker" "exec" "-e" "SOURCE_DIR=/opt/rustwide/workdir" "-e" "CARGO_HOME=/opt/rustwide/cargo-home" "-e" "RUSTUP_HOME=/opt/rustwide/rustup-home" "-e" "CARGO_TARGET_DIR=/opt/rustwide/target" "-e" "CARGO_INCREMENTAL=0" "-e" "RUST_BACKTRACE=full" "-e" "RUSTFLAGS=--cap-lints=warn" "-e" "RUSTDOCFLAGS=--cap-lints=warn" "-w" "/opt/rustwide/workdir" "--user" "0:0" "1b40800c652a58947a37f2b4b3439e720301a99bbf6f444618d5e075e537b624" "/opt/rustwide/cargo-home/bin/cargo" "+1.100.0-beta.1" "test" "--frozen" "--no-run" "--message-format=json" "--release", kill_on_drop: false }`
[INFO] [stderr]    Compiling serde v1.0.145
[INFO] [stderr]    Compiling serde_json v1.0.86
[INFO] [stderr]    Compiling itoa v1.0.4
[INFO] [stderr]    Compiling ryu v1.0.11
[INFO] [stderr]    Compiling sms_splitter v0.1.9 (/opt/rustwide/workdir)
[INFO] [stderr]     Finished `release` profile [optimized] target(s) in 7.19s
[INFO] running `Command { std: "docker" "inspect" "1b40800c652a58947a37f2b4b3439e720301a99bbf6f444618d5e075e537b624", kill_on_drop: false }`
[INFO] running `Command { std: "docker" "exec" "-e" "SOURCE_DIR=/opt/rustwide/workdir" "-e" "CARGO_HOME=/opt/rustwide/cargo-home" "-e" "RUSTUP_HOME=/opt/rustwide/rustup-home" "-e" "CARGO_TARGET_DIR=/opt/rustwide/target" "-e" "CARGO_INCREMENTAL=0" "-e" "RUST_BACKTRACE=full" "-e" "RUSTFLAGS=--cap-lints=warn" "-e" "RUSTDOCFLAGS=--cap-lints=warn" "-w" "/opt/rustwide/workdir" "--user" "0:0" "1b40800c652a58947a37f2b4b3439e720301a99bbf6f444618d5e075e537b624" "/opt/rustwide/cargo-home/bin/cargo" "+1.100.0-beta.1" "test" "--frozen" "--release", kill_on_drop: false }`
[INFO] [stderr]     Finished `release` profile [optimized] target(s) in 0.04s
[INFO] [stderr]      Running unittests src/lib.rs (/opt/rustwide/target/release/build/sms_splitter/af8ba85dbd382e96/out/sms_splitter-af8ba85dbd382e96)
[INFO] [stdout] 
[INFO] [stdout] running 13 tests
[INFO] [stdout] test gsm_validator::tests::gsm_validator_one_character ... ok
[INFO] [stdout] test gsm_validator::tests::gsm_validator_with_shift_table_spanish ... ok
[INFO] [stdout] test gsm_validator::tests::gsm_validator_non_gsm_character ... ok
[INFO] [stdout] test unicode_splitter::tests::gsm_split ... FAILED
[INFO] [stdout] test gsm_validator::tests::gsm_validator_all_characters ... ok
[INFO] [stdout] test gsm_splitter::tests::gsm_split ... FAILED
[INFO] [stdout] test gsm_validator::tests::gsm_validator_all_characters_turkish ... ok
[INFO] [stdout] test gsm_validator::tests::gsm_validator_all_characters_portuguese ... ok
[INFO] [stdout] test gsm_validator::tests::none_gsm_validator ... ok
[INFO] [stdout] test gsm_validator::tests::gsm_validator_with_shift_table_portuguese ... ok
[INFO] [stderr] error: test failed, to rerun pass `--lib`
[INFO] [stdout] test gsm_validator::tests::gsm_validator_with_shift_table_mixed ... ok
[INFO] [stdout] test gsm_validator::tests::gsm_validator ... ok
[INFO] [stdout] test gsm_validator::tests::gsm_validator_with_shift_table_turkish ... ok
[INFO] [stdout] 
[INFO] [stdout] failures:
[INFO] [stdout] 
[INFO] [stdout] ---- unicode_splitter::tests::gsm_split stdout ----
[INFO] [stdout] 
[INFO] [stdout] thread 'unicode_splitter::tests::gsm_split' (305) panicked at src/unicode_splitter.rs:155:72:
[INFO] [stdout] called `Result::unwrap()` on an `Err` value: Os { code: 2, kind: NotFound, message: "No such file or directory" }
[INFO] [stdout] stack backtrace:
[INFO] [stdout]    0:     0x62056b4a8661 - <<std[617be2ca0a6fd877]::sys::backtrace::BacktraceLock>::print::DisplayBacktrace as core[a373ad73a504971]::fmt::Display>::fmt
[INFO] [stdout]    1:     0x62056b4bc94a - core[a373ad73a504971]::fmt::write
[INFO] [stdout]    2:     0x62056b4ac89c - <alloc[2e1b2a31b91974c5]::vec::Vec<u8> as core[a373ad73a504971]::io::write::Write>::write_fmt
[INFO] [stdout]    3:     0x62056b484ac6 - std[617be2ca0a6fd877]::panicking::default_hook::{closure#0}
[INFO] [stdout]    4:     0x62056b4a0cf9 - std[617be2ca0a6fd877]::panicking::default_hook
[INFO] [stdout]    5:     0x62056b43d3a0 - test[aada8e7e76ba119b]::test_main_inner::{closure#0}
[INFO] [stdout]    6:     0x62056b4a0eb2 - std[617be2ca0a6fd877]::panicking::panic_with_hook
[INFO] [stdout]    7:     0x62056b484b72 - std[617be2ca0a6fd877]::panicking::panic_handler::{closure#0}
[INFO] [stdout]    8:     0x62056b47d889 - std[617be2ca0a6fd877]::sys::backtrace::__rust_end_short_backtrace::<std[617be2ca0a6fd877]::panicking::panic_handler::{closure#0}, !>
[INFO] [stdout]    9:     0x62056b48577d - __rustc[ea4f61d10b84890b]::rust_begin_unwind
[INFO] [stdout]   10:     0x62056b4bd07c - core[a373ad73a504971]::panicking::panic_fmt
[INFO] [stdout]   11:     0x62056b4bce52 - core[a373ad73a504971]::result::unwrap_failed
[INFO] [stdout]   12:     0x62056b42ac43 - <sms_splitter[3bce3cc11d11bac4]::unicode_splitter::tests::gsm_split::{closure#0} as core[a373ad73a504971]::ops::function::FnOnce<()>>::call_once
[INFO] [stdout]   13:     0x62056b4307eb - test[aada8e7e76ba119b]::__rust_begin_short_backtrace::<core[a373ad73a504971]::result::Result<(), alloc[2e1b2a31b91974c5]::string::String>, fn() -> core[a373ad73a504971]::result::Result<(), alloc[2e1b2a31b91974c5]::string::String>>
[INFO] [stdout]   14:     0x62056b43d9c5 - test[aada8e7e76ba119b]::run_test::{closure#0}
[INFO] [stdout]   15:     0x62056b4372b4 - std[617be2ca0a6fd877]::sys::backtrace::__rust_begin_short_backtrace::<test[aada8e7e76ba119b]::run_test::{closure#1}, ()>
[INFO] [stdout]   16:     0x62056b440a52 - <std[617be2ca0a6fd877]::thread::lifecycle::spawn_unchecked<test[aada8e7e76ba119b]::run_test::{closure#1}, ()>::{closure#1} as core[a373ad73a504971]::ops::function::FnOnce<()>>::call_once::{shim:vtable#0}
[INFO] [stdout]   17:     0x62056b4a7ebf - <std[617be2ca0a6fd877]::sys::thread::unix::Thread>::new::thread_start
[INFO] [stdout]   18:     0x79a7c959fdfa - <unknown>
[INFO] [stdout]   19:     0x79a7c96333d4 - clone
[INFO] [stdout]   20:                0x0 - <unknown>
[INFO] [stdout] 
[INFO] [stdout] ---- gsm_splitter::tests::gsm_split stdout ----
[INFO] [stdout] 
[INFO] [stdout] thread 'gsm_splitter::tests::gsm_split' (293) panicked at src/gsm_splitter.rs:161:68:
[INFO] [stdout] called `Result::unwrap()` on an `Err` value: Os { code: 2, kind: NotFound, message: "No such file or directory" }
[INFO] [stdout] stack backtrace:
[INFO] [stdout]    0:     0x62056b4a8661 - <<std[617be2ca0a6fd877]::sys::backtrace::BacktraceLock>::print::DisplayBacktrace as core[a373ad73a504971]::fmt::Display>::fmt
[INFO] [stdout]    1:     0x62056b4bc94a - core[a373ad73a504971]::fmt::write
[INFO] [stdout]    2:     0x62056b4ac89c - <alloc[2e1b2a31b91974c5]::vec::Vec<u8> as core[a373ad73a504971]::io::write::Write>::write_fmt
[INFO] [stdout]    3:     0x62056b484ac6 - std[617be2ca0a6fd877]::panicking::default_hook::{closure#0}
[INFO] [stdout]    4:     0x62056b4a0cf9 - std[617be2ca0a6fd877]::panicking::default_hook
[INFO] [stdout]    5:     0x62056b43d3a0 - test[aada8e7e76ba119b]::test_main_inner::{closure#0}
[INFO] [stdout]    6:     0x62056b4a0eb2 - std[617be2ca0a6fd877]::panicking::panic_with_hook
[INFO] [stdout]    7:     0x62056b484b72 - std[617be2ca0a6fd877]::panicking::panic_handler::{closure#0}
[INFO] [stdout]    8:     0x62056b47d889 - std[617be2ca0a6fd877]::sys::backtrace::__rust_end_short_backtrace::<std[617be2ca0a6fd877]::panicking::panic_handler::{closure#0}, !>
[INFO] [stdout]    9:     0x62056b48577d - __rustc[ea4f61d10b84890b]::rust_begin_unwind
[INFO] [stdout]   10:     0x62056b4bd07c - core[a373ad73a504971]::panicking::panic_fmt
[INFO] [stdout]   11:     0x62056b4bce52 - core[a373ad73a504971]::result::unwrap_failed
[INFO] [stdout]   12:     0x62056b429fa3 - <sms_splitter[3bce3cc11d11bac4]::gsm_splitter::tests::gsm_split::{closure#0} as core[a373ad73a504971]::ops::function::FnOnce<()>>::call_once
[INFO] [stdout]   13:     0x62056b4307eb - test[aada8e7e76ba119b]::__rust_begin_short_backtrace::<core[a373ad73a504971]::result::Result<(), alloc[2e1b2a31b91974c5]::string::String>, fn() -> core[a373ad73a504971]::result::Result<(), alloc[2e1b2a31b91974c5]::string::String>>
[INFO] [stdout]   14:     0x62056b43d9c5 - test[aada8e7e76ba119b]::run_test::{closure#0}
[INFO] [stdout]   15:     0x62056b4372b4 - std[617be2ca0a6fd877]::sys::backtrace::__rust_begin_short_backtrace::<test[aada8e7e76ba119b]::run_test::{closure#1}, ()>
[INFO] [stdout]   16:     0x62056b440a52 - <std[617be2ca0a6fd877]::thread::lifecycle::spawn_unchecked<test[aada8e7e76ba119b]::run_test::{closure#1}, ()>::{closure#1} as core[a373ad73a504971]::ops::function::FnOnce<()>>::call_once::{shim:vtable#0}
[INFO] [stdout]   17:     0x62056b4a7ebf - <std[617be2ca0a6fd877]::sys::thread::unix::Thread>::new::thread_start
[INFO] [stdout]   18:     0x79a7c959fdfa - <unknown>
[INFO] [stdout]   19:     0x79a7c96333d4 - clone
[INFO] [stdout]   20:                0x0 - <unknown>
[INFO] [stdout] 
[INFO] [stdout] 
[INFO] [stdout] failures:
[INFO] [stdout]     gsm_splitter::tests::gsm_split
[INFO] [stdout]     unicode_splitter::tests::gsm_split
[INFO] [stdout] 
[INFO] [stdout] test result: FAILED. 11 passed; 2 failed; 0 ignored; 0 measured; 0 filtered out; finished in 0.01s
[INFO] [stdout] 
[INFO] running `Command { std: "docker" "inspect" "1b40800c652a58947a37f2b4b3439e720301a99bbf6f444618d5e075e537b624", kill_on_drop: false }`
[INFO] running `Command { std: "docker" "rm" "-f" "1b40800c652a58947a37f2b4b3439e720301a99bbf6f444618d5e075e537b624", kill_on_drop: false }`
[INFO] [stdout] 1b40800c652a58947a37f2b4b3439e720301a99bbf6f444618d5e075e537b624
