[INFO] fetching crate sms77-client 0.2.0...
[INFO] testing sms77-client-0.2.0 against 1.99.0-beta.8+cargoflags=--release for beta-release-1.100-2
[INFO] extracting crate sms77-client 0.2.0 into /workspace/builds/worker-7-tc1/source
[INFO] started tweaking crates.io crate sms77-client 0.2.0
[INFO] finished tweaking crates.io crate sms77-client 0.2.0
[INFO] tweaked toml for crates.io crate sms77-client 0.2.0 written to /workspace/builds/worker-7-tc1/source/Cargo.toml
[INFO] validating manifest of crates.io crate sms77-client 0.2.0 on toolchain 1.99.0-beta.8
[INFO] running `Command { std: CARGO_HOME="/workspace/cargo-home" RUSTUP_HOME="/workspace/rustup-home" "/workspace/cargo-home/bin/cargo" "+1.99.0-beta.8" "metadata" "--manifest-path" "Cargo.toml" "--no-deps", kill_on_drop: false }`
[INFO] running `Command { std: CARGO_HOME="/workspace/cargo-home" RUSTUP_HOME="/workspace/rustup-home" "/workspace/cargo-home/bin/cargo" "+1.99.0-beta.8" "generate-lockfile" "--manifest-path" "Cargo.toml", kill_on_drop: false }`
[INFO] [stderr]     Updating crates.io index
[INFO] [stderr]      Locking 82 packages to highest compatible versions
[INFO] [stderr]       Adding rand v0.8.8 (available: v0.10.3)
[INFO] [stderr]       Adding ureq v2.12.1 (available: v3.4.2)
[INFO] running `Command { std: CARGO_HOME="/workspace/cargo-home" RUSTUP_HOME="/workspace/rustup-home" "/workspace/cargo-home/bin/cargo" "+1.99.0-beta.8" "fetch" "--manifest-path" "Cargo.toml", kill_on_drop: false }`
[INFO] running `Command { std: "docker" "create" "-v" "/var/lib/crater-agent-workspace/builds/worker-7-tc1/source:/opt/rustwide/workdir:ro,Z" "-v" "/var/lib/crater-agent-workspace/builds/worker-7-tc1/target:/opt/rustwide/target:rw,Z" "-v" "/var/lib/crater-agent-workspace/cargo-home:/opt/rustwide/cargo-home:ro,Z" "-v" "/var/lib/crater-agent-workspace/rustup-home:/opt/rustwide/rustup-home:ro,Z" "-m" "1610612736" "--network" "none" "ghcr.io/rust-lang/crates-build-env/linux@sha256:77db811e55d90add9212f6832c23229e3de5f1c1f9905e8cb07319ea15df73ac" "sleep" "infinity", kill_on_drop: false }`
[INFO] [stdout] a4aab6fcb6999d8a87e5f37ca269591c4544faf5dbf961db115266f742f763a2
[INFO] running `Command { std: "docker" "start" "a4aab6fcb6999d8a87e5f37ca269591c4544faf5dbf961db115266f742f763a2", kill_on_drop: false }`
[INFO] running `Command { std: "docker" "inspect" "a4aab6fcb6999d8a87e5f37ca269591c4544faf5dbf961db115266f742f763a2", kill_on_drop: false }`
[INFO] running `Command { std: "docker" "exec" "-e" "SOURCE_DIR=/opt/rustwide/workdir" "-e" "CARGO_HOME=/opt/rustwide/cargo-home" "-e" "RUSTUP_HOME=/opt/rustwide/rustup-home" "-e" "CARGO_TARGET_DIR=/opt/rustwide/target" "-w" "/opt/rustwide/workdir" "--user" "0:0" "a4aab6fcb6999d8a87e5f37ca269591c4544faf5dbf961db115266f742f763a2" "/opt/rustwide/cargo-home/bin/cargo" "+1.99.0-beta.8" "metadata" "--no-deps" "--format-version=1", kill_on_drop: false }`
[INFO] running `Command { std: "docker" "inspect" "a4aab6fcb6999d8a87e5f37ca269591c4544faf5dbf961db115266f742f763a2", kill_on_drop: false }`
[INFO] running `Command { std: "docker" "exec" "-e" "SOURCE_DIR=/opt/rustwide/workdir" "-e" "CARGO_HOME=/opt/rustwide/cargo-home" "-e" "RUSTUP_HOME=/opt/rustwide/rustup-home" "-e" "CARGO_TARGET_DIR=/opt/rustwide/target" "-e" "CARGO_INCREMENTAL=0" "-e" "RUST_BACKTRACE=full" "-e" "RUSTFLAGS=--cap-lints=warn" "-e" "RUSTDOCFLAGS=--cap-lints=warn" "-w" "/opt/rustwide/workdir" "--user" "0:0" "a4aab6fcb6999d8a87e5f37ca269591c4544faf5dbf961db115266f742f763a2" "/opt/rustwide/cargo-home/bin/cargo" "+1.99.0-beta.8" "build" "--frozen" "--message-format=json" "--release", kill_on_drop: false }`
[INFO] [stderr]    Compiling syn v3.0.9
[INFO] [stderr]    Compiling libc v0.2.191
[INFO] [stderr]    Compiling rustls v0.23.46
[INFO] [stderr]    Compiling serde_json v1.0.154
[INFO] [stderr]    Compiling webpki-roots v0.26.11
[INFO] [stderr]    Compiling getrandom v0.2.17
[INFO] [stderr]    Compiling ring v0.17.14
[INFO] [stderr]    Compiling rand_core v0.6.4
[INFO] [stderr]    Compiling rand_chacha v0.3.1
[INFO] [stderr]    Compiling rand v0.8.8
[INFO] [stderr]    Compiling synstructure v0.14.0
[INFO] [stderr]    Compiling zerovec-derive v0.11.6
[INFO] [stderr]    Compiling displaydoc v0.2.7
[INFO] [stderr]    Compiling serde_derive v1.0.229
[INFO] [stderr]    Compiling zerofrom-derive v0.1.8
[INFO] [stderr]    Compiling yoke-derive v0.8.4
[INFO] [stderr]    Compiling zerofrom v0.1.8
[INFO] [stderr]    Compiling yoke v0.8.3
[INFO] [stderr]    Compiling zerovec v0.11.8
[INFO] [stderr]    Compiling zerotrie v0.2.5
[INFO] [stderr]    Compiling rustls-webpki v0.103.15
[INFO] [stderr]    Compiling tinystr v0.8.4
[INFO] [stderr]    Compiling potential_utf v0.1.6
[INFO] [stderr]    Compiling icu_collections v2.3.0
[INFO] [stderr]    Compiling icu_locale_core v2.3.0
[INFO] [stderr]    Compiling serde v1.0.229
[INFO] [stderr]    Compiling icu_provider v2.3.1
[INFO] [stderr]    Compiling icu_properties v2.3.0
[INFO] [stderr]    Compiling icu_normalizer v2.3.0
[INFO] [stderr]    Compiling idna_adapter v1.2.2
[INFO] [stderr]    Compiling idna v1.1.0
[INFO] [stderr]    Compiling url v2.5.8
[INFO] [stderr]    Compiling ureq v2.12.1
[INFO] [stderr]    Compiling sms77-client v0.2.0 (/opt/rustwide/workdir)
[INFO] [stderr]     Finished `release` profile [optimized] target(s) in 31.76s
[INFO] running `Command { std: "docker" "inspect" "a4aab6fcb6999d8a87e5f37ca269591c4544faf5dbf961db115266f742f763a2", kill_on_drop: false }`
[INFO] running `Command { std: "docker" "exec" "-e" "SOURCE_DIR=/opt/rustwide/workdir" "-e" "CARGO_HOME=/opt/rustwide/cargo-home" "-e" "RUSTUP_HOME=/opt/rustwide/rustup-home" "-e" "CARGO_TARGET_DIR=/opt/rustwide/target" "-e" "CARGO_INCREMENTAL=0" "-e" "RUST_BACKTRACE=full" "-e" "RUSTFLAGS=--cap-lints=warn" "-e" "RUSTDOCFLAGS=--cap-lints=warn" "-w" "/opt/rustwide/workdir" "--user" "0:0" "a4aab6fcb6999d8a87e5f37ca269591c4544faf5dbf961db115266f742f763a2" "/opt/rustwide/cargo-home/bin/cargo" "+1.99.0-beta.8" "test" "--frozen" "--no-run" "--message-format=json" "--release", kill_on_drop: false }`
[INFO] [stderr]    Compiling sms77-client v0.2.0 (/opt/rustwide/workdir)
[INFO] [stdout] warning: unused imports: `AnalyticsParams` and `Analytics`
[INFO] [stdout]  --> tests/journal.rs:2:31
[INFO] [stdout]   |
[INFO] [stdout] 2 | use sms77_client::analytics::{AnalyticsParams, Analytics};
[INFO] [stdout]   |                               ^^^^^^^^^^^^^^^  ^^^^^^^^^
[INFO] [stdout]   |
[INFO] [stdout]   = note: `#[warn(unused_imports)]` (part of `#[warn(unused)]`) on by default
[INFO] [stdout] 
[INFO] [stdout] 
[INFO] [stdout] warning: unused imports: `VoiceParams` and `Voice`
[INFO] [stdout]  --> tests/validate_for_voice.rs:2:27
[INFO] [stdout]   |
[INFO] [stdout] 2 | use sms77_client::voice::{Voice, VoiceParams};
[INFO] [stdout]   |                           ^^^^^  ^^^^^^^^^^^
[INFO] [stdout]   |
[INFO] [stdout]   = note: `#[warn(unused_imports)]` (part of `#[warn(unused)]`) on by default
[INFO] [stdout] 
[INFO] [stdout] 
[INFO] [stdout] warning: unused imports: `AnalyticsParams` and `Analytics`
[INFO] [stdout]  --> tests/pricing.rs:2:31
[INFO] [stdout]   |
[INFO] [stdout] 2 | use sms77_client::analytics::{AnalyticsParams, Analytics};
[INFO] [stdout]   |                               ^^^^^^^^^^^^^^^  ^^^^^^^^^
[INFO] [stdout]   |
[INFO] [stdout]   = note: `#[warn(unused_imports)]` (part of `#[warn(unused)]`) on by default
[INFO] [stdout] 
[INFO] [stdout] 
[INFO] [stdout] warning: unused imports: `JournalParams` and `Journal`
[INFO] [stdout]  --> tests/pricing.rs:3:29
[INFO] [stdout]   |
[INFO] [stdout] 3 | use sms77_client::journal::{Journal, JournalParams};
[INFO] [stdout]   |                             ^^^^^^^  ^^^^^^^^^^^^^
[INFO] [stdout] 
[INFO] [stdout] 
[INFO] [stdout] warning: unused import: `std::collections::HashMap`
[INFO] [stdout]  --> tests/hooks.rs:3:5
[INFO] [stdout]   |
[INFO] [stdout] 3 | use std::collections::HashMap;
[INFO] [stdout]   |     ^^^^^^^^^^^^^^^^^^^^^^^^^
[INFO] [stdout]   |
[INFO] [stdout]   = note: `#[warn(unused_imports)]` (part of `#[warn(unused)]`) on by default
[INFO] [stdout] 
[INFO] [stdout] 
[INFO] [stdout] warning: unused imports: `SmsJsonParams`, `SmsTextParams`, and `Sms`
[INFO] [stdout]  --> tests/status.rs:2:25
[INFO] [stdout]   |
[INFO] [stdout] 2 | use sms77_client::sms::{Sms, SmsTextParams, SmsJsonParams};
[INFO] [stdout]   |                         ^^^  ^^^^^^^^^^^^^  ^^^^^^^^^^^^^
[INFO] [stdout]   |
[INFO] [stdout]   = note: `#[warn(unused_imports)]` (part of `#[warn(unused)]`) on by default
[INFO] [stdout] 
[INFO] [stdout] 
[INFO] [stdout] warning: function `rand_str` is never used
[INFO] [stdout]   --> tests/testutil.rs:16:8
[INFO] [stdout]    |
[INFO] [stdout] 16 | pub fn rand_str() -> String {
[INFO] [stdout]    |        ^^^^^^^^
[INFO] [stdout]    |
[INFO] [stdout]    = note: `#[warn(dead_code)]` (part of `#[warn(unused)]`) on by default
[INFO] [stdout] 
[INFO] [stdout] 
[INFO] [stdout] warning: function `rand_str` is never used
[INFO] [stdout]   --> tests/testutil.rs:16:8
[INFO] [stdout]    |
[INFO] [stdout] 16 | pub fn rand_str() -> String {
[INFO] [stdout]    |        ^^^^^^^^
[INFO] [stdout]    |
[INFO] [stdout]    = note: `#[warn(dead_code)]` (part of `#[warn(unused)]`) on by default
[INFO] [stdout] 
[INFO] [stdout] 
[INFO] [stdout] warning: unused imports: `AnalyticsParams` and `Analytics`
[INFO] [stdout]  --> tests/lookup.rs:2:31
[INFO] [stdout]   |
[INFO] [stdout] 2 | use sms77_client::analytics::{AnalyticsParams, Analytics};
[INFO] [stdout]   |                               ^^^^^^^^^^^^^^^  ^^^^^^^^^
[INFO] [stdout]   |
[INFO] [stdout]   = note: `#[warn(unused_imports)]` (part of `#[warn(unused)]`) on by default
[INFO] [stdout] 
[INFO] [stdout] 
[INFO] [stdout] warning: unused imports: `JournalParams` and `Journal`
[INFO] [stdout]  --> tests/lookup.rs:3:29
[INFO] [stdout]   |
[INFO] [stdout] 3 | use sms77_client::journal::{Journal, JournalParams};
[INFO] [stdout]   |                             ^^^^^^^  ^^^^^^^^^^^^^
[INFO] [stdout] 
[INFO] [stdout] 
[INFO] [stdout] warning: unused imports: `PricingParams` and `Pricing`
[INFO] [stdout]  --> tests/lookup.rs:4:29
[INFO] [stdout]   |
[INFO] [stdout] 4 | use sms77_client::pricing::{PricingParams, Pricing};
[INFO] [stdout]   |                             ^^^^^^^^^^^^^  ^^^^^^^
[INFO] [stdout] 
[INFO] [stdout] 
[INFO] [stdout] warning: function `rand_str` is never used
[INFO] [stdout]   --> tests/testutil.rs:16:8
[INFO] [stdout]    |
[INFO] [stdout] 16 | pub fn rand_str() -> String {
[INFO] [stdout]    |        ^^^^^^^^
[INFO] [stdout]    |
[INFO] [stdout]    = note: `#[warn(dead_code)]` (part of `#[warn(unused)]`) on by default
[INFO] [stdout] 
[INFO] [stdout] 
[INFO] [stdout] warning: function `rand_str` is never used
[INFO] [stdout]   --> tests/testutil.rs:16:8
[INFO] [stdout]    |
[INFO] [stdout] 16 | pub fn rand_str() -> String {
[INFO] [stdout]    |        ^^^^^^^^
[INFO] [stdout]    |
[INFO] [stdout]    = note: `#[warn(dead_code)]` (part of `#[warn(unused)]`) on by default
[INFO] [stdout] 
[INFO] [stdout] 
[INFO] [stdout] warning: function `rand_str` is never used
[INFO] [stdout]   --> tests/testutil.rs:16:8
[INFO] [stdout]    |
[INFO] [stdout] 16 | pub fn rand_str() -> String {
[INFO] [stdout]    |        ^^^^^^^^
[INFO] [stdout]    |
[INFO] [stdout]    = note: `#[warn(dead_code)]` (part of `#[warn(unused)]`) on by default
[INFO] [stdout] 
[INFO] [stdout] 
[INFO] [stdout] warning: function `rand_str` is never used
[INFO] [stdout]   --> tests/testutil.rs:16:8
[INFO] [stdout]    |
[INFO] [stdout] 16 | pub fn rand_str() -> String {
[INFO] [stdout]    |        ^^^^^^^^
[INFO] [stdout]    |
[INFO] [stdout]    = note: `#[warn(dead_code)]` (part of `#[warn(unused)]`) on by default
[INFO] [stdout] 
[INFO] [stdout] 
[INFO] [stdout] warning: function `rand_str` is never used
[INFO] [stdout]   --> tests/testutil.rs:16:8
[INFO] [stdout]    |
[INFO] [stdout] 16 | pub fn rand_str() -> String {
[INFO] [stdout]    |        ^^^^^^^^
[INFO] [stdout]    |
[INFO] [stdout]    = note: `#[warn(dead_code)]` (part of `#[warn(unused)]`) on by default
[INFO] [stdout] 
[INFO] [stdout] 
[INFO] [stdout] warning: function `rand_str` is never used
[INFO] [stdout]   --> tests/testutil.rs:16:8
[INFO] [stdout]    |
[INFO] [stdout] 16 | pub fn rand_str() -> String {
[INFO] [stdout]    |        ^^^^^^^^
[INFO] [stdout]    |
[INFO] [stdout]    = note: `#[warn(dead_code)]` (part of `#[warn(unused)]`) on by default
[INFO] [stdout] 
[INFO] [stdout] 
[INFO] [stdout] warning: function `rand_str` is never used
[INFO] [stdout]   --> tests/testutil.rs:16:8
[INFO] [stdout]    |
[INFO] [stdout] 16 | pub fn rand_str() -> String {
[INFO] [stdout]    |        ^^^^^^^^
[INFO] [stdout]    |
[INFO] [stdout]    = note: `#[warn(dead_code)]` (part of `#[warn(unused)]`) on by default
[INFO] [stdout] 
[INFO] [stdout] 
[INFO] [stdout] warning: function `rand_str` is never used
[INFO] [stdout]   --> tests/testutil.rs:16:8
[INFO] [stdout]    |
[INFO] [stdout] 16 | pub fn rand_str() -> String {
[INFO] [stdout]    |        ^^^^^^^^
[INFO] [stdout]    |
[INFO] [stdout]    = note: `#[warn(dead_code)]` (part of `#[warn(unused)]`) on by default
[INFO] [stdout] 
[INFO] [stdout] 
[INFO] [stdout] warning: function `rand_str` is never used
[INFO] [stdout]   --> tests/testutil.rs:16:8
[INFO] [stdout]    |
[INFO] [stdout] 16 | pub fn rand_str() -> String {
[INFO] [stdout]    |        ^^^^^^^^
[INFO] [stdout]    |
[INFO] [stdout]    = note: `#[warn(dead_code)]` (part of `#[warn(unused)]`) on by default
[INFO] [stdout] 
[INFO] [stdout] 
[INFO] [stderr]     Finished `release` profile [optimized] target(s) in 2.86s
[INFO] running `Command { std: "docker" "inspect" "a4aab6fcb6999d8a87e5f37ca269591c4544faf5dbf961db115266f742f763a2", kill_on_drop: false }`
[INFO] running `Command { std: "docker" "exec" "-e" "SOURCE_DIR=/opt/rustwide/workdir" "-e" "CARGO_HOME=/opt/rustwide/cargo-home" "-e" "RUSTUP_HOME=/opt/rustwide/rustup-home" "-e" "CARGO_TARGET_DIR=/opt/rustwide/target" "-e" "CARGO_INCREMENTAL=0" "-e" "RUST_BACKTRACE=full" "-e" "RUSTFLAGS=--cap-lints=warn" "-e" "RUSTDOCFLAGS=--cap-lints=warn" "-w" "/opt/rustwide/workdir" "--user" "0:0" "a4aab6fcb6999d8a87e5f37ca269591c4544faf5dbf961db115266f742f763a2" "/opt/rustwide/cargo-home/bin/cargo" "+1.99.0-beta.8" "test" "--frozen" "--release", kill_on_drop: false }`
[INFO] [stderr] warning: unused imports: `SmsJsonParams`, `SmsTextParams`, and `Sms`
[INFO] [stderr]  --> tests/status.rs:2:25
[INFO] [stderr]   |
[INFO] [stderr] 2 | use sms77_client::sms::{Sms, SmsTextParams, SmsJsonParams};
[INFO] [stderr]   |                         ^^^  ^^^^^^^^^^^^^  ^^^^^^^^^^^^^
[INFO] [stderr]   |
[INFO] [stderr]   = note: `#[warn(unused_imports)]` (part of `#[warn(unused)]`) on by default
[INFO] [stderr] 
[INFO] [stderr] warning: function `rand_str` is never used
[INFO] [stderr]   --> tests/testutil.rs:16:8
[INFO] [stderr]    |
[INFO] [stderr] 16 | pub fn rand_str() -> String {
[INFO] [stderr]    |        ^^^^^^^^
[INFO] [stderr]    |
[INFO] [stderr]    = note: `#[warn(dead_code)]` (part of `#[warn(unused)]`) on by default
[INFO] [stderr] 
[INFO] [stderr] warning: unused import: `std::collections::HashMap`
[INFO] [stderr]  --> tests/hooks.rs:3:5
[INFO] [stderr]   |
[INFO] [stderr] 3 | use std::collections::HashMap;
[INFO] [stderr]   |     ^^^^^^^^^^^^^^^^^^^^^^^^^
[INFO] [stderr]   |
[INFO] [stderr]   = note: `#[warn(unused_imports)]` (part of `#[warn(unused)]`) on by default
[INFO] [stderr] 
[INFO] [stderr] warning: unused imports: `AnalyticsParams` and `Analytics`
[INFO] [stderr]  --> tests/journal.rs:2:31
[INFO] [stderr]   |
[INFO] [stderr] 2 | use sms77_client::analytics::{AnalyticsParams, Analytics};
[INFO] [stderr]   |                               ^^^^^^^^^^^^^^^  ^^^^^^^^^
[INFO] [stderr]   |
[INFO] [stderr]   = note: `#[warn(unused_imports)]` (part of `#[warn(unused)]`) on by default
[INFO] [stderr] 
[INFO] [stderr] warning: unused imports: `AnalyticsParams` and `Analytics`
[INFO] [stderr]  --> tests/lookup.rs:2:31
[INFO] [stderr]   |
[INFO] [stderr] 2 | use sms77_client::analytics::{AnalyticsParams, Analytics};
[INFO] [stderr]   |                               ^^^^^^^^^^^^^^^  ^^^^^^^^^
[INFO] [stderr]   |
[INFO] [stderr]   = note: `#[warn(unused_imports)]` (part of `#[warn(unused)]`) on by default
[INFO] [stderr] 
[INFO] [stderr] warning: unused imports: `JournalParams` and `Journal`
[INFO] [stderr]  --> tests/lookup.rs:3:29
[INFO] [stderr]   |
[INFO] [stderr] 3 | use sms77_client::journal::{Journal, JournalParams};
[INFO] [stderr]   |                             ^^^^^^^  ^^^^^^^^^^^^^
[INFO] [stderr] 
[INFO] [stderr] warning: unused imports: `PricingParams` and `Pricing`
[INFO] [stderr]  --> tests/lookup.rs:4:29
[INFO] [stderr]   |
[INFO] [stderr] 4 | use sms77_client::pricing::{PricingParams, Pricing};
[INFO] [stderr]   |                             ^^^^^^^^^^^^^  ^^^^^^^
[INFO] [stderr] 
[INFO] [stderr] warning: unused imports: `AnalyticsParams` and `Analytics`
[INFO] [stderr]  --> tests/pricing.rs:2:31
[INFO] [stderr]   |
[INFO] [stderr] 2 | use sms77_client::analytics::{AnalyticsParams, Analytics};
[INFO] [stderr]   |                               ^^^^^^^^^^^^^^^  ^^^^^^^^^
[INFO] [stderr]   |
[INFO] [stderr]   = note: `#[warn(unused_imports)]` (part of `#[warn(unused)]`) on by default
[INFO] [stderr] 
[INFO] [stderr] warning: unused imports: `JournalParams` and `Journal`
[INFO] [stderr]  --> tests/pricing.rs:3:29
[INFO] [stderr]   |
[INFO] [stderr] 3 | use sms77_client::journal::{Journal, JournalParams};
[INFO] [stderr]   |                             ^^^^^^^  ^^^^^^^^^^^^^
[INFO] [stderr] 
[INFO] [stderr] warning: unused imports: `VoiceParams` and `Voice`
[INFO] [stderr]  --> tests/validate_for_voice.rs:2:27
[INFO] [stderr]   |
[INFO] [stderr] 2 | use sms77_client::voice::{Voice, VoiceParams};
[INFO] [stderr]   |                           ^^^^^  ^^^^^^^^^^^
[INFO] [stderr]   |
[INFO] [stderr]   = note: `#[warn(unused_imports)]` (part of `#[warn(unused)]`) on by default
[INFO] [stderr] 
[INFO] [stderr] warning: `sms77-client` (test "status") generated 2 warnings (run `cargo fix --test "status" -p sms77-client` to apply 1 suggestion)
[INFO] [stderr] warning: `sms77-client` (test "sms") generated 1 warning (1 duplicate)
[INFO] [stderr] warning: `sms77-client` (test "hooks") generated 1 warning (run `cargo fix --test "hooks" -p sms77-client` to apply 1 suggestion)
[INFO] [stderr] warning: `sms77-client` (test "journal") generated 2 warnings (1 duplicate) (run `cargo fix --test "journal" -p sms77-client` to apply 1 suggestion)
[INFO] [stderr] warning: `sms77-client` (test "contacts") generated 1 warning (1 duplicate)
[INFO] [stderr] warning: `sms77-client` (test "lookup") generated 4 warnings (1 duplicate) (run `cargo fix --test "lookup" -p sms77-client` to apply 3 suggestions)
[INFO] [stderr] warning: `sms77-client` (test "pricing") generated 3 warnings (1 duplicate) (run `cargo fix --test "pricing" -p sms77-client` to apply 2 suggestions)
[INFO] [stderr] warning: `sms77-client` (test "client") generated 1 warning (1 duplicate)
[INFO] [stderr] warning: `sms77-client` (test "voice") generated 1 warning (1 duplicate)
[INFO] [stderr] warning: `sms77-client` (test "balance") generated 1 warning (1 duplicate)
[INFO] [stderr] warning: `sms77-client` (test "analytics") generated 1 warning (1 duplicate)
[INFO] [stderr] warning: `sms77-client` (test "validate_for_voice") generated 2 warnings (1 duplicate) (run `cargo fix --test "validate_for_voice" -p sms77-client` to apply 1 suggestion)
[INFO] [stderr]     Finished `release` profile [optimized] target(s) in 0.10s
[INFO] [stderr]      Running unittests src/lib.rs (/opt/rustwide/target/release/deps/sms77_client-fc17184cdceba698)
[INFO] [stdout] 
[INFO] [stdout] running 0 tests
[INFO] [stdout] 
[INFO] [stdout] test result: ok. 0 passed; 0 failed; 0 ignored; 0 measured; 0 filtered out; finished in 0.00s
[INFO] [stdout] 
[INFO] [stderr]      Running tests/analytics.rs (/opt/rustwide/target/release/deps/analytics-f78bf4aa9fdaef5f)
[INFO] [stdout] 
[INFO] [stdout] running 4 tests
[INFO] [stdout] test grouped_by_subaccount ... FAILED
[INFO] [stdout] test grouped_by_label ... FAILED
[INFO] [stdout] test grouped_by_date ... FAILED
[INFO] [stdout] test grouped_by_country ... FAILED
[INFO] [stdout] 
[INFO] [stdout] failures:
[INFO] [stdout] 
[INFO] [stdout] ---- grouped_by_subaccount stdout ----
[INFO] [stdout] 
[INFO] [stdout] thread 'grouped_by_subaccount' (1180) panicked at tests/testutil.rs:9:44:
[INFO] [stdout] called `Result::unwrap()` on an `Err` value: NotPresent
[INFO] [stdout] stack backtrace:
[INFO] [stdout]    0:     0x5d49a30c44a1 - <<std[70759c8f55707aa4]::sys::backtrace::BacktraceLock>::print::DisplayBacktrace as core[df12db4294e9bfd3]::fmt::Display>::fmt
[INFO] [stdout]    1:     0x5d49a30da8ba - core[df12db4294e9bfd3]::fmt::write
[INFO] [stdout]    2:     0x5d49a30c907c - <alloc[2182bb758b4b3781]::vec::Vec<u8> as core[df12db4294e9bfd3]::io::write::Write>::write_fmt
[INFO] [stdout]    3:     0x5d49a309eec6 - std[70759c8f55707aa4]::panicking::default_hook::{closure#0}
[INFO] [stdout]    4:     0x5d49a30bc269 - std[70759c8f55707aa4]::panicking::default_hook
[INFO] [stdout]    5:     0x5d49a2f04730 - test[9d35eded1c95d3be]::test_main_inner::<test[9d35eded1c95d3be]::test_main_static::{closure#0}>::{closure#0}
[INFO] [stdout]    6:     0x5d49a30bc422 - std[70759c8f55707aa4]::panicking::panic_with_hook
[INFO] [stdout]    7:     0x5d49a309ef72 - std[70759c8f55707aa4]::panicking::panic_handler::{closure#0}
[INFO] [stdout]    8:     0x5d49a3097c19 - std[70759c8f55707aa4]::sys::backtrace::__rust_end_short_backtrace::<std[70759c8f55707aa4]::panicking::panic_handler::{closure#0}, !>
[INFO] [stdout]    9:     0x5d49a309fd5d - __rustc[8fa7c3cbc660c2b3]::rust_begin_unwind
[INFO] [stdout]   10:     0x5d49a30dafec - core[df12db4294e9bfd3]::panicking::panic_fmt
[INFO] [stdout]   11:     0x5d49a30dadc2 - core[df12db4294e9bfd3]::result::unwrap_failed
[INFO] [stdout]   12:     0x5d49a2ef7341 - analytics[d9a87b1766a5e7ec]::init_client
[INFO] [stdout]   13:     0x5d49a2ef787e - <analytics[d9a87b1766a5e7ec]::grouped_by_subaccount::{closure#0} as core[df12db4294e9bfd3]::ops::function::FnOnce<()>>::call_once
[INFO] [stdout]   14:     0x5d49a2ef7a1b - test[9d35eded1c95d3be]::__rust_begin_short_backtrace::<core[df12db4294e9bfd3]::result::Result<(), alloc[2182bb758b4b3781]::string::String>, fn() -> core[df12db4294e9bfd3]::result::Result<(), alloc[2182bb758b4b3781]::string::String>>
[INFO] [stdout]   15:     0x5d49a2f05085 - test[9d35eded1c95d3be]::run_test::{closure#0}
[INFO] [stdout]   16:     0x5d49a2efe944 - std[70759c8f55707aa4]::sys::backtrace::__rust_begin_short_backtrace::<test[9d35eded1c95d3be]::run_test::{closure#1}, ()>
[INFO] [stdout]   17:     0x5d49a2f081e2 - <std[70759c8f55707aa4]::thread::lifecycle::spawn_unchecked<test[9d35eded1c95d3be]::run_test::{closure#1}, ()>::{closure#1} as core[df12db4294e9bfd3]::ops::function::FnOnce<()>>::call_once::{shim:vtable#0}
[INFO] [stdout]   18:     0x5d49a30c35d9 - <std[70759c8f55707aa4]::sys::thread::unix::Thread>::new::thread_start
[INFO] [stdout]   19:     0x7d3fbabbddfa - <unknown>
[INFO] [stdout]   20:     0x7d3fbac513d4 - clone
[INFO] [stdout]   21:                0x0 - <unknown>
[INFO] [stdout] 
[INFO] [stdout] ---- grouped_by_label stdout ----
[INFO] [stdout] 
[INFO] [stdout] thread 'grouped_by_label' (1179) panicked at tests/testutil.rs:9:44:
[INFO] [stdout] called `Result::unwrap()` on an `Err` value: NotPresent
[INFO] [stdout] stack backtrace:
[INFO] [stdout]    0:     0x5d49a30c44a1 - <<std[70759c8f55707aa4]::sys::backtrace::BacktraceLock>::print::DisplayBacktrace as core[df12db4294e9bfd3]::fmt::Display>::fmt
[INFO] [stdout]    1:     0x5d49a30da8ba - core[df12db4294e9bfd3]::fmt::write
[INFO] [stdout]    2:     0x5d49a30c907c - <alloc[2182bb758b4b3781]::vec::Vec<u8> as core[df12db4294e9bfd3]::io::write::Write>::write_fmt
[INFO] [stdout]    3:     0x5d49a309eec6 - std[70759c8f55707aa4]::panicking::default_hook::{closure#0}
[INFO] [stdout]    4:     0x5d49a30bc269 - std[70759c8f55707aa4]::panicking::default_hook
[INFO] [stdout]    5:     0x5d49a2f04730 - test[9d35eded1c95d3be]::test_main_inner::<test[9d35eded1c95d3be]::test_main_static::{closure#0}>::{closure#0}
[INFO] [stdout]    6:     0x5d49a30bc422 - std[70759c8f55707aa4]::panicking::panic_with_hook
[INFO] [stdout]    7:     0x5d49a309ef72 - std[70759c8f55707aa4]::panicking::panic_handler::{closure#0}
[INFO] [stdout]    8:     0x5d49a3097c19 - std[70759c8f55707aa4]::sys::backtrace::__rust_end_short_backtrace::<std[70759c8f55707aa4]::panicking::panic_handler::{closure#0}, !>
[INFO] [stdout]    9:     0x5d49a309fd5d - __rustc[8fa7c3cbc660c2b3]::rust_begin_unwind
[INFO] [stdout]   10:     0x5d49a30dafec - core[df12db4294e9bfd3]::panicking::panic_fmt
[INFO] [stdout]   11:     0x5d49a30dadc2 - core[df12db4294e9bfd3]::result::unwrap_failed
[INFO] [stdout]   12:     0x5d49a2ef7341 - analytics[d9a87b1766a5e7ec]::init_client
[INFO] [stdout]   13:     0x5d49a2ef75be - <analytics[d9a87b1766a5e7ec]::grouped_by_label::{closure#0} as core[df12db4294e9bfd3]::ops::function::FnOnce<()>>::call_once
[INFO] [stdout]   14:     0x5d49a2ef7a1b - test[9d35eded1c95d3be]::__rust_begin_short_backtrace::<core[df12db4294e9bfd3]::result::Result<(), alloc[2182bb758b4b3781]::string::String>, fn() -> core[df12db4294e9bfd3]::result::Result<(), alloc[2182bb758b4b3781]::string::String>>
[INFO] [stdout]   15:     0x5d49a2f05085 - test[9d35eded1c95d3be]::run_test::{closure#0}
[INFO] [stdout]   16:     0x5d49a2efe944 - std[70759c8f55707aa4]::sys::backtrace::__rust_begin_short_backtrace::<test[9d35eded1c95d3be]::run_test::{closure#1}, ()>
[INFO] [stdout]   17:     0x5d49a2f081e2 - <std[70759c8f55707aa4]::thread::lifecycle::spawn_unchecked<test[9d35eded1c95d3be]::run_test::{closure#1}, ()>::{closure#1} as core[df12db4294e9bfd3]::ops::function::FnOnce<()>>::call_once::{shim:vtable#0}
[INFO] [stdout]   18:     0x5d49a30c35d9 - <std[70759c8f55707aa4]::sys::thread::unix::Thread>::new::thread_start
[INFO] [stdout]   19:     0x7d3fbabbddfa - <unknown>
[INFO] [stdout]   20:     0x7d3fbac513d4 - clone
[INFO] [stdout]   21:                0x0 - <unknown>
[INFO] [stdout] 
[INFO] [stdout] ---- grouped_by_date stdout ----
[INFO] [stdout] 
[INFO] [stdout] thread 'grouped_by_date' (1178) panicked at tests/testutil.rs:9:44:
[INFO] [stdout] called `Result::unwrap()` on an `Err` value: NotPresent
[INFO] [stdout] stack backtrace:
[INFO] [stdout]    0:     0x5d49a30c44a1 - <<std[70759c8f55707aa4]::sys::backtrace::BacktraceLock>::print::DisplayBacktrace as core[df12db4294e9bfd3]::fmt::Display>::fmt
[INFO] [stdout]    1:     0x5d49a30da8ba - core[df12db4294e9bfd3]::fmt::write
[INFO] [stdout]    2:     0x5d49a30c907c - <alloc[2182bb758b4b3781]::vec::Vec<u8> as core[df12db4294e9bfd3]::io::write::Write>::write_fmt
[INFO] [stdout]    3:     0x5d49a309eec6 - std[70759c8f55707aa4]::panicking::default_hook::{closure#0}
[INFO] [stdout]    4:     0x5d49a30bc269 - std[70759c8f55707aa4]::panicking::default_hook
[INFO] [stdout]    5:     0x5d49a2f04730 - test[9d35eded1c95d3be]::test_main_inner::<test[9d35eded1c95d3be]::test_main_static::{closure#0}>::{closure#0}
[INFO] [stdout]    6:     0x5d49a30bc422 - std[70759c8f55707aa4]::panicking::panic_with_hook
[INFO] [stdout]    7:     0x5d49a309ef72 - std[70759c8f55707aa4]::panicking::panic_handler::{closure#0}
[INFO] [stdout]    8:     0x5d49a3097c19 - std[70759c8f55707aa4]::sys::backtrace::__rust_end_short_backtrace::<std[70759c8f55707aa4]::panicking::panic_handler::{closure#0}, !>
[INFO] [stdout]    9:     0x5d49a309fd5d - __rustc[8fa7c3cbc660c2b3]::rust_begin_unwind
[INFO] [stdout]   10:     0x5d49a30dafec - core[df12db4294e9bfd3]::panicking::panic_fmt
[INFO] [stdout]   11:     0x5d49a30dadc2 - core[df12db4294e9bfd3]::result::unwrap_failed
[INFO] [stdout]   12:     0x5d49a2ef7341 - analytics[d9a87b1766a5e7ec]::init_client
[INFO] [stdout]   13:     0x5d49a2ef745e - <analytics[d9a87b1766a5e7ec]::grouped_by_date::{closure#0} as core[df12db4294e9bfd3]::ops::function::FnOnce<()>>::call_once
[INFO] [stdout]   14:     0x5d49a2ef7a1b - test[9d35eded1c95d3be]::__rust_begin_short_backtrace::<core[df12db4294e9bfd3]::result::Result<(), alloc[2182bb758b4b3781]::string::String>, fn() -> core[df12db4294e9bfd3]::result::Result<(), alloc[2182bb758b4b3781]::string::String>>
[INFO] [stdout]   15:     0x5d49a2f05085 - test[9d35eded1c95d3be]::run_test::{closure#0}
[INFO] [stdout]   16:     0x5d49a2efe944 - std[70759c8f55707aa4]::sys::backtrace::__rust_begin_short_backtrace::<test[9d35eded1c95d3be]::run_test::{closure#1}, ()>
[INFO] [stdout]   17:     0x5d49a2f081e2 - <std[70759c8f55707aa4]::thread::lifecycle::spawn_unchecked<test[9d35eded1c95d3be]::run_test::{closure#1}, ()>::{closure#1} as core[df12db4294e9bfd3]::ops::function::FnOnce<()>>::call_once::{shim:vtable#0}
[INFO] [stdout]   18:     0x5d49a30c35d9 - <std[70759c8f55707aa4]::sys::thread::unix::Thread>::new::thread_start
[INFO] [stdout]   19:     0x7d3fbabbddfa - <unknown>
[INFO] [stdout]   20:     0x7d3fbac513d4 - clone
[INFO] [stdout]   21:                0x0 - <unknown>
[INFO] [stdout] 
[INFO] [stdout] ---- grouped_by_country stdout ----
[INFO] [stdout] 
[INFO] [stdout] thread 'grouped_by_country' (1177) panicked at tests/testutil.rs:9:44:
[INFO] [stdout] called `Result::unwrap()` on an `Err` value: NotPresent
[INFO] [stdout] stack backtrace:
[INFO] [stdout]    0:     0x5d49a30c44a1 - <<std[70759c8f55707aa4]::sys::backtrace::BacktraceLock>::print::DisplayBacktrace as core[df12db4294e9bfd3]::fmt::Display>::fmt
[INFO] [stdout]    1:     0x5d49a30da8ba - core[df12db4294e9bfd3]::fmt::write
[INFO] [stdout]    2:     0x5d49a30c907c - <alloc[2182bb758b4b3781]::vec::Vec<u8> as core[df12db4294e9bfd3]::io::write::Write>::write_fmt
[INFO] [stdout]    3:     0x5d49a309eec6 - std[70759c8f55707aa4]::panicking::default_hook::{closure#0}
[INFO] [stdout]    4:     0x5d49a30bc269 - std[70759c8f55707aa4]::panicking::default_hook
[INFO] [stdout]    5:     0x5d49a2f04730 - test[9d35eded1c95d3be]::test_main_inner::<test[9d35eded1c95d3be]::test_main_static::{closure#0}>::{closure#0}
[INFO] [stdout]    6:     0x5d49a30bc422 - std[70759c8f55707aa4]::panicking::panic_with_hook
[INFO] [stdout]    7:     0x5d49a309ef72 - std[70759c8f55707aa4]::panicking::panic_handler::{closure#0}
[INFO] [stdout]    8:     0x5d49a3097c19 - std[70759c8f55707aa4]::sys::backtrace::__rust_end_short_backtrace::<std[70759c8f55707aa4]::panicking::panic_handler::{closure#0}, !>
[INFO] [stdout]    9:     0x5d49a309fd5d - __rustc[8fa7c3cbc660c2b3]::rust_begin_unwind
[INFO] [stdout]   10:     0x5d49a30dafec - core[df12db4294e9bfd3]::panicking::panic_fmt
[INFO] [stdout]   11:     0x5d49a30dadc2 - core[df12db4294e9bfd3]::result::unwrap_failed
[INFO] [stdout]   12:     0x5d49a2ef7341 - analytics[d9a87b1766a5e7ec]::init_client
[INFO] [stdout]   13:     0x5d49a2ef771e - <analytics[d9a87b1766a5e7ec]::grouped_by_country::{closure#0} as core[df12db4294e9bfd3]::ops::function::FnOnce<()>>::call_once
[INFO] [stdout]   14:     0x5d49a2ef7a1b - test[9d35eded1c95d3be]::__rust_begin_short_backtrace::<core[df12db4294e9bfd3]::result::Result<(), alloc[2182bb758b4b3781]::string::String>, fn() -> core[df12db4294e9bfd3]::result::Result<(), alloc[2182bb758b4b3781]::string::String>>
[INFO] [stdout]   15:     0x5d49a2f05085 - test[9d35eded1c95d3be]::run_test::{closure#0}
[INFO] [stdout]   16:     0x5d49a2efe944 - std[70759c8f55707aa4]::sys::backtrace::__rust_begin_short_backtrace::<test[9d35eded1c95d3be]::run_test::{closure#1}, ()>
[INFO] [stdout]   17:     0x5d49a2f081e2 - <std[70759c8f55707aa4]::thread::lifecycle::spawn_unchecked<test[9d35eded1c95d3be]::run_test::{closure#1}, ()>::{closure#1} as core[df12db4294e9bfd3]::ops::function::FnOnce<()>>::call_once::{shim:vtable#0}
[INFO] [stdout]   18:     0x5d49a30c35d9 - <std[70759c8f55707aa4]::sys::thread::unix::Thread>::new::thread_start
[INFO] [stdout]   19:     0x7d3fbabbddfa - <unknown>
[INFO] [stdout]   20:     0x7d3fbac513d4 - clone
[INFO] [stdout]   21:                0x0 - <unknown>
[INFO] [stdout] 
[INFO] [stdout] 
[INFO] [stdout] failures:
[INFO] [stdout]     grouped_by_country
[INFO] [stdout]     grouped_by_date
[INFO] [stdout]     grouped_by_label
[INFO] [stdout]     grouped_by_subaccount
[INFO] [stdout] 
[INFO] [stdout] test result: FAILED. 0 passed; 4 failed; 0 ignored; 0 measured; 0 filtered out; finished in 0.02s
[INFO] [stdout] 
[INFO] [stderr] error: test failed, to rerun pass `--test analytics`
[INFO] running `Command { std: "docker" "inspect" "a4aab6fcb6999d8a87e5f37ca269591c4544faf5dbf961db115266f742f763a2", kill_on_drop: false }`
[INFO] running `Command { std: "docker" "rm" "-f" "a4aab6fcb6999d8a87e5f37ca269591c4544faf5dbf961db115266f742f763a2", kill_on_drop: false }`
[INFO] [stdout] a4aab6fcb6999d8a87e5f37ca269591c4544faf5dbf961db115266f742f763a2
