[INFO] fetching crate smp-pqc-cli 1.0.0...
[INFO] testing smp-pqc-cli-1.0.0 against 1.99.0-beta.8+cargoflags=--release for beta-release-1.100-2
[INFO] extracting crate smp-pqc-cli 1.0.0 into /workspace/builds/worker-0-tc1/source
[INFO] started tweaking crates.io crate smp-pqc-cli 1.0.0
[INFO] removed 0 missing tests
[INFO] finished tweaking crates.io crate smp-pqc-cli 1.0.0
[INFO] tweaked toml for crates.io crate smp-pqc-cli 1.0.0 written to /workspace/builds/worker-0-tc1/source/Cargo.toml
[INFO] validating manifest of crates.io crate smp-pqc-cli 1.0.0 on toolchain 1.99.0-beta.8
[INFO] running `Command { std: CARGO_HOME="/workspace/cargo-home" RUSTUP_HOME="/workspace/rustup-home" "/workspace/cargo-home/bin/cargo" "+1.99.0-beta.8" "metadata" "--manifest-path" "Cargo.toml" "--no-deps", kill_on_drop: false }`
[INFO] crate crates.io crate smp-pqc-cli 1.0.0 already has a lockfile, it will not be regenerated
[INFO] running `Command { std: CARGO_HOME="/workspace/cargo-home" RUSTUP_HOME="/workspace/rustup-home" "/workspace/cargo-home/bin/cargo" "+1.99.0-beta.8" "fetch" "--manifest-path" "Cargo.toml", kill_on_drop: false }`
[INFO] [stderr]     Updating crates.io index
[INFO] [stderr]  Downloading crates ...
[INFO] [stderr]   Downloaded ssh-cipher v0.3.0
[INFO] [stderr]   Downloaded ssh-encoding v0.3.0
[INFO] [stderr]   Downloaded wnaf v0.14.0
[INFO] [stderr]   Downloaded ssh-key v0.7.0-rc.11
[INFO] [stderr]   Downloaded bcrypt-pbkdf v0.11.0
[INFO] [stderr]   Downloaded sponge-cursor v0.1.0
[INFO] [stderr]   Downloaded russh-util v0.52.0
[INFO] [stderr]   Downloaded scrypt v0.12.0
[INFO] [stderr]   Downloaded russh-cryptovec v0.62.0
[INFO] [stderr]   Downloaded pageant v0.2.1
[INFO] [stderr]   Downloaded smp-pqc-network v1.0.0
[INFO] [stderr]   Downloaded des v0.9.0
[INFO] [stderr]   Downloaded blake2 v0.11.0-rc.6
[INFO] [stderr]   Downloaded keccak v0.2.0
[INFO] [stderr]   Downloaded argon2 v0.6.0-rc.8
[INFO] [stderr]   Downloaded pkcs5 v0.8.1
[INFO] [stderr]   Downloaded module-lattice v0.2.3
[INFO] [stderr]   Downloaded kem v0.3.0
[INFO] [stderr]   Downloaded delegate v0.13.5
[INFO] [stderr]   Downloaded ml-kem v0.3.2
[INFO] [stderr]   Downloaded md5 v0.8.1
[INFO] [stderr]   Downloaded generic-array v1.4.4
[INFO] [stderr]   Downloaded aes v0.9.2
[INFO] [stderr]   Downloaded aes-gcm v0.11.0
[INFO] [stderr]   Downloaded sha3 v0.12.0
[INFO] [stderr]   Downloaded internal-russh-num-bigint v0.5.0
[INFO] [stderr]   Downloaded russh v0.62.4
[INFO] [stderr]   Downloaded sha3 v0.11.0
[INFO] [stderr]   Downloaded smp-pqc-inventory v1.0.0
[INFO] [stderr]   Downloaded signature v2.3.0-pre.4
[INFO] [stderr]   Downloaded x25519-dalek v3.0.0
[INFO] [stderr]   Downloaded shake v0.1.0
[INFO] [stderr]   Downloaded ml-dsa v0.1.1
[INFO] [stderr]   Downloaded clap v4.6.4
[INFO] [stderr]   Downloaded clap_builder v4.6.2
[INFO] [stderr]   Downloaded smp-pqc-core v1.0.0
[INFO] [stderr]   Downloaded slh-dsa v0.1.0
[INFO] running `Command { std: "docker" "create" "-v" "/var/lib/crater-agent-workspace/builds/worker-0-tc1/source:/opt/rustwide/workdir:ro,Z" "-v" "/var/lib/crater-agent-workspace/builds/worker-0-tc1/target:/opt/rustwide/target:rw,Z" "-v" "/var/lib/crater-agent-workspace/cargo-home:/opt/rustwide/cargo-home:ro,Z" "-v" "/var/lib/crater-agent-workspace/rustup-home:/opt/rustwide/rustup-home:ro,Z" "-m" "1610612736" "--network" "none" "ghcr.io/rust-lang/crates-build-env/linux@sha256:77db811e55d90add9212f6832c23229e3de5f1c1f9905e8cb07319ea15df73ac" "sleep" "infinity", kill_on_drop: false }`
[INFO] [stdout] 6ed1e2fce77514584662b544e5235a28d5d27f7f9d23087aea7c63d5e075159a
[INFO] running `Command { std: "docker" "start" "6ed1e2fce77514584662b544e5235a28d5d27f7f9d23087aea7c63d5e075159a", kill_on_drop: false }`
[INFO] running `Command { std: "docker" "inspect" "6ed1e2fce77514584662b544e5235a28d5d27f7f9d23087aea7c63d5e075159a", kill_on_drop: false }`
[INFO] running `Command { std: "docker" "exec" "-e" "SOURCE_DIR=/opt/rustwide/workdir" "-e" "CARGO_HOME=/opt/rustwide/cargo-home" "-e" "RUSTUP_HOME=/opt/rustwide/rustup-home" "-e" "CARGO_TARGET_DIR=/opt/rustwide/target" "-w" "/opt/rustwide/workdir" "--user" "0:0" "6ed1e2fce77514584662b544e5235a28d5d27f7f9d23087aea7c63d5e075159a" "/opt/rustwide/cargo-home/bin/cargo" "+1.99.0-beta.8" "metadata" "--no-deps" "--format-version=1", kill_on_drop: false }`
[INFO] running `Command { std: "docker" "inspect" "6ed1e2fce77514584662b544e5235a28d5d27f7f9d23087aea7c63d5e075159a", kill_on_drop: false }`
[INFO] running `Command { std: "docker" "exec" "-e" "SOURCE_DIR=/opt/rustwide/workdir" "-e" "CARGO_HOME=/opt/rustwide/cargo-home" "-e" "RUSTUP_HOME=/opt/rustwide/rustup-home" "-e" "CARGO_TARGET_DIR=/opt/rustwide/target" "-e" "CARGO_INCREMENTAL=0" "-e" "RUST_BACKTRACE=full" "-e" "RUSTFLAGS=--cap-lints=warn" "-e" "RUSTDOCFLAGS=--cap-lints=warn" "-w" "/opt/rustwide/workdir" "--user" "0:0" "6ed1e2fce77514584662b544e5235a28d5d27f7f9d23087aea7c63d5e075159a" "/opt/rustwide/cargo-home/bin/cargo" "+1.99.0-beta.8" "build" "--frozen" "--message-format=json" "--release", kill_on_drop: false }`
[INFO] [stderr]    Compiling subtle v2.6.1
[INFO] [stderr]    Compiling getrandom v0.4.3
[INFO] [stderr]    Compiling const-oid v0.10.2
[INFO] [stderr]    Compiling cpubits v0.1.1
[INFO] [stderr]    Compiling pem-rfc7468 v1.0.0
[INFO] [stderr]    Compiling getrandom v0.2.17
[INFO] [stderr]    Compiling aws-lc-rs v1.17.3
[INFO] [stderr]    Compiling base16ct v1.0.0
[INFO] [stderr]    Compiling syn v3.0.3
[INFO] [stderr]    Compiling jobserver v0.1.35
[INFO] [stderr]    Compiling syn v2.0.119
[INFO] [stderr]    Compiling generic-array v0.14.7
[INFO] [stderr]    Compiling curve25519-dalek v5.0.0
[INFO] [stderr]    Compiling rustls-pki-types v1.15.1
[INFO] [stderr]    Compiling keccak v0.2.0
[INFO] [stderr]    Compiling untrusted v0.7.1
[INFO] [stderr]    Compiling thiserror v2.0.19
[INFO] [stderr]    Compiling zerocopy v0.8.55
[INFO] [stderr]    Compiling ctutils v0.4.2
[INFO] [stderr]    Compiling ff v0.14.0
[INFO] [stderr]    Compiling futures-sink v0.3.33
[INFO] [stderr]    Compiling rustls v0.23.43
[INFO] [stderr]    Compiling sponge-cursor v0.1.0
[INFO] [stderr]    Compiling cc v1.4.0
[INFO] [stderr]    Compiling group v0.14.0
[INFO] [stderr]    Compiling futures-core v0.3.33
[INFO] [stderr]    Compiling portable-atomic v1.14.0
[INFO] [stderr]    Compiling rand_core v0.6.4
[INFO] [stderr]    Compiling futures-channel v0.3.33
[INFO] [stderr]    Compiling nix v0.31.3
[INFO] [stderr]    Compiling mio v1.2.2
[INFO] [stderr]    Compiling futures-io v0.3.33
[INFO] [stderr]    Compiling futures-task v0.3.33
[INFO] [stderr]    Compiling hybrid-array v0.4.13
[INFO] [stderr]    Compiling rustls-native-certs v0.8.4
[INFO] [stderr]    Compiling tracing v0.1.44
[INFO] [stderr]    Compiling quinn-udp v0.5.15
[INFO] [stderr]    Compiling bitflags v2.13.1
[INFO] [stderr]    Compiling serde_json v1.0.151
[INFO] [stderr]    Compiling siphasher v1.0.3
[INFO] [stderr]    Compiling tinyvec v1.12.0
[INFO] [stderr]    Compiling crypto-common v0.1.7
[INFO] [stderr]    Compiling block-buffer v0.10.4
[INFO] [stderr]    Compiling miniz_oxide v0.8.9
[INFO] [stderr]    Compiling quinn v0.11.11
[INFO] [stderr]    Compiling rand_pcg v0.10.2
[INFO] [stderr]    Compiling digest v0.10.7
[INFO] [stderr]    Compiling hex v0.4.3
[INFO] [stderr]    Compiling once_cell v1.21.4
[INFO] [stderr]    Compiling lru-slab v0.1.2
[INFO] [stderr]    Compiling generic-array v1.4.4
[INFO] [stderr]    Compiling crypto-common v0.2.2
[INFO] [stderr]    Compiling block-buffer v0.12.1
[INFO] [stderr]    Compiling block-padding v0.4.2
[INFO] [stderr]    Compiling crypto-bigint v0.7.5
[INFO] [stderr]    Compiling wnaf v0.14.0
[INFO] [stderr]    Compiling inout v0.2.2
[INFO] [stderr]    Compiling cmake v0.1.58
[INFO] [stderr]    Compiling module-lattice v0.2.3
[INFO] [stderr]    Compiling fastbloom v0.17.0
[INFO] [stderr]    Compiling flate2 v1.1.9
[INFO] [stderr]    Compiling sha2 v0.10.9
[INFO] [stderr]    Compiling sha3 v0.10.9
[INFO] [stderr]    Compiling hmac v0.12.1
[INFO] [stderr]    Compiling num-bigint v0.4.8
[INFO] [stderr]    Compiling signature v2.3.0-pre.4
[INFO] [stderr]    Compiling data-encoding v2.11.0
[INFO] [stderr]    Compiling deranged v0.5.8
[INFO] [stderr]    Compiling aws-lc-sys v0.43.0
[INFO] [stderr]    Compiling cipher v0.5.2
[INFO] [stderr]    Compiling universal-hash v0.6.1
[INFO] [stderr]    Compiling polyval v0.7.3
[INFO] [stderr]    Compiling aead v0.6.1
[INFO] [stderr]    Compiling ghash v0.6.0
[INFO] [stderr]    Compiling ring v0.17.14
[INFO] [stderr]    Compiling ctr v0.10.1
[INFO] [stderr]    Compiling aes v0.9.2
[INFO] [stderr]    Compiling salsa20 v0.11.0
[INFO] [stderr]    Compiling cbc v0.2.1
[INFO] [stderr]    Compiling chacha20 v0.10.1
[INFO] [stderr]    Compiling blowfish v0.10.0
[INFO] [stderr]    Compiling poly1305 v0.9.1
[INFO] [stderr]    Compiling aes-gcm v0.11.0
[INFO] [stderr]    Compiling rand v0.10.2
[INFO] [stderr]    Compiling kem v0.3.0
[INFO] [stderr]    Compiling digest v0.11.3
[INFO] [stderr]    Compiling der v0.8.1
[INFO] [stderr]    Compiling hmac v0.13.0
[INFO] [stderr]    Compiling sha2 v0.11.0
[INFO] [stderr]    Compiling signature v3.0.0
[INFO] [stderr]    Compiling pbkdf2 v0.13.0
[INFO] [stderr]    Compiling hkdf v0.13.0
[INFO] [stderr]    Compiling blake2 v0.11.0-rc.6
[INFO] [stderr]    Compiling sha3 v0.11.0
[INFO] [stderr]    Compiling sha1 v0.11.0
[INFO] [stderr]    Compiling argon2 v0.6.0-rc.8
[INFO] [stderr]    Compiling internal-russh-num-bigint v0.5.0
[INFO] [stderr]    Compiling sha3 v0.12.0
[INFO] [stderr]    Compiling shake v0.1.0
[INFO] [stderr]    Compiling curve25519-dalek-derive v0.1.1
[INFO] [stderr]    Compiling futures-macro v0.3.33
[INFO] [stderr]    Compiling zerocopy-derive v0.7.35
[INFO] [stderr]    Compiling ml-kem v0.3.2
[INFO] [stderr]    Compiling scrypt v0.12.0
[INFO] [stderr]    Compiling serde_derive v1.0.229
[INFO] [stderr]    Compiling thiserror-impl v2.0.19
[INFO] [stderr]    Compiling tokio-macros v2.7.2
[INFO] [stderr]    Compiling bcrypt-pbkdf v0.11.0
[INFO] [stderr]    Compiling futures-util v0.3.33
[INFO] [stderr]    Compiling zerocopy v0.7.35
[INFO] [stderr]    Compiling tokio v1.53.1
[INFO] [stderr]    Compiling spki v0.8.0
[INFO] [stderr]    Compiling sec1 v0.8.1
[INFO] [stderr]    Compiling pkcs5 v0.8.1
[INFO] [stderr]    Compiling primefield v0.14.0
[INFO] [stderr]    Compiling rfc6979 v0.6.0
[INFO] [stderr]    Compiling ssh-encoding v0.3.0
[INFO] [stderr]    Compiling pkcs1 v0.8.0-rc.4
[INFO] [stderr]    Compiling crypto-primes v0.7.2
[INFO] [stderr]    Compiling ppv-lite86 v0.2.21
[INFO] [stderr]    Compiling ssh-cipher v0.3.0
[INFO] [stderr]    Compiling pkcs8 v0.11.0
[INFO] [stderr]    Compiling rand_chacha v0.3.1
[INFO] [stderr]    Compiling russh-cryptovec v0.62.0
[INFO] [stderr]    Compiling elliptic-curve v0.14.1
[INFO] [stderr]    Compiling ed25519 v3.0.0
[INFO] [stderr]    Compiling rsa v0.10.0-rc.18
[INFO] [stderr]    Compiling ed25519-dalek v3.0.0
[INFO] [stderr]    Compiling delegate v0.13.5
[INFO] [stderr]    Compiling serde v1.0.229
[INFO] [stderr]    Compiling enum_dispatch v0.3.13
[INFO] [stderr]    Compiling hex-literal v1.1.0
[INFO] [stderr]    Compiling md5 v0.8.1
[INFO] [stderr]    Compiling primeorder v0.14.0
[INFO] [stderr]    Compiling ecdsa v0.17.0
[INFO] [stderr]    Compiling futures-executor v0.3.33
[INFO] [stderr]    Compiling clap_derive v4.6.4
[INFO] [stderr]    Compiling time v0.3.54
[INFO] [stderr]    Compiling clap_builder v4.6.2
[INFO] [stderr]    Compiling toml_datetime v0.6.11
[INFO] [stderr]    Compiling serde_spanned v0.6.9
[INFO] [stderr]    Compiling toml_edit v0.22.27
[INFO] [stderr]    Compiling futures v0.3.33
[INFO] [stderr]    Compiling rand v0.8.7
[INFO] [stderr]    Compiling ml-dsa v0.1.1
[INFO] [stderr]    Compiling x25519-dalek v3.0.0
[INFO] [stderr]    Compiling p256 v0.14.0
[INFO] [stderr]    Compiling p384 v0.14.0
[INFO] [stderr]    Compiling p521 v0.14.0
[INFO] [stderr]    Compiling slh-dsa v0.1.0
[INFO] [stderr]    Compiling webpki-roots v1.0.9
[INFO] [stderr]    Compiling uuid v1.24.0
[INFO] [stderr]    Compiling clap v4.6.4
[INFO] [stderr]    Compiling russh-util v0.52.0
[INFO] [stderr]    Compiling smp-pqc-core v1.0.0
[INFO] [stderr]    Compiling toml v0.8.23
[INFO] [stderr]    Compiling smp-pqc-inventory v1.0.0
[INFO] [stderr]    Compiling ssh-key v0.7.0-rc.11
[INFO] [stderr]    Compiling rustls-webpki v0.103.13
[INFO] [stderr]    Compiling russh v0.62.4
[INFO] [stderr]    Compiling rustls-platform-verifier v0.7.0
[INFO] [stderr]    Compiling quinn-proto v0.11.16
[INFO] [stderr]    Compiling smp-pqc-network v1.0.0
[INFO] [stderr]    Compiling smp-pqc-cli v1.0.0 (/opt/rustwide/workdir)
[INFO] [stderr]     Finished `release` profile [optimized] target(s) in 3m 08s
[INFO] running `Command { std: "docker" "inspect" "6ed1e2fce77514584662b544e5235a28d5d27f7f9d23087aea7c63d5e075159a", kill_on_drop: false }`
[INFO] running `Command { std: "docker" "exec" "-e" "SOURCE_DIR=/opt/rustwide/workdir" "-e" "CARGO_HOME=/opt/rustwide/cargo-home" "-e" "RUSTUP_HOME=/opt/rustwide/rustup-home" "-e" "CARGO_TARGET_DIR=/opt/rustwide/target" "-e" "CARGO_INCREMENTAL=0" "-e" "RUST_BACKTRACE=full" "-e" "RUSTFLAGS=--cap-lints=warn" "-e" "RUSTDOCFLAGS=--cap-lints=warn" "-w" "/opt/rustwide/workdir" "--user" "0:0" "6ed1e2fce77514584662b544e5235a28d5d27f7f9d23087aea7c63d5e075159a" "/opt/rustwide/cargo-home/bin/cargo" "+1.99.0-beta.8" "test" "--frozen" "--no-run" "--message-format=json" "--release", kill_on_drop: false }`
[INFO] [stderr]    Compiling aho-corasick v1.1.4
[INFO] [stderr]    Compiling predicates-core v1.0.10
[INFO] [stderr]    Compiling float-cmp v0.10.0
[INFO] [stderr]    Compiling assert_cmd v2.2.2
[INFO] [stderr]    Compiling termtree v0.5.1
[INFO] [stderr]    Compiling normalize-line-endings v0.3.0
[INFO] [stderr]    Compiling difflib v0.4.0
[INFO] [stderr]    Compiling base64 v0.22.1
[INFO] [stderr]    Compiling yasna v0.5.2
[INFO] [stderr]    Compiling wait-timeout v0.2.1
[INFO] [stderr]    Compiling predicates-tree v1.0.13
[INFO] [stderr]    Compiling pem v3.0.6
[INFO] [stderr]    Compiling rcgen v0.13.2
[INFO] [stderr]    Compiling regex-automata v0.4.16
[INFO] [stderr]    Compiling regex v1.13.1
[INFO] [stderr]    Compiling bstr v1.13.0
[INFO] [stderr]    Compiling predicates v3.1.4
[INFO] [stderr]    Compiling smp-pqc-cli v1.0.0 (/opt/rustwide/workdir)
[INFO] [stderr]     Finished `release` profile [optimized] target(s) in 19.71s
[INFO] running `Command { std: "docker" "inspect" "6ed1e2fce77514584662b544e5235a28d5d27f7f9d23087aea7c63d5e075159a", kill_on_drop: false }`
[INFO] running `Command { std: "docker" "exec" "-e" "SOURCE_DIR=/opt/rustwide/workdir" "-e" "CARGO_HOME=/opt/rustwide/cargo-home" "-e" "RUSTUP_HOME=/opt/rustwide/rustup-home" "-e" "CARGO_TARGET_DIR=/opt/rustwide/target" "-e" "CARGO_INCREMENTAL=0" "-e" "RUST_BACKTRACE=full" "-e" "RUSTFLAGS=--cap-lints=warn" "-e" "RUSTDOCFLAGS=--cap-lints=warn" "-w" "/opt/rustwide/workdir" "--user" "0:0" "6ed1e2fce77514584662b544e5235a28d5d27f7f9d23087aea7c63d5e075159a" "/opt/rustwide/cargo-home/bin/cargo" "+1.99.0-beta.8" "test" "--frozen" "--release", kill_on_drop: false }`
[INFO] [stderr]     Finished `release` profile [optimized] target(s) in 0.30s
[INFO] [stderr]      Running unittests src/main.rs (/opt/rustwide/target/release/deps/smp_pqc-5be72ca174c2365a)
[INFO] [stdout] 
[INFO] [stdout] running 9 tests
[INFO] [stdout] test config::tests::merge_with_cli_falls_back_to_config_file_then_hardcoded_defaults ... ok
[INFO] [stdout] test config::tests::merge_with_cli_prefers_cli_values_over_config_file_values ... ok
[INFO] [stdout] test tests::check_hybrid_report_errors_with_counts_on_failure ... ok
[INFO] [stdout] test tests::check_sig_report_errors_on_tamper_acceptance ... ok
[INFO] [stdout] test config::tests::load_fails_clearly_on_invalid_toml ... ok
[INFO] [stdout] test tests::check_kem_report_errors_with_counts_and_algorithm_name_on_failure ... ok
[INFO] [stdout] test config::tests::load_parses_a_valid_config_file ... ok
[INFO] [stdout] test config::tests::load_fails_clearly_on_missing_file ... ok
[INFO] [stderr]      Running tests/cli.rs (/opt/rustwide/target/release/deps/cli-30b1418fa80b4866)
[INFO] [stdout] test tests::check_kem_report_passes_silently_when_all_passed ... ok
[INFO] [stdout] 
[INFO] [stdout] test result: ok. 9 passed; 0 failed; 0 ignored; 0 measured; 0 filtered out; finished in 0.01s
[INFO] [stdout] 
[INFO] [stdout] 
[INFO] [stdout] running 27 tests
[INFO] [stdout] test help_flag_lists_all_top_level_subcommands ... ok
[INFO] [stdout] test inventory_missing_lockfile_fails_clearly ... ok
[INFO] [stdout] test bench_without_flags_fails_with_criterion_planned_message ... ok
[INFO] [stdout] test scan_ssh_unreachable_host_fails_clearly ... ok
[INFO] [stdout] test no_args_prints_usage_and_fails ... ok
[INFO] [stdout] test config_file_missing_fails_clearly ... ok
[INFO] [stdout] test inventory_cbom_detects_our_own_pqc_crates ... FAILED
[INFO] [stdout] test inventory_text_summary_reports_counts ... FAILED
[INFO] [stdout] test inventory_output_flag_writes_to_file ... FAILED
[INFO] [stdout] test config_file_sets_default_iterations_when_cli_flag_is_omitted ... ok
[INFO] [stdout] test bench_afxdp_fails_with_planned_phase_message_not_silent_success ... ok
[INFO] [stdout] test tee_run_attest_fails_with_planned_phase_message ... ok
[INFO] [stdout] test test_kem_unknown_algorithm_fails_with_clear_message ... ok
[INFO] [stdout] test verify_formal_points_to_the_real_lean_proofs ... ok
[INFO] [stdout] test test_sig_json_report_is_valid_json_and_passes ... ok
[INFO] [stdout] test test_sig_unknown_algorithm_fails_with_clear_message ... ok
[INFO] [stdout] test test_kem_json_report_is_valid_json_and_passes ... ok
[INFO] [stdout] test test_kem_hybrid_with_matching_algo_succeeds ... ok
[INFO] [stdout] test test_kem_hybrid_with_mismatched_algo_fails_clearly ... ok
[INFO] [stdout] test verify_all_with_bench_scan_inventory_flags_prints_planned_messages_and_runs_inventory ... FAILED
[INFO] [stdout] test scan_tls_unreachable_host_fails_clearly ... ok
[INFO] [stdout] test verify_all_runs_core_kem_and_sig_tests_and_reports_pass ... ok
[INFO] [stdout] test verify_all_with_inventory_flag_and_no_lockfile_reports_failure_without_failing_the_command ... FAILED
[INFO] [stdout] test scan_tls_pqc_only_fails_when_server_has_no_pqc_support ... ok
[INFO] [stdout] test scan_tls_insecure_detects_hybrid_pqc_group_against_local_server ... ok
[INFO] [stdout] test scan_tls_without_insecure_rejects_self_signed_certificate ... ok
[INFO] [stdout] test scan_quic_unreachable_host_fails_clearly ... ok
[INFO] [stdout] 
[INFO] [stdout] failures:
[INFO] [stdout] 
[INFO] [stdout] ---- inventory_cbom_detects_our_own_pqc_crates stdout ----
[INFO] [stdout] 
[INFO] [stdout] thread 'inventory_cbom_detects_our_own_pqc_crates' (4539) panicked at tests/cli.rs:338:69:
[INFO] [stdout] Unexpected failure.
[INFO] [stdout] code=1
[INFO] [stdout] stderr=``````
[INFO] [stdout] Error: no Cargo.lock found in .. -- run `cargo generate-lockfile` first, or point directly at a Cargo.lock file
[INFO] [stdout] 
[INFO] [stdout] Stack backtrace:
[INFO] [stdout]    0: <anyhow::Error>::msg::<alloc::string::String>
[INFO] [stdout]    1: smp_pqc_inventory::lockfile::resolve_lockfile_path
[INFO] [stdout]    2: smp_pqc::run_inventory
[INFO] [stdout]    3: smp_pqc::main
[INFO] [stdout]    4: std::sys::backtrace::__rust_begin_short_backtrace::<fn() -> core::result::Result<(), anyhow::Error>, core::result::Result<(), anyhow::Error>>
[INFO] [stdout]    5: std::rt::lang_start::<core::result::Result<(), anyhow::Error>>::{closure#0}
[INFO] [stdout]    6: std::rt::lang_start_internal
[INFO] [stdout]    7: main
[INFO] [stdout]    8: <unknown>
[INFO] [stdout]    9: __libc_start_main
[INFO] [stdout]   10: _start
[INFO] [stdout] ```
[INFO] [stdout] ```
[INFO] [stdout] command=`"/opt/rustwide/target/release/smp-pqc" "inventory" ".." "--cbom"`
[INFO] [stdout] code=1
[INFO] [stdout] stdout=""
[INFO] [stdout] stderr=```
[INFO] [stdout] Error: no Cargo.lock found in .. -- run `cargo generate-lockfile` first, or point directly at a Cargo.lock file
[INFO] [stdout] 
[INFO] [stdout] Stack backtrace:
[INFO] [stdout]    0: <anyhow::Error>::msg::<alloc::string::String>
[INFO] [stdout]    1: smp_pqc_inventory::lockfile::resolve_lockfile_path
[INFO] [stdout]    2: smp_pqc::run_inventory
[INFO] [stdout]    3: smp_pqc::main
[INFO] [stdout]    4: std::sys::backtrace::__rust_begin_short_backtrace::<fn() -> core::result::Result<(), anyhow::Error>, core::result::Result<(), anyhow::Error>>
[INFO] [stdout]    5: std::rt::lang_start::<core::result::Result<(), anyhow::Error>>::{closure#0}
[INFO] [stdout]    6: std::rt::lang_start_internal
[INFO] [stdout]    7: main
[INFO] [stdout]    8: <unknown>
[INFO] [stdout]    9: __libc_start_main
[INFO] [stdout]   10: _start
[INFO] [stdout] ```
[INFO] [stdout] 
[INFO] [stdout] 
[INFO] [stdout] stack backtrace:
[INFO] [stdout]    0:     0x61c0ef0f59a1 - <<std[70759c8f55707aa4]::sys::backtrace::BacktraceLock>::print::DisplayBacktrace as core[df12db4294e9bfd3]::fmt::Display>::fmt
[INFO] [stdout]    1:     0x61c0ef10dc2a - core[df12db4294e9bfd3]::fmt::write
[INFO] [stdout]    2:     0x61c0ef0fb99c - <alloc[2182bb758b4b3781]::vec::Vec<u8> as core[df12db4294e9bfd3]::io::write::Write>::write_fmt
[INFO] [stdout]    3:     0x61c0ef0cf0c6 - std[70759c8f55707aa4]::panicking::default_hook::{closure#0}
[INFO] [stdout]    4:     0x61c0ef0eccf9 - std[70759c8f55707aa4]::panicking::default_hook
[INFO] [stdout]    5:     0x61c0eedc9d70 - test[9d35eded1c95d3be]::test_main_inner::<test[9d35eded1c95d3be]::test_main_static::{closure#0}>::{closure#0}
[INFO] [stdout]    6:     0x61c0ef0eceb2 - std[70759c8f55707aa4]::panicking::panic_with_hook
[INFO] [stdout]    7:     0x61c0ef0cf172 - std[70759c8f55707aa4]::panicking::panic_handler::{closure#0}
[INFO] [stdout]    8:     0x61c0ef0c7b99 - std[70759c8f55707aa4]::sys::backtrace::__rust_end_short_backtrace::<std[70759c8f55707aa4]::panicking::panic_handler::{closure#0}, !>
[INFO] [stdout]    9:     0x61c0ef0cff5d - __rustc[8fa7c3cbc660c2b3]::rust_begin_unwind
[INFO] [stdout]   10:     0x61c0ef10e3dc - core[df12db4294e9bfd3]::panicking::panic_fmt
[INFO] [stdout]   11:     0x61c0ef0aa45f - <assert_cmd[a3cae30f69a56fb1]::assert::AssertError>::panic::<assert_cmd[a3cae30f69a56fb1]::assert::Assert>
[INFO] [stdout]   12:     0x61c0ef0aad99 - <assert_cmd[a3cae30f69a56fb1]::assert::Assert>::success
[INFO] [stdout]   13:     0x61c0eeda2acc - <cli[9517675d1b156bba]::inventory_cbom_detects_our_own_pqc_crates::{closure#0} as core[df12db4294e9bfd3]::ops::function::FnOnce<()>>::call_once
[INFO] [stdout]   14:     0x61c0eedbd05b - test[9d35eded1c95d3be]::__rust_begin_short_backtrace::<core[df12db4294e9bfd3]::result::Result<(), alloc[2182bb758b4b3781]::string::String>, fn() -> core[df12db4294e9bfd3]::result::Result<(), alloc[2182bb758b4b3781]::string::String>>
[INFO] [stdout]   15:     0x61c0eedca6c5 - test[9d35eded1c95d3be]::run_test::{closure#0}
[INFO] [stdout]   16:     0x61c0eedc3f84 - std[70759c8f55707aa4]::sys::backtrace::__rust_begin_short_backtrace::<test[9d35eded1c95d3be]::run_test::{closure#1}, ()>
[INFO] [stdout]   17:     0x61c0eedcd822 - <std[70759c8f55707aa4]::thread::lifecycle::spawn_unchecked<test[9d35eded1c95d3be]::run_test::{closure#1}, ()>::{closure#1} as core[df12db4294e9bfd3]::ops::function::FnOnce<()>>::call_once::{shim:vtable#0}
[INFO] [stdout]   18:     0x61c0ef0f46d9 - <std[70759c8f55707aa4]::sys::thread::unix::Thread>::new::thread_start
[INFO] [stdout]   19:     0x7a1563b47dfa - <unknown>
[INFO] [stdout]   20:     0x7a1563bdb3d4 - clone
[INFO] [stdout]   21:                0x0 - <unknown>
[INFO] [stdout] 
[INFO] [stdout] ---- inventory_text_summary_reports_counts stdout ----
[INFO] [stdout] 
[INFO] [stdout] thread 'inventory_text_summary_reports_counts' (4542) panicked at tests/cli.rs:355:59:
[INFO] [stdout] Unexpected failure.
[INFO] [stdout] code=1
[INFO] [stdout] stderr=``````
[INFO] [stdout] Error: no Cargo.lock found in .. -- run `cargo generate-lockfile` first, or point directly at a Cargo.lock file
[INFO] [stdout] 
[INFO] [stdout] Stack backtrace:
[INFO] [stdout]    0: <anyhow::Error>::msg::<alloc::string::String>
[INFO] [stdout]    1: smp_pqc_inventory::lockfile::resolve_lockfile_path
[INFO] [stdout]    2: smp_pqc::run_inventory
[INFO] [stdout]    3: smp_pqc::main
[INFO] [stdout]    4: std::sys::backtrace::__rust_begin_short_backtrace::<fn() -> core::result::Result<(), anyhow::Error>, core::result::Result<(), anyhow::Error>>
[INFO] [stdout]    5: std::rt::lang_start::<core::result::Result<(), anyhow::Error>>::{closure#0}
[INFO] [stdout]    6: std::rt::lang_start_internal
[INFO] [stdout]    7: main
[INFO] [stdout]    8: <unknown>
[INFO] [stdout]    9: __libc_start_main
[INFO] [stdout]   10: _start
[INFO] [stdout] ```
[INFO] [stdout] ```
[INFO] [stdout] command=`"/opt/rustwide/target/release/smp-pqc" "inventory" ".."`
[INFO] [stdout] code=1
[INFO] [stdout] stdout=""
[INFO] [stdout] stderr=```
[INFO] [stdout] Error: no Cargo.lock found in .. -- run `cargo generate-lockfile` first, or point directly at a Cargo.lock file
[INFO] [stdout] 
[INFO] [stdout] Stack backtrace:
[INFO] [stdout]    0: <anyhow::Error>::msg::<alloc::string::String>
[INFO] [stdout]    1: smp_pqc_inventory::lockfile::resolve_lockfile_path
[INFO] [stdout]    2: smp_pqc::run_inventory
[INFO] [stdout]    3: smp_pqc::main
[INFO] [stdout]    4: std::sys::backtrace::__rust_begin_short_backtrace::<fn() -> core::result::Result<(), anyhow::Error>, core::result::Result<(), anyhow::Error>>
[INFO] [stdout]    5: std::rt::lang_start::<core::result::Result<(), anyhow::Error>>::{closure#0}
[INFO] [stdout]    6: std::rt::lang_start_internal
[INFO] [stdout]    7: main
[INFO] [stdout]    8: <unknown>
[INFO] [stdout]    9: __libc_start_main
[INFO] [stdout]   10: _start
[INFO] [stdout] ```
[INFO] [stdout] 
[INFO] [stdout] 
[INFO] [stdout] stack backtrace:
[INFO] [stdout]    0:     0x61c0ef0f59a1 - <<std[70759c8f55707aa4]::sys::backtrace::BacktraceLock>::print::DisplayBacktrace as core[df12db4294e9bfd3]::fmt::Display>::fmt
[INFO] [stdout]    1:     0x61c0ef10dc2a - core[df12db4294e9bfd3]::fmt::write
[INFO] [stdout]    2:     0x61c0ef0fb99c - <alloc[2182bb758b4b3781]::vec::Vec<u8> as core[df12db4294e9bfd3]::io::write::Write>::write_fmt
[INFO] [stdout]    3:     0x61c0ef0cf0c6 - std[70759c8f55707aa4]::panicking::default_hook::{closure#0}
[INFO] [stdout]    4:     0x61c0ef0eccf9 - std[70759c8f55707aa4]::panicking::default_hook
[INFO] [stdout]    5:     0x61c0eedc9d70 - test[9d35eded1c95d3be]::test_main_inner::<test[9d35eded1c95d3be]::test_main_static::{closure#0}>::{closure#0}
[INFO] [stdout]    6:     0x61c0ef0eceb2 - std[70759c8f55707aa4]::panicking::panic_with_hook
[INFO] [stdout]    7:     0x61c0ef0cf172 - std[70759c8f55707aa4]::panicking::panic_handler::{closure#0}
[INFO] [stdout]    8:     0x61c0ef0c7b99 - std[70759c8f55707aa4]::sys::backtrace::__rust_end_short_backtrace::<std[70759c8f55707aa4]::panicking::panic_handler::{closure#0}, !>
[INFO] [stdout]    9:     0x61c0ef0cff5d - __rustc[8fa7c3cbc660c2b3]::rust_begin_unwind
[INFO] [stdout]   10:     0x61c0ef10e3dc - core[df12db4294e9bfd3]::panicking::panic_fmt
[INFO] [stdout]   11:     0x61c0ef0aa45f - <assert_cmd[a3cae30f69a56fb1]::assert::AssertError>::panic::<assert_cmd[a3cae30f69a56fb1]::assert::Assert>
[INFO] [stdout]   12:     0x61c0ef0aad99 - <assert_cmd[a3cae30f69a56fb1]::assert::Assert>::success
[INFO] [stdout]   13:     0x61c0eeda102a - <cli[9517675d1b156bba]::inventory_text_summary_reports_counts::{closure#0} as core[df12db4294e9bfd3]::ops::function::FnOnce<()>>::call_once
[INFO] [stdout]   14:     0x61c0eedbd05b - test[9d35eded1c95d3be]::__rust_begin_short_backtrace::<core[df12db4294e9bfd3]::result::Result<(), alloc[2182bb758b4b3781]::string::String>, fn() -> core[df12db4294e9bfd3]::result::Result<(), alloc[2182bb758b4b3781]::string::String>>
[INFO] [stdout]   15:     0x61c0eedca6c5 - test[9d35eded1c95d3be]::run_test::{closure#0}
[INFO] [stdout]   16:     0x61c0eedc3f84 - std[70759c8f55707aa4]::sys::backtrace::__rust_begin_short_backtrace::<test[9d35eded1c95d3be]::run_test::{closure#1}, ()>
[INFO] [stdout]   17:     0x61c0eedcd822 - <std[70759c8f55707aa4]::thread::lifecycle::spawn_unchecked<test[9d35eded1c95d3be]::run_test::{closure#1}, ()>::{closure#1} as core[df12db4294e9bfd3]::ops::function::FnOnce<()>>::call_once::{shim:vtable#0}
[INFO] [stdout]   18:     0x61c0ef0f46d9 - <std[70759c8f55707aa4]::sys::thread::unix::Thread>::new::thread_start
[INFO] [stdout]   19:     0x7a1563b47dfa - <unknown>
[INFO] [stdout]   20:     0x7a1563bdb3d4 - clone
[INFO] [stdout]   21:                0x0 - <unknown>
[INFO] [stdout] 
[INFO] [stdout] ---- inventory_output_flag_writes_to_file stdout ----
[INFO] [stdout] 
[INFO] [stdout] thread 'inventory_output_flag_writes_to_file' (4541) panicked at tests/cli.rs:387:10:
[INFO] [stdout] Unexpected failure.
[INFO] [stdout] code=1
[INFO] [stdout] stderr=``````
[INFO] [stdout] Error: no Cargo.lock found in .. -- run `cargo generate-lockfile` first, or point directly at a Cargo.lock file
[INFO] [stdout] 
[INFO] [stdout] Stack backtrace:
[INFO] [stdout]    0: <anyhow::Error>::msg::<alloc::string::String>
[INFO] [stdout]    1: smp_pqc_inventory::lockfile::resolve_lockfile_path
[INFO] [stdout]    2: smp_pqc::run_inventory
[INFO] [stdout]    3: smp_pqc::main
[INFO] [stdout]    4: std::sys::backtrace::__rust_begin_short_backtrace::<fn() -> core::result::Result<(), anyhow::Error>, core::result::Result<(), anyhow::Error>>
[INFO] [stdout]    5: std::rt::lang_start::<core::result::Result<(), anyhow::Error>>::{closure#0}
[INFO] [stdout]    6: std::rt::lang_start_internal
[INFO] [stdout]    7: main
[INFO] [stdout]    8: <unknown>
[INFO] [stdout]    9: __libc_start_main
[INFO] [stdout]   10: _start
[INFO] [stdout] ```
[INFO] [stdout] ```
[INFO] [stdout] command=`"/opt/rustwide/target/release/smp-pqc" "inventory" ".." "--cbom" "--output" "/tmp/smp-pqc-cli-inventory-test-output.cdx.json"`
[INFO] [stdout] code=1
[INFO] [stdout] stdout=""
[INFO] [stdout] stderr=```
[INFO] [stdout] Error: no Cargo.lock found in .. -- run `cargo generate-lockfile` first, or point directly at a Cargo.lock file
[INFO] [stdout] 
[INFO] [stdout] Stack backtrace:
[INFO] [stdout]    0: <anyhow::Error>::msg::<alloc::string::String>
[INFO] [stdout]    1: smp_pqc_inventory::lockfile::resolve_lockfile_path
[INFO] [stdout]    2: smp_pqc::run_inventory
[INFO] [stdout]    3: smp_pqc::main
[INFO] [stdout]    4: std::sys::backtrace::__rust_begin_short_backtrace::<fn() -> core::result::Result<(), anyhow::Error>, core::result::Result<(), anyhow::Error>>
[INFO] [stdout]    5: std::rt::lang_start::<core::result::Result<(), anyhow::Error>>::{closure#0}
[INFO] [stdout]    6: std::rt::lang_start_internal
[INFO] [stdout]    7: main
[INFO] [stdout]    8: <unknown>
[INFO] [stdout]    9: __libc_start_main
[INFO] [stdout]   10: _start
[INFO] [stdout] ```
[INFO] [stdout] 
[INFO] [stdout] 
[INFO] [stdout] stack backtrace:
[INFO] [stdout]    0:     0x61c0ef0f59a1 - <<std[70759c8f55707aa4]::sys::backtrace::BacktraceLock>::print::DisplayBacktrace as core[df12db4294e9bfd3]::fmt::Display>::fmt
[INFO] [stdout]    1:     0x61c0ef10dc2a - core[df12db4294e9bfd3]::fmt::write
[INFO] [stdout]    2:     0x61c0ef0fb99c - <alloc[2182bb758b4b3781]::vec::Vec<u8> as core[df12db4294e9bfd3]::io::write::Write>::write_fmt
[INFO] [stdout]    3:     0x61c0ef0cf0c6 - std[70759c8f55707aa4]::panicking::default_hook::{closure#0}
[INFO] [stdout]    4:     0x61c0ef0eccf9 - std[70759c8f55707aa4]::panicking::default_hook
[INFO] [stdout]    5:     0x61c0eedc9d70 - test[9d35eded1c95d3be]::test_main_inner::<test[9d35eded1c95d3be]::test_main_static::{closure#0}>::{closure#0}
[INFO] [stdout]    6:     0x61c0ef0eceb2 - std[70759c8f55707aa4]::panicking::panic_with_hook
[INFO] [stdout]    7:     0x61c0ef0cf172 - std[70759c8f55707aa4]::panicking::panic_handler::{closure#0}
[INFO] [stdout]    8:     0x61c0ef0c7b99 - std[70759c8f55707aa4]::sys::backtrace::__rust_end_short_backtrace::<std[70759c8f55707aa4]::panicking::panic_handler::{closure#0}, !>
[INFO] [stdout]    9:     0x61c0ef0cff5d - __rustc[8fa7c3cbc660c2b3]::rust_begin_unwind
[INFO] [stdout]   10:     0x61c0ef10e3dc - core[df12db4294e9bfd3]::panicking::panic_fmt
[INFO] [stdout]   11:     0x61c0ef0aa45f - <assert_cmd[a3cae30f69a56fb1]::assert::AssertError>::panic::<assert_cmd[a3cae30f69a56fb1]::assert::Assert>
[INFO] [stdout]   12:     0x61c0ef0aad99 - <assert_cmd[a3cae30f69a56fb1]::assert::Assert>::success
[INFO] [stdout]   13:     0x61c0eeda0d70 - <cli[9517675d1b156bba]::inventory_output_flag_writes_to_file::{closure#0} as core[df12db4294e9bfd3]::ops::function::FnOnce<()>>::call_once
[INFO] [stdout]   14:     0x61c0eedbd05b - test[9d35eded1c95d3be]::__rust_begin_short_backtrace::<core[df12db4294e9bfd3]::result::Result<(), alloc[2182bb758b4b3781]::string::String>, fn() -> core[df12db4294e9bfd3]::result::Result<(), alloc[2182bb758b4b3781]::string::String>>
[INFO] [stdout]   15:     0x61c0eedca6c5 - test[9d35eded1c95d3be]::run_test::{closure#0}
[INFO] [stdout]   16:     0x61c0eedc3f84 - std[70759c8f55707aa4]::sys::backtrace::__rust_begin_short_backtrace::<test[9d35eded1c95d3be]::run_test::{closure#1}, ()>
[INFO] [stdout]   17:     0x61c0eedcd822 - <std[70759c8f55707aa4]::thread::lifecycle::spawn_unchecked<test[9d35eded1c95d3be]::run_test::{closure#1}, ()>::{closure#1} as core[df12db4294e9bfd3]::ops::function::FnOnce<()>>::call_once::{shim:vtable#0}
[INFO] [stdout]   18:     0x61c0ef0f46d9 - <std[70759c8f55707aa4]::sys::thread::unix::Thread>::new::thread_start
[INFO] [stdout]   19:     0x7a1563b47dfa - <unknown>
[INFO] [stdout]   20:     0x7a1563bdb3d4 - clone
[INFO] [stdout]   21:                0x0 - <unknown>
[INFO] [stdout] 
[INFO] [stdout] ---- verify_all_with_bench_scan_inventory_flags_prints_planned_messages_and_runs_inventory stdout ----
[INFO] [stdout] 
[INFO] [stdout] thread 'verify_all_with_bench_scan_inventory_flags_prints_planned_messages_and_runs_inventory' (4609) panicked at tests/cli.rs:450:5:
[INFO] [stdout] assertion failed: stdout.contains("Inventory completed successfully")
[INFO] [stdout] stack backtrace:
[INFO] [stdout]    0:     0x61c0ef0f59a1 - <<std[70759c8f55707aa4]::sys::backtrace::BacktraceLock>::print::DisplayBacktrace as core[df12db4294e9bfd3]::fmt::Display>::fmt
[INFO] [stdout]    1:     0x61c0ef10dc2a - core[df12db4294e9bfd3]::fmt::write
[INFO] [stdout]    2:     0x61c0ef0fb99c - <alloc[2182bb758b4b3781]::vec::Vec<u8> as core[df12db4294e9bfd3]::io::write::Write>::write_fmt
[INFO] [stdout]    3:     0x61c0ef0cf0c6 - std[70759c8f55707aa4]::panicking::default_hook::{closure#0}
[INFO] [stdout]    4:     0x61c0ef0eccf9 - std[70759c8f55707aa4]::panicking::default_hook
[INFO] [stderr] error: test failed, to rerun pass `--test cli`
[INFO] [stdout]    5:     0x61c0eedc9d70 - test[9d35eded1c95d3be]::test_main_inner::<test[9d35eded1c95d3be]::test_main_static::{closure#0}>::{closure#0}
[INFO] [stdout]    6:     0x61c0ef0eceb2 - std[70759c8f55707aa4]::panicking::panic_with_hook
[INFO] [stdout]    7:     0x61c0ef0cf1a4 - std[70759c8f55707aa4]::panicking::panic_handler::{closure#0}
[INFO] [stdout]    8:     0x61c0ef0c7b99 - std[70759c8f55707aa4]::sys::backtrace::__rust_end_short_backtrace::<std[70759c8f55707aa4]::panicking::panic_handler::{closure#0}, !>
[INFO] [stdout]    9:     0x61c0ef0cff5d - __rustc[8fa7c3cbc660c2b3]::rust_begin_unwind
[INFO] [stdout]   10:     0x61c0ef10e3dc - core[df12db4294e9bfd3]::panicking::panic_fmt
[INFO] [stdout]   11:     0x61c0ef10e3a2 - core[df12db4294e9bfd3]::panicking::panic
[INFO] [stdout]   12:     0x61c0eeda63d5 - <cli[9517675d1b156bba]::verify_all_with_bench_scan_inventory_flags_prints_planned_messages_and_runs_inventory::{closure#0} as core[df12db4294e9bfd3]::ops::function::FnOnce<()>>::call_once
[INFO] [stdout]   13:     0x61c0eedbd05b - test[9d35eded1c95d3be]::__rust_begin_short_backtrace::<core[df12db4294e9bfd3]::result::Result<(), alloc[2182bb758b4b3781]::string::String>, fn() -> core[df12db4294e9bfd3]::result::Result<(), alloc[2182bb758b4b3781]::string::String>>
[INFO] [stdout]   14:     0x61c0eedca6c5 - test[9d35eded1c95d3be]::run_test::{closure#0}
[INFO] [stdout]   15:     0x61c0eedc3f84 - std[70759c8f55707aa4]::sys::backtrace::__rust_begin_short_backtrace::<test[9d35eded1c95d3be]::run_test::{closure#1}, ()>
[INFO] [stdout]   16:     0x61c0eedcd822 - <std[70759c8f55707aa4]::thread::lifecycle::spawn_unchecked<test[9d35eded1c95d3be]::run_test::{closure#1}, ()>::{closure#1} as core[df12db4294e9bfd3]::ops::function::FnOnce<()>>::call_once::{shim:vtable#0}
[INFO] [stdout]   17:     0x61c0ef0f46d9 - <std[70759c8f55707aa4]::sys::thread::unix::Thread>::new::thread_start
[INFO] [stdout]   18:     0x7a1563b47dfa - <unknown>
[INFO] [stdout]   19:     0x7a1563bdb3d4 - clone
[INFO] [stdout]   20:                0x0 - <unknown>
[INFO] [stdout] 
[INFO] [stdout] ---- verify_all_with_inventory_flag_and_no_lockfile_reports_failure_without_failing_the_command stdout ----
[INFO] [stdout] 
[INFO] [stdout] thread 'verify_all_with_inventory_flag_and_no_lockfile_reports_failure_without_failing_the_command' (4632) panicked at tests/cli.rs:434:5:
[INFO] [stdout] assertion failed: stdout.contains("Inventory failed")
[INFO] [stdout] stack backtrace:
[INFO] [stdout]    0:     0x61c0ef0f59a1 - <<std[70759c8f55707aa4]::sys::backtrace::BacktraceLock>::print::DisplayBacktrace as core[df12db4294e9bfd3]::fmt::Display>::fmt
[INFO] [stdout]    1:     0x61c0ef10dc2a - core[df12db4294e9bfd3]::fmt::write
[INFO] [stdout]    2:     0x61c0ef0fb99c - <alloc[2182bb758b4b3781]::vec::Vec<u8> as core[df12db4294e9bfd3]::io::write::Write>::write_fmt
[INFO] [stdout]    3:     0x61c0ef0cf0c6 - std[70759c8f55707aa4]::panicking::default_hook::{closure#0}
[INFO] [stdout]    4:     0x61c0ef0eccf9 - std[70759c8f55707aa4]::panicking::default_hook
[INFO] [stdout]    5:     0x61c0eedc9d70 - test[9d35eded1c95d3be]::test_main_inner::<test[9d35eded1c95d3be]::test_main_static::{closure#0}>::{closure#0}
[INFO] [stdout]    6:     0x61c0ef0eceb2 - std[70759c8f55707aa4]::panicking::panic_with_hook
[INFO] [stdout]    7:     0x61c0ef0cf1a4 - std[70759c8f55707aa4]::panicking::panic_handler::{closure#0}
[INFO] [stdout]    8:     0x61c0ef0c7b99 - std[70759c8f55707aa4]::sys::backtrace::__rust_end_short_backtrace::<std[70759c8f55707aa4]::panicking::panic_handler::{closure#0}, !>
[INFO] [stdout]    9:     0x61c0ef0cff5d - __rustc[8fa7c3cbc660c2b3]::rust_begin_unwind
[INFO] [stdout]   10:     0x61c0ef10e3dc - core[df12db4294e9bfd3]::panicking::panic_fmt
[INFO] [stdout]   11:     0x61c0ef10e3a2 - core[df12db4294e9bfd3]::panicking::panic
[INFO] [stdout]   12:     0x61c0eeda65b1 - <cli[9517675d1b156bba]::verify_all_with_inventory_flag_and_no_lockfile_reports_failure_without_failing_the_command::{closure#0} as core[df12db4294e9bfd3]::ops::function::FnOnce<()>>::call_once
[INFO] [stdout]   13:     0x61c0eedbd05b - test[9d35eded1c95d3be]::__rust_begin_short_backtrace::<core[df12db4294e9bfd3]::result::Result<(), alloc[2182bb758b4b3781]::string::String>, fn() -> core[df12db4294e9bfd3]::result::Result<(), alloc[2182bb758b4b3781]::string::String>>
[INFO] [stdout]   14:     0x61c0eedca6c5 - test[9d35eded1c95d3be]::run_test::{closure#0}
[INFO] [stdout]   15:     0x61c0eedc3f84 - std[70759c8f55707aa4]::sys::backtrace::__rust_begin_short_backtrace::<test[9d35eded1c95d3be]::run_test::{closure#1}, ()>
[INFO] [stdout]   16:     0x61c0eedcd822 - <std[70759c8f55707aa4]::thread::lifecycle::spawn_unchecked<test[9d35eded1c95d3be]::run_test::{closure#1}, ()>::{closure#1} as core[df12db4294e9bfd3]::ops::function::FnOnce<()>>::call_once::{shim:vtable#0}
[INFO] [stdout]   17:     0x61c0ef0f46d9 - <std[70759c8f55707aa4]::sys::thread::unix::Thread>::new::thread_start
[INFO] [stdout]   18:     0x7a1563b47dfa - <unknown>
[INFO] [stdout]   19:     0x7a1563bdb3d4 - clone
[INFO] [stdout]   20:                0x0 - <unknown>
[INFO] [stdout] 
[INFO] [stdout] 
[INFO] [stdout] failures:
[INFO] [stdout]     inventory_cbom_detects_our_own_pqc_crates
[INFO] [stdout]     inventory_output_flag_writes_to_file
[INFO] [stdout]     inventory_text_summary_reports_counts
[INFO] [stdout]     verify_all_with_bench_scan_inventory_flags_prints_planned_messages_and_runs_inventory
[INFO] [stdout]     verify_all_with_inventory_flag_and_no_lockfile_reports_failure_without_failing_the_command
[INFO] [stdout] 
[INFO] [stdout] test result: FAILED. 22 passed; 5 failed; 0 ignored; 0 measured; 0 filtered out; finished in 2.36s
[INFO] [stdout] 
[INFO] running `Command { std: "docker" "inspect" "6ed1e2fce77514584662b544e5235a28d5d27f7f9d23087aea7c63d5e075159a", kill_on_drop: false }`
[INFO] running `Command { std: "docker" "rm" "-f" "6ed1e2fce77514584662b544e5235a28d5d27f7f9d23087aea7c63d5e075159a", kill_on_drop: false }`
[INFO] [stdout] 6ed1e2fce77514584662b544e5235a28d5d27f7f9d23087aea7c63d5e075159a
