[INFO] fetching crate smooth-numbers 0.4.2...
[INFO] testing smooth-numbers-0.4.2 against 1.99.0-beta.8+cargoflags=--release for beta-release-1.100-2
[INFO] extracting crate smooth-numbers 0.4.2 into /workspace/builds/worker-0-tc1/source
[INFO] removed /workspace/builds/worker-0-tc1/source/.cargo/config.toml
[INFO] started tweaking crates.io crate smooth-numbers 0.4.2
[INFO] finished tweaking crates.io crate smooth-numbers 0.4.2
[INFO] tweaked toml for crates.io crate smooth-numbers 0.4.2 written to /workspace/builds/worker-0-tc1/source/Cargo.toml
[INFO] validating manifest of crates.io crate smooth-numbers 0.4.2 on toolchain 1.99.0-beta.8
[INFO] running `Command { std: CARGO_HOME="/workspace/cargo-home" RUSTUP_HOME="/workspace/rustup-home" "/workspace/cargo-home/bin/cargo" "+1.99.0-beta.8" "metadata" "--manifest-path" "Cargo.toml" "--no-deps", kill_on_drop: false }`
[INFO] crate crates.io crate smooth-numbers 0.4.2 already has a lockfile, it will not be regenerated
[INFO] running `Command { std: CARGO_HOME="/workspace/cargo-home" RUSTUP_HOME="/workspace/rustup-home" "/workspace/cargo-home/bin/cargo" "+1.99.0-beta.8" "fetch" "--manifest-path" "Cargo.toml", kill_on_drop: false }`
[INFO] [stderr]     Updating crates.io index
[INFO] [stderr]  Downloading crates ...
[INFO] [stderr]   Downloaded primal-estimate v0.3.2
[INFO] [stderr]   Downloaded primal-bit v0.3.1
[INFO] [stderr]   Downloaded primal v0.3.2
[INFO] [stderr]   Downloaded primal-sieve v0.3.6
[INFO] [stderr]   Downloaded hamming v0.1.3
[INFO] [stderr]   Downloaded bumpalo v3.12.1
[INFO] [stderr]   Downloaded primal-check v0.3.3
[INFO] [stderr]   Downloaded os_str_bytes v6.5.0
[INFO] [stderr]   Downloaded serde_derive v1.0.160
[INFO] [stderr]   Downloaded serde v1.0.160
[INFO] [stderr]   Downloaded serde_json v1.0.96
[INFO] [stderr]   Downloaded regex v1.8.1
[INFO] [stderr]   Downloaded syn v2.0.15
[INFO] [stderr]   Downloaded regex-syntax v0.7.1
[INFO] [stderr]   Downloaded libc v0.2.142
[INFO] running `Command { std: "docker" "create" "-v" "/var/lib/crater-agent-workspace/builds/worker-0-tc1/source:/opt/rustwide/workdir:ro,Z" "-v" "/var/lib/crater-agent-workspace/builds/worker-0-tc1/target:/opt/rustwide/target:rw,Z" "-v" "/var/lib/crater-agent-workspace/cargo-home:/opt/rustwide/cargo-home:ro,Z" "-v" "/var/lib/crater-agent-workspace/rustup-home:/opt/rustwide/rustup-home:ro,Z" "-m" "1610612736" "--network" "none" "ghcr.io/rust-lang/crates-build-env/linux@sha256:77db811e55d90add9212f6832c23229e3de5f1c1f9905e8cb07319ea15df73ac" "sleep" "infinity", kill_on_drop: false }`
[INFO] [stdout] d680c0212ac4b13b102ab69c86fb0416f84665c8e99096c23522cb47ccfce922
[INFO] running `Command { std: "docker" "start" "d680c0212ac4b13b102ab69c86fb0416f84665c8e99096c23522cb47ccfce922", kill_on_drop: false }`
[INFO] running `Command { std: "docker" "inspect" "d680c0212ac4b13b102ab69c86fb0416f84665c8e99096c23522cb47ccfce922", kill_on_drop: false }`
[INFO] running `Command { std: "docker" "exec" "-e" "SOURCE_DIR=/opt/rustwide/workdir" "-e" "CARGO_HOME=/opt/rustwide/cargo-home" "-e" "RUSTUP_HOME=/opt/rustwide/rustup-home" "-e" "CARGO_TARGET_DIR=/opt/rustwide/target" "-w" "/opt/rustwide/workdir" "--user" "0:0" "d680c0212ac4b13b102ab69c86fb0416f84665c8e99096c23522cb47ccfce922" "/opt/rustwide/cargo-home/bin/cargo" "+1.99.0-beta.8" "metadata" "--no-deps" "--format-version=1", kill_on_drop: false }`
[INFO] running `Command { std: "docker" "inspect" "d680c0212ac4b13b102ab69c86fb0416f84665c8e99096c23522cb47ccfce922", kill_on_drop: false }`
[INFO] running `Command { std: "docker" "exec" "-e" "SOURCE_DIR=/opt/rustwide/workdir" "-e" "CARGO_HOME=/opt/rustwide/cargo-home" "-e" "RUSTUP_HOME=/opt/rustwide/rustup-home" "-e" "CARGO_TARGET_DIR=/opt/rustwide/target" "-e" "CARGO_INCREMENTAL=0" "-e" "RUST_BACKTRACE=full" "-e" "RUSTFLAGS=--cap-lints=warn" "-e" "RUSTDOCFLAGS=--cap-lints=warn" "-w" "/opt/rustwide/workdir" "--user" "0:0" "d680c0212ac4b13b102ab69c86fb0416f84665c8e99096c23522cb47ccfce922" "/opt/rustwide/cargo-home/bin/cargo" "+1.99.0-beta.8" "build" "--frozen" "--message-format=json" "--release", kill_on_drop: false }`
[INFO] [stderr]    Compiling num-traits v0.2.15
[INFO] [stderr]    Compiling num-integer v0.1.45
[INFO] [stderr]    Compiling hamming v0.1.3
[INFO] [stderr]    Compiling smallvec v1.10.0
[INFO] [stderr]    Compiling primal-estimate v0.3.2
[INFO] [stderr]    Compiling primal-bit v0.3.1
[INFO] [stderr]    Compiling primal-sieve v0.3.6
[INFO] [stderr]    Compiling primal-check v0.3.3
[INFO] [stderr]    Compiling primal v0.3.2
[INFO] [stderr]    Compiling smooth-numbers v0.4.2 (/opt/rustwide/workdir)
[INFO] [stderr]     Finished `release` profile [optimized] target(s) in 3.35s
[INFO] running `Command { std: "docker" "inspect" "d680c0212ac4b13b102ab69c86fb0416f84665c8e99096c23522cb47ccfce922", kill_on_drop: false }`
[INFO] running `Command { std: "docker" "exec" "-e" "SOURCE_DIR=/opt/rustwide/workdir" "-e" "CARGO_HOME=/opt/rustwide/cargo-home" "-e" "RUSTUP_HOME=/opt/rustwide/rustup-home" "-e" "CARGO_TARGET_DIR=/opt/rustwide/target" "-e" "CARGO_INCREMENTAL=0" "-e" "RUST_BACKTRACE=full" "-e" "RUSTFLAGS=--cap-lints=warn" "-e" "RUSTDOCFLAGS=--cap-lints=warn" "-w" "/opt/rustwide/workdir" "--user" "0:0" "d680c0212ac4b13b102ab69c86fb0416f84665c8e99096c23522cb47ccfce922" "/opt/rustwide/cargo-home/bin/cargo" "+1.99.0-beta.8" "test" "--frozen" "--no-run" "--message-format=json" "--release", kill_on_drop: false }`
[INFO] [stderr]    Compiling proc-macro2 v1.0.56
[INFO] [stderr]    Compiling quote v1.0.26
[INFO] [stderr]    Compiling unicode-ident v1.0.8
[INFO] [stderr]    Compiling num-traits v0.2.15
[INFO] [stderr]    Compiling crossbeam-utils v0.8.15
[INFO] [stderr]    Compiling memoffset v0.8.0
[INFO] [stderr]    Compiling serde_derive v1.0.160
[INFO] [stderr]    Compiling libc v0.2.142
[INFO] [stderr]    Compiling crossbeam-epoch v0.9.14
[INFO] [stderr]    Compiling serde v1.0.160
[INFO] [stderr]    Compiling indexmap v1.9.3
[INFO] [stderr]    Compiling serde_json v1.0.96
[INFO] [stderr]    Compiling either v1.8.1
[INFO] [stderr]    Compiling rayon-core v1.11.0
[INFO] [stderr]    Compiling ciborium-io v0.2.0
[INFO] [stderr]    Compiling os_str_bytes v6.5.0
[INFO] [stderr]    Compiling ryu v1.0.13
[INFO] [stderr]    Compiling itoa v1.0.6
[INFO] [stderr]    Compiling half v1.8.2
[INFO] [stderr]    Compiling plotters-backend v0.3.4
[INFO] [stderr]    Compiling regex-syntax v0.7.1
[INFO] [stderr]    Compiling textwrap v0.16.0
[INFO] [stderr]    Compiling walkdir v2.3.3
[INFO] [stderr]    Compiling plotters-svg v0.3.3
[INFO] [stderr]    Compiling oorandom v11.1.3
[INFO] [stderr]    Compiling itertools v0.10.5
[INFO] [stderr]    Compiling clap_lex v0.2.4
[INFO] [stderr]    Compiling ciborium-ll v0.2.0
[INFO] [stderr]    Compiling crossbeam-channel v0.5.8
[INFO] [stderr]    Compiling crossbeam-deque v0.8.3
[INFO] [stderr]    Compiling num_cpus v1.15.0
[INFO] [stderr]    Compiling atty v0.2.14
[INFO] [stderr]    Compiling clap v3.2.25
[INFO] [stderr]    Compiling syn v2.0.15
[INFO] [stderr]    Compiling num-integer v0.1.45
[INFO] [stderr]    Compiling plotters v0.3.4
[INFO] [stderr]    Compiling regex v1.8.1
[INFO] [stderr]    Compiling primal-check v0.3.3
[INFO] [stderr]    Compiling primal v0.3.2
[INFO] [stderr]    Compiling criterion-plot v0.5.0
[INFO] [stderr]    Compiling smooth-numbers v0.4.2 (/opt/rustwide/workdir)
[INFO] [stderr]    Compiling rayon v1.7.0
[INFO] [stderr]    Compiling ciborium v0.2.0
[INFO] [stderr]    Compiling tinytemplate v1.2.1
[INFO] [stderr]    Compiling criterion v0.4.0
[INFO] [stderr]     Finished `release` profile [optimized] target(s) in 43.59s
[INFO] running `Command { std: "docker" "inspect" "d680c0212ac4b13b102ab69c86fb0416f84665c8e99096c23522cb47ccfce922", kill_on_drop: false }`
[INFO] running `Command { std: "docker" "exec" "-e" "SOURCE_DIR=/opt/rustwide/workdir" "-e" "CARGO_HOME=/opt/rustwide/cargo-home" "-e" "RUSTUP_HOME=/opt/rustwide/rustup-home" "-e" "CARGO_TARGET_DIR=/opt/rustwide/target" "-e" "CARGO_INCREMENTAL=0" "-e" "RUST_BACKTRACE=full" "-e" "RUSTFLAGS=--cap-lints=warn" "-e" "RUSTDOCFLAGS=--cap-lints=warn" "-w" "/opt/rustwide/workdir" "--user" "0:0" "d680c0212ac4b13b102ab69c86fb0416f84665c8e99096c23522cb47ccfce922" "/opt/rustwide/cargo-home/bin/cargo" "+1.99.0-beta.8" "test" "--frozen" "--release", kill_on_drop: false }`
[INFO] [stderr]     Finished `release` profile [optimized] target(s) in 0.10s
[INFO] [stderr]      Running unittests src/lib.rs (/opt/rustwide/target/release/deps/smooth_numbers-28992844812ec10a)
[INFO] [stdout] 
[INFO] [stdout] running 11 tests
[INFO] [stdout] test tests::pratt_has_correct_values ... ok
[INFO] [stdout] test tests::pratt_first_to_overflow - should panic ... FAILED
[INFO] [stdout] test tests::pratt_has_correct_length ... ok
[INFO] [stdout] test tests::smooth_has_correct_length ... ok
[INFO] [stdout] test tests::with_primes_2_first_to_overflow - should panic ... FAILED
[INFO] [stdout] test tests::smooth_1_first_to_overflow - should panic ... FAILED
[INFO] [stdout] test tests::smooth_2_first_to_overflow - should panic ... FAILED
[INFO] [stdout] test tests::smooth_has_correct_values ... ok
[INFO] [stdout] test tests::with_primes_1_first_to_overflow - should panic ... FAILED
[INFO] [stdout] test tests::with_primes_has_correct_length ... ok
[INFO] [stdout] test tests::with_primes_has_correct_values ... ok
[INFO] [stdout] 
[INFO] [stdout] failures:
[INFO] [stdout] 
[INFO] [stdout] ---- tests::pratt_first_to_overflow stdout ----
[INFO] [stdout] note: test did not panic as expected at src/lib.rs:242:8
[INFO] [stdout] ---- tests::with_primes_2_first_to_overflow stdout ----
[INFO] [stdout] note: test did not panic as expected at src/lib.rs:321:8
[INFO] [stdout] ---- tests::smooth_1_first_to_overflow stdout ----
[INFO] [stdout] note: test did not panic as expected at src/lib.rs:269:8
[INFO] [stdout] ---- tests::smooth_2_first_to_overflow stdout ----
[INFO] [stdout] note: test did not panic as expected at src/lib.rs:275:8
[INFO] [stdout] ---- tests::with_primes_1_first_to_overflow stdout ----
[INFO] [stdout] note: test did not panic as expected at src/lib.rs:315:8
[INFO] [stdout] 
[INFO] [stdout] failures:
[INFO] [stdout]     tests::pratt_first_to_overflow
[INFO] [stdout]     tests::smooth_1_first_to_overflow
[INFO] [stdout]     tests::smooth_2_first_to_overflow
[INFO] [stdout]     tests::with_primes_1_first_to_overflow
[INFO] [stdout]     tests::with_primes_2_first_to_overflow
[INFO] [stdout] 
[INFO] [stdout] test result: FAILED. 6 passed; 5 failed; 0 ignored; 0 measured; 0 filtered out; finished in 0.01s
[INFO] [stdout] 
[INFO] [stderr] error: test failed, to rerun pass `--lib`
[INFO] running `Command { std: "docker" "inspect" "d680c0212ac4b13b102ab69c86fb0416f84665c8e99096c23522cb47ccfce922", kill_on_drop: false }`
[INFO] running `Command { std: "docker" "rm" "-f" "d680c0212ac4b13b102ab69c86fb0416f84665c8e99096c23522cb47ccfce922", kill_on_drop: false }`
[INFO] [stdout] d680c0212ac4b13b102ab69c86fb0416f84665c8e99096c23522cb47ccfce922
