[INFO] fetching crate smooai-logger 4.5.4...
[INFO] testing smooai-logger-4.5.4 against 1.100.0-beta.1+cargoflags=--release for beta-release-1.100-2
[INFO] extracting crate smooai-logger 4.5.4 into /workspace/builds/worker-1-tc2/source
[INFO] started tweaking crates.io crate smooai-logger 4.5.4
[INFO] removed 0 missing tests
[INFO] finished tweaking crates.io crate smooai-logger 4.5.4
[INFO] tweaked toml for crates.io crate smooai-logger 4.5.4 written to /workspace/builds/worker-1-tc2/source/Cargo.toml
[INFO] validating manifest of crates.io crate smooai-logger 4.5.4 on toolchain 1.100.0-beta.1
[INFO] running `Command { std: CARGO_HOME="/workspace/cargo-home" RUSTUP_HOME="/workspace/rustup-home" "/workspace/cargo-home/bin/cargo" "+1.100.0-beta.1" "metadata" "--manifest-path" "Cargo.toml" "--no-deps", kill_on_drop: false }`
[INFO] crate crates.io crate smooai-logger 4.5.4 already has a lockfile, it will not be regenerated
[INFO] running `Command { std: CARGO_HOME="/workspace/cargo-home" RUSTUP_HOME="/workspace/rustup-home" "/workspace/cargo-home/bin/cargo" "+1.100.0-beta.1" "fetch" "--manifest-path" "Cargo.toml", kill_on_drop: false }`
[INFO] [stderr] warning: `package.homepage` is redundant with `package.repository`
[INFO] [stderr]   --> Cargo.toml:83:12
[INFO] [stderr]    |
[INFO] [stderr] 83 | homepage = "https://github.com/SmooAI/logger"
[INFO] [stderr]    |            ^^^^^^^^^^^^^^^^^^^^^^^^^^^^^^^^^^
[INFO] [stderr] ...
[INFO] [stderr] 88 | repository = "https://github.com/SmooAI/logger"
[INFO] [stderr]    |              ----------------------------------
[INFO] [stderr]    |
[INFO] [stderr]    = note: `cargo::redundant_homepage` is set to `warn` by default
[INFO] [stderr] help: consider removing `package.homepage`
[INFO] [stderr] warning: `smooai-logger` (manifest) generated 1 warning
[INFO] [stderr]     Blocking waiting for file lock on package cache
[INFO] running `Command { std: "docker" "create" "-v" "/var/lib/crater-agent-workspace/builds/worker-1-tc2/source:/opt/rustwide/workdir:ro,Z" "-v" "/var/lib/crater-agent-workspace/builds/worker-1-tc2/target:/opt/rustwide/target:rw,Z" "-v" "/var/lib/crater-agent-workspace/cargo-home:/opt/rustwide/cargo-home:ro,Z" "-v" "/var/lib/crater-agent-workspace/rustup-home:/opt/rustwide/rustup-home:ro,Z" "-m" "1610612736" "--network" "none" "ghcr.io/rust-lang/crates-build-env/linux@sha256:77db811e55d90add9212f6832c23229e3de5f1c1f9905e8cb07319ea15df73ac" "sleep" "infinity", kill_on_drop: false }`
[INFO] [stdout] 8ad11341115ce3241ad6a1ca52902104d740bdb641a6959a6771e46048c56d51
[INFO] running `Command { std: "docker" "start" "8ad11341115ce3241ad6a1ca52902104d740bdb641a6959a6771e46048c56d51", kill_on_drop: false }`
[INFO] running `Command { std: "docker" "inspect" "8ad11341115ce3241ad6a1ca52902104d740bdb641a6959a6771e46048c56d51", kill_on_drop: false }`
[INFO] running `Command { std: "docker" "exec" "-e" "SOURCE_DIR=/opt/rustwide/workdir" "-e" "CARGO_HOME=/opt/rustwide/cargo-home" "-e" "RUSTUP_HOME=/opt/rustwide/rustup-home" "-e" "CARGO_TARGET_DIR=/opt/rustwide/target" "-w" "/opt/rustwide/workdir" "--user" "0:0" "8ad11341115ce3241ad6a1ca52902104d740bdb641a6959a6771e46048c56d51" "/opt/rustwide/cargo-home/bin/cargo" "+1.100.0-beta.1" "metadata" "--no-deps" "--format-version=1", kill_on_drop: false }`
[INFO] running `Command { std: "docker" "inspect" "8ad11341115ce3241ad6a1ca52902104d740bdb641a6959a6771e46048c56d51", kill_on_drop: false }`
[INFO] running `Command { std: "docker" "exec" "-e" "SOURCE_DIR=/opt/rustwide/workdir" "-e" "CARGO_HOME=/opt/rustwide/cargo-home" "-e" "RUSTUP_HOME=/opt/rustwide/rustup-home" "-e" "CARGO_TARGET_DIR=/opt/rustwide/target" "-e" "CARGO_INCREMENTAL=0" "-e" "RUST_BACKTRACE=full" "-e" "RUSTFLAGS=--cap-lints=warn" "-e" "RUSTDOCFLAGS=--cap-lints=warn" "-w" "/opt/rustwide/workdir" "--user" "0:0" "8ad11341115ce3241ad6a1ca52902104d740bdb641a6959a6771e46048c56d51" "/opt/rustwide/cargo-home/bin/cargo" "+1.100.0-beta.1" "build" "--frozen" "--message-format=json" "--release", kill_on_drop: false }`
[INFO] [stderr] warning: `package.homepage` is redundant with `package.repository`
[INFO] [stderr]   --> Cargo.toml:83:12
[INFO] [stderr]    |
[INFO] [stderr] 83 | homepage = "https://github.com/SmooAI/logger"
[INFO] [stderr]    |            ^^^^^^^^^^^^^^^^^^^^^^^^^^^^^^^^^^
[INFO] [stderr] ...
[INFO] [stderr] 88 | repository = "https://github.com/SmooAI/logger"
[INFO] [stderr]    |              ----------------------------------
[INFO] [stderr]    |
[INFO] [stderr]    = note: `cargo::redundant_homepage` is set to `warn` by default
[INFO] [stderr] help: consider removing `package.homepage`
[INFO] [stderr] warning: `smooai-logger` (manifest) generated 1 warning
[INFO] [stderr]    Compiling proc-macro2 v1.0.101
[INFO] [stderr]    Compiling stable_deref_trait v1.2.0
[INFO] [stderr]    Compiling litemap v0.8.0
[INFO] [stderr]    Compiling writeable v0.6.1
[INFO] [stderr]    Compiling icu_properties_data v2.0.1
[INFO] [stderr]    Compiling icu_normalizer_data v2.0.0
[INFO] [stderr]    Compiling serde_core v1.0.226
[INFO] [stderr]    Compiling smallvec v1.15.1
[INFO] [stderr]    Compiling libc v0.2.176
[INFO] [stderr]    Compiling serde v1.0.226
[INFO] [stderr]    Compiling cfg-if v1.0.3
[INFO] [stderr]    Compiling thiserror v2.0.19
[INFO] [stderr]    Compiling parking_lot_core v0.9.11
[INFO] [stderr]    Compiling getrandom v0.3.3
[INFO] [stderr]    Compiling lock_api v0.4.13
[INFO] [stderr]    Compiling once_cell v1.21.3
[INFO] [stderr]    Compiling serde_json v1.0.145
[INFO] [stderr]    Compiling hashbrown v0.16.0
[INFO] [stderr]    Compiling tracing-core v0.1.36
[INFO] [stderr]    Compiling itoa v1.0.15
[INFO] [stderr]    Compiling ryu v1.0.20
[INFO] [stderr]    Compiling iana-time-zone v0.1.64
[INFO] [stderr]    Compiling memchr v2.7.5
[INFO] [stderr]    Compiling colored v2.2.0
[INFO] [stderr]    Compiling quote v1.0.40
[INFO] [stderr]    Compiling tracing v0.1.44
[INFO] [stderr]    Compiling indexmap v2.11.4
[INFO] [stderr]    Compiling syn v2.0.106
[INFO] [stderr]    Compiling syn v3.0.2
[INFO] [stderr]    Compiling uuid v1.18.1
[INFO] [stderr]    Compiling parking_lot v0.12.4
[INFO] [stderr]    Compiling thiserror-impl v2.0.19
[INFO] [stderr]    Compiling synstructure v0.13.2
[INFO] [stderr]    Compiling opentelemetry v0.32.0
[INFO] [stderr]    Compiling zerovec-derive v0.11.1
[INFO] [stderr]    Compiling displaydoc v0.2.5
[INFO] [stderr]    Compiling serde_derive v1.0.226
[INFO] [stderr]    Compiling zerofrom-derive v0.1.6
[INFO] [stderr]    Compiling yoke-derive v0.8.0
[INFO] [stderr]    Compiling zerofrom v0.1.6
[INFO] [stderr]    Compiling yoke v0.8.0
[INFO] [stderr]    Compiling zerotrie v0.2.2
[INFO] [stderr]    Compiling zerovec v0.11.4
[INFO] [stderr]    Compiling tinystr v0.8.1
[INFO] [stderr]    Compiling potential_utf v0.1.3
[INFO] [stderr]    Compiling icu_collections v2.0.0
[INFO] [stderr]    Compiling icu_locale_core v2.0.0
[INFO] [stderr]    Compiling chrono v0.4.42
[INFO] [stderr]    Compiling icu_provider v2.0.0
[INFO] [stderr]    Compiling icu_properties v2.0.1
[INFO] [stderr]    Compiling icu_normalizer v2.0.0
[INFO] [stderr]    Compiling idna_adapter v1.2.1
[INFO] [stderr]    Compiling idna v1.1.0
[INFO] [stderr]    Compiling url v2.5.7
[INFO] [stderr]    Compiling smooai-logger v4.5.4 (/opt/rustwide/workdir)
[INFO] [stderr]     Finished `release` profile [optimized] target(s) in 26.86s
[INFO] running `Command { std: "docker" "inspect" "8ad11341115ce3241ad6a1ca52902104d740bdb641a6959a6771e46048c56d51", kill_on_drop: false }`
[INFO] running `Command { std: "docker" "exec" "-e" "SOURCE_DIR=/opt/rustwide/workdir" "-e" "CARGO_HOME=/opt/rustwide/cargo-home" "-e" "RUSTUP_HOME=/opt/rustwide/rustup-home" "-e" "CARGO_TARGET_DIR=/opt/rustwide/target" "-e" "CARGO_INCREMENTAL=0" "-e" "RUST_BACKTRACE=full" "-e" "RUSTFLAGS=--cap-lints=warn" "-e" "RUSTDOCFLAGS=--cap-lints=warn" "-w" "/opt/rustwide/workdir" "--user" "0:0" "8ad11341115ce3241ad6a1ca52902104d740bdb641a6959a6771e46048c56d51" "/opt/rustwide/cargo-home/bin/cargo" "+1.100.0-beta.1" "test" "--frozen" "--no-run" "--message-format=json" "--release", kill_on_drop: false }`
[INFO] [stderr] warning: `package.homepage` is redundant with `package.repository`
[INFO] [stderr]   --> Cargo.toml:83:12
[INFO] [stderr]    |
[INFO] [stderr] 83 | homepage = "https://github.com/SmooAI/logger"
[INFO] [stderr]    |            ^^^^^^^^^^^^^^^^^^^^^^^^^^^^^^^^^^
[INFO] [stderr] ...
[INFO] [stderr] 88 | repository = "https://github.com/SmooAI/logger"
[INFO] [stderr]    |              ----------------------------------
[INFO] [stderr]    |
[INFO] [stderr]    = note: `cargo::redundant_homepage` is set to `warn` by default
[INFO] [stderr] help: consider removing `package.homepage`
[INFO] [stderr] warning: `smooai-logger` (manifest) generated 1 warning
[INFO] [stderr]    Compiling getrandom v0.3.3
[INFO] [stderr]    Compiling syn v2.0.106
[INFO] [stderr]    Compiling rustix v1.1.2
[INFO] [stderr]    Compiling linux-raw-sys v0.11.0
[INFO] [stderr]    Compiling bitflags v2.9.4
[INFO] [stderr]    Compiling sharded-slab v0.1.7
[INFO] [stderr]    Compiling thread_local v1.1.9
[INFO] [stderr]    Compiling opentelemetry v0.32.0
[INFO] [stderr]    Compiling rand_core v0.9.5
[INFO] [stderr]    Compiling uuid v1.18.1
[INFO] [stderr]    Compiling rand_chacha v0.9.0
[INFO] [stderr]    Compiling tracing-subscriber v0.3.23
[INFO] [stderr]    Compiling rand v0.9.5
[INFO] [stderr]    Compiling tempfile v3.23.0
[INFO] [stderr]    Compiling synstructure v0.13.2
[INFO] [stderr]    Compiling zerofrom-derive v0.1.6
[INFO] [stderr]    Compiling yoke-derive v0.8.0
[INFO] [stderr]    Compiling zerovec-derive v0.11.1
[INFO] [stderr]    Compiling displaydoc v0.2.5
[INFO] [stderr]    Compiling serde_derive v1.0.226
[INFO] [stderr]    Compiling futures-macro v0.3.32
[INFO] [stderr]    Compiling futures-util v0.3.32
[INFO] [stderr]    Compiling zerofrom v0.1.6
[INFO] [stderr]    Compiling yoke v0.8.0
[INFO] [stderr]    Compiling zerovec v0.11.4
[INFO] [stderr]    Compiling zerotrie v0.2.2
[INFO] [stderr]    Compiling tinystr v0.8.1
[INFO] [stderr]    Compiling potential_utf v0.1.3
[INFO] [stderr]    Compiling serde v1.0.226
[INFO] [stderr]    Compiling icu_collections v2.0.0
[INFO] [stderr]    Compiling icu_locale_core v2.0.0
[INFO] [stderr]    Compiling chrono v0.4.42
[INFO] [stderr]    Compiling icu_provider v2.0.0
[INFO] [stderr]    Compiling futures-executor v0.3.32
[INFO] [stderr]    Compiling opentelemetry_sdk v0.32.1
[INFO] [stderr]    Compiling icu_properties v2.0.1
[INFO] [stderr]    Compiling icu_normalizer v2.0.0
[INFO] [stderr]    Compiling idna_adapter v1.2.1
[INFO] [stderr]    Compiling idna v1.1.0
[INFO] [stderr]    Compiling url v2.5.7
[INFO] [stderr]    Compiling smooai-logger v4.5.4 (/opt/rustwide/workdir)
[INFO] [stderr]     Finished `release` profile [optimized] target(s) in 21.16s
[INFO] running `Command { std: "docker" "inspect" "8ad11341115ce3241ad6a1ca52902104d740bdb641a6959a6771e46048c56d51", kill_on_drop: false }`
[INFO] running `Command { std: "docker" "exec" "-e" "SOURCE_DIR=/opt/rustwide/workdir" "-e" "CARGO_HOME=/opt/rustwide/cargo-home" "-e" "RUSTUP_HOME=/opt/rustwide/rustup-home" "-e" "CARGO_TARGET_DIR=/opt/rustwide/target" "-e" "CARGO_INCREMENTAL=0" "-e" "RUST_BACKTRACE=full" "-e" "RUSTFLAGS=--cap-lints=warn" "-e" "RUSTDOCFLAGS=--cap-lints=warn" "-w" "/opt/rustwide/workdir" "--user" "0:0" "8ad11341115ce3241ad6a1ca52902104d740bdb641a6959a6771e46048c56d51" "/opt/rustwide/cargo-home/bin/cargo" "+1.100.0-beta.1" "test" "--frozen" "--release", kill_on_drop: false }`
[INFO] [stderr] warning: `package.homepage` is redundant with `package.repository`
[INFO] [stderr]   --> Cargo.toml:83:12
[INFO] [stderr]    |
[INFO] [stderr] 83 | homepage = "https://github.com/SmooAI/logger"
[INFO] [stderr]    |            ^^^^^^^^^^^^^^^^^^^^^^^^^^^^^^^^^^
[INFO] [stderr] ...
[INFO] [stderr] 88 | repository = "https://github.com/SmooAI/logger"
[INFO] [stderr]    |              ----------------------------------
[INFO] [stderr]    |
[INFO] [stderr]    = note: `cargo::redundant_homepage` is set to `warn` by default
[INFO] [stderr] help: consider removing `package.homepage`
[INFO] [stderr] warning: `smooai-logger` (manifest) generated 1 warning
[INFO] [stderr]     Finished `release` profile [optimized] target(s) in 0.12s
[INFO] [stderr]      Running unittests src/lib.rs (/opt/rustwide/target/release/build/smooai-logger/1dc4f612148dde16/out/smooai_logger-1dc4f612148dde16)
[INFO] [stdout] 
[INFO] [stdout] running 15 tests
[INFO] [stdout] test env::tests::env_helpers_work ... ok
[INFO] [stdout] test logger::tests::build_log_object_collects_error_details ... ok
[INFO] [stdout] test logger::tests::add_http_request_sets_namespace_and_correlation ... ok
[INFO] [stdout] test rotation::tests::rotating_writer_creates_file ... ok
[INFO] [stdout] test context::tests::apply_minimal_context_config_filters_http ... ok
[INFO] [stdout] test logger::tests::redact_default_keys_strips_auth_headers_and_secret_fields ... ok
[INFO] [stdout] test logger::tests::build_log_object_includes_message_and_context ... ok
[INFO] [stdout] test rotation::tests::rotation_options_defaults ... ok
[INFO] [stdout] test aws::tests::add_lambda_environment_context_reads_env ... ok
[INFO] [stdout] test logger::tests::add_redact_keys_extends_default_list ... ok
[INFO] [stdout] test aws::tests::add_ecs_context_picks_up_env_vars ... ok
[INFO] [stdout] test pretty::tests::pretty_json_formats ... ok
[INFO] [stdout] test context::tests::default_context_initializes_ids ... ok
[INFO] [stdout] test logger::tests::context_config_filters_fields ... ok
[INFO] [stdout] test error::tests::log_error_captures_message ... ok
[INFO] [stdout] 
[INFO] [stdout] test result: ok. 15 passed; 0 failed; 0 ignored; 0 measured; 0 filtered out; finished in 0.01s
[INFO] [stdout] 
[INFO] [stderr]      Running tests/caller_location.rs (/opt/rustwide/target/release/build/smooai-logger/45040ea0ff2bd37b/out/caller_location-45040ea0ff2bd37b)
[INFO] [stdout] 
[INFO] [stdout] running 3 tests
[INFO] [stdout] test caller_points_at_this_file_and_the_calling_line ... ok
[INFO] [stdout] test caller_resolves_through_a_user_helper ... ok
[INFO] [stdout] test caller_tracks_the_call_site_not_a_fixed_crate_frame ... ok
[INFO] [stdout] 
[INFO] [stdout] test result: ok. 3 passed; 0 failed; 0 ignored; 0 measured; 0 filtered out; finished in 0.00s
[INFO] [stdout] 
[INFO] [stderr]      Running tests/otel_correlation.rs (/opt/rustwide/target/release/build/smooai-logger/c2616c6d92681713/out/otel_correlation-c2616c6d92681713)
[INFO] [stdout] 
[INFO] [stdout] running 4 tests
[INFO] [stdout] {"correlationId":"85c58e61-db2c-402d-a9d4-f4f7a8e5f889","requestId":"85c58e61-db2c-402d-a9d4-f4f7a8e5f889","traceId":"85c58e61-db2c-402d-a9d4-f4f7a8e5f889","msg":"not teed","level":30,"LogLevel":"info","time":"2026-10-18T17:15:47.335Z","name":"test","caller":{"file":"otel_correlation.rs","line":126}}
[INFO] [stdout] test log_within_active_span_carries_real_trace_and_span_id ... ok
[INFO] [stdout] test disabled_bridge_does_not_tee ... ok
[INFO] [stdout] {"correlationId":"85c58e61-db2c-402d-a9d4-f4f7a8e5f889","requestId":"85c58e61-db2c-402d-a9d4-f4f7a8e5f889","traceId":"85c58e61-db2c-402d-a9d4-f4f7a8e5f889","msg":"teed message","level":40,"LogLevel":"warn","time":"2026-10-18T17:15:47.335Z","name":"test","caller":{"file":"otel_correlation.rs","line":106}}
[INFO] [stdout] test log_without_active_span_falls_back_to_uuid ... ok
[INFO] [stdout] test enabled_bridge_tees_line_to_tracing ... ok
[INFO] [stdout] 
[INFO] [stdout] test result: ok. 4 passed; 0 failed; 0 ignored; 0 measured; 0 filtered out; finished in 0.00s
[INFO] [stdout] 
[INFO] [stderr]      Running tests/parity_corpus.rs (/opt/rustwide/target/release/build/smooai-logger/c1266ff65a28dcd5/out/parity_corpus-c1266ff65a28dcd5)
[INFO] [stdout] 
[INFO] [stdout] running 7 tests
[INFO] [stdout] test message_shape_matches_corpus ... FAILED
[INFO] [stdout] test every_record_carries_the_required_fields ... FAILED
[INFO] [stdout] test default_redact_keys_match_corpus_in_order ... FAILED
[INFO] [stdout] test level_wire_shape_matches_corpus ... FAILED
[INFO] [stdout] test wire_field_names_match_corpus ... FAILED
[INFO] [stdout] test correlation_id_surfaces_and_mirrors ... FAILED
[INFO] [stdout] test redaction_matches_corpus ... FAILED
[INFO] [stdout] 
[INFO] [stdout] failures:
[INFO] [stdout] 
[INFO] [stdout] ---- message_shape_matches_corpus stdout ----
[INFO] [stdout] 
[INFO] [stdout] thread 'message_shape_matches_corpus' (2198) panicked at tests/parity_corpus.rs:23:45:
[INFO] [stdout] parity-corpus.json must be readable: Os { code: 2, kind: NotFound, message: "No such file or directory" }
[INFO] [stdout] stack backtrace:
[INFO] [stdout]    0:     0x64e98f505c21 - <<std[617be2ca0a6fd877]::sys::backtrace::BacktraceLock>::print::DisplayBacktrace as core[a373ad73a504971]::fmt::Display>::fmt
[INFO] [stdout]    1:     0x64e98f51bb5a - core[a373ad73a504971]::fmt::write
[INFO] [stdout]    2:     0x64e98f509e3c - <alloc[2e1b2a31b91974c5]::vec::Vec<u8> as core[a373ad73a504971]::io::write::Write>::write_fmt
[INFO] [stdout]    3:     0x64e98f4e1106 - std[617be2ca0a6fd877]::panicking::default_hook::{closure#0}
[INFO] [stdout]    4:     0x64e98f4fddc9 - std[617be2ca0a6fd877]::panicking::default_hook
[INFO] [stdout]    5:     0x64e98f47a0d0 - test[aada8e7e76ba119b]::test_main_inner::{closure#0}
[INFO] [stdout]    6:     0x64e98f4fdf82 - std[617be2ca0a6fd877]::panicking::panic_with_hook
[INFO] [stdout]    7:     0x64e98f4e11b2 - std[617be2ca0a6fd877]::panicking::panic_handler::{closure#0}
[INFO] [stdout]    8:     0x64e98f4d9c19 - std[617be2ca0a6fd877]::sys::backtrace::__rust_end_short_backtrace::<std[617be2ca0a6fd877]::panicking::panic_handler::{closure#0}, !>
[INFO] [stdout]    9:     0x64e98f4e1dbd - __rustc[ea4f61d10b84890b]::rust_begin_unwind
[INFO] [stdout]   10:     0x64e98f51c2bc - core[a373ad73a504971]::panicking::panic_fmt
[INFO] [stdout]   11:     0x64e98f51c092 - core[a373ad73a504971]::result::unwrap_failed
[INFO] [stdout]   12:     0x64e98f4668a7 - parity_corpus[59a5b0464ae1946]::corpus
[INFO] [stdout]   13:     0x64e98f4678e3 - <parity_corpus[59a5b0464ae1946]::message_shape_matches_corpus::{closure#0} as core[a373ad73a504971]::ops::function::FnOnce<()>>::call_once
[INFO] [stdout]   14:     0x64e98f46d51b - test[aada8e7e76ba119b]::__rust_begin_short_backtrace::<core[a373ad73a504971]::result::Result<(), alloc[2e1b2a31b91974c5]::string::String>, fn() -> core[a373ad73a504971]::result::Result<(), alloc[2e1b2a31b91974c5]::string::String>>
[INFO] [stdout]   15:     0x64e98f47a6f5 - test[aada8e7e76ba119b]::run_test::{closure#0}
[INFO] [stdout]   16:     0x64e98f473fe4 - std[617be2ca0a6fd877]::sys::backtrace::__rust_begin_short_backtrace::<test[aada8e7e76ba119b]::run_test::{closure#1}, ()>
[INFO] [stdout]   17:     0x64e98f47d782 - <std[617be2ca0a6fd877]::thread::lifecycle::spawn_unchecked<test[aada8e7e76ba119b]::run_test::{closure#1}, ()>::{closure#1} as core[a373ad73a504971]::ops::function::FnOnce<()>>::call_once::{shim:vtable#0}
[INFO] [stdout]   18:     0x64e98f5050ef - <std[617be2ca0a6fd877]::sys::thread::unix::Thread>::new::thread_start
[INFO] [stdout]   19:     0x7bc9cf3b6dfa - <unknown>
[INFO] [stdout]   20:     0x7bc9cf44a3d4 - clone
[INFO] [stdout]   21:                0x0 - <unknown>
[INFO] [stdout] 
[INFO] [stdout] ---- every_record_carries_the_required_fields stdout ----
[INFO] [stdout] 
[INFO] [stdout] thread 'every_record_carries_the_required_fields' (2196) panicked at tests/parity_corpus.rs:23:45:
[INFO] [stdout] parity-corpus.json must be readable: Os { code: 2, kind: NotFound, message: "No such file or directory" }
[INFO] [stdout] stack backtrace:
[INFO] [stdout]    0:     0x64e98f505c21 - <<std[617be2ca0a6fd877]::sys::backtrace::BacktraceLock>::print::DisplayBacktrace as core[a373ad73a504971]::fmt::Display>::fmt
[INFO] [stdout]    1:     0x64e98f51bb5a - core[a373ad73a504971]::fmt::write
[INFO] [stdout]    2:     0x64e98f509e3c - <alloc[2e1b2a31b91974c5]::vec::Vec<u8> as core[a373ad73a504971]::io::write::Write>::write_fmt
[INFO] [stdout]    3:     0x64e98f4e1106 - std[617be2ca0a6fd877]::panicking::default_hook::{closure#0}
[INFO] [stdout]    4:     0x64e98f4fddc9 - std[617be2ca0a6fd877]::panicking::default_hook
[INFO] [stdout]    5:     0x64e98f47a0d0 - test[aada8e7e76ba119b]::test_main_inner::{closure#0}
[INFO] [stdout]    6:     0x64e98f4fdf82 - std[617be2ca0a6fd877]::panicking::panic_with_hook
[INFO] [stdout]    7:     0x64e98f4e11b2 - std[617be2ca0a6fd877]::panicking::panic_handler::{closure#0}
[INFO] [stdout]    8:     0x64e98f4d9c19 - std[617be2ca0a6fd877]::sys::backtrace::__rust_end_short_backtrace::<std[617be2ca0a6fd877]::panicking::panic_handler::{closure#0}, !>
[INFO] [stdout]    9:     0x64e98f4e1dbd - __rustc[ea4f61d10b84890b]::rust_begin_unwind
[INFO] [stdout]   10:     0x64e98f51c2bc - core[a373ad73a504971]::panicking::panic_fmt
[INFO] [stdout]   11:     0x64e98f51c092 - core[a373ad73a504971]::result::unwrap_failed
[INFO] [stdout]   12:     0x64e98f4668a7 - parity_corpus[59a5b0464ae1946]::corpus
[INFO] [stdout]   13:     0x64e98f469b7d - <parity_corpus[59a5b0464ae1946]::every_record_carries_the_required_fields::{closure#0} as core[a373ad73a504971]::ops::function::FnOnce<()>>::call_once
[INFO] [stdout]   14:     0x64e98f46d51b - test[aada8e7e76ba119b]::__rust_begin_short_backtrace::<core[a373ad73a504971]::result::Result<(), alloc[2e1b2a31b91974c5]::string::String>, fn() -> core[a373ad73a504971]::result::Result<(), alloc[2e1b2a31b91974c5]::string::String>>
[INFO] [stdout]   15:     0x64e98f47a6f5 - test[aada8e7e76ba119b]::run_test::{closure#0}
[INFO] [stdout]   16:     0x64e98f473fe4 - std[617be2ca0a6fd877]::sys::backtrace::__rust_begin_short_backtrace::<test[aada8e7e76ba119b]::run_test::{closure#1}, ()>
[INFO] [stdout]   17:     0x64e98f47d782 - <std[617be2ca0a6fd877]::thread::lifecycle::spawn_unchecked<test[aada8e7e76ba119b]::run_test::{closure#1}, ()>::{closure#1} as core[a373ad73a504971]::ops::function::FnOnce<()>>::call_once::{shim:vtable#0}
[INFO] [stdout]   18:     0x64e98f5050ef - <std[617be2ca0a6fd877]::sys::thread::unix::Thread>::new::thread_start
[INFO] [stdout]   19:     0x7bc9cf3b6dfa - <unknown>
[INFO] [stdout]   20:     0x7bc9cf44a3d4 - clone
[INFO] [stdout]   21:                0x0 - <unknown>
[INFO] [stdout] 
[INFO] [stdout] ---- default_redact_keys_match_corpus_in_order stdout ----
[INFO] [stdout] 
[INFO] [stdout] thread 'default_redact_keys_match_corpus_in_order' (2195) panicked at tests/parity_corpus.rs:23:45:
[INFO] [stdout] parity-corpus.json must be readable: Os { code: 2, kind: NotFound, message: "No such file or directory" }
[INFO] [stdout] stack backtrace:
[INFO] [stdout]    0:     0x64e98f505c21 - <<std[617be2ca0a6fd877]::sys::backtrace::BacktraceLock>::print::DisplayBacktrace as core[a373ad73a504971]::fmt::Display>::fmt
[INFO] [stdout]    1:     0x64e98f51bb5a - core[a373ad73a504971]::fmt::write
[INFO] [stdout]    2:     0x64e98f509e3c - <alloc[2e1b2a31b91974c5]::vec::Vec<u8> as core[a373ad73a504971]::io::write::Write>::write_fmt
[INFO] [stdout]    3:     0x64e98f4e1106 - std[617be2ca0a6fd877]::panicking::default_hook::{closure#0}
[INFO] [stdout]    4:     0x64e98f4fddc9 - std[617be2ca0a6fd877]::panicking::default_hook
[INFO] [stdout]    5:     0x64e98f47a0d0 - test[aada8e7e76ba119b]::test_main_inner::{closure#0}
[INFO] [stdout]    6:     0x64e98f4fdf82 - std[617be2ca0a6fd877]::panicking::panic_with_hook
[INFO] [stdout]    7:     0x64e98f4e11b2 - std[617be2ca0a6fd877]::panicking::panic_handler::{closure#0}
[INFO] [stdout]    8:     0x64e98f4d9c19 - std[617be2ca0a6fd877]::sys::backtrace::__rust_end_short_backtrace::<std[617be2ca0a6fd877]::panicking::panic_handler::{closure#0}, !>
[INFO] [stdout]    9:     0x64e98f4e1dbd - __rustc[ea4f61d10b84890b]::rust_begin_unwind
[INFO] [stdout]   10:     0x64e98f51c2bc - core[a373ad73a504971]::panicking::panic_fmt
[INFO] [stdout]   11:     0x64e98f51c092 - core[a373ad73a504971]::result::unwrap_failed
[INFO] [stdout]   12:     0x64e98f4668a7 - parity_corpus[59a5b0464ae1946]::corpus
[INFO] [stdout]   13:     0x64e98f46a233 - <parity_corpus[59a5b0464ae1946]::default_redact_keys_match_corpus_in_order::{closure#0} as core[a373ad73a504971]::ops::function::FnOnce<()>>::call_once
[INFO] [stdout]   14:     0x64e98f46d51b - test[aada8e7e76ba119b]::__rust_begin_short_backtrace::<core[a373ad73a504971]::result::Result<(), alloc[2e1b2a31b91974c5]::string::String>, fn() -> core[a373ad73a504971]::result::Result<(), alloc[2e1b2a31b91974c5]::string::String>>
[INFO] [stdout]   15:     0x64e98f47a6f5 - test[aada8e7e76ba119b]::run_test::{closure#0}
[INFO] [stdout]   16:     0x64e98f473fe4 - std[617be2ca0a6fd877]::sys::backtrace::__rust_begin_short_backtrace::<test[aada8e7e76ba119b]::run_test::{closure#1}, ()>
[INFO] [stdout]   17:     0x64e98f47d782 - <std[617be2ca0a6fd877]::thread::lifecycle::spawn_unchecked<test[aada8e7e76ba119b]::run_test::{closure#1}, ()>::{closure#1} as core[a373ad73a504971]::ops::function::FnOnce<()>>::call_once::{shim:vtable#0}
[INFO] [stdout]   18:     0x64e98f5050ef - <std[617be2ca0a6fd877]::sys::thread::unix::Thread>::new::thread_start
[INFO] [stdout]   19:     0x7bc9cf3b6dfa - <unknown>
[INFO] [stdout]   20:     0x7bc9cf44a3d4 - clone
[INFO] [stdout]   21:                0x0 - <unknown>
[INFO] [stdout] 
[INFO] [stdout] ---- level_wire_shape_matches_corpus stdout ----
[INFO] [stdout] 
[INFO] [stdout] thread 'level_wire_shape_matches_corpus' (2197) panicked at tests/parity_corpus.rs:23:45:
[INFO] [stdout] parity-corpus.json must be readable: Os { code: 2, kind: NotFound, message: "No such file or directory" }
[INFO] [stdout] stack backtrace:
[INFO] [stdout]    0:     0x64e98f505c21 - <<std[617be2ca0a6fd877]::sys::backtrace::BacktraceLock>::print::DisplayBacktrace as core[a373ad73a504971]::fmt::Display>::fmt
[INFO] [stdout]    1:     0x64e98f51bb5a - core[a373ad73a504971]::fmt::write
[INFO] [stdout]    2:     0x64e98f509e3c - <alloc[2e1b2a31b91974c5]::vec::Vec<u8> as core[a373ad73a504971]::io::write::Write>::write_fmt
[INFO] [stdout]    3:     0x64e98f4e1106 - std[617be2ca0a6fd877]::panicking::default_hook::{closure#0}
[INFO] [stdout]    4:     0x64e98f4fddc9 - std[617be2ca0a6fd877]::panicking::default_hook
[INFO] [stdout]    5:     0x64e98f47a0d0 - test[aada8e7e76ba119b]::test_main_inner::{closure#0}
[INFO] [stdout]    6:     0x64e98f4fdf82 - std[617be2ca0a6fd877]::panicking::panic_with_hook
[INFO] [stdout]    7:     0x64e98f4e11b2 - std[617be2ca0a6fd877]::panicking::panic_handler::{closure#0}
[INFO] [stdout]    8:     0x64e98f4d9c19 - std[617be2ca0a6fd877]::sys::backtrace::__rust_end_short_backtrace::<std[617be2ca0a6fd877]::panicking::panic_handler::{closure#0}, !>
[INFO] [stdout]    9:     0x64e98f4e1dbd - __rustc[ea4f61d10b84890b]::rust_begin_unwind
[INFO] [stdout]   10:     0x64e98f51c2bc - core[a373ad73a504971]::panicking::panic_fmt
[INFO] [stdout]   11:     0x64e98f51c092 - core[a373ad73a504971]::result::unwrap_failed
[INFO] [stdout]   12:     0x64e98f4668a7 - parity_corpus[59a5b0464ae1946]::corpus
[INFO] [stdout]   13:     0x64e98f468c8e - <parity_corpus[59a5b0464ae1946]::level_wire_shape_matches_corpus::{closure#0} as core[a373ad73a504971]::ops::function::FnOnce<()>>::call_once
[INFO] [stdout]   14:     0x64e98f46d51b - test[aada8e7e76ba119b]::__rust_begin_short_backtrace::<core[a373ad73a504971]::result::Result<(), alloc[2e1b2a31b91974c5]::string::String>, fn() -> core[a373ad73a504971]::result::Result<(), alloc[2e1b2a31b91974c5]::string::String>>
[INFO] [stdout]   15:     0x64e98f47a6f5 - test[aada8e7e76ba119b]::run_test::{closure#0}
[INFO] [stdout]   16:     0x64e98f473fe4 - std[617be2ca0a6fd877]::sys::backtrace::__rust_begin_short_backtrace::<test[aada8e7e76ba119b]::run_test::{closure#1}, ()>
[INFO] [stdout]   17:     0x64e98f47d782 - <std[617be2ca0a6fd877]::thread::lifecycle::spawn_unchecked<test[aada8e7e76ba119b]::run_test::{closure#1}, ()>::{closure#1} as core[a373ad73a504971]::ops::function::FnOnce<()>>::call_once::{shim:vtable#0}
[INFO] [stdout]   18:     0x64e98f5050ef - <std[617be2ca0a6fd877]::sys::thread::unix::Thread>::new::thread_start
[INFO] [stdout]   19:     0x7bc9cf3b6dfa - <unknown>
[INFO] [stdout]   20:     0x7bc9cf44a3d4 - clone
[INFO] [stdout]   21:                0x0 - <unknown>
[INFO] [stdout] 
[INFO] [stdout] ---- wire_field_names_match_corpus stdout ----
[INFO] [stdout] 
[INFO] [stdout] thread 'wire_field_names_match_corpus' (2200) panicked at tests/parity_corpus.rs:23:45:
[INFO] [stdout] parity-corpus.json must be readable: Os { code: 2, kind: NotFound, message: "No such file or directory" }
[INFO] [stdout] stack backtrace:
[INFO] [stdout]    0:     0x64e98f505c21 - <<std[617be2ca0a6fd877]::sys::backtrace::BacktraceLock>::print::DisplayBacktrace as core[a373ad73a504971]::fmt::Display>::fmt
[INFO] [stdout]    1:     0x64e98f51bb5a - core[a373ad73a504971]::fmt::write
[INFO] [stdout]    2:     0x64e98f509e3c - <alloc[2e1b2a31b91974c5]::vec::Vec<u8> as core[a373ad73a504971]::io::write::Write>::write_fmt
[INFO] [stdout]    3:     0x64e98f4e1106 - std[617be2ca0a6fd877]::panicking::default_hook::{closure#0}
[INFO] [stdout]    4:     0x64e98f4fddc9 - std[617be2ca0a6fd877]::panicking::default_hook
[INFO] [stdout]    5:     0x64e98f47a0d0 - test[aada8e7e76ba119b]::test_main_inner::{closure#0}
[INFO] [stdout]    6:     0x64e98f4fdf82 - std[617be2ca0a6fd877]::panicking::panic_with_hook
[INFO] [stdout]    7:     0x64e98f4e11b2 - std[617be2ca0a6fd877]::panicking::panic_handler::{closure#0}
[INFO] [stdout]    8:     0x64e98f4d9c19 - std[617be2ca0a6fd877]::sys::backtrace::__rust_end_short_backtrace::<std[617be2ca0a6fd877]::panicking::panic_handler::{closure#0}, !>
[INFO] [stdout]    9:     0x64e98f4e1dbd - __rustc[ea4f61d10b84890b]::rust_begin_unwind
[INFO] [stdout]   10:     0x64e98f51c2bc - core[a373ad73a504971]::panicking::panic_fmt
[INFO] [stdout]   11:     0x64e98f51c092 - core[a373ad73a504971]::result::unwrap_failed
[INFO] [stdout]   12:     0x64e98f4668a7 - parity_corpus[59a5b0464ae1946]::corpus
[INFO] [stdout]   13:     0x64e98f4684be - <parity_corpus[59a5b0464ae1946]::wire_field_names_match_corpus::{closure#0} as core[a373ad73a504971]::ops::function::FnOnce<()>>::call_once
[INFO] [stdout]   14:     0x64e98f46d51b - test[aada8e7e76ba119b]::__rust_begin_short_backtrace::<core[a373ad73a504971]::result::Result<(), alloc[2e1b2a31b91974c5]::string::String>, fn() -> core[a373ad73a504971]::result::Result<(), alloc[2e1b2a31b91974c5]::string::String>>
[INFO] [stdout]   15:     0x64e98f47a6f5 - test[aada8e7e76ba119b]::run_test::{closure#0}
[INFO] [stdout]   16:     0x64e98f473fe4 - std[617be2ca0a6fd877]::sys::backtrace::__rust_begin_short_backtrace::<test[aada8e7e76ba119b]::run_test::{closure#1}, ()>
[INFO] [stdout]   17:     0x64e98f47d782 - <std[617be2ca0a6fd877]::thread::lifecycle::spawn_unchecked<test[aada8e7e76ba119b]::run_test::{closure#1}, ()>::{closure#1} as core[a373ad73a504971]::ops::function::FnOnce<()>>::call_once::{shim:vtable#0}
[INFO] [stdout]   18:     0x64e98f5050ef - <std[617be2ca0a6fd877]::sys::thread::unix::Thread>::new::thread_start
[INFO] [stdout]   19:     0x7bc9cf3b6dfa - <unknown>
[INFO] [stdout]   20:     0x7bc9cf44a3d4 - clone
[INFO] [stdout]   21:                0x0 - <unknown>
[INFO] [stdout] 
[INFO] [stdout] ---- correlation_id_surfaces_and_mirrors stdout ----
[INFO] [stdout] 
[INFO] [stdout] thread 'correlation_id_surfaces_and_mirrors' (2194) panicked at tests/parity_corpus.rs:23:45:
[INFO] [stdout] parity-corpus.json must be readable: Os { code: 2, kind: NotFound, message: "No such file or directory" }
[INFO] [stdout] stack backtrace:
[INFO] [stdout]    0:     0x64e98f505c21 - <<std[617be2ca0a6fd877]::sys::backtrace::BacktraceLock>::print::DisplayBacktrace as core[a373ad73a504971]::fmt::Display>::fmt
[INFO] [stdout]    1:     0x64e98f51bb5a - core[a373ad73a504971]::fmt::write
[INFO] [stdout]    2:     0x64e98f509e3c - <alloc[2e1b2a31b91974c5]::vec::Vec<u8> as core[a373ad73a504971]::io::write::Write>::write_fmt
[INFO] [stdout]    3:     0x64e98f4e1106 - std[617be2ca0a6fd877]::panicking::default_hook::{closure#0}
[INFO] [stdout]    4:     0x64e98f4fddc9 - std[617be2ca0a6fd877]::panicking::default_hook
[INFO] [stdout]    5:     0x64e98f47a0d0 - test[aada8e7e76ba119b]::test_main_inner::{closure#0}
[INFO] [stdout]    6:     0x64e98f4fdf82 - std[617be2ca0a6fd877]::panicking::panic_with_hook
[INFO] [stdout]    7:     0x64e98f4e11b2 - std[617be2ca0a6fd877]::panicking::panic_handler::{closure#0}
[INFO] [stdout]    8:     0x64e98f4d9c19 - std[617be2ca0a6fd877]::sys::backtrace::__rust_end_short_backtrace::<std[617be2ca0a6fd877]::panicking::panic_handler::{closure#0}, !>
[INFO] [stdout]    9:     0x64e98f4e1dbd - __rustc[ea4f61d10b84890b]::rust_begin_unwind
[INFO] [stdout]   10:     0x64e98f51c2bc - core[a373ad73a504971]::panicking::panic_fmt
[INFO] [stdout]   11:     0x64e98f51c092 - core[a373ad73a504971]::result::unwrap_failed
[INFO] [stdout]   12:     0x64e98f4668a7 - parity_corpus[59a5b0464ae1946]::corpus
[INFO] [stdout]   13:     0x64e98f4694ae - <parity_corpus[59a5b0464ae1946]::correlation_id_surfaces_and_mirrors::{closure#0} as core[a373ad73a504971]::ops::function::FnOnce<()>>::call_once
[INFO] [stdout]   14:     0x64e98f46d51b - test[aada8e7e76ba119b]::__rust_begin_short_backtrace::<core[a373ad73a504971]::result::Result<(), alloc[2e1b2a31b91974c5]::string::String>, fn() -> core[a373ad73a504971]::result::Result<(), alloc[2e1b2a31b91974c5]::string::String>>
[INFO] [stdout]   15:     0x64e98f47a6f5 - test[aada8e7e76ba119b]::run_test::{closure#0}
[INFO] [stdout]   16:     0x64e98f473fe4 - std[617be2ca0a6fd877]::sys::backtrace::__rust_begin_short_backtrace::<test[aada8e7e76ba119b]::run_test::{closure#1}, ()>
[INFO] [stdout]   17:     0x64e98f47d782 - <std[617be2ca0a6fd877]::thread::lifecycle::spawn_unchecked<test[aada8e7e76ba119b]::run_test::{closure#1}, ()>::{closure#1} as core[a373ad73a504971]::ops::function::FnOnce<()>>::call_once::{shim:vtable#0}
[INFO] [stdout]   18:     0x64e98f5050ef - <std[617be2ca0a6fd877]::sys::thread::unix::Thread>::new::thread_start
[INFO] [stdout]   19:     0x7bc9cf3b6dfa - <unknown>
[INFO] [stdout]   20:     0x7bc9cf44a3d4 - clone
[INFO] [stdout]   21:                0x0 - <unknown>
[INFO] [stdout] 
[INFO] [stdout] ---- redaction_matches_corpus stdout ----
[INFO] [stdout] 
[INFO] [stdout] thread 'redaction_matches_corpus' (2199) panicked at tests/parity_corpus.rs:23:45:
[INFO] [stdout] parity-corpus.json must be readable: Os { code: 2, kind: NotFound, message: "No such file or directory" }
[INFO] [stdout] stack backtrace:
[INFO] [stdout]    0:     0x64e98f505c21 - <<std[617be2ca0a6fd877]::sys::backtrace::BacktraceLock>::print::DisplayBacktrace as core[a373ad73a504971]::fmt::Display>::fmt
[INFO] [stdout]    1:     0x64e98f51bb5a - core[a373ad73a504971]::fmt::write
[INFO] [stdout]    2:     0x64e98f509e3c - <alloc[2e1b2a31b91974c5]::vec::Vec<u8> as core[a373ad73a504971]::io::write::Write>::write_fmt
[INFO] [stdout]    3:     0x64e98f4e1106 - std[617be2ca0a6fd877]::panicking::default_hook::{closure#0}
[INFO] [stdout]    4:     0x64e98f4fddc9 - std[617be2ca0a6fd877]::panicking::default_hook
[INFO] [stdout]    5:     0x64e98f47a0d0 - test[aada8e7e76ba119b]::test_main_inner::{closure#0}
[INFO] [stdout]    6:     0x64e98f4fdf82 - std[617be2ca0a6fd877]::panicking::panic_with_hook
[INFO] [stdout]    7:     0x64e98f4e11b2 - std[617be2ca0a6fd877]::panicking::panic_handler::{closure#0}
[INFO] [stdout]    8:     0x64e98f4d9c19 - std[617be2ca0a6fd877]::sys::backtrace::__rust_end_short_backtrace::<std[617be2ca0a6fd877]::panicking::panic_handler::{closure#0}, !>
[INFO] [stdout]    9:     0x64e98f4e1dbd - __rustc[ea4f61d10b84890b]::rust_begin_unwind
[INFO] [stdout]   10:     0x64e98f51c2bc - core[a373ad73a504971]::panicking::panic_fmt
[INFO] [stdout]   11:     0x64e98f51c092 - core[a373ad73a504971]::result::unwrap_failed
[INFO] [stdout]   12:     0x64e98f4668a7 - parity_corpus[59a5b0464ae1946]::corpus
[INFO] [stdout]   13:     0x64e98f466a03 - <parity_corpus[59a5b0464ae1946]::redaction_matches_corpus::{closure#0} as core[a373ad73a504971]::ops::function::FnOnce<()>>::call_once
[INFO] [stdout]   14:     0x64e98f46d51b - test[aada8e7e76ba119b]::__rust_begin_short_backtrace::<core[a373ad73a504971]::result::Result<(), alloc[2e1b2a31b91974c5]::string::String>, fn() -> core[a373ad73a504971]::result::Result<(), alloc[2e1b2a31b91974c5]::string::String>>
[INFO] [stdout]   15:     0x64e98f47a6f5 - test[aada8e7e76ba119b]::run_test::{closure#0}
[INFO] [stdout]   16:     0x64e98f473fe4 - std[617be2ca0a6fd877]::sys::backtrace::__rust_begin_short_backtrace::<test[aada8e7e76ba119b]::run_test::{closure#1}, ()>
[INFO] [stdout]   17:     0x64e98f47d782 - <std[617be2ca0a6fd877]::thread::lifecycle::spawn_unchecked<test[aada8e7e76ba119b]::run_test::{closure#1}, ()>::{closure#1} as core[a373ad73a504971]::ops::function::FnOnce<()>>::call_once::{shim:vtable#0}
[INFO] [stdout]   18:     0x64e98f5050ef - <std[617be2ca0a6fd877]::sys::thread::unix::Thread>::new::thread_start
[INFO] [stdout]   19:     0x7bc9cf3b6dfa - <unknown>
[INFO] [stdout]   20:     0x7bc9cf44a3d4 - clone
[INFO] [stdout]   21:                0x0 - <unknown>
[INFO] [stdout] 
[INFO] [stdout] 
[INFO] [stdout] failures:
[INFO] [stdout]     correlation_id_surfaces_and_mirrors
[INFO] [stdout]     default_redact_keys_match_corpus_in_order
[INFO] [stdout]     every_record_carries_the_required_fields
[INFO] [stdout]     level_wire_shape_matches_corpus
[INFO] [stdout]     message_shape_matches_corpus
[INFO] [stdout]     redaction_matches_corpus
[INFO] [stdout]     wire_field_names_match_corpus
[INFO] [stdout] 
[INFO] [stdout] test result: FAILED. 0 passed; 7 failed; 0 ignored; 0 measured; 0 filtered out; finished in 0.00s
[INFO] [stdout] 
[INFO] [stderr] error: test failed, to rerun pass `--test parity_corpus`
[INFO] running `Command { std: "docker" "inspect" "8ad11341115ce3241ad6a1ca52902104d740bdb641a6959a6771e46048c56d51", kill_on_drop: false }`
[INFO] running `Command { std: "docker" "rm" "-f" "8ad11341115ce3241ad6a1ca52902104d740bdb641a6959a6771e46048c56d51", kill_on_drop: false }`
[INFO] [stdout] 8ad11341115ce3241ad6a1ca52902104d740bdb641a6959a6771e46048c56d51
