[INFO] fetching crate smooai-config 6.12.1...
[INFO] testing smooai-config-6.12.1 against 1.100.0-beta.1+cargoflags=--release for beta-release-1.100-2
[INFO] extracting crate smooai-config 6.12.1 into /workspace/builds/worker-0-tc2/source
[INFO] started tweaking crates.io crate smooai-config 6.12.1
[INFO] removed 0 missing tests
[INFO] finished tweaking crates.io crate smooai-config 6.12.1
[INFO] tweaked toml for crates.io crate smooai-config 6.12.1 written to /workspace/builds/worker-0-tc2/source/Cargo.toml
[INFO] validating manifest of crates.io crate smooai-config 6.12.1 on toolchain 1.100.0-beta.1
[INFO] running `Command { std: CARGO_HOME="/workspace/cargo-home" RUSTUP_HOME="/workspace/rustup-home" "/workspace/cargo-home/bin/cargo" "+1.100.0-beta.1" "metadata" "--manifest-path" "Cargo.toml" "--no-deps", kill_on_drop: false }`
[INFO] crate crates.io crate smooai-config 6.12.1 already has a lockfile, it will not be regenerated
[INFO] running `Command { std: CARGO_HOME="/workspace/cargo-home" RUSTUP_HOME="/workspace/rustup-home" "/workspace/cargo-home/bin/cargo" "+1.100.0-beta.1" "fetch" "--manifest-path" "Cargo.toml", kill_on_drop: false }`
[INFO] [stderr] warning: `package.homepage` is redundant with `package.repository`
[INFO] [stderr]   --> Cargo.toml:58:12
[INFO] [stderr]    |
[INFO] [stderr] 58 | homepage = "https://github.com/SmooAI/config"
[INFO] [stderr]    |            ^^^^^^^^^^^^^^^^^^^^^^^^^^^^^^^^^^
[INFO] [stderr] ...
[INFO] [stderr] 63 | repository = "https://github.com/SmooAI/config"
[INFO] [stderr]    |              ----------------------------------
[INFO] [stderr]    |
[INFO] [stderr]    = note: `cargo::redundant_homepage` is set to `warn` by default
[INFO] [stderr] help: consider removing `package.homepage`
[INFO] [stderr] warning: `smooai-config` (manifest) generated 1 warning
[INFO] running `Command { std: "docker" "create" "-v" "/var/lib/crater-agent-workspace/builds/worker-0-tc2/source:/opt/rustwide/workdir:ro,Z" "-v" "/var/lib/crater-agent-workspace/builds/worker-0-tc2/target:/opt/rustwide/target:rw,Z" "-v" "/var/lib/crater-agent-workspace/cargo-home:/opt/rustwide/cargo-home:ro,Z" "-v" "/var/lib/crater-agent-workspace/rustup-home:/opt/rustwide/rustup-home:ro,Z" "-m" "1610612736" "--network" "none" "ghcr.io/rust-lang/crates-build-env/linux@sha256:77db811e55d90add9212f6832c23229e3de5f1c1f9905e8cb07319ea15df73ac" "sleep" "infinity", kill_on_drop: false }`
[INFO] [stdout] 29ee84811f4ac34f1c491d7d20f54e513d446f659aa02aa92600c82115080e4f
[INFO] running `Command { std: "docker" "start" "29ee84811f4ac34f1c491d7d20f54e513d446f659aa02aa92600c82115080e4f", kill_on_drop: false }`
[INFO] running `Command { std: "docker" "inspect" "29ee84811f4ac34f1c491d7d20f54e513d446f659aa02aa92600c82115080e4f", kill_on_drop: false }`
[INFO] running `Command { std: "docker" "exec" "-e" "SOURCE_DIR=/opt/rustwide/workdir" "-e" "CARGO_HOME=/opt/rustwide/cargo-home" "-e" "RUSTUP_HOME=/opt/rustwide/rustup-home" "-e" "CARGO_TARGET_DIR=/opt/rustwide/target" "-w" "/opt/rustwide/workdir" "--user" "0:0" "29ee84811f4ac34f1c491d7d20f54e513d446f659aa02aa92600c82115080e4f" "/opt/rustwide/cargo-home/bin/cargo" "+1.100.0-beta.1" "metadata" "--no-deps" "--format-version=1", kill_on_drop: false }`
[INFO] running `Command { std: "docker" "inspect" "29ee84811f4ac34f1c491d7d20f54e513d446f659aa02aa92600c82115080e4f", kill_on_drop: false }`
[INFO] running `Command { std: "docker" "exec" "-e" "SOURCE_DIR=/opt/rustwide/workdir" "-e" "CARGO_HOME=/opt/rustwide/cargo-home" "-e" "RUSTUP_HOME=/opt/rustwide/rustup-home" "-e" "CARGO_TARGET_DIR=/opt/rustwide/target" "-e" "CARGO_INCREMENTAL=0" "-e" "RUST_BACKTRACE=full" "-e" "RUSTFLAGS=--cap-lints=warn" "-e" "RUSTDOCFLAGS=--cap-lints=warn" "-w" "/opt/rustwide/workdir" "--user" "0:0" "29ee84811f4ac34f1c491d7d20f54e513d446f659aa02aa92600c82115080e4f" "/opt/rustwide/cargo-home/bin/cargo" "+1.100.0-beta.1" "build" "--frozen" "--message-format=json" "--release", kill_on_drop: false }`
[INFO] [stderr] warning: `package.homepage` is redundant with `package.repository`
[INFO] [stderr]   --> Cargo.toml:58:12
[INFO] [stderr]    |
[INFO] [stderr] 58 | homepage = "https://github.com/SmooAI/config"
[INFO] [stderr]    |            ^^^^^^^^^^^^^^^^^^^^^^^^^^^^^^^^^^
[INFO] [stderr] ...
[INFO] [stderr] 63 | repository = "https://github.com/SmooAI/config"
[INFO] [stderr]    |              ----------------------------------
[INFO] [stderr]    |
[INFO] [stderr]    = note: `cargo::redundant_homepage` is set to `warn` by default
[INFO] [stderr] help: consider removing `package.homepage`
[INFO] [stderr] warning: `smooai-config` (manifest) generated 1 warning
[INFO] [stderr]    Compiling smallvec v1.15.2
[INFO] [stderr]    Compiling cc v1.4.3
[INFO] [stderr]    Compiling futures-sink v0.3.34
[INFO] [stderr]    Compiling syn v3.0.3
[INFO] [stderr]    Compiling mio v1.2.2
[INFO] [stderr]    Compiling openssl v0.10.81
[INFO] [stderr]    Compiling crypto-common v0.1.7
[INFO] [stderr]    Compiling tracing v0.1.44
[INFO] [stderr]    Compiling openssl-macros v0.1.1
[INFO] [stderr]    Compiling native-tls v0.2.18
[INFO] [stderr]    Compiling zerofrom v0.1.8
[INFO] [stderr]    Compiling inout v0.1.4
[INFO] [stderr]    Compiling ipnet v2.12.1
[INFO] [stderr]    Compiling serde_json v1.0.151
[INFO] [stderr]    Compiling serde_derive_internals v0.29.1
[INFO] [stderr]    Compiling schemars v0.8.22
[INFO] [stderr]    Compiling futures-util v0.3.34
[INFO] [stderr]    Compiling futures-channel v0.3.34
[INFO] [stderr]    Compiling yoke v0.8.3
[INFO] [stderr]    Compiling parking_lot_core v0.9.12
[INFO] [stderr]    Compiling cipher v0.4.4
[INFO] [stderr]    Compiling universal-hash v0.5.1
[INFO] [stderr]    Compiling aead v0.5.2
[INFO] [stderr]    Compiling thiserror-impl v1.0.69
[INFO] [stderr]    Compiling encoding_rs v0.8.35
[INFO] [stderr]    Compiling dyn-clone v1.0.20
[INFO] [stderr]    Compiling polyval v0.6.2
[INFO] [stderr]    Compiling parking_lot v0.12.5
[INFO] [stderr]    Compiling aes v0.8.4
[INFO] [stderr]    Compiling ctr v0.9.2
[INFO] [stderr]    Compiling ghash v0.5.1
[INFO] [stderr]    Compiling aes-gcm v0.10.3
[INFO] [stderr]    Compiling schemars_derive v0.8.22
[INFO] [stderr]    Compiling openssl-sys v0.9.117
[INFO] [stderr]    Compiling thiserror v1.0.69
[INFO] [stderr]    Compiling zerovec-derive v0.11.5
[INFO] [stderr]    Compiling displaydoc v0.2.7
[INFO] [stderr]    Compiling tokio-macros v2.7.2
[INFO] [stderr]    Compiling serde_derive v1.0.229
[INFO] [stderr]    Compiling tokio v1.53.1
[INFO] [stderr]    Compiling zerotrie v0.2.5
[INFO] [stderr]    Compiling zerovec v0.11.8
[INFO] [stderr]    Compiling tinystr v0.8.4
[INFO] [stderr]    Compiling potential_utf v0.1.6
[INFO] [stderr]    Compiling icu_locale_core v2.3.0
[INFO] [stderr]    Compiling icu_collections v2.3.0
[INFO] [stderr]    Compiling icu_provider v2.3.0
[INFO] [stderr]    Compiling icu_properties v2.3.0
[INFO] [stderr]    Compiling icu_normalizer v2.3.0
[INFO] [stderr]    Compiling serde v1.0.229
[INFO] [stderr]    Compiling serde_urlencoded v0.7.1
[INFO] [stderr]    Compiling idna_adapter v1.2.2
[INFO] [stderr]    Compiling idna v1.1.0
[INFO] [stderr]    Compiling url v2.5.8
[INFO] [stderr]    Compiling tokio-util v0.7.19
[INFO] [stderr]    Compiling tower v0.5.3
[INFO] [stderr]    Compiling tokio-native-tls v0.3.1
[INFO] [stderr]    Compiling h2 v0.4.18
[INFO] [stderr]    Compiling tower-http v0.6.11
[INFO] [stderr]    Compiling hyper v1.11.0
[INFO] [stderr]    Compiling hyper-util v0.1.20
[INFO] [stderr]    Compiling hyper-tls v0.6.0
[INFO] [stderr]    Compiling reqwest v0.12.28
[INFO] [stderr]    Compiling smooai-config v6.12.1 (/opt/rustwide/workdir)
[INFO] [stderr]     Finished `release` profile [optimized] target(s) in 1m 00s
[INFO] running `Command { std: "docker" "inspect" "29ee84811f4ac34f1c491d7d20f54e513d446f659aa02aa92600c82115080e4f", kill_on_drop: false }`
[INFO] running `Command { std: "docker" "exec" "-e" "SOURCE_DIR=/opt/rustwide/workdir" "-e" "CARGO_HOME=/opt/rustwide/cargo-home" "-e" "RUSTUP_HOME=/opt/rustwide/rustup-home" "-e" "CARGO_TARGET_DIR=/opt/rustwide/target" "-e" "CARGO_INCREMENTAL=0" "-e" "RUST_BACKTRACE=full" "-e" "RUSTFLAGS=--cap-lints=warn" "-e" "RUSTDOCFLAGS=--cap-lints=warn" "-w" "/opt/rustwide/workdir" "--user" "0:0" "29ee84811f4ac34f1c491d7d20f54e513d446f659aa02aa92600c82115080e4f" "/opt/rustwide/cargo-home/bin/cargo" "+1.100.0-beta.1" "test" "--frozen" "--no-run" "--message-format=json" "--release", kill_on_drop: false }`
[INFO] [stderr] warning: `package.homepage` is redundant with `package.repository`
[INFO] [stderr]   --> Cargo.toml:58:12
[INFO] [stderr]    |
[INFO] [stderr] 58 | homepage = "https://github.com/SmooAI/config"
[INFO] [stderr]    |            ^^^^^^^^^^^^^^^^^^^^^^^^^^^^^^^^^^
[INFO] [stderr] ...
[INFO] [stderr] 63 | repository = "https://github.com/SmooAI/config"
[INFO] [stderr]    |              ----------------------------------
[INFO] [stderr]    |
[INFO] [stderr]    = note: `cargo::redundant_homepage` is set to `warn` by default
[INFO] [stderr] help: consider removing `package.homepage`
[INFO] [stderr] warning: `smooai-config` (manifest) generated 1 warning
[INFO] [stderr]    Compiling futures-macro v0.3.34
[INFO] [stderr]    Compiling tokio v1.53.1
[INFO] [stderr]    Compiling openssl v0.10.81
[INFO] [stderr]    Compiling regex-automata v0.4.18
[INFO] [stderr]    Compiling num_cpus v1.17.0
[INFO] [stderr]    Compiling deadpool-runtime v0.1.4
[INFO] [stderr]    Compiling assert-json-diff v2.0.2
[INFO] [stderr]    Compiling tempfile v3.27.0
[INFO] [stderr]    Compiling futures-util v0.3.34
[INFO] [stderr]    Compiling native-tls v0.2.18
[INFO] [stderr]    Compiling regex v1.13.1
[INFO] [stderr]    Compiling futures-executor v0.3.34
[INFO] [stderr]    Compiling futures v0.3.34
[INFO] [stderr]    Compiling tokio-util v0.7.19
[INFO] [stderr]    Compiling tower v0.5.3
[INFO] [stderr]    Compiling tokio-native-tls v0.3.1
[INFO] [stderr]    Compiling deadpool v0.12.3
[INFO] [stderr]    Compiling h2 v0.4.18
[INFO] [stderr]    Compiling tower-http v0.6.11
[INFO] [stderr]    Compiling hyper v1.11.0
[INFO] [stderr]    Compiling hyper-util v0.1.20
[INFO] [stderr]    Compiling hyper-tls v0.6.0
[INFO] [stderr]    Compiling wiremock v0.6.5
[INFO] [stderr]    Compiling reqwest v0.12.28
[INFO] [stderr]    Compiling smooai-config v6.12.1 (/opt/rustwide/workdir)
[INFO] [stderr]     Finished `release` profile [optimized] target(s) in 1m 40s
[INFO] running `Command { std: "docker" "inspect" "29ee84811f4ac34f1c491d7d20f54e513d446f659aa02aa92600c82115080e4f", kill_on_drop: false }`
[INFO] running `Command { std: "docker" "exec" "-e" "SOURCE_DIR=/opt/rustwide/workdir" "-e" "CARGO_HOME=/opt/rustwide/cargo-home" "-e" "RUSTUP_HOME=/opt/rustwide/rustup-home" "-e" "CARGO_TARGET_DIR=/opt/rustwide/target" "-e" "CARGO_INCREMENTAL=0" "-e" "RUST_BACKTRACE=full" "-e" "RUSTFLAGS=--cap-lints=warn" "-e" "RUSTDOCFLAGS=--cap-lints=warn" "-w" "/opt/rustwide/workdir" "--user" "0:0" "29ee84811f4ac34f1c491d7d20f54e513d446f659aa02aa92600c82115080e4f" "/opt/rustwide/cargo-home/bin/cargo" "+1.100.0-beta.1" "test" "--frozen" "--release", kill_on_drop: false }`
[INFO] [stderr] warning: `package.homepage` is redundant with `package.repository`
[INFO] [stderr]   --> Cargo.toml:58:12
[INFO] [stderr]    |
[INFO] [stderr] 58 | homepage = "https://github.com/SmooAI/config"
[INFO] [stderr]    |            ^^^^^^^^^^^^^^^^^^^^^^^^^^^^^^^^^^
[INFO] [stderr] ...
[INFO] [stderr] 63 | repository = "https://github.com/SmooAI/config"
[INFO] [stderr]    |              ----------------------------------
[INFO] [stderr]    |
[INFO] [stderr]    = note: `cargo::redundant_homepage` is set to `warn` by default
[INFO] [stderr] help: consider removing `package.homepage`
[INFO] [stderr] warning: `smooai-config` (manifest) generated 1 warning
[INFO] [stderr]     Finished `release` profile [optimized] target(s) in 0.21s
[INFO] [stderr]      Running unittests src/lib.rs (/opt/rustwide/target/release/build/smooai-config/00bb6457871150e8/out/smooai_config-00bb6457871150e8)
[INFO] [stdout] 
[INFO] [stdout] running 211 tests
[INFO] [stdout] test bootstrap::tests::resolve_env_development_default ... ok
[INFO] [stdout] test bootstrap::tests::resolve_env_malformed_sst_resource_app_falls_through ... ok
[INFO] [stdout] test bootstrap::tests::resolve_env_explicit_wins ... ok
[INFO] [stdout] test bootstrap::tests::resolve_env_next_public_stage ... ok
[INFO] [stdout] test bootstrap::tests::resolve_env_smooai_env_fallback ... ok
[INFO] [stdout] test bootstrap::tests::resolve_env_sst_resource_app ... ok
[INFO] [stdout] test client::evaluate_response_tests::test_clamp_limit_snaps_to_step ... ok
[INFO] [stdout] test client::evaluate_response_tests::test_clamp_limit_bounds_and_fallback ... ok
[INFO] [stdout] test bootstrap::tests::resolve_env_sst_stage ... ok
[INFO] [stdout] test bootstrap::tests::resolve_env_production ... ok
[INFO] [stdout] test client::evaluate_response_tests::test_error_helpers ... ok
[INFO] [stdout] test client::evaluate_response_tests::test_response_deserializes_minimal_payload ... ok
[INFO] [stdout] test client::evaluate_response_tests::test_response_serializes_with_camel_case_fields ... ok
[INFO] [stdout] test client::evaluate_response_tests::test_response_skips_none_optional_fields_on_serialize ... ok
[INFO] [stdout] test client::evaluate_response_tests::test_limit_error_helpers_and_serde_skip ... ok
[INFO] [stdout] test client::evaluate_response_tests::test_response_deserializes_full_payload ... ok
[INFO] [stdout] test client::integration_tests::test_error_handling_401_unauthorized ... ok
[INFO] [stdout] test bootstrap::tests::refetches_on_env_change ... ok
[INFO] [stdout] test client::integration_tests::test_evaluate_feature_flag_404_not_found ... ok
[INFO] [stdout] test client::integration_tests::test_caching_prevents_duplicate_requests ... ok
[INFO] [stdout] test build::tests::build_bundle_default_classifier_makes_everything_public ... ok
[INFO] [stdout] test build::tests::build_bundle_encrypts_and_reports_counts ... ok
[INFO] [stdout] test client::integration_tests::test_auth_header_verification ... ok
[INFO] [stdout] test client::integration_tests::test_error_handling_404_not_found ... ok
[INFO] [stdout] test bootstrap::tests::oauth_failure_returns_error ... ok
[INFO] [stdout] test client::integration_tests::test_evaluate_feature_flag_400_context_error ... ok
[INFO] [stdout] test client::integration_tests::test_evaluate_feature_flag_defaults_context_to_empty ... ok
[INFO] [stdout] test client::integration_tests::test_evaluate_feature_flag_5xx_evaluation_error ... ok
[INFO] [stdout] test client::integration_tests::test_evaluate_limit_maps_404_to_not_found ... ok
[INFO] [stdout] test client::integration_tests::test_evaluate_feature_flag_url_encodes_key ... ok
[INFO] [stdout] test client::integration_tests::test_invalidate_cache_forces_refetch ... ok
[INFO] [stdout] test bootstrap::tests::missing_creds_errors ... ok
[INFO] [stdout] test client::integration_tests::test_get_all_values_fetches_all ... ok
[INFO] [stdout] test client::integration_tests::test_per_environment_caching ... ok
[INFO] [stdout] test client::tests::test_default_environment ... ok
[INFO] [stdout] test client::tests::test_cache_ttl_none_by_default ... ok
[INFO] [stdout] test client::integration_tests::test_evaluate_limit_posts_body_and_returns_numeric_response ... ok
[INFO] [stdout] test bootstrap::tests::accepts_legacy_api_key ... ok
[INFO] [stdout] test client::integration_tests::test_evaluate_feature_flag_posts_body_and_returns_response ... ok
[INFO] [stdout] test client::integration_tests::test_evaluate_feature_flag_honors_environment_override ... ok
[INFO] [stdout] test bootstrap::tests::caches_values_per_env ... ok
[INFO] [stdout] test client::tests::test_value_response_complex_value ... ok
[INFO] [stdout] test client::tests::test_value_response_deserialization ... ok
[INFO] [stdout] test client::tests::test_values_response_deserialization ... ok
[INFO] [stdout] test client::tests::test_values_response_empty ... ok
[INFO] [stdout] test cloud_region::tests::test_aws_default_region_fallback ... ok
[INFO] [stdout] test cloud_region::tests::test_aws_priority_over_azure ... ok
[INFO] [stdout] test cloud_region::tests::test_aws_region ... ok
[INFO] [stdout] test cloud_region::tests::test_azure_location_fallback ... ok
[INFO] [stdout] test cloud_region::tests::test_azure_region ... ok
[INFO] [stdout] test client::tests::test_invalidate_empty_cache_is_noop ... ok
[INFO] [stdout] test client::tests::test_invalidate_cache_clears_all ... ok
[INFO] [stdout] test client::integration_tests::test_get_value_fetches_single_value ... ok
[INFO] [stdout] test cloud_region::tests::test_custom_overrides_aws ... ok
[INFO] [stdout] test cloud_region::tests::test_custom_provider_only ... ok
[INFO] [stdout] test cloud_region::tests::test_gcp_cloudsdk_fallback ... ok
[INFO] [stdout] test cloud_region::tests::test_gcp_region ... ok
[INFO] [stdout] test cloud_region::tests::test_custom_region_only ... ok
[INFO] [stdout] test cloud_region::tests::test_empty_env ... ok
[INFO] [stdout] test cloud_region::tests::test_custom_override_both ... ok
[INFO] [stdout] test config_manager::tests::test_basic_deferred_value ... ok
[INFO] [stdout] test client::integration_tests::test_ttl_expiration_refetches ... ok
[INFO] [stdout] test client::tests::test_new_preserves_url_without_trailing_slash ... ok
[INFO] [stdout] test config_manager::tests::test_deferred_runs_after_merge ... ok
[INFO] [stdout] test config_manager::tests::test_environment_constructor_overrides_env_var ... ok
[INFO] [stdout] test config_manager::tests::test_environment_resolution_default ... ok
[INFO] [stdout] test config_manager::tests::test_environment_resolution_from_constructor ... ok
[INFO] [stdout] test config_manager::tests::test_environment_resolution_from_env_var ... ok
[INFO] [stdout] test bootstrap::tests::returns_none_for_missing_key ... ok
[INFO] [stdout] test config_manager::tests::test_graceful_fallback_no_config_files ... ok
[INFO] [stdout] test config_manager::tests::test_invalidate_allows_reinitialization ... ok
[INFO] [stdout] test config_manager::tests::test_invalidate_clears_state ... ok
[INFO] [stdout] test client::tests::test_invalidate_cache_for_environment ... ok
[INFO] [stdout] test config_manager::tests::test_known_key_passes_through ... ok
[INFO] [stdout] test config_manager::tests::test_lazy_initialization ... ok
[INFO] [stdout] test config_manager::tests::test_local_only_mode ... ok
[INFO] [stdout] test config_manager::tests::test_cache_behavior ... ok
[INFO] [stdout] test config_manager::tests::test_graceful_degradation_on_server_error ... ok
[INFO] [stdout] test config_manager::tests::test_multiple_deferred_see_snapshot ... ok
[INFO] [stdout] test config_manager::tests::test_no_remote_without_credentials ... ok
[INFO] [stdout] test client::tests::test_new_stores_org_id ... ok
[INFO] [stdout] test config_manager::tests::test_no_schema_keys_disables_guard ... ok
[INFO] [stdout] test config_manager::tests::test_api_creds_from_env ... ok
[INFO] [stdout] test config_manager::tests::test_invalidation_refetches ... ok
[INFO] [stdout] test bootstrap::tests::values_failure_returns_error ... ok
[INFO] [stdout] test config_manager::tests::test_strict_off_with_schema_keys_does_not_error ... ok
[INFO] [stdout] test config_manager::tests::test_three_tiers_independent ... ok
[INFO] [stdout] test client::tests::test_new_initializes_empty_cache ... ok
[INFO] [stdout] test config_manager::tests::test_returns_none_for_missing_key ... ok
[INFO] [stdout] test container::tests::bootstrap_error_message_lists_vars ... ok
[INFO] [stdout] test config_manager::tests::test_undefined_key_returns_friendly_error ... ok
[INFO] [stdout] test container::tests::config_error_wraps_typed_variants_as_source ... ok
[INFO] [stdout] test container::tests::config_health_status_and_helpers ... ok
[INFO] [stdout] test container::tests::defaults_match_contract ... ok
[INFO] [stdout] test container::tests::is_present_only_null_is_absent ... ok
[INFO] [stdout] test container::tests::bootstrap_error_singular_phrasing ... ok
[INFO] [stdout] test container::tests::key_unresolved_message_carries_context ... ok
[INFO] [stdout] test container::tests::non_blank_treats_whitespace_as_absent ... ok
[INFO] [stdout] test deferred::tests::test_deferred_after_merge ... ok
[INFO] [stdout] test container::tests::tier_strings_match_wire_contract ... ok
[INFO] [stdout] test config_manager::tests::test_undefined_key_honors_custom_schema_path ... ok
[INFO] [stdout] test config_manager::tests::test_thread_safety ... ok
[INFO] [stdout] test config_manager::tests::test_constructor_params_override_env_vars ... ok
[INFO] [stdout] test deferred::tests::test_multiple_deferred_see_snapshot ... ok
[INFO] [stdout] test env_config::tests::test_coerces_boolean ... ok
[INFO] [stdout] test deferred::tests::test_empty_deferred ... ok
[INFO] [stdout] test env_config::tests::test_coerces_json ... ok
[INFO] [stdout] test deferred::tests::test_resolve_basic_deferred ... ok
[INFO] [stdout] test env_config::tests::test_coerces_number ... ok
[INFO] [stdout] test env_config::tests::test_extracts_matching_keys ... ok
[INFO] [stdout] test eso_manifests::tests::cluster_store_required_fields ... ok
[INFO] [stdout] test eso_manifests::tests::cluster_store_defaults_and_encoding ... ok
[INFO] [stdout] test eso_manifests::tests::external_secret_duplicate_env_var ... ok
[INFO] [stdout] test env_config::tests::test_sets_builtin_keys ... ok
[INFO] [stdout] test eso_manifests::tests::external_secret_maps_keys ... ok
[INFO] [stdout] test eso_refresher::tests::forces_fresh_each_cycle ... ok
[INFO] [stdout] test env_config::tests::test_strips_prefix ... ok
[INFO] [stdout] test eso_refresher::tests::refresh_once_writes_fresh_token ... ok
[INFO] [stdout] test eso_manifests::tests::cluster_store_bakes_org_and_env ... ok
[INFO] [stdout] test eso_refresher::tests::defaults_interval_when_zero ... ok
[INFO] [stdout] test eso_refresher::tests::refresh_once_propagates_write_failure ... ok
[INFO] [stdout] test eso_manifests::tests::resolve_mapping_defaults_and_override ... ok
[INFO] [stdout] test file_config::tests::test_merges_env_specific ... ok
[INFO] [stdout] test config_manager::tests::test_merge_precedence ... ok
[INFO] [stdout] test file_config::tests::test_merges_provider_and_region ... ok
[INFO] [stdout] test file_config::tests::test_raises_without_default ... ok
[INFO] [stdout] test file_config::tests::test_loads_default_json ... ok
[INFO] [stdout] test local::tests::test_lazy_initialization ... ok
[INFO] [stdout] test file_config::tests::test_sets_builtin_keys ... ok
[INFO] [stdout] test config_manager::tests::test_nested_object_merge ... ok
[INFO] [stdout] test merge::tests::test_array_replaces_array ... ok
[INFO] [stdout] test local::tests::test_get_public_config ... ok
[INFO] [stdout] test local::tests::test_returns_none_for_missing_key ... ok
[INFO] [stdout] test merge::tests::test_array_replaces_non_array ... ok
[INFO] [stdout] test merge::tests::test_bool_overwrites_bool ... ok
[INFO] [stdout] test merge::tests::test_array_in_object_gets_replaced ... ok
[INFO] [stdout] test merge::tests::test_array_replaces_completely ... ok
[INFO] [stdout] test merge::tests::test_deeply_nested_merge ... ok
[INFO] [stdout] test merge::tests::test_empty_target_uses_source ... ok
[INFO] [stdout] test local::tests::test_invalidate_allows_reinitialization ... ok
[INFO] [stdout] test merge::tests::test_both_empty ... ok
[INFO] [stdout] test merge::tests::test_empty_source_preserves_target ... ok
[INFO] [stdout] test merge::tests::test_flat_object_merge ... ok
[INFO] [stdout] test merge::tests::test_nested_array_in_deep_object ... ok
[INFO] [stdout] test config_manager::tests::test_full_integration ... ok
[INFO] [stdout] test merge::tests::test_nested_object_merge ... ok
[INFO] [stdout] test merge::tests::test_number_overwrites_number ... ok
[INFO] [stdout] test merge::tests::test_null_overwrites_value ... ok
[INFO] [stdout] test merge::tests::test_object_overwrites_non_object_target ... ok
[INFO] [stdout] test merge::tests::test_object_replaces_primitive ... ok
[INFO] [stdout] test config_manager::tests::test_api_creds_from_constructor ... ok
[INFO] [stdout] test merge::tests::test_partial_database_override ... ok
[INFO] [stdout] test merge::tests::test_primitive_replaces_object ... ok
[INFO] [stdout] test merge::tests::test_string_overwrites_string ... ok
[INFO] [stdout] test merge::tests::test_value_overwrites_null ... ok
[INFO] [stdout] test runtime::tests::missing_env_falls_back_gracefully ... ok
[INFO] [stdout] test runtime::tests::missing_key_file_path_errors ... ok
[INFO] [stdout] test runtime::tests::invalid_key_length_errors ... ok
[INFO] [stdout] test schema::tests::test_complex_nested_schema ... ok
[INFO] [stdout] test schema::tests::test_config_tier_deserialization ... ok
[INFO] [stdout] test schema::tests::test_config_definition_serialization_roundtrip ... ok
[INFO] [stdout] test runtime::tests::blob_too_short_errors ... ok
[INFO] [stdout] test schema::tests::test_config_tier_invalid_deserialization ... ok
[INFO] [stdout] test runtime::tests::read_baked_config_returns_none_without_env ... ok
[INFO] [stdout] test schema::tests::test_define_config_typed_all_tiers ... ok
[INFO] [stdout] test schema::tests::test_config_tier_public_serialization ... ok
[INFO] [stdout] test schema::tests::test_define_config_typed_basic ... ok
[INFO] [stdout] test schema::tests::test_config_tier_secret_serialization ... ok
[INFO] [stdout] test schema::tests::test_define_config_typed_empty_schema ... ok
[INFO] [stdout] test schema::tests::test_config_tier_serialization ... ok
[INFO] [stdout] test schema::tests::test_empty_config ... ok
[INFO] [stdout] test schema::tests::test_empty_config_has_json_schema_draft ... ok
[INFO] [stdout] test schema::tests::test_with_all_tiers ... ok
[INFO] [stdout] test schema::tests::test_with_public_schema ... ok
[INFO] [stdout] test schema_validator::tests::test_empty_schema ... ok
[INFO] [stdout] test schema::tests::test_with_feature_flag_schema ... ok
[INFO] [stdout] test schema_validator::tests::test_unsupported_format ... ok
[INFO] [stdout] test schema::tests::test_empty_config_has_all_tier_properties ... ok
[INFO] [stdout] test schema::tests::test_with_secret_schema ... ok
[INFO] [stdout] test schema_validator::tests::test_error_structure ... ok
[INFO] [stdout] test utils::tests::test_acronym_handling ... ok
[INFO] [stdout] test utils::tests::test_already_upper_snake_case ... ok
[INFO] [stdout] test utils::tests::test_app_name ... ok
[INFO] [stdout] test utils::tests::test_api_key ... ok
[INFO] [stdout] test utils::tests::test_api_url ... ok
[INFO] [stdout] test utils::tests::test_coerce_boolean_true ... ok
[INFO] [stdout] test utils::tests::test_coerce_boolean_false ... ok
[INFO] [stdout] test utils::tests::test_db_password ... ok
[INFO] [stdout] test utils::tests::test_database ... ok
[INFO] [stdout] test utils::tests::test_empty_string ... ok
[INFO] [stdout] test utils::tests::test_enable_beta ... ok
[INFO] [stdout] test utils::tests::test_enable_debug ... ok
[INFO] [stdout] test utils::tests::test_enable_new_ui ... ok
[INFO] [stdout] test utils::tests::test_error_message_format ... ok
[INFO] [stdout] test utils::tests::test_jwt_secret ... ok
[INFO] [stdout] test utils::tests::test_maintenance_mode ... ok
[INFO] [stdout] test utils::tests::test_max_retries ... ok
[INFO] [stdout] test utils::tests::test_single_char ... ok
[INFO] [stdout] test bootstrap::tests::oauth_missing_access_token_errors ... ok
[INFO] [stdout] test local::tests::test_invalidate ... ok
[INFO] [stdout] test config_manager::tests::test_remote_enrichment ... ok
[INFO] [stdout] test schema_validator::tests::test_valid_schemas_from_fixtures ... FAILED
[INFO] [stdout] test schema_validator::tests::test_invalid_schemas_from_fixtures ... FAILED
[INFO] [stdout] test client::tests::test_new_trims_trailing_slash ... ok
[INFO] [stdout] test client::tests::test_set_cache_ttl ... ok
[INFO] [stdout] test bootstrap::tests::returns_value_for_known_key ... ok
[INFO] [stdout] test bootstrap::tests::stringifies_non_string_values ... ok
[INFO] [stdout] test runtime::tests::round_trip_bake_hydrate ... ok
[INFO] [stdout] test runtime::tests::wrong_key_rejects ... ok
[INFO] [stdout] test runtime::tests::classifier_skip_drops_feature_flags ... ok
[INFO] [stdout] test runtime::tests::tampered_blob_rejects ... ok
[INFO] [stdout] 
[INFO] [stdout] failures:
[INFO] [stdout] 
[INFO] [stdout] ---- schema_validator::tests::test_valid_schemas_from_fixtures stdout ----
[INFO] [stdout] 
[INFO] [stdout] thread 'schema_validator::tests::test_valid_schemas_from_fixtures' (2342) panicked at src/schema_validator.rs:261:48:
[INFO] [stdout] Failed to read test fixtures: Os { code: 2, kind: NotFound, message: "No such file or directory" }
[INFO] [stdout] stack backtrace:
[INFO] [stdout]    0:     0x5913828a8d71 - <<std[617be2ca0a6fd877]::sys::backtrace::BacktraceLock>::print::DisplayBacktrace as core[a373ad73a504971]::fmt::Display>::fmt
[INFO] [stdout]    1:     0x5913828c161a - core[a373ad73a504971]::fmt::write
[INFO] [stdout]    2:     0x5913828adf7c - <alloc[2e1b2a31b91974c5]::vec::Vec<u8> as core[a373ad73a504971]::io::write::Write>::write_fmt
[INFO] [stdout]    3:     0x591382881566 - std[617be2ca0a6fd877]::panicking::default_hook::{closure#0}
[INFO] [stdout]    4:     0x59138289f8d9 - std[617be2ca0a6fd877]::panicking::default_hook
[INFO] [stdout]    5:     0x5913825d8010 - test[aada8e7e76ba119b]::test_main_inner::{closure#0}
[INFO] [stdout]    6:     0x59138289fc02 - std[617be2ca0a6fd877]::panicking::panic_with_hook
[INFO] [stdout]    7:     0x591382881612 - std[617be2ca0a6fd877]::panicking::panic_handler::{closure#0}
[INFO] [stdout]    8:     0x591382879e09 - std[617be2ca0a6fd877]::sys::backtrace::__rust_end_short_backtrace::<std[617be2ca0a6fd877]::panicking::panic_handler::{closure#0}, !>
[INFO] [stdout]    9:     0x59138288262d - __rustc[ea4f61d10b84890b]::rust_begin_unwind
[INFO] [stdout]   10:     0x5913828c1dfc - core[a373ad73a504971]::panicking::panic_fmt
[INFO] [stdout]   11:     0x5913828c1bd2 - core[a373ad73a504971]::result::unwrap_failed
[INFO] [stdout]   12:     0x591382565445 - smooai_config[e0da10ea243ed081]::schema_validator::tests::load_fixtures
[INFO] [stdout]   13:     0x59138256a4a0 - <smooai_config[e0da10ea243ed081]::schema_validator::tests::test_valid_schemas_from_fixtures::{closure#0} as core[a373ad73a504971]::ops::function::FnOnce<()>>::call_once
[INFO] [stdout]   14:     0x5913825cb45b - test[aada8e7e76ba119b]::__rust_begin_short_backtrace::<core[a373ad73a504971]::result::Result<(), alloc[2e1b2a31b91974c5]::string::String>, fn() -> core[a373ad73a504971]::result::Result<(), alloc[2e1b2a31b91974c5]::string::String>>
[INFO] [stdout]   15:     0x5913825d8635 - test[aada8e7e76ba119b]::run_test::{closure#0}
[INFO] [stdout]   16:     0x5913825d1f24 - std[617be2ca0a6fd877]::sys::backtrace::__rust_begin_short_backtrace::<test[aada8e7e76ba119b]::run_test::{closure#1}, ()>
[INFO] [stdout]   17:     0x5913825db6c2 - <std[617be2ca0a6fd877]::thread::lifecycle::spawn_unchecked<test[aada8e7e76ba119b]::run_test::{closure#1}, ()>::{closure#1} as core[a373ad73a504971]::ops::function::FnOnce<()>>::call_once::{shim:vtable#0}
[INFO] [stdout]   18:     0x5913828a795f - <std[617be2ca0a6fd877]::sys::thread::unix::Thread>::new::thread_start
[INFO] [stdout]   19:     0x7a1ee2951dfa - <unknown>
[INFO] [stdout]   20:     0x7a1ee29e53d4 - clone
[INFO] [stdout]   21:                0x0 - <unknown>
[INFO] [stdout] 
[INFO] [stdout] ---- schema_validator::tests::test_invalid_schemas_from_fixtures stdout ----
[INFO] [stdout] 
[INFO] [stdout] thread 'schema_validator::tests::test_invalid_schemas_from_fixtures' (2340) panicked at src/schema_validator.rs:261:48:
[INFO] [stdout] Failed to read test fixtures: Os { code: 2, kind: NotFound, message: "No such file or directory" }
[INFO] [stdout] stack backtrace:
[INFO] [stdout]    0:     0x5913828a8d71 - <<std[617be2ca0a6fd877]::sys::backtrace::BacktraceLock>::print::DisplayBacktrace as core[a373ad73a504971]::fmt::Display>::fmt
[INFO] [stdout]    1:     0x5913828c161a - core[a373ad73a504971]::fmt::write
[INFO] [stdout]    2:     0x5913828adf7c - <alloc[2e1b2a31b91974c5]::vec::Vec<u8> as core[a373ad73a504971]::io::write::Write>::write_fmt
[INFO] [stdout]    3:     0x591382881566 - std[617be2ca0a6fd877]::panicking::default_hook::{closure#0}
[INFO] [stdout]    4:     0x59138289f8d9 - std[617be2ca0a6fd877]::panicking::default_hook
[INFO] [stdout]    5:     0x5913825d8010 - test[aada8e7e76ba119b]::test_main_inner::{closure#0}
[INFO] [stdout]    6:     0x59138289fc02 - std[617be2ca0a6fd877]::panicking::panic_with_hook
[INFO] [stdout]    7:     0x591382881612 - std[617be2ca0a6fd877]::panicking::panic_handler::{closure#0}
[INFO] [stdout]    8:     0x591382879e09 - std[617be2ca0a6fd877]::sys::backtrace::__rust_end_short_backtrace::<std[617be2ca0a6fd877]::panicking::panic_handler::{closure#0}, !>
[INFO] [stdout]    9:     0x59138288262d - __rustc[ea4f61d10b84890b]::rust_begin_unwind
[INFO] [stdout]   10:     0x5913828c1dfc - core[a373ad73a504971]::panicking::panic_fmt
[INFO] [stdout]   11:     0x5913828c1bd2 - core[a373ad73a504971]::result::unwrap_failed
[INFO] [stdout]   12:     0x591382565445 - smooai_config[e0da10ea243ed081]::schema_validator::tests::load_fixtures
[INFO] [stdout]   13:     0x59138256a6e3 - <smooai_config[e0da10ea243ed081]::schema_validator::tests::test_invalid_schemas_from_fixtures::{closure#0} as core[a373ad73a504971]::ops::function::FnOnce<()>>::call_once
[INFO] [stdout]   14:     0x5913825cb45b - test[aada8e7e76ba119b]::__rust_begin_short_backtrace::<core[a373ad73a504971]::result::Result<(), alloc[2e1b2a31b91974c5]::string::String>, fn() -> core[a373ad73a504971]::result::Result<(), alloc[2e1b2a31b91974c5]::string::String>>
[INFO] [stdout]   15:     0x5913825d8635 - test[aada8e7e76ba119b]::run_test::{closure#0}
[INFO] [stdout]   16:     0x5913825d1f24 - std[617be2ca0a6fd877]::sys::backtrace::__rust_begin_short_backtrace::<test[aada8e7e76ba119b]::run_test::{closure#1}, ()>
[INFO] [stdout]   17:     0x5913825db6c2 - <std[617be2ca0a6fd877]::thread::lifecycle::spawn_unchecked<test[aada8e7e76ba119b]::run_test::{closure#1}, ()>::{closure#1} as core[a373ad73a504971]::ops::function::FnOnce<()>>::call_once::{shim:vtable#0}
[INFO] [stdout]   18:     0x5913828a795f - <std[617be2ca0a6fd877]::sys::thread::unix::Thread>::new::thread_start
[INFO] [stdout]   19:     0x7a1ee2951dfa - <unknown>
[INFO] [stdout]   20:     0x7a1ee29e53d4 - clone
[INFO] [stdout]   21:                0x0 - <unknown>
[INFO] [stdout] 
[INFO] [stdout] 
[INFO] [stdout] failures:
[INFO] [stdout]     schema_validator::tests::test_invalid_schemas_from_fixtures
[INFO] [stdout]     schema_validator::tests::test_valid_schemas_from_fixtures
[INFO] [stdout] 
[INFO] [stdout] test result: FAILED. 209 passed; 2 failed; 0 ignored; 0 measured; 0 filtered out; finished in 1.06s
[INFO] [stdout] 
[INFO] [stderr] error: test failed, to rerun pass `--lib`
[INFO] running `Command { std: "docker" "inspect" "29ee84811f4ac34f1c491d7d20f54e513d446f659aa02aa92600c82115080e4f", kill_on_drop: false }`
[INFO] running `Command { std: "docker" "rm" "-f" "29ee84811f4ac34f1c491d7d20f54e513d446f659aa02aa92600c82115080e4f", kill_on_drop: false }`
[INFO] [stdout] 29ee84811f4ac34f1c491d7d20f54e513d446f659aa02aa92600c82115080e4f
