[INFO] fetching crate smol_buf 0.1.2...
[INFO] testing smol_buf-0.1.2 against 1.100.0-beta.1+cargoflags=--release for beta-release-1.100-2
[INFO] extracting crate smol_buf 0.1.2 into /workspace/builds/worker-0-tc2/source
[INFO] started tweaking crates.io crate smol_buf 0.1.2
[INFO] removed 0 missing tests
[INFO] finished tweaking crates.io crate smol_buf 0.1.2
[INFO] tweaked toml for crates.io crate smol_buf 0.1.2 written to /workspace/builds/worker-0-tc2/source/Cargo.toml
[INFO] validating manifest of crates.io crate smol_buf 0.1.2 on toolchain 1.100.0-beta.1
[INFO] running `Command { std: CARGO_HOME="/workspace/cargo-home" RUSTUP_HOME="/workspace/rustup-home" "/workspace/cargo-home/bin/cargo" "+1.100.0-beta.1" "metadata" "--manifest-path" "Cargo.toml" "--no-deps", kill_on_drop: false }`
[INFO] running `Command { std: CARGO_HOME="/workspace/cargo-home" RUSTUP_HOME="/workspace/rustup-home" "/workspace/cargo-home/bin/cargo" "+1.100.0-beta.1" "generate-lockfile" "--manifest-path" "Cargo.toml", kill_on_drop: false }`
[INFO] [stderr]     Updating crates.io index
[INFO] [stderr]      Locking 56 packages to highest compatible versions
[INFO] running `Command { std: CARGO_HOME="/workspace/cargo-home" RUSTUP_HOME="/workspace/rustup-home" "/workspace/cargo-home/bin/cargo" "+1.100.0-beta.1" "fetch" "--manifest-path" "Cargo.toml", kill_on_drop: false }`
[INFO] [stderr] warning: Cargo.toml: `default_features` is deprecated in favor of `default-features` and will not work in the 2024 edition
[INFO] [stderr] (in the `serde` dependency)
[INFO] [stderr] warning: `smol_buf` (manifest) generated 1 warning
[INFO] running `Command { std: "docker" "create" "-v" "/var/lib/crater-agent-workspace/builds/worker-0-tc2/source:/opt/rustwide/workdir:ro,Z" "-v" "/var/lib/crater-agent-workspace/builds/worker-0-tc2/target:/opt/rustwide/target:rw,Z" "-v" "/var/lib/crater-agent-workspace/cargo-home:/opt/rustwide/cargo-home:ro,Z" "-v" "/var/lib/crater-agent-workspace/rustup-home:/opt/rustwide/rustup-home:ro,Z" "-m" "1610612736" "--network" "none" "ghcr.io/rust-lang/crates-build-env/linux@sha256:77db811e55d90add9212f6832c23229e3de5f1c1f9905e8cb07319ea15df73ac" "sleep" "infinity", kill_on_drop: false }`
[INFO] [stdout] 66e9189218d30f764fd82c191ed8d1a9a6584caf82ecaae04d22bc4b5c9aae3a
[INFO] running `Command { std: "docker" "start" "66e9189218d30f764fd82c191ed8d1a9a6584caf82ecaae04d22bc4b5c9aae3a", kill_on_drop: false }`
[INFO] running `Command { std: "docker" "inspect" "66e9189218d30f764fd82c191ed8d1a9a6584caf82ecaae04d22bc4b5c9aae3a", kill_on_drop: false }`
[INFO] running `Command { std: "docker" "exec" "-e" "SOURCE_DIR=/opt/rustwide/workdir" "-e" "CARGO_HOME=/opt/rustwide/cargo-home" "-e" "RUSTUP_HOME=/opt/rustwide/rustup-home" "-e" "CARGO_TARGET_DIR=/opt/rustwide/target" "-w" "/opt/rustwide/workdir" "--user" "0:0" "66e9189218d30f764fd82c191ed8d1a9a6584caf82ecaae04d22bc4b5c9aae3a" "/opt/rustwide/cargo-home/bin/cargo" "+1.100.0-beta.1" "metadata" "--no-deps" "--format-version=1", kill_on_drop: false }`
[INFO] running `Command { std: "docker" "inspect" "66e9189218d30f764fd82c191ed8d1a9a6584caf82ecaae04d22bc4b5c9aae3a", kill_on_drop: false }`
[INFO] running `Command { std: "docker" "exec" "-e" "SOURCE_DIR=/opt/rustwide/workdir" "-e" "CARGO_HOME=/opt/rustwide/cargo-home" "-e" "RUSTUP_HOME=/opt/rustwide/rustup-home" "-e" "CARGO_TARGET_DIR=/opt/rustwide/target" "-e" "CARGO_INCREMENTAL=0" "-e" "RUST_BACKTRACE=full" "-e" "RUSTFLAGS=--cap-lints=warn" "-e" "RUSTDOCFLAGS=--cap-lints=warn" "-w" "/opt/rustwide/workdir" "--user" "0:0" "66e9189218d30f764fd82c191ed8d1a9a6584caf82ecaae04d22bc4b5c9aae3a" "/opt/rustwide/cargo-home/bin/cargo" "+1.100.0-beta.1" "build" "--frozen" "--message-format=json" "--release", kill_on_drop: false }`
[INFO] [stderr] warning: Cargo.toml: `default_features` is deprecated in favor of `default-features` and will not work in the 2024 edition
[INFO] [stderr] (in the `serde` dependency)
[INFO] [stderr] warning: `smol_buf` (manifest) generated 1 warning
[INFO] [stderr]    Compiling smol_buf v0.1.2 (/opt/rustwide/workdir)
[INFO] [stderr]     Finished `release` profile [optimized] target(s) in 0.43s
[INFO] running `Command { std: "docker" "inspect" "66e9189218d30f764fd82c191ed8d1a9a6584caf82ecaae04d22bc4b5c9aae3a", kill_on_drop: false }`
[INFO] running `Command { std: "docker" "exec" "-e" "SOURCE_DIR=/opt/rustwide/workdir" "-e" "CARGO_HOME=/opt/rustwide/cargo-home" "-e" "RUSTUP_HOME=/opt/rustwide/rustup-home" "-e" "CARGO_TARGET_DIR=/opt/rustwide/target" "-e" "CARGO_INCREMENTAL=0" "-e" "RUST_BACKTRACE=full" "-e" "RUSTFLAGS=--cap-lints=warn" "-e" "RUSTDOCFLAGS=--cap-lints=warn" "-w" "/opt/rustwide/workdir" "--user" "0:0" "66e9189218d30f764fd82c191ed8d1a9a6584caf82ecaae04d22bc4b5c9aae3a" "/opt/rustwide/cargo-home/bin/cargo" "+1.100.0-beta.1" "test" "--frozen" "--no-run" "--message-format=json" "--release", kill_on_drop: false }`
[INFO] [stderr] warning: Cargo.toml: `default_features` is deprecated in favor of `default-features` and will not work in the 2024 edition
[INFO] [stderr] (in the `serde` dependency)
[INFO] [stderr] warning: `smol_buf` (manifest) generated 1 warning
[INFO] [stderr]    Compiling rustix v1.1.5
[INFO] [stderr]    Compiling num-traits v0.2.19
[INFO] [stderr]    Compiling bit-vec v0.10.1
[INFO] [stderr]    Compiling rand_xorshift v0.5.0
[INFO] [stderr]    Compiling getrandom v0.4.3
[INFO] [stderr]    Compiling wait-timeout v0.2.1
[INFO] [stderr]    Compiling serde_json v1.0.154
[INFO] [stderr]    Compiling serde v1.0.229
[INFO] [stderr]    Compiling rand v0.10.3
[INFO] [stderr]    Compiling bit-set v0.11.1
[INFO] [stderr]    Compiling tempfile v3.27.0
[INFO] [stderr]    Compiling rusty-fork v0.3.1
[INFO] [stderr]    Compiling proptest v1.12.0
[INFO] [stderr]    Compiling smol_buf v0.1.2 (/opt/rustwide/workdir)
[INFO] [stderr]     Finished `release` profile [optimized] target(s) in 23.91s
[INFO] running `Command { std: "docker" "inspect" "66e9189218d30f764fd82c191ed8d1a9a6584caf82ecaae04d22bc4b5c9aae3a", kill_on_drop: false }`
[INFO] running `Command { std: "docker" "exec" "-e" "SOURCE_DIR=/opt/rustwide/workdir" "-e" "CARGO_HOME=/opt/rustwide/cargo-home" "-e" "RUSTUP_HOME=/opt/rustwide/rustup-home" "-e" "CARGO_TARGET_DIR=/opt/rustwide/target" "-e" "CARGO_INCREMENTAL=0" "-e" "RUST_BACKTRACE=full" "-e" "RUSTFLAGS=--cap-lints=warn" "-e" "RUSTDOCFLAGS=--cap-lints=warn" "-w" "/opt/rustwide/workdir" "--user" "0:0" "66e9189218d30f764fd82c191ed8d1a9a6584caf82ecaae04d22bc4b5c9aae3a" "/opt/rustwide/cargo-home/bin/cargo" "+1.100.0-beta.1" "test" "--frozen" "--release", kill_on_drop: false }`
[INFO] [stderr] warning: Cargo.toml: `default_features` is deprecated in favor of `default-features` and will not work in the 2024 edition
[INFO] [stderr] (in the `serde` dependency)
[INFO] [stderr] warning: `smol_buf` (manifest) generated 1 warning
[INFO] [stderr]     Finished `release` profile [optimized] target(s) in 0.11s
[INFO] [stderr]      Running unittests src/lib.rs (/opt/rustwide/target/release/build/smol_buf/97562ce2abff5a52/out/smol_buf-97562ce2abff5a52)
[INFO] [stdout] 
[INFO] [stdout] running 0 tests
[INFO] [stdout] 
[INFO] [stdout] test result: ok. 0 passed; 0 failed; 0 ignored; 0 measured; 0 filtered out; finished in 0.00s
[INFO] [stdout] 
[INFO] [stderr]      Running tests/test_str16.rs (/opt/rustwide/target/release/build/smol_buf/6bcbd4afae09f075/out/test_str16-6bcbd4afae09f075)
[INFO] [stdout] 
[INFO] [stdout] running 13 tests
[INFO] [stdout] test assert_traits ... ok
[INFO] [stdout] test const_fn_ctor ... ok
[INFO] [stdout] test conversions ... ok
[INFO] [stdout] test test_bad_size_hint_char_iter ... ok
[INFO] [stdout] test test_from_char_iterator ... ok
[INFO] [stdout] test str16_is_smol ... ok
[INFO] [stdout] test roundtrip_newlines ... ok
[INFO] [stdout] test roundtrip_spaces ... ok
[INFO] [stdout] test test_search_in_hashmap ... ok
[INFO] [stdout] test roundtrip_ws ... ok
[INFO] [stdout] test roundtrip ... ok
[INFO] [stdout] test from_string_iter ... ok
[INFO] [stdout] test from_str_iter ... ok
[INFO] [stdout] 
[INFO] [stdout] test result: ok. 13 passed; 0 failed; 0 ignored; 0 measured; 0 filtered out; finished in 0.14s
[INFO] [stdout] 
[INFO] [stderr]      Running tests/test_str24.rs (/opt/rustwide/target/release/build/smol_buf/38c40fa024e92510/out/test_str24-38c40fa024e92510)
[INFO] [stdout] 
[INFO] [stdout] running 13 tests
[INFO] [stdout] test conversions ... ok
[INFO] [stdout] test assert_traits ... ok
[INFO] [stdout] test const_fn_ctor ... ok
[INFO] [stdout] test str24_is_smol ... ok
[INFO] [stdout] test roundtrip_spaces ... ok
[INFO] [stdout] test test_search_in_hashmap ... ok
[INFO] [stdout] test roundtrip ... ok
[INFO] [stdout] test roundtrip_ws ... ok
[INFO] [stdout] test test_bad_size_hint_char_iter ... ok
[INFO] [stdout] test test_from_char_iterator ... ok
[INFO] [stdout] test roundtrip_newlines ... ok
[INFO] [stdout] test from_str_iter ... ok
[INFO] [stdout] test from_string_iter ... ok
[INFO] [stderr]      Running tests/tidy.rs (/opt/rustwide/target/release/build/smol_buf/7ecfd4d155e69ca9/out/tidy-7ecfd4d155e69ca9)
[INFO] [stdout] 
[INFO] [stdout] test result: ok. 13 passed; 0 failed; 0 ignored; 0 measured; 0 filtered out; finished in 0.16s
[INFO] [stdout] 
[INFO] [stdout] 
[INFO] [stdout] running 1 test
[INFO] [stderr] error: 'rustfmt' is not installed for the toolchain 'stable-x86_64-unknown-linux-gnu'.
[INFO] [stderr] help: run `rustup component add rustfmt` to install it
[INFO] [stdout] test check_code_formatting ... FAILED
[INFO] [stderr] error: test failed, to rerun pass `--test tidy`
[INFO] [stdout] 
[INFO] [stdout] failures:
[INFO] [stdout] 
[INFO] [stdout] ---- check_code_formatting stdout ----
[INFO] [stdout] > rustfmt +stable --version
[INFO] [stdout] 
[INFO] [stdout] thread 'check_code_formatting' (538) panicked at tests/tidy.rs:39:9:
[INFO] [stdout] failed to run rustfmt from toolchain 'stable'; please run `rustup component add rustfmt --toolchain stable` to install it.
[INFO] [stdout] stack backtrace:
[INFO] [stdout]    0:     0x564f07d8d331 - <<std[617be2ca0a6fd877]::sys::backtrace::BacktraceLock>::print::DisplayBacktrace as core[a373ad73a504971]::fmt::Display>::fmt
[INFO] [stdout]    1:     0x564f07da122a - core[a373ad73a504971]::fmt::write
[INFO] [stdout]    2:     0x564f07d9154c - <alloc[2e1b2a31b91974c5]::vec::Vec<u8> as core[a373ad73a504971]::io::write::Write>::write_fmt
[INFO] [stdout]    3:     0x564f07d69576 - std[617be2ca0a6fd877]::panicking::default_hook::{closure#0}
[INFO] [stdout]    4:     0x564f07d859c9 - std[617be2ca0a6fd877]::panicking::default_hook
[INFO] [stdout]    5:     0x564f07d21e50 - test[aada8e7e76ba119b]::test_main_inner::{closure#0}
[INFO] [stdout]    6:     0x564f07d85b82 - std[617be2ca0a6fd877]::panicking::panic_with_hook
[INFO] [stdout]    7:     0x564f07d69654 - std[617be2ca0a6fd877]::panicking::panic_handler::{closure#0}
[INFO] [stdout]    8:     0x564f07d62339 - std[617be2ca0a6fd877]::sys::backtrace::__rust_end_short_backtrace::<std[617be2ca0a6fd877]::panicking::panic_handler::{closure#0}, !>
[INFO] [stdout]    9:     0x564f07d6a22d - __rustc[ea4f61d10b84890b]::rust_begin_unwind
[INFO] [stdout]   10:     0x564f07da195c - core[a373ad73a504971]::panicking::panic_fmt
[INFO] [stdout]   11:     0x564f07d151f1 - <tidy[ea91db89cfa435f7]::check_code_formatting::{closure#0} as core[a373ad73a504971]::ops::function::FnOnce<()>>::call_once
[INFO] [stdout]   12:     0x564f07d1529b - test[aada8e7e76ba119b]::__rust_begin_short_backtrace::<core[a373ad73a504971]::result::Result<(), alloc[2e1b2a31b91974c5]::string::String>, fn() -> core[a373ad73a504971]::result::Result<(), alloc[2e1b2a31b91974c5]::string::String>>
[INFO] [stdout]   13:     0x564f07d22475 - test[aada8e7e76ba119b]::run_test::{closure#0}
[INFO] [stdout]   14:     0x564f07d1bd64 - std[617be2ca0a6fd877]::sys::backtrace::__rust_begin_short_backtrace::<test[aada8e7e76ba119b]::run_test::{closure#1}, ()>
[INFO] [stdout]   15:     0x564f07d25502 - <std[617be2ca0a6fd877]::thread::lifecycle::spawn_unchecked<test[aada8e7e76ba119b]::run_test::{closure#1}, ()>::{closure#1} as core[a373ad73a504971]::ops::function::FnOnce<()>>::call_once::{shim:vtable#0}
[INFO] [stdout]   16:     0x564f07d8cb8f - <std[617be2ca0a6fd877]::sys::thread::unix::Thread>::new::thread_start
[INFO] [stdout]   17:     0x74253e850dfa - <unknown>
[INFO] [stdout]   18:     0x74253e8e43d4 - clone
[INFO] [stdout]   19:                0x0 - <unknown>
[INFO] [stdout] 
[INFO] [stdout] 
[INFO] [stdout] failures:
[INFO] [stdout]     check_code_formatting
[INFO] [stdout] 
[INFO] [stdout] test result: FAILED. 0 passed; 1 failed; 0 ignored; 0 measured; 0 filtered out; finished in 0.47s
[INFO] [stdout] 
[INFO] running `Command { std: "docker" "inspect" "66e9189218d30f764fd82c191ed8d1a9a6584caf82ecaae04d22bc4b5c9aae3a", kill_on_drop: false }`
[INFO] running `Command { std: "docker" "rm" "-f" "66e9189218d30f764fd82c191ed8d1a9a6584caf82ecaae04d22bc4b5c9aae3a", kill_on_drop: false }`
[INFO] [stdout] 66e9189218d30f764fd82c191ed8d1a9a6584caf82ecaae04d22bc4b5c9aae3a
