[INFO] fetching crate smlm-hawk-core 0.2.0...
[INFO] testing smlm-hawk-core-0.2.0 against 1.100.0-beta.1+cargoflags=--release for beta-release-1.100-2
[INFO] extracting crate smlm-hawk-core 0.2.0 into /workspace/builds/worker-6-tc2/source
[INFO] started tweaking crates.io crate smlm-hawk-core 0.2.0
[INFO] finished tweaking crates.io crate smlm-hawk-core 0.2.0
[INFO] tweaked toml for crates.io crate smlm-hawk-core 0.2.0 written to /workspace/builds/worker-6-tc2/source/Cargo.toml
[INFO] validating manifest of crates.io crate smlm-hawk-core 0.2.0 on toolchain 1.100.0-beta.1
[INFO] running `Command { std: CARGO_HOME="/workspace/cargo-home" RUSTUP_HOME="/workspace/rustup-home" "/workspace/cargo-home/bin/cargo" "+1.100.0-beta.1" "metadata" "--manifest-path" "Cargo.toml" "--no-deps", kill_on_drop: false }`
[INFO] crate crates.io crate smlm-hawk-core 0.2.0 already has a lockfile, it will not be regenerated
[INFO] running `Command { std: CARGO_HOME="/workspace/cargo-home" RUSTUP_HOME="/workspace/rustup-home" "/workspace/cargo-home/bin/cargo" "+1.100.0-beta.1" "fetch" "--manifest-path" "Cargo.toml", kill_on_drop: false }`
[INFO] [stderr] warning: `package.homepage` is redundant with `package.repository`
[INFO] [stderr]   --> Cargo.toml:58:12
[INFO] [stderr]    |
[INFO] [stderr] 58 | homepage = "https://github.com/Assessing-Quality-SMLM/hawk"
[INFO] [stderr]    |            ^^^^^^^^^^^^^^^^^^^^^^^^^^^^^^^^^^^^^^^^^^^^^^^^
[INFO] [stderr] ...
[INFO] [stderr] 63 | repository = "https://github.com/Assessing-Quality-SMLM/hawk"
[INFO] [stderr]    |              ------------------------------------------------
[INFO] [stderr]    |
[INFO] [stderr]    = note: `cargo::redundant_homepage` is set to `warn` by default
[INFO] [stderr] help: consider removing `package.homepage`
[INFO] [stderr] warning: `smlm-hawk-core` (manifest) generated 1 warning
[INFO] running `Command { std: "docker" "create" "-v" "/var/lib/crater-agent-workspace/builds/worker-6-tc2/source:/opt/rustwide/workdir:ro,Z" "-v" "/var/lib/crater-agent-workspace/builds/worker-6-tc2/target:/opt/rustwide/target:rw,Z" "-v" "/var/lib/crater-agent-workspace/cargo-home:/opt/rustwide/cargo-home:ro,Z" "-v" "/var/lib/crater-agent-workspace/rustup-home:/opt/rustwide/rustup-home:ro,Z" "-m" "1610612736" "--network" "none" "ghcr.io/rust-lang/crates-build-env/linux@sha256:77db811e55d90add9212f6832c23229e3de5f1c1f9905e8cb07319ea15df73ac" "sleep" "infinity", kill_on_drop: false }`
[INFO] [stdout] 277ecbab70242950fc478571abe02aa744b92055d742d324c8e52e3d4ad3f730
[INFO] running `Command { std: "docker" "start" "277ecbab70242950fc478571abe02aa744b92055d742d324c8e52e3d4ad3f730", kill_on_drop: false }`
[INFO] running `Command { std: "docker" "inspect" "277ecbab70242950fc478571abe02aa744b92055d742d324c8e52e3d4ad3f730", kill_on_drop: false }`
[INFO] running `Command { std: "docker" "exec" "-e" "SOURCE_DIR=/opt/rustwide/workdir" "-e" "CARGO_HOME=/opt/rustwide/cargo-home" "-e" "RUSTUP_HOME=/opt/rustwide/rustup-home" "-e" "CARGO_TARGET_DIR=/opt/rustwide/target" "-w" "/opt/rustwide/workdir" "--user" "0:0" "277ecbab70242950fc478571abe02aa744b92055d742d324c8e52e3d4ad3f730" "/opt/rustwide/cargo-home/bin/cargo" "+1.100.0-beta.1" "metadata" "--no-deps" "--format-version=1", kill_on_drop: false }`
[INFO] running `Command { std: "docker" "inspect" "277ecbab70242950fc478571abe02aa744b92055d742d324c8e52e3d4ad3f730", kill_on_drop: false }`
[INFO] running `Command { std: "docker" "exec" "-e" "SOURCE_DIR=/opt/rustwide/workdir" "-e" "CARGO_HOME=/opt/rustwide/cargo-home" "-e" "RUSTUP_HOME=/opt/rustwide/rustup-home" "-e" "CARGO_TARGET_DIR=/opt/rustwide/target" "-e" "CARGO_INCREMENTAL=0" "-e" "RUST_BACKTRACE=full" "-e" "RUSTFLAGS=--cap-lints=warn" "-e" "RUSTDOCFLAGS=--cap-lints=warn" "-w" "/opt/rustwide/workdir" "--user" "0:0" "277ecbab70242950fc478571abe02aa744b92055d742d324c8e52e3d4ad3f730" "/opt/rustwide/cargo-home/bin/cargo" "+1.100.0-beta.1" "build" "--frozen" "--message-format=json" "--release", kill_on_drop: false }`
[INFO] [stderr] warning: `package.homepage` is redundant with `package.repository`
[INFO] [stderr]   --> Cargo.toml:58:12
[INFO] [stderr]    |
[INFO] [stderr] 58 | homepage = "https://github.com/Assessing-Quality-SMLM/hawk"
[INFO] [stderr]    |            ^^^^^^^^^^^^^^^^^^^^^^^^^^^^^^^^^^^^^^^^^^^^^^^^
[INFO] [stderr] ...
[INFO] [stderr] 63 | repository = "https://github.com/Assessing-Quality-SMLM/hawk"
[INFO] [stderr]    |              ------------------------------------------------
[INFO] [stderr]    |
[INFO] [stderr]    = note: `cargo::redundant_homepage` is set to `warn` by default
[INFO] [stderr] help: consider removing `package.homepage`
[INFO] [stderr] warning: `smlm-hawk-core` (manifest) generated 1 warning
[INFO] [stderr]    Compiling crossbeam-utils v0.8.20
[INFO] [stderr]    Compiling proc-macro2 v1.0.83
[INFO] [stderr]    Compiling quote v1.0.36
[INFO] [stderr]    Compiling syn v2.0.65
[INFO] [stderr]    Compiling crossbeam-epoch v0.9.18
[INFO] [stderr]    Compiling crossbeam-deque v0.8.5
[INFO] [stderr]    Compiling rayon-core v1.12.1
[INFO] [stderr]    Compiling rayon v1.10.0
[INFO] [stderr]    Compiling serde_derive v1.0.202
[INFO] [stderr]    Compiling smlm-hawk-core v0.2.0 (/opt/rustwide/workdir)
[INFO] [stdout] warning: use of deprecated constant `std::u64::MAX`: replaced by the `MAX` associated constant on this type
[INFO] [stdout]   --> src/stream/ui.rs:30:44
[INFO] [stdout]    |
[INFO] [stdout] 30 |         self.pu.update_progress(value, std::u64::MAX)
[INFO] [stdout]    |                                                  ^^^
[INFO] [stdout]    |
[INFO] [stdout]    = note: `#[warn(deprecated)]` on by default
[INFO] [stdout] 
[INFO] [stdout] 
[INFO] [stdout] warning: function `tail_size_for_level` is never used
[INFO] [stdout]   --> src/pstreams/interleaved.rs:37:4
[INFO] [stdout]    |
[INFO] [stdout] 37 | fn tail_size_for_level(sigma: usize, level: u8) -> usize
[INFO] [stdout]    |    ^^^^^^^^^^^^^^^^^^^
[INFO] [stdout]    |
[INFO] [stdout]    = note: `#[warn(dead_code)]` (part of `#[warn(unused)]`) on by default
[INFO] [stdout] 
[INFO] [stdout] 
[INFO] [stdout] warning: function `tail_segment_for_level` is never used
[INFO] [stdout]   --> src/pstreams/interleaved.rs:52:4
[INFO] [stdout]    |
[INFO] [stdout] 52 | fn tail_segment_for_level(sigma: usize, level: usize) -> usize
[INFO] [stdout]    |    ^^^^^^^^^^^^^^^^^^^^^^
[INFO] [stdout] 
[INFO] [stdout] 
[INFO] [stdout] warning: function `get_level` is never used
[INFO] [stdout]    --> src/pstreams/interleaved.rs:136:4
[INFO] [stdout]     |
[INFO] [stdout] 136 | fn get_level(frame: usize, n_levels : usize, sigma: usize) -> usize
[INFO] [stdout]     |    ^^^^^^^^^
[INFO] [stdout] 
[INFO] [stdout] 
[INFO] [stdout] warning: function `get_index` is never used
[INFO] [stdout]    --> src/pstreams/interleaved.rs:141:4
[INFO] [stdout]     |
[INFO] [stdout] 141 | fn get_index(frame: usize, sigma: usize) -> usize
[INFO] [stdout]     |    ^^^^^^^^^
[INFO] [stdout] 
[INFO] [stdout] 
[INFO] [stderr]     Finished `release` profile [optimized] target(s) in 8.79s
[INFO] running `Command { std: "docker" "inspect" "277ecbab70242950fc478571abe02aa744b92055d742d324c8e52e3d4ad3f730", kill_on_drop: false }`
[INFO] running `Command { std: "docker" "exec" "-e" "SOURCE_DIR=/opt/rustwide/workdir" "-e" "CARGO_HOME=/opt/rustwide/cargo-home" "-e" "RUSTUP_HOME=/opt/rustwide/rustup-home" "-e" "CARGO_TARGET_DIR=/opt/rustwide/target" "-e" "CARGO_INCREMENTAL=0" "-e" "RUST_BACKTRACE=full" "-e" "RUSTFLAGS=--cap-lints=warn" "-e" "RUSTDOCFLAGS=--cap-lints=warn" "-w" "/opt/rustwide/workdir" "--user" "0:0" "277ecbab70242950fc478571abe02aa744b92055d742d324c8e52e3d4ad3f730" "/opt/rustwide/cargo-home/bin/cargo" "+1.100.0-beta.1" "test" "--frozen" "--no-run" "--message-format=json" "--release", kill_on_drop: false }`
[INFO] [stderr] warning: `package.homepage` is redundant with `package.repository`
[INFO] [stderr]   --> Cargo.toml:58:12
[INFO] [stderr]    |
[INFO] [stderr] 58 | homepage = "https://github.com/Assessing-Quality-SMLM/hawk"
[INFO] [stderr]    |            ^^^^^^^^^^^^^^^^^^^^^^^^^^^^^^^^^^^^^^^^^^^^^^^^
[INFO] [stderr] ...
[INFO] [stderr] 63 | repository = "https://github.com/Assessing-Quality-SMLM/hawk"
[INFO] [stderr]    |              ------------------------------------------------
[INFO] [stderr]    |
[INFO] [stderr]    = note: `cargo::redundant_homepage` is set to `warn` by default
[INFO] [stderr] help: consider removing `package.homepage`
[INFO] [stderr] warning: `smlm-hawk-core` (manifest) generated 1 warning
[INFO] [stderr]    Compiling either v1.12.0
[INFO] [stderr]    Compiling libc v0.2.155
[INFO] [stderr]    Compiling plotters-backend v0.3.5
[INFO] [stderr]    Compiling regex-syntax v0.8.3
[INFO] [stderr]    Compiling half v1.8.3
[INFO] [stderr]    Compiling oorandom v11.1.3
[INFO] [stderr]    Compiling serde_cbor v0.11.2
[INFO] [stderr]    Compiling plotters-svg v0.3.5
[INFO] [stderr]    Compiling itertools v0.10.5
[INFO] [stderr]    Compiling rayon v1.10.0
[INFO] [stderr]    Compiling plotters v0.3.5
[INFO] [stderr]    Compiling atty v0.2.14
[INFO] [stderr]    Compiling regex-automata v0.4.6
[INFO] [stderr]    Compiling criterion-plot v0.4.5
[INFO] [stderr]    Compiling smlm-hawk-core v0.2.0 (/opt/rustwide/workdir)
[INFO] [stdout] warning: use of deprecated constant `std::u64::MAX`: replaced by the `MAX` associated constant on this type
[INFO] [stdout]   --> src/stream/ui.rs:30:44
[INFO] [stdout]    |
[INFO] [stdout] 30 |         self.pu.update_progress(value, std::u64::MAX)
[INFO] [stdout]    |                                                  ^^^
[INFO] [stdout]    |
[INFO] [stdout]    = note: `#[warn(deprecated)]` on by default
[INFO] [stdout] 
[INFO] [stdout] 
[INFO] [stdout] warning: function `tail_size_for_level` is never used
[INFO] [stdout]   --> src/pstreams/interleaved.rs:37:4
[INFO] [stdout]    |
[INFO] [stdout] 37 | fn tail_size_for_level(sigma: usize, level: u8) -> usize
[INFO] [stdout]    |    ^^^^^^^^^^^^^^^^^^^
[INFO] [stdout]    |
[INFO] [stdout]    = note: `#[warn(dead_code)]` (part of `#[warn(unused)]`) on by default
[INFO] [stdout] 
[INFO] [stdout] 
[INFO] [stdout] warning: function `tail_segment_for_level` is never used
[INFO] [stdout]   --> src/pstreams/interleaved.rs:52:4
[INFO] [stdout]    |
[INFO] [stdout] 52 | fn tail_segment_for_level(sigma: usize, level: usize) -> usize
[INFO] [stdout]    |    ^^^^^^^^^^^^^^^^^^^^^^
[INFO] [stdout] 
[INFO] [stdout] 
[INFO] [stdout] warning: function `get_level` is never used
[INFO] [stdout]    --> src/pstreams/interleaved.rs:136:4
[INFO] [stdout]     |
[INFO] [stdout] 136 | fn get_level(frame: usize, n_levels : usize, sigma: usize) -> usize
[INFO] [stdout]     |    ^^^^^^^^^
[INFO] [stdout] 
[INFO] [stdout] 
[INFO] [stdout] warning: function `get_index` is never used
[INFO] [stdout]    --> src/pstreams/interleaved.rs:141:4
[INFO] [stdout]     |
[INFO] [stdout] 141 | fn get_index(frame: usize, sigma: usize) -> usize
[INFO] [stdout]     |    ^^^^^^^^^
[INFO] [stdout] 
[INFO] [stdout] 
[INFO] [stderr]    Compiling regex v1.10.4
[INFO] [stderr]    Compiling criterion v0.3.6
[INFO] [stdout] warning: use of deprecated constant `std::u64::MAX`: replaced by the `MAX` associated constant on this type
[INFO] [stdout]   --> src/stream/ui.rs:30:44
[INFO] [stdout]    |
[INFO] [stdout] 30 |         self.pu.update_progress(value, std::u64::MAX)
[INFO] [stdout]    |                                                  ^^^
[INFO] [stdout]    |
[INFO] [stdout]    = note: `#[warn(deprecated)]` on by default
[INFO] [stdout] 
[INFO] [stdout] 
[INFO] [stdout] warning: function `get_level` is never used
[INFO] [stdout]    --> src/pstreams/interleaved.rs:136:4
[INFO] [stdout]     |
[INFO] [stdout] 136 | fn get_level(frame: usize, n_levels : usize, sigma: usize) -> usize
[INFO] [stdout]     |    ^^^^^^^^^
[INFO] [stdout]     |
[INFO] [stdout]     = note: `#[warn(dead_code)]` (part of `#[warn(unused)]`) on by default
[INFO] [stdout] 
[INFO] [stdout] 
[INFO] [stdout] warning: function `get_index` is never used
[INFO] [stdout]    --> src/pstreams/interleaved.rs:141:4
[INFO] [stdout]     |
[INFO] [stdout] 141 | fn get_index(frame: usize, sigma: usize) -> usize
[INFO] [stdout]     |    ^^^^^^^^^
[INFO] [stdout] 
[INFO] [stdout] 
[INFO] [stderr]     Finished `release` profile [optimized] target(s) in 30.48s
[INFO] running `Command { std: "docker" "inspect" "277ecbab70242950fc478571abe02aa744b92055d742d324c8e52e3d4ad3f730", kill_on_drop: false }`
[INFO] running `Command { std: "docker" "exec" "-e" "SOURCE_DIR=/opt/rustwide/workdir" "-e" "CARGO_HOME=/opt/rustwide/cargo-home" "-e" "RUSTUP_HOME=/opt/rustwide/rustup-home" "-e" "CARGO_TARGET_DIR=/opt/rustwide/target" "-e" "CARGO_INCREMENTAL=0" "-e" "RUST_BACKTRACE=full" "-e" "RUSTFLAGS=--cap-lints=warn" "-e" "RUSTDOCFLAGS=--cap-lints=warn" "-w" "/opt/rustwide/workdir" "--user" "0:0" "277ecbab70242950fc478571abe02aa744b92055d742d324c8e52e3d4ad3f730" "/opt/rustwide/cargo-home/bin/cargo" "+1.100.0-beta.1" "test" "--frozen" "--release", kill_on_drop: false }`
[INFO] [stderr] warning: `package.homepage` is redundant with `package.repository`
[INFO] [stderr]   --> Cargo.toml:58:12
[INFO] [stderr]    |
[INFO] [stderr] 58 | homepage = "https://github.com/Assessing-Quality-SMLM/hawk"
[INFO] [stderr]    |            ^^^^^^^^^^^^^^^^^^^^^^^^^^^^^^^^^^^^^^^^^^^^^^^^
[INFO] [stderr] ...
[INFO] [stderr] 63 | repository = "https://github.com/Assessing-Quality-SMLM/hawk"
[INFO] [stderr]    |              ------------------------------------------------
[INFO] [stderr]    |
[INFO] [stderr]    = note: `cargo::redundant_homepage` is set to `warn` by default
[INFO] [stderr] help: consider removing `package.homepage`
[INFO] [stderr] warning: `smlm-hawk-core` (manifest) generated 1 warning
[INFO] [stderr] warning: use of deprecated constant `std::u64::MAX`: replaced by the `MAX` associated constant on this type
[INFO] [stderr]   --> src/stream/ui.rs:30:44
[INFO] [stderr]    |
[INFO] [stderr] 30 |         self.pu.update_progress(value, std::u64::MAX)
[INFO] [stderr]    |                                                  ^^^
[INFO] [stderr]    |
[INFO] [stderr]    = note: `#[warn(deprecated)]` on by default
[INFO] [stderr] 
[INFO] [stderr] warning: function `tail_size_for_level` is never used
[INFO] [stderr]   --> src/pstreams/interleaved.rs:37:4
[INFO] [stderr]    |
[INFO] [stderr] 37 | fn tail_size_for_level(sigma: usize, level: u8) -> usize
[INFO] [stderr]    |    ^^^^^^^^^^^^^^^^^^^
[INFO] [stderr]    |
[INFO] [stderr]    = note: `#[warn(dead_code)]` (part of `#[warn(unused)]`) on by default
[INFO] [stderr] 
[INFO] [stderr] warning: function `tail_segment_for_level` is never used
[INFO] [stderr]   --> src/pstreams/interleaved.rs:52:4
[INFO] [stderr]    |
[INFO] [stderr] 52 | fn tail_segment_for_level(sigma: usize, level: usize) -> usize
[INFO] [stderr]    |    ^^^^^^^^^^^^^^^^^^^^^^
[INFO] [stderr] 
[INFO] [stderr] warning: function `get_level` is never used
[INFO] [stderr]    --> src/pstreams/interleaved.rs:136:4
[INFO] [stderr]     |
[INFO] [stderr] 136 | fn get_level(frame: usize, n_levels : usize, sigma: usize) -> usize
[INFO] [stderr]     |    ^^^^^^^^^
[INFO] [stderr] 
[INFO] [stderr] warning: function `get_index` is never used
[INFO] [stderr]    --> src/pstreams/interleaved.rs:141:4
[INFO] [stderr]     |
[INFO] [stderr] 141 | fn get_index(frame: usize, sigma: usize) -> usize
[INFO] [stderr]     |    ^^^^^^^^^
[INFO] [stderr] 
[INFO] [stderr] warning: `smlm-hawk-core` (lib) generated 5 warnings
[INFO] [stderr] warning: function `get_level` is never used
[INFO] [stderr]    --> src/pstreams/interleaved.rs:136:4
[INFO] [stderr]     |
[INFO] [stderr] 136 | fn get_level(frame: usize, n_levels : usize, sigma: usize) -> usize
[INFO] [stderr]     |    ^^^^^^^^^
[INFO] [stderr]     |
[INFO] [stderr]     = note: `#[warn(dead_code)]` (part of `#[warn(unused)]`) on by default
[INFO] [stderr] 
[INFO] [stderr] warning: `smlm-hawk-core` (lib test) generated 3 warnings (2 duplicates)
[INFO] [stderr]     Finished `release` profile [optimized] target(s) in 0.08s
[INFO] [stderr]      Running unittests src/lib.rs (/opt/rustwide/target/release/build/smlm-hawk-core/ecf83f12f418d024/out/smlm_hawk_core-ecf83f12f418d024)
[INFO] [stdout] 
[INFO] [stdout] running 161 tests
[INFO] [stdout] test algorithm::tests::basic_test_abs_sequential ... ok
[INFO] [stdout] test algorithm::tests::basic_test_separate_interleaved ... ok
[INFO] [stdout] test algorithm::tests::basic_test_separate_sequential ... ok
[INFO] [stdout] test algorithm::tests::basic_test ... ok
[INFO] [stdout] test algorithm::tests::basic_test_abs_interleaved ... ok
[INFO] [stdout] test config::algorithm_config::tests::algorithm_config_default_test ... ok
[INFO] [stdout] test concurrency::cancellation_token_tests::default_is_live ... ok
[INFO] [stdout] test algorithm::tests::vee_line ... ok
[INFO] [stdout] test algorithm::tests::vee_line_interleaved ... ok
[INFO] [stdout] test concurrency::cancellation_token_tests::cancelled ... ok
[INFO] [stdout] test config::memory::tests::fragment ... ok
[INFO] [stdout] test concurrency::cancellation_token_tests::can_cancel ... ok
[INFO] [stdout] test config::run_style::tests::default_to_in_memory ... ok
[INFO] [stdout] test algorithm::tests::vee_line_seperate_negatives ... ok
[INFO] [stdout] test concurrency::cancellation_token_tests::can_reset_token ... ok
[INFO] [stdout] test config::threading::tests::default_run_style ... ok
[INFO] [stdout] test config::output_style::tests::round_trip_output_style_sequential ... ok
[INFO] [stdout] test config::negative_handling::tests::round_trip_negative_handling_abs ... ok
[INFO] [stdout] test config::tests::default_config ... ok
[INFO] [stdout] test config::negative_handling::tests::round_trip_negative_handling_seperate ... ok
[INFO] [stdout] test indexers::interleaved::tests::index_information ... ok
[INFO] [stdout] test indexers::interleaved::tests::l_0_0 ... ok
[INFO] [stdout] test indexers::interleaved::tests::correct_level_size_abs ... ok
[INFO] [stdout] test indexers::interleaved::tests::correct_level_size_separate ... ok
[INFO] [stdout] test indexers::interleaved::tests::l_0_0_to_7 ... ok
[INFO] [stdout] test config::memory::tests::default_run_style ... ok
[INFO] [stdout] test config::output_style::tests::round_trip_output_style_interleaved ... ok
[INFO] [stdout] test indexers::interleaved::tests::l_0_1 ... ok
[INFO] [stdout] test indexers::interleaved::tests::l_0_2 ... ok
[INFO] [stdout] test indexers::interleaved::tests::l_0_3 ... ok
[INFO] [stdout] test indexers::interleaved::tests::l_1_0 ... ok
[INFO] [stdout] test config::negative_handling::tests::test_default ... ok
[INFO] [stdout] test indexers::interleaved::tests::l_1_0_to_6 ... ok
[INFO] [stdout] test indexers::interleaved::tests::l_1_1 ... ok
[INFO] [stdout] test indexers::interleaved::tests::l_2_0 ... ok
[INFO] [stdout] test indexers::interleaved::tests::l_2_0_to_2 ... ok
[INFO] [stdout] test indexers::interleaved::tests::l_2_1 ... ok
[INFO] [stdout] test indexers::sequential::tests::l_0 ... ok
[INFO] [stdout] test indexers::sequential::tests::l_0_0 ... ok
[INFO] [stdout] test indexers::sequential::tests::l_1 ... ok
[INFO] [stdout] test indexers::sequential::tests::l_1_0 ... ok
[INFO] [stdout] test indexers::sequential::tests::l_2 ... ok
[INFO] [stdout] test indexers::tests::iteration_tests ... ok
[INFO] [stdout] test io::tests::round_trip ... ok
[INFO] [stdout] test io::version_1::tests::from_str_test ... ok
[INFO] [stdout] test indexers::sequential::tests::l_2_0 ... ok
[INFO] [stdout] test indexers::sequential::tests::vee ... ok
[INFO] [stdout] test io::version_1::tests::to_string_test ... ok
[INFO] [stdout] test io::version_1::tests::validation_string_test ... ok
[INFO] [stdout] test output_stream::tests::basic_test ... ok
[INFO] [stdout] test output_stream::tests::interleaved_order_level_equal ... ok
[INFO] [stdout] test output_stream::tests::interleaved_order_level_lt ... ok
[INFO] [stdout] test output_stream::tests::interleaved_order_level_gt ... ok
[INFO] [stdout] test pstreams::interleaved::tests::output_frame_test_0_0_0 ... ok
[INFO] [stdout] test pstreams::interleaved::tests::output_frame_test_0_0_neg_0 ... ok
[INFO] [stdout] test pstreams::interleaved::tests::input_from_output ... ok
[INFO] [stdout] test pstreams::interleaved::tests::output_frame_test_0_1_neg_7 ... ok
[INFO] [stdout] test pstreams::interleaved::tests::output_frame_test_0_1_3 ... ok
[INFO] [stdout] test pstreams::interleaved::tests::output_frame_test_0_5_12 ... ok
[INFO] [stdout] test pstreams::interleaved::tests::output_frame_test_0_4_neg_21 ... ok
[INFO] [stdout] test pstreams::interleaved::tests::output_frame_test_0_5_neg_25 ... ok
[INFO] [stdout] test pstreams::interleaved::tests::output_frame_test_0_6_neg_29 ... ok
[INFO] [stdout] test pstreams::interleaved::tests::output_frame_test_0_7_15 ... ok
[INFO] [stdout] test pstreams::interleaved::tests::output_frame_test_0_6_14 ... ok
[INFO] [stdout] test pstreams::interleaved::tests::output_frame_test_0_7_neg_32 ... ok
[INFO] [stdout] test pstreams::interleaved::tests::output_frame_test_1_0_1 ... ok
[INFO] [stdout] test pstreams::interleaved::tests::output_frame_test_0_7_pos_30 ... ok
[INFO] [stdout] test pstreams::interleaved::tests::output_frame_test_1_2_neg_15 ... ok
[INFO] [stdout] test pstreams::interleaved::tests::output_frame_test_1_3_9 ... ok
[INFO] [stdout] test pstreams::interleaved::tests::output_frame_test_1_3_neg_19 ... ok
[INFO] [stdout] test pstreams::interleaved::tests::output_frame_test_1_0_neg_3 ... ok
[INFO] [stdout] test pstreams::interleaved::tests::output_frame_test_1_5_13 ... ok
[INFO] [stdout] test pstreams::interleaved::tests::output_frame_test_1_4_11 ... ok
[INFO] [stdout] test pstreams::interleaved::tests::output_frame_test_2_0_2 ... ok
[INFO] [stdout] test pstreams::interleaved::tests::output_frame_test_1_4_neg_23 ... ok
[INFO] [stdout] test pstreams::interleaved::tests::output_frame_test_1_2_7 ... ok
[INFO] [stdout] test pstreams::interleaved::tests::output_frame_test_2_1_5 ... ok
[INFO] [stdout] test pstreams::interleaved::tests::output_frame_test_2_0_neg_5 ... ok
[INFO] [stdout] test pstreams::interleaved::tests::output_frame_test_1_5_neg_27 ... ok
[INFO] [stdout] test pstreams::interleaved::tests::output_frame_test_2_1_neg_11 ... ok
[INFO] [stdout] test pstreams::interleaved::tests::stream_indexing_calculation_nh_separate_basic ... ok
[INFO] [stdout] test pstreams::interleaved::tests::output_index ... ok
[INFO] [stdout] test pstreams::interleaved::tests::stream_indexing_l4_nh_abs ... ok
[INFO] [stdout] test pstreams::interleaved::tests::stream_indexing_calculation ... ok
[INFO] [stdout] test pstreams::interleaved::tests::test_tail_segment_for_level_l0 ... ok
[INFO] [stdout] test pstreams::sequential::tests::output_frame_test ... ok
[INFO] [stdout] test pstreams::sequential::tests::position_test_0 ... ok
[INFO] [stdout] test pstreams::sequential::tests::position_test_1_separate ... ok
[INFO] [stdout] test pstreams::sequential::tests::position_test_10 ... ok
[INFO] [stdout] test pstreams::sequential::tests::position_test_7_separate ... ok
[INFO] [stdout] test pstreams::sequential::tests::position_test_14 ... ok
[INFO] [stdout] test pstreams::sequential::tests::position_test_4 ... ok
[INFO] [stdout] test pstreams::sequential::tests::position_test_6_separate ... ok
[INFO] [stdout] test pstreams::interleaved::tests::test_tail_size_for_level_l3 ... ok
[INFO] [stdout] test pstreams::interleaved::tests::test_tail_size_for_level_l4 ... ok
[INFO] [stdout] test pstreams::interleaved::tests::test_tail_size_for_level_l1 ... ok
[INFO] [stdout] test pstreams::interleaved::tests::test_tail_segment_for_level_l1 ... ok
[INFO] [stdout] test pstreams::interleaved::tests::test_tail_size_for_level_l2 ... ok
[INFO] [stdout] test pstreams::interleaved::tests::test_tail_segment_for_level_l2 ... ok
[INFO] [stdout] test stream::stream_iterator::tests::stream_test ... ok
[INFO] [stdout] test pstreams::sequential::tests::position_test_0_separate ... ok
[INFO] [stdout] test pstreams::tests::stream_test_interleaved ... ok
[INFO] [stdout] test stream::state::tests::add_value_3_levels ... ok
[INFO] [stdout] test stream::state::tests::next_value_1_level ... ok
[INFO] [stdout] test pstreams::tests::stream_test_sequential ... ok
[INFO] [stdout] test stream::state::tests::add_value_2_levels ... ok
[INFO] [stdout] test stream::tests::stream_test ... ok
[INFO] [stdout] test stream::state::tests::next_value_2_level ... ok
[INFO] [stdout] test pstreams::tests::stream_test_config_switch ... ok
[INFO] [stdout] test stream::tests::vee_line_separate ... ok
[INFO] [stdout] test stream::tests::vee_line ... ok
[INFO] [stdout] test striding::tests::basic_strided_test_fortran_style ... ok
[INFO] [stdout] test striding::tests::basic_strided_test_c_style ... ok
[INFO] [stdout] test stream::tests::vee_line_separate_31 ... ok
[INFO] [stdout] test striding::tests::non_contig_hawk_c_style_image ... ok
[INFO] [stdout] test striding::tests::non_contig_hawk_c_style_image_interleaved ... ok
[INFO] [stdout] test striding::tests::striding_error_from_code ... ok
[INFO] [stdout] test striding::tests::striding_error_from_code_failure ... ok
[INFO] [stdout] test striding::tests::test_c_style_non_sequential_time_dimension ... ok
[INFO] [stdout] test striding::tests::test_c_style_shortcut ... ok
[INFO] [stdout] test striding::tests::test_f_style_shortcut ... ok
[INFO] [stdout] test tests::hawk_timeseries_test ... ok
[INFO] [stdout] test stream::stream_iterator::tests::stream_test_negative_handling_separate ... ok
[INFO] [stdout] test stream::tests::stream_test_negative_handling_separate ... ok
[INFO] [stdout] test striding::tests::c_style_hawk_strided_image ... ok
[INFO] [stdout] test striding::tests::f_style_hawk_strided_image ... ok
[INFO] [stdout] test utils::tests::basic_output_size_test ... ok
[INFO] [stdout] test utils::tests::basic_size_test ... ok
[INFO] [stdout] test striding::tests::non_contig_hawk_f_style_image ... ok
[INFO] [stdout] test striding::tests::test_f_style_non_sequential_time_dimension ... ok
[INFO] [stdout] test striding::tests::striding_error_code ... ok
[INFO] [stdout] test striding::tests::hawk_contiguous_test_f_style ... ok
[INFO] [stdout] test utils::tests::full_cache_index_test ... ok
[INFO] [stdout] test utils::tests::output_size_for_level_3_test ... ok
[INFO] [stdout] test utils::tests::full_cache_size_test ... ok
[INFO] [stdout] test tests::metadata_test ... FAILED
[INFO] [stdout] test utils::tests::output_size_for_4_levels ... ok
[INFO] [stdout] test utils::tests::output_size_takes_account_of_negative_handling ... ok
[INFO] [stdout] test utils::tests::test_kappa_l4 ... ok
[INFO] [stdout] test utils::tests::output_size_for_level_0_test ... ok
[INFO] [stdout] test utils::tests::test_kappa_u16 ... ok
[INFO] [stdout] test striding::tests::hawk_contiguous_test_c_style ... ok
[INFO] [stdout] test utils::tests::stride_limit_test ... ok
[INFO] [stdout] test utils::tests::stride_length_l1 ... ok
[INFO] [stdout] test utils::tests::test_max_u8_kappa_7 ... ok
[INFO] [stdout] test utils::tests::vee_size_test ... ok
[INFO] [stdout] test utils::tests::stride_length_l2 ... ok
[INFO] [stdout] test utils::tests::output_size_for_level_takes_account_of_negative_handling ... ok
[INFO] [stdout] test utils::tests::test_kappa_u8 ... ok
[INFO] [stdout] test utils::tests::sigma_sep ... ok
[INFO] [stdout] test validation::tests::data_length_has_2_32_outputs ... ok
[INFO] [stdout] test validation::tests::data_length_has_more_than_2_32_outputs ... ok
[INFO] [stdout] test utils::tests::sigma_abs ... ok
[INFO] [stdout] test validation::tests::validation_error_to_string ... ok
[INFO] [stdout] test utils::tests::separate_negative_test ... ok
[INFO] [stdout] test utils::tests::stride_length_l0 ... ok
[INFO] [stdout] test validation::tests::data_length_too_small ... ok
[INFO] [stdout] test pstreams::interleaved::tests::output_frame_test_0_4_10 ... ok
[INFO] [stdout] test validation::tests::data_length_ok ... ok
[INFO] [stdout] test validation::tests::errors_escalate ... ok
[INFO] [stdout] test validation::tests::output_size_over_cutoff ... ok
[INFO] [stdout] 
[INFO] [stdout] failures:
[INFO] [stdout] 
[INFO] [stdout] ---- tests::metadata_test stdout ----
[INFO] [stdout] 
[INFO] [stdout] thread 'tests::metadata_test' (797) panicked at src/lib.rs:369:9:
[INFO] [stdout] assertion `left == right` failed
[INFO] [stdout]   left: "hawk_core:\nVersion: 0.2.0\nconfig: {\"Version1\":{\"threading\":\"Parallel\",\"memory\":\"Contiguous\",\"run_style\":\"InMemory\",\"algorithm\":{\"n_levels\":3,\"output_style\":\"Sequential\",\"negative_handling\":\"Absolute\"},\"validation\":null}}"
[INFO] [stdout]  right: "hawk_core:\nVersion: 0.1.0\nconfig: {\"Version1\":{\"threading\":\"Parallel\",\"memory\":\"Contiguous\",\"run_style\":\"InMemory\",\"algorithm\":{\"n_levels\":3,\"output_style\":\"Sequential\",\"negative_handling\":\"Absolute\"},\"validation\":null}}"
[INFO] [stdout] stack backtrace:
[INFO] [stdout]    0:     0x5a7b40378941 - <<std[617be2ca0a6fd877]::sys::backtrace::BacktraceLock>::print::DisplayBacktrace as core[a373ad73a504971]::fmt::Display>::fmt
[INFO] [stdout]    1:     0x5a7b4038da0a - core[a373ad73a504971]::fmt::write
[INFO] [stdout]    2:     0x5a7b4037cc5c - <alloc[2e1b2a31b91974c5]::vec::Vec<u8> as core[a373ad73a504971]::io::write::Write>::write_fmt
[INFO] [stdout]    3:     0x5a7b40354af6 - std[617be2ca0a6fd877]::panicking::default_hook::{closure#0}
[INFO] [stdout]    4:     0x5a7b40370e59 - std[617be2ca0a6fd877]::panicking::default_hook
[INFO] [stdout]    5:     0x5a7b40300020 - test[aada8e7e76ba119b]::test_main_inner::{closure#0}
[INFO] [stdout]    6:     0x5a7b40371182 - std[617be2ca0a6fd877]::panicking::panic_with_hook
[INFO] [stdout]    7:     0x5a7b40354ba2 - std[617be2ca0a6fd877]::panicking::panic_handler::{closure#0}
[INFO] [stdout]    8:     0x5a7b4034d889 - std[617be2ca0a6fd877]::sys::backtrace::__rust_end_short_backtrace::<std[617be2ca0a6fd877]::panicking::panic_handler::{closure#0}, !>
[INFO] [stdout]    9:     0x5a7b403557ad - __rustc[ea4f61d10b84890b]::rust_begin_unwind
[INFO] [stdout]   10:     0x5a7b4038e13c - core[a373ad73a504971]::panicking::panic_fmt
[INFO] [stdout]   11:     0x5a7b4038e053 - core[a373ad73a504971]::panicking::assert_failed_inner
[INFO] [stdout]   12:     0x5a7b402cc236 - core[a373ad73a504971]::panicking::assert_failed::<&str, &str>
[INFO] [stdout]   13:     0x5a7b402ecd36 - <smlm_hawk_core[52c848beaa82841a]::tests::metadata_test::{closure#0} as core[a373ad73a504971]::ops::function::FnOnce<()>>::call_once
[INFO] [stdout]   14:     0x5a7b402f346b - test[aada8e7e76ba119b]::__rust_begin_short_backtrace::<core[a373ad73a504971]::result::Result<(), alloc[2e1b2a31b91974c5]::string::String>, fn() -> core[a373ad73a504971]::result::Result<(), alloc[2e1b2a31b91974c5]::string::String>>
[INFO] [stdout]   15:     0x5a7b40300645 - test[aada8e7e76ba119b]::run_test::{closure#0}
[INFO] [stdout]   16:     0x5a7b402f9f34 - std[617be2ca0a6fd877]::sys::backtrace::__rust_begin_short_backtrace::<test[aada8e7e76ba119b]::run_test::{closure#1}, ()>
[INFO] [stdout]   17:     0x5a7b403036d2 - <std[617be2ca0a6fd877]::thread::lifecycle::spawn_unchecked<test[aada8e7e76ba119b]::run_test::{closure#1}, ()>::{closure#1} as core[a373ad73a504971]::ops::function::FnOnce<()>>::call_once::{shim:vtable#0}
[INFO] [stdout]   18:     0x5a7b4037818f - <std[617be2ca0a6fd877]::sys::thread::unix::Thread>::new::thread_start
[INFO] [stdout]   19:     0x769ce45eadfa - <unknown>
[INFO] [stdout]   20:     0x769ce467e3d4 - clone
[INFO] [stdout]   21:                0x0 - <unknown>
[INFO] [stdout] 
[INFO] [stdout] 
[INFO] [stdout] failures:
[INFO] [stdout]     tests::metadata_test
[INFO] [stdout] 
[INFO] [stdout] test result: FAILED. 160 passed; 1 failed; 0 ignored; 0 measured; 0 filtered out; finished in 0.04s
[INFO] [stdout] 
[INFO] [stderr] error: test failed, to rerun pass `--lib`
[INFO] running `Command { std: "docker" "inspect" "277ecbab70242950fc478571abe02aa744b92055d742d324c8e52e3d4ad3f730", kill_on_drop: false }`
[INFO] running `Command { std: "docker" "rm" "-f" "277ecbab70242950fc478571abe02aa744b92055d742d324c8e52e3d4ad3f730", kill_on_drop: false }`
[INFO] [stdout] 277ecbab70242950fc478571abe02aa744b92055d742d324c8e52e3d4ad3f730
