[INFO] fetching crate smlang 0.8.0...
[INFO] testing smlang-0.8.0 against 1.99.0-beta.8+cargoflags=--release for beta-release-1.100-2
[INFO] extracting crate smlang 0.8.0 into /workspace/builds/worker-2-tc1/source
[INFO] started tweaking crates.io crate smlang 0.8.0
[INFO] removed 0 missing examples
[INFO] removed 0 missing tests
[INFO] finished tweaking crates.io crate smlang 0.8.0
[INFO] tweaked toml for crates.io crate smlang 0.8.0 written to /workspace/builds/worker-2-tc1/source/Cargo.toml
[INFO] validating manifest of crates.io crate smlang 0.8.0 on toolchain 1.99.0-beta.8
[INFO] running `Command { std: CARGO_HOME="/workspace/cargo-home" RUSTUP_HOME="/workspace/rustup-home" "/workspace/cargo-home/bin/cargo" "+1.99.0-beta.8" "metadata" "--manifest-path" "Cargo.toml" "--no-deps", kill_on_drop: false }`
[INFO] crate crates.io crate smlang 0.8.0 already has a lockfile, it will not be regenerated
[INFO] running `Command { std: CARGO_HOME="/workspace/cargo-home" RUSTUP_HOME="/workspace/rustup-home" "/workspace/cargo-home/bin/cargo" "+1.99.0-beta.8" "fetch" "--manifest-path" "Cargo.toml", kill_on_drop: false }`
[INFO] [stderr]     Blocking waiting for file lock on package cache
[INFO] [stderr]     Updating crates.io index
[INFO] [stderr]     Blocking waiting for file lock on package cache
[INFO] [stderr]  Downloading crates ...
[INFO] [stderr]   Downloaded trybuild v1.0.64
[INFO] [stderr]   Downloaded ryu v1.0.9
[INFO] [stderr]   Downloaded itoa v1.0.1
[INFO] [stderr]   Downloaded fastrand v2.0.2
[INFO] [stderr]   Downloaded waker-fn v1.1.1
[INFO] [stderr]   Downloaded parking v2.2.0
[INFO] [stderr]   Downloaded async-channel v2.2.1
[INFO] [stderr]   Downloaded piper v0.2.1
[INFO] [stderr]   Downloaded event-listener-strategy v0.4.0
[INFO] [stderr]   Downloaded fastrand v1.9.0
[INFO] [stderr]   Downloaded hermit-abi v0.3.9
[INFO] [stderr]   Downloaded autocfg v1.2.0
[INFO] [stderr]   Downloaded unicode-xid v0.2.2
[INFO] [stderr]   Downloaded instant v0.1.12
[INFO] [stderr]   Downloaded event-listener-strategy v0.5.1
[INFO] [stderr]   Downloaded serde v1.0.136
[INFO] [stderr]   Downloaded windows-targets v0.52.5
[INFO] [stderr]   Downloaded concurrent-queue v2.4.0
[INFO] [stderr]   Downloaded once_cell v1.9.0
[INFO] [stderr]   Downloaded semver v1.0.22
[INFO] [stderr]   Downloaded quote v1.0.15
[INFO] [stderr]   Downloaded pin-project-lite v0.2.14
[INFO] [stderr]   Downloaded async-signal v0.2.5
[INFO] [stderr]   Downloaded async-fs v1.6.0
[INFO] [stderr]   Downloaded smlang-macros v0.8.0
[INFO] [stderr]   Downloaded blocking v1.5.1
[INFO] [stderr]   Downloaded async-process v1.8.1
[INFO] [stderr]   Downloaded async-executor v1.11.0
[INFO] [stderr]   Downloaded async-net v1.8.0
[INFO] [stderr]   Downloaded async-lock v2.8.0
[INFO] [stderr]   Downloaded proc-macro2 v1.0.36
[INFO] [stderr]   Downloaded glob v0.3.0
[INFO] [stderr]   Downloaded futures-lite v1.13.0
[INFO] [stderr]   Downloaded event-listener v4.0.3
[INFO] [stderr]   Downloaded bitflags v2.5.0
[INFO] [stderr]   Downloaded futures-lite v2.3.0
[INFO] [stderr]   Downloaded async-lock v3.3.0
[INFO] [stderr]   Downloaded async-task v4.7.0
[INFO] [stderr]   Downloaded event-listener v3.1.0
[INFO] [stderr]   Downloaded async-io v1.13.0
[INFO] [stderr]   Downloaded io-lifetimes v1.0.11
[INFO] [stderr]   Downloaded log v0.4.21
[INFO] [stderr]   Downloaded event-listener v5.3.0
[INFO] [stderr]   Downloaded polling v2.8.0
[INFO] [stderr]   Downloaded socket2 v0.4.10
[INFO] [stderr]   Downloaded serde_derive v1.0.136
[INFO] [stderr]   Downloaded smol v1.3.0
[INFO] [stderr]   Downloaded async-io v2.3.2
[INFO] [stderr]   Downloaded polling v3.6.0
[INFO] [stderr]   Downloaded memchr v2.7.2
[INFO] [stderr]   Downloaded serde_json v1.0.78
[INFO] [stderr]   Downloaded syn v1.0.86
[INFO] [stderr]   Downloaded rustix v0.37.27
[INFO] [stderr]   Downloaded rustix v0.38.32
[INFO] [stderr]   Downloaded windows_x86_64_gnullvm v0.52.5
[INFO] [stderr]   Downloaded windows_i686_gnullvm v0.52.5
[INFO] [stderr]   Downloaded windows_aarch64_gnullvm v0.52.5
[INFO] [stderr]   Downloaded libc v0.2.153
[INFO] [stderr]   Downloaded windows_aarch64_msvc v0.52.5
[INFO] [stderr]   Downloaded windows_i686_gnu v0.52.5
[INFO] [stderr]   Downloaded windows_x86_64_gnu v0.52.5
[INFO] [stderr]   Downloaded windows_x86_64_msvc v0.52.5
[INFO] [stderr]   Downloaded windows_i686_msvc v0.52.5
[INFO] [stderr]   Downloaded linux-raw-sys v0.3.8
[INFO] running `Command { std: "docker" "create" "-v" "/var/lib/crater-agent-workspace/builds/worker-2-tc1/source:/opt/rustwide/workdir:ro,Z" "-v" "/var/lib/crater-agent-workspace/builds/worker-2-tc1/target:/opt/rustwide/target:rw,Z" "-v" "/var/lib/crater-agent-workspace/cargo-home:/opt/rustwide/cargo-home:ro,Z" "-v" "/var/lib/crater-agent-workspace/rustup-home:/opt/rustwide/rustup-home:ro,Z" "-m" "1610612736" "--network" "none" "ghcr.io/rust-lang/crates-build-env/linux@sha256:77db811e55d90add9212f6832c23229e3de5f1c1f9905e8cb07319ea15df73ac" "sleep" "infinity", kill_on_drop: false }`
[INFO] [stdout] 76f4bd952ed4e8756488e72a2d22d8cd2cf66fde7abbc4ee52e4016e679b2a56
[INFO] running `Command { std: "docker" "start" "76f4bd952ed4e8756488e72a2d22d8cd2cf66fde7abbc4ee52e4016e679b2a56", kill_on_drop: false }`
[INFO] running `Command { std: "docker" "inspect" "76f4bd952ed4e8756488e72a2d22d8cd2cf66fde7abbc4ee52e4016e679b2a56", kill_on_drop: false }`
[INFO] running `Command { std: "docker" "exec" "-e" "SOURCE_DIR=/opt/rustwide/workdir" "-e" "CARGO_HOME=/opt/rustwide/cargo-home" "-e" "RUSTUP_HOME=/opt/rustwide/rustup-home" "-e" "CARGO_TARGET_DIR=/opt/rustwide/target" "-w" "/opt/rustwide/workdir" "--user" "0:0" "76f4bd952ed4e8756488e72a2d22d8cd2cf66fde7abbc4ee52e4016e679b2a56" "/opt/rustwide/cargo-home/bin/cargo" "+1.99.0-beta.8" "metadata" "--no-deps" "--format-version=1", kill_on_drop: false }`
[INFO] running `Command { std: "docker" "inspect" "76f4bd952ed4e8756488e72a2d22d8cd2cf66fde7abbc4ee52e4016e679b2a56", kill_on_drop: false }`
[INFO] running `Command { std: "docker" "exec" "-e" "SOURCE_DIR=/opt/rustwide/workdir" "-e" "CARGO_HOME=/opt/rustwide/cargo-home" "-e" "RUSTUP_HOME=/opt/rustwide/rustup-home" "-e" "CARGO_TARGET_DIR=/opt/rustwide/target" "-e" "CARGO_INCREMENTAL=0" "-e" "RUST_BACKTRACE=full" "-e" "RUSTFLAGS=--cap-lints=warn" "-e" "RUSTDOCFLAGS=--cap-lints=warn" "-w" "/opt/rustwide/workdir" "--user" "0:0" "76f4bd952ed4e8756488e72a2d22d8cd2cf66fde7abbc4ee52e4016e679b2a56" "/opt/rustwide/cargo-home/bin/cargo" "+1.99.0-beta.8" "build" "--frozen" "--message-format=json" "--release", kill_on_drop: false }`
[INFO] [stderr]    Compiling proc-macro2 v1.0.36
[INFO] [stderr]    Compiling unicode-xid v0.2.2
[INFO] [stderr]    Compiling syn v1.0.86
[INFO] [stderr]    Compiling string_morph v0.1.0
[INFO] [stderr]    Compiling quote v1.0.15
[INFO] [stderr]    Compiling smlang-macros v0.8.0
[INFO] [stderr]    Compiling smlang v0.8.0 (/opt/rustwide/workdir)
[INFO] [stderr]     Finished `release` profile [optimized] target(s) in 6.55s
[INFO] running `Command { std: "docker" "inspect" "76f4bd952ed4e8756488e72a2d22d8cd2cf66fde7abbc4ee52e4016e679b2a56", kill_on_drop: false }`
[INFO] running `Command { std: "docker" "exec" "-e" "SOURCE_DIR=/opt/rustwide/workdir" "-e" "CARGO_HOME=/opt/rustwide/cargo-home" "-e" "RUSTUP_HOME=/opt/rustwide/rustup-home" "-e" "CARGO_TARGET_DIR=/opt/rustwide/target" "-e" "CARGO_INCREMENTAL=0" "-e" "RUST_BACKTRACE=full" "-e" "RUSTFLAGS=--cap-lints=warn" "-e" "RUSTDOCFLAGS=--cap-lints=warn" "-w" "/opt/rustwide/workdir" "--user" "0:0" "76f4bd952ed4e8756488e72a2d22d8cd2cf66fde7abbc4ee52e4016e679b2a56" "/opt/rustwide/cargo-home/bin/cargo" "+1.99.0-beta.8" "test" "--frozen" "--no-run" "--message-format=json" "--release", kill_on_drop: false }`
[INFO] [stderr]    Compiling crossbeam-utils v0.8.19
[INFO] [stderr]    Compiling pin-project-lite v0.2.14
[INFO] [stderr]    Compiling autocfg v1.2.0
[INFO] [stderr]    Compiling parking v2.2.0
[INFO] [stderr]    Compiling futures-core v0.3.30
[INFO] [stderr]    Compiling futures-io v0.3.30
[INFO] [stderr]    Compiling libc v0.2.153
[INFO] [stderr]    Compiling fastrand v2.0.2
[INFO] [stderr]    Compiling tracing-core v0.1.32
[INFO] [stderr]    Compiling event-listener v2.5.3
[INFO] [stderr]    Compiling rustix v0.38.32
[INFO] [stderr]    Compiling io-lifetimes v1.0.11
[INFO] [stderr]    Compiling linux-raw-sys v0.4.13
[INFO] [stderr]    Compiling waker-fn v1.1.1
[INFO] [stderr]    Compiling memchr v2.7.2
[INFO] [stderr]    Compiling rustix v0.37.27
[INFO] [stderr]    Compiling fastrand v1.9.0
[INFO] [stderr]    Compiling bitflags v2.5.0
[INFO] [stderr]    Compiling bitflags v1.3.2
[INFO] [stderr]    Compiling serde v1.0.136
[INFO] [stderr]    Compiling async-lock v2.8.0
[INFO] [stderr]    Compiling atomic-waker v1.1.2
[INFO] [stderr]    Compiling async-task v4.7.0
[INFO] [stderr]    Compiling linux-raw-sys v0.3.8
[INFO] [stderr]    Compiling log v0.4.21
[INFO] [stderr]    Compiling serde_json v1.0.78
[INFO] [stderr]    Compiling serde_derive v1.0.136
[INFO] [stderr]    Compiling futures-lite v2.3.0
[INFO] [stderr]    Compiling piper v0.2.1
[INFO] [stderr]    Compiling trybuild v1.0.64
[INFO] [stderr]    Compiling slab v0.4.9
[INFO] [stderr]    Compiling polling v2.8.0
[INFO] [stderr]    Compiling async-io v1.13.0
[INFO] [stderr]    Compiling async-fs v1.6.0
[INFO] [stderr]    Compiling tracing v0.1.40
[INFO] [stderr]    Compiling ryu v1.0.9
[INFO] [stderr]    Compiling itoa v1.0.1
[INFO] [stderr]    Compiling convert_case v0.4.0
[INFO] [stderr]    Compiling termcolor v1.1.2
[INFO] [stderr]    Compiling once_cell v1.9.0
[INFO] [stderr]    Compiling futures-lite v1.13.0
[INFO] [stderr]    Compiling glob v0.3.0
[INFO] [stderr]    Compiling concurrent-queue v2.4.0
[INFO] [stderr]    Compiling derive_more v0.99.17
[INFO] [stderr]    Compiling event-listener v4.0.3
[INFO] [stderr]    Compiling event-listener v5.3.0
[INFO] [stderr]    Compiling event-listener v3.1.0
[INFO] [stderr]    Compiling async-channel v1.9.0
[INFO] [stderr]    Compiling async-executor v1.11.0
[INFO] [stderr]    Compiling event-listener-strategy v0.4.0
[INFO] [stderr]    Compiling async-lock v3.3.0
[INFO] [stderr]    Compiling event-listener-strategy v0.5.1
[INFO] [stderr]    Compiling async-channel v2.2.1
[INFO] [stderr]    Compiling socket2 v0.4.10
[INFO] [stderr]    Compiling signal-hook-registry v1.4.1
[INFO] [stderr]    Compiling blocking v1.5.1
[INFO] [stderr]    Compiling toml v0.5.8
[INFO] [stderr]    Compiling async-net v1.8.0
[INFO] [stderr]    Compiling polling v3.6.0
[INFO] [stderr]    Compiling async-io v2.3.2
[INFO] [stderr]    Compiling async-signal v0.2.5
[INFO] [stderr]    Compiling async-process v1.8.1
[INFO] [stderr]    Compiling smol v1.3.0
[INFO] [stderr]    Compiling smlang v0.8.0 (/opt/rustwide/workdir)
[INFO] [stderr]     Finished `release` profile [optimized] target(s) in 1m 40s
[INFO] running `Command { std: "docker" "inspect" "76f4bd952ed4e8756488e72a2d22d8cd2cf66fde7abbc4ee52e4016e679b2a56", kill_on_drop: false }`
[INFO] running `Command { std: "docker" "exec" "-e" "SOURCE_DIR=/opt/rustwide/workdir" "-e" "CARGO_HOME=/opt/rustwide/cargo-home" "-e" "RUSTUP_HOME=/opt/rustwide/rustup-home" "-e" "CARGO_TARGET_DIR=/opt/rustwide/target" "-e" "CARGO_INCREMENTAL=0" "-e" "RUST_BACKTRACE=full" "-e" "RUSTFLAGS=--cap-lints=warn" "-e" "RUSTDOCFLAGS=--cap-lints=warn" "-w" "/opt/rustwide/workdir" "--user" "0:0" "76f4bd952ed4e8756488e72a2d22d8cd2cf66fde7abbc4ee52e4016e679b2a56" "/opt/rustwide/cargo-home/bin/cargo" "+1.99.0-beta.8" "test" "--frozen" "--release", kill_on_drop: false }`
[INFO] [stderr]     Finished `release` profile [optimized] target(s) in 0.12s
[INFO] [stderr]      Running unittests src/lib.rs (/opt/rustwide/target/release/deps/smlang-28a8490f0897a0ad)
[INFO] [stdout] 
[INFO] [stderr]      Running tests/test.rs (/opt/rustwide/target/release/deps/test-482f6be2abc847ff)
[INFO] [stdout] running 0 tests
[INFO] [stdout] 
[INFO] [stdout] test result: ok. 0 passed; 0 failed; 0 ignored; 0 measured; 0 filtered out; finished in 0.00s
[INFO] [stdout] 
[INFO] [stdout] 
[INFO] [stdout] running 11 tests
[INFO] [stdout] test test_wildcard_states_and_internal_transitions ... ok
[INFO] [stdout] test guarded_transition_before_unguarded ... ok
[INFO] [stderr] warning: `/opt/rustwide/target/tests/smlang/.cargo/config` is deprecated in favor of `config.toml`
[INFO] [stderr]   |
[INFO] [stderr]   = help: if you need to support cargo 1.38 or earlier, you can symlink `config` to `config.toml`
[INFO] [stdout] test derive_display_events_states ... ok
[INFO] [stdout] test guard_errors ... ok
[INFO] [stdout] test multiple_lifetimes ... ok
[INFO] [stdout] test async_guards_and_actions ... ok
[INFO] [stdout] test named_derive_display_events_states ... ok
[INFO] [stdout] test test_internal_transition_with_data ... ok
[INFO] [stdout] test wildcard_after_input_state ... ok
[INFO] [stdout] test guard_expressions ... ok
[INFO] [stderr]    Compiling crossbeam-utils v0.8.19
[INFO] [stderr]     Checking pin-project-lite v0.2.14
[INFO] [stderr]    Compiling autocfg v1.2.0
[INFO] [stderr]     Checking parking v2.2.0
[INFO] [stderr]     Checking futures-core v0.3.30
[INFO] [stderr]    Compiling libc v0.2.153
[INFO] [stderr]     Checking futures-io v0.3.30
[INFO] [stderr]     Checking fastrand v2.0.2
[INFO] [stderr]     Checking tracing-core v0.1.32
[INFO] [stderr]     Checking cfg-if v1.0.0
[INFO] [stderr]    Compiling rustix v0.38.32
[INFO] [stderr]     Checking event-listener v2.5.3
[INFO] [stderr]    Compiling proc-macro2 v1.0.36
[INFO] [stderr]    Compiling io-lifetimes v1.0.11
[INFO] [stderr]    Compiling unicode-xid v0.2.2
[INFO] [stderr]     Checking bitflags v2.5.0
[INFO] [stderr]     Checking linux-raw-sys v0.4.13
[INFO] [stderr]     Checking waker-fn v1.1.1
[INFO] [stderr]     Checking memchr v2.7.2
[INFO] [stderr]    Compiling rustix v0.37.27
[INFO] [stderr]     Checking fastrand v1.9.0
[INFO] [stderr]     Checking log v0.4.21
[INFO] [stderr]     Checking bitflags v1.3.2
[INFO] [stderr]    Compiling syn v1.0.86
[INFO] [stderr]     Checking async-lock v2.8.0
[INFO] [stderr]     Checking futures-lite v2.3.0
[INFO] [stderr]     Checking async-task v4.7.0
[INFO] [stderr]     Checking atomic-waker v1.1.2
[INFO] [stderr]     Checking linux-raw-sys v0.3.8
[INFO] [stderr]    Compiling string_morph v0.1.0
[INFO] [stderr]    Compiling convert_case v0.4.0
[INFO] [stderr]     Checking piper v0.2.1
[INFO] [stderr]    Compiling slab v0.4.9
[INFO] [stderr]    Compiling polling v2.8.0
[INFO] [stderr]    Compiling async-io v1.13.0
[INFO] [stderr]    Compiling async-fs v1.6.0
[INFO] [stderr]     Checking tracing v0.1.40
[INFO] [stderr]     Checking futures-lite v1.13.0
[INFO] [stderr]     Checking concurrent-queue v2.4.0
[INFO] [stderr]    Compiling quote v1.0.15
[INFO] [stderr]     Checking event-listener v4.0.3
[INFO] [stderr]     Checking event-listener v5.3.0
[INFO] [stderr]     Checking event-listener v3.1.0
[INFO] [stderr]     Checking async-channel v1.9.0
[INFO] [stderr]     Checking event-listener-strategy v0.4.0
[INFO] [stderr]     Checking event-listener-strategy v0.5.1
[INFO] [stderr]     Checking async-lock v3.3.0
[INFO] [stderr]     Checking async-channel v2.2.1
[INFO] [stderr]     Checking async-executor v1.11.0
[INFO] [stderr]     Checking socket2 v0.4.10
[INFO] [stderr]     Checking signal-hook-registry v1.4.1
[INFO] [stderr]     Checking blocking v1.5.1
[INFO] [stderr]     Checking async-net v1.8.0
[INFO] [stderr]    Compiling smlang-macros v0.8.0
[INFO] [stderr]    Compiling derive_more v0.99.17
[INFO] [stderr]     Checking polling v3.6.0
[INFO] [stderr]     Checking async-io v2.3.2
[INFO] [stderr]     Checking async-signal v0.2.5
[INFO] [stderr]     Checking async-process v1.8.1
[INFO] [stderr]     Checking smol v1.3.0
[INFO] [stderr]     Checking smlang v0.8.0 (/opt/rustwide/workdir)
[INFO] [stderr]     Checking smlang-tests v0.0.0 (/opt/rustwide/target/tests/smlang)
[INFO] [stderr]     Finished `dev` profile [unoptimized + debuginfo] target(s) in 17.53s
[INFO] [stderr] 
[INFO] [stderr] 
[INFO] [stderr] test tests/compile-fail/double_state_event.rs ... mismatch
[INFO] [stderr] 
[INFO] [stderr] EXPECTED:
[INFO] [stderr] ┈┈┈┈┈┈┈┈┈┈┈┈┈┈┈┈┈┈┈┈┈┈┈┈┈┈┈┈┈┈┈┈┈┈┈┈┈┈┈┈┈┈┈┈┈┈┈┈┈┈┈┈┈┈┈┈┈┈┈┈
[INFO] [stderr] error: State1 + Event1: State and event combination specified multiple times, remove duplicates.
[INFO] [stderr]   --> tests/compile-fail/double_state_event.rs:5:1
[INFO] [stderr]    |
[INFO] [stderr] 5  | / statemachine! {
[INFO] [stderr] 6  | |     transitions: {
[INFO] [stderr] 7  | |         *State1 + Event1 = State2,
[INFO] [stderr] 8  | |         State1 + Event1 = State3, //~ State and event combination specified multiple times, remove duplicates.
[INFO] [stderr] 9  | |     }
[INFO] [stderr] 10 | | }
[INFO] [stderr]    | |_^
[INFO] [stderr]    |
[INFO] [stderr]    = note: this error originates in the macro `statemachine` (in Nightly builds, run with -Z macro-backtrace for more info)
[INFO] [stderr] ┈┈┈┈┈┈┈┈┈┈┈┈┈┈┈┈┈┈┈┈┈┈┈┈┈┈┈┈┈┈┈┈┈┈┈┈┈┈┈┈┈┈┈┈┈┈┈┈┈┈┈┈┈┈┈┈┈┈┈┈
[INFO] [stderr] 
[INFO] [stderr] ACTUAL OUTPUT:
[INFO] [stderr] ┈┈┈┈┈┈┈┈┈┈┈┈┈┈┈┈┈┈┈┈┈┈┈┈┈┈┈┈┈┈┈┈┈┈┈┈┈┈┈┈┈┈┈┈┈┈┈┈┈┈┈┈┈┈┈┈┈┈┈┈
[INFO] [stderr] error: State1 + Event1: State and event combination specified multiple times, remove duplicates.
[INFO] [stderr]   --> tests/compile-fail/double_state_event.rs:5:1
[INFO] [stderr]    |
[INFO] [stderr]  5 | / statemachine! {
[INFO] [stderr]  6 | |     transitions: {
[INFO] [stderr]  7 | |         *State1 + Event1 = State2,
[INFO] [stderr]  8 | |         State1 + Event1 = State3, //~ State and event combination specified multiple times, remove duplicates.
[INFO] [stderr]  9 | |     }
[INFO] [stderr] 10 | | }
[INFO] [stderr]    | |_^
[INFO] [stderr]    |
[INFO] [stderr]    = note: this error originates in the macro `statemachine` (in Nightly builds, run with -Z macro-backtrace for more info)
[INFO] [stderr] ┈┈┈┈┈┈┈┈┈┈┈┈┈┈┈┈┈┈┈┈┈┈┈┈┈┈┈┈┈┈┈┈┈┈┈┈┈┈┈┈┈┈┈┈┈┈┈┈┈┈┈┈┈┈┈┈┈┈┈┈
[INFO] [stderr] note: If the actual output is the correct output you can bless it by rerunning
[INFO] [stderr]       your test with the environment variable TRYBUILD=overwrite
[INFO] [stderr] 
[INFO] [stderr] test tests/compile-fail/duplicate_action.rs ... mismatch
[INFO] [stderr] 
[INFO] [stderr] EXPECTED:
[INFO] [stderr] ┈┈┈┈┈┈┈┈┈┈┈┈┈┈┈┈┈┈┈┈┈┈┈┈┈┈┈┈┈┈┈┈┈┈┈┈┈┈┈┈┈┈┈┈┈┈┈┈┈┈┈┈┈┈┈┈┈┈┈┈
[INFO] [stderr] error: Action `action` can only be reused when all input states, events, and output states have the same data
[INFO] [stderr]   --> tests/compile-fail/duplicate_action.rs:3:1
[INFO] [stderr]    |
[INFO] [stderr] 3  | / statemachine! {
[INFO] [stderr] 4  | |     transitions: {
[INFO] [stderr] 5  | |         *Init + Event / action = State1(u32),
[INFO] [stderr] ...  |
[INFO] [stderr] 10 | |     }
[INFO] [stderr] 11 | | }
[INFO] [stderr]    | |_^
[INFO] [stderr]    |
[INFO] [stderr]    = note: this error originates in the macro `statemachine` (in Nightly builds, run with -Z macro-backtrace for more info)
[INFO] [stderr] ┈┈┈┈┈┈┈┈┈┈┈┈┈┈┈┈┈┈┈┈┈┈┈┈┈┈┈┈┈┈┈┈┈┈┈┈┈┈┈┈┈┈┈┈┈┈┈┈┈┈┈┈┈┈┈┈┈┈┈┈
[INFO] [stderr] 
[INFO] [stderr] ACTUAL OUTPUT:
[INFO] [stderr] ┈┈┈┈┈┈┈┈┈┈┈┈┈┈┈┈┈┈┈┈┈┈┈┈┈┈┈┈┈┈┈┈┈┈┈┈┈┈┈┈┈┈┈┈┈┈┈┈┈┈┈┈┈┈┈┈┈┈┈┈
[INFO] [stderr] error: Action `action` can only be reused when all input states, events, and output states have the same data
[INFO] [stderr]   --> tests/compile-fail/duplicate_action.rs:3:1
[INFO] [stderr]    |
[INFO] [stderr]  3 | / statemachine! {
[INFO] [stderr]  4 | |     transitions: {
[INFO] [stderr]  5 | |         *Init + Event / action = State1(u32),
[INFO] [stderr] ...  |
[INFO] [stderr] 11 | | }
[INFO] [stderr]    | |_^
[INFO] [stderr]    |
[INFO] [stderr]    = note: this error originates in the macro `statemachine` (in Nightly builds, run with -Z macro-backtrace for more info)
[INFO] [stderr] ┈┈┈┈┈┈┈┈┈┈┈┈┈┈┈┈┈┈┈┈┈┈┈┈┈┈┈┈┈┈┈┈┈┈┈┈┈┈┈┈┈┈┈┈┈┈┈┈┈┈┈┈┈┈┈┈┈┈┈┈
[INFO] [stderr] note: If the actual output is the correct output you can bless it by rerunning
[INFO] [stderr]       your test with the environment variable TRYBUILD=overwrite
[INFO] [stderr] 
[INFO] [stderr] test tests/compile-fail/duplicate_guard.rs ... mismatch
[INFO] [stderr] 
[INFO] [stderr] EXPECTED:
[INFO] [stderr] ┈┈┈┈┈┈┈┈┈┈┈┈┈┈┈┈┈┈┈┈┈┈┈┈┈┈┈┈┈┈┈┈┈┈┈┈┈┈┈┈┈┈┈┈┈┈┈┈┈┈┈┈┈┈┈┈┈┈┈┈
[INFO] [stderr] error: Guard `guard` can only be reused when all input states and events have the same data
[INFO] [stderr]   --> tests/compile-fail/duplicate_guard.rs:3:1
[INFO] [stderr]    |
[INFO] [stderr] 3  | / statemachine! {
[INFO] [stderr] 4  | |     transitions: {
[INFO] [stderr] 5  | |         *Init + Event [guard] / action = State1(u32),
[INFO] [stderr] ...  |
[INFO] [stderr] 10 | |     }
[INFO] [stderr] 11 | | }
[INFO] [stderr]    | |_^
[INFO] [stderr]    |
[INFO] [stderr]    = note: this error originates in the macro `statemachine` (in Nightly builds, run with -Z macro-backtrace for more info)
[INFO] [stderr] ┈┈┈┈┈┈┈┈┈┈┈┈┈┈┈┈┈┈┈┈┈┈┈┈┈┈┈┈┈┈┈┈┈┈┈┈┈┈┈┈┈┈┈┈┈┈┈┈┈┈┈┈┈┈┈┈┈┈┈┈
[INFO] [stderr] 
[INFO] [stderr] ACTUAL OUTPUT:
[INFO] [stderr] ┈┈┈┈┈┈┈┈┈┈┈┈┈┈┈┈┈┈┈┈┈┈┈┈┈┈┈┈┈┈┈┈┈┈┈┈┈┈┈┈┈┈┈┈┈┈┈┈┈┈┈┈┈┈┈┈┈┈┈┈
[INFO] [stderr] error: Guard `guard` can only be reused when all input states and events have the same data
[INFO] [stderr]   --> tests/compile-fail/duplicate_guard.rs:3:1
[INFO] [stderr]    |
[INFO] [stderr]  3 | / statemachine! {
[INFO] [stderr]  4 | |     transitions: {
[INFO] [stderr]  5 | |         *Init + Event [guard] / action = State1(u32),
[INFO] [stderr] ...  |
[INFO] [stderr] 11 | | }
[INFO] [stderr]    | |_^
[INFO] [stderr]    |
[INFO] [stderr]    = note: this error originates in the macro `statemachine` (in Nightly builds, run with -Z macro-backtrace for more info)
[INFO] [stderr] ┈┈┈┈┈┈┈┈┈┈┈┈┈┈┈┈┈┈┈┈┈┈┈┈┈┈┈┈┈┈┈┈┈┈┈┈┈┈┈┈┈┈┈┈┈┈┈┈┈┈┈┈┈┈┈┈┈┈┈┈
[INFO] [stderr] note: If the actual output is the correct output you can bless it by rerunning
[INFO] [stderr]       your test with the environment variable TRYBUILD=overwrite
[INFO] [stderr] 
[INFO] [stderr] test tests/compile-fail/guarded_transition_after_unguarded.rs ... mismatch
[INFO] [stderr] 
[INFO] [stderr] EXPECTED:
[INFO] [stderr] ┈┈┈┈┈┈┈┈┈┈┈┈┈┈┈┈┈┈┈┈┈┈┈┈┈┈┈┈┈┈┈┈┈┈┈┈┈┈┈┈┈┈┈┈┈┈┈┈┈┈┈┈┈┈┈┈┈┈┈┈
[INFO] [stderr] error: State1 + Event1: [guard()] : guarded transition is unreachable because it follows an unguarded transition, which handles all cases
[INFO] [stderr]   --> tests/compile-fail/guarded_transition_after_unguarded.rs:5:1
[INFO] [stderr]    |
[INFO] [stderr] 5  | / statemachine! {
[INFO] [stderr] 6  | |     transitions: {
[INFO] [stderr] 7  | |         State1 + Event1 = Fault,
[INFO] [stderr] 8  | |         *State1 + Event1 [guard] = State2,
[INFO] [stderr] 9  | |     }
[INFO] [stderr] 10 | | }
[INFO] [stderr]    | |_^
[INFO] [stderr]    |
[INFO] [stderr]    = note: this error originates in the macro `statemachine` (in Nightly builds, run with -Z macro-backtrace for more info)
[INFO] [stderr] ┈┈┈┈┈┈┈┈┈┈┈┈┈┈┈┈┈┈┈┈┈┈┈┈┈┈┈┈┈┈┈┈┈┈┈┈┈┈┈┈┈┈┈┈┈┈┈┈┈┈┈┈┈┈┈┈┈┈┈┈
[INFO] [stderr] 
[INFO] [stderr] ACTUAL OUTPUT:
[INFO] [stderr] ┈┈┈┈┈┈┈┈┈┈┈┈┈┈┈┈┈┈┈┈┈┈┈┈┈┈┈┈┈┈┈┈┈┈┈┈┈┈┈┈┈┈┈┈┈┈┈┈┈┈┈┈┈┈┈┈┈┈┈┈
[INFO] [stderr] error: State1 + Event1: [guard()] : guarded transition is unreachable because it follows an unguarded transition, which handles all cases
[INFO] [stderr]   --> tests/compile-fail/guarded_transition_after_unguarded.rs:5:1
[INFO] [stderr]    |
[INFO] [stderr]  5 | / statemachine! {
[INFO] [stderr]  6 | |     transitions: {
[INFO] [stderr]  7 | |         State1 + Event1 = Fault,
[INFO] [stderr]  8 | |         *State1 + Event1 [guard] = State2,
[INFO] [stderr]  9 | |     }
[INFO] [stderr] 10 | | }
[INFO] [stderr]    | |_^
[INFO] [stderr]    |
[INFO] [stderr]    = note: this error originates in the macro `statemachine` (in Nightly builds, run with -Z macro-backtrace for more info)
[INFO] [stderr] ┈┈┈┈┈┈┈┈┈┈┈┈┈┈┈┈┈┈┈┈┈┈┈┈┈┈┈┈┈┈┈┈┈┈┈┈┈┈┈┈┈┈┈┈┈┈┈┈┈┈┈┈┈┈┈┈┈┈┈┈
[INFO] [stderr] note: If the actual output is the correct output you can bless it by rerunning
[INFO] [stderr]       your test with the environment variable TRYBUILD=overwrite
[INFO] [stderr] 
[INFO] [stderr] test tests/compile-fail/multiple_starting_state.rs ... mismatch
[INFO] [stderr] 
[INFO] [stderr] EXPECTED:
[INFO] [stderr] ┈┈┈┈┈┈┈┈┈┈┈┈┈┈┈┈┈┈┈┈┈┈┈┈┈┈┈┈┈┈┈┈┈┈┈┈┈┈┈┈┈┈┈┈┈┈┈┈┈┈┈┈┈┈┈┈┈┈┈┈
[INFO] [stderr] error: More than one starting state defined (indicated with *), remove duplicates.
[INFO] [stderr]   --> tests/compile-fail/multiple_starting_state.rs:5:1
[INFO] [stderr]    |
[INFO] [stderr] 5  | / statemachine! {
[INFO] [stderr] 6  | |     transitions: {
[INFO] [stderr] 7  | |         //~ More than one starting state defined (indicated with *), remove duplicates.
[INFO] [stderr] 8  | |         *State1 + Event1 = State2,
[INFO] [stderr] 9  | |         *State2 + Event2 = State3,
[INFO] [stderr] 10 | |     }
[INFO] [stderr] 11 | | }
[INFO] [stderr]    | |_^
[INFO] [stderr]    |
[INFO] [stderr]    = note: this error originates in the macro `statemachine` (in Nightly builds, run with -Z macro-backtrace for more info)
[INFO] [stderr] ┈┈┈┈┈┈┈┈┈┈┈┈┈┈┈┈┈┈┈┈┈┈┈┈┈┈┈┈┈┈┈┈┈┈┈┈┈┈┈┈┈┈┈┈┈┈┈┈┈┈┈┈┈┈┈┈┈┈┈┈
[INFO] [stderr] 
[INFO] [stderr] ACTUAL OUTPUT:
[INFO] [stderr] ┈┈┈┈┈┈┈┈┈┈┈┈┈┈┈┈┈┈┈┈┈┈┈┈┈┈┈┈┈┈┈┈┈┈┈┈┈┈┈┈┈┈┈┈┈┈┈┈┈┈┈┈┈┈┈┈┈┈┈┈
[INFO] [stderr] error: More than one starting state defined (indicated with *), remove duplicates.
[INFO] [stderr]   --> tests/compile-fail/multiple_starting_state.rs:5:1
[INFO] [stderr]    |
[INFO] [stderr]  5 | / statemachine! {
[INFO] [stderr]  6 | |     transitions: {
[INFO] [stderr]  7 | |         //~ More than one starting state defined (indicated with *), remove duplicates.
[INFO] [stderr]  8 | |         *State1 + Event1 = State2,
[INFO] [stderr] ...  |
[INFO] [stderr] 11 | | }
[INFO] [stderr]    | |_^
[INFO] [stderr]    |
[INFO] [stderr]    = note: this error originates in the macro `statemachine` (in Nightly builds, run with -Z macro-backtrace for more info)
[INFO] [stderr] ┈┈┈┈┈┈┈┈┈┈┈┈┈┈┈┈┈┈┈┈┈┈┈┈┈┈┈┈┈┈┈┈┈┈┈┈┈┈┈┈┈┈┈┈┈┈┈┈┈┈┈┈┈┈┈┈┈┈┈┈
[INFO] [stderr] note: If the actual output is the correct output you can bless it by rerunning
[INFO] [stderr]       your test with the environment variable TRYBUILD=overwrite
[INFO] [stderr] 
[INFO] [stderr] test tests/compile-fail/no_action_with_state_data.rs ... ok
[INFO] [stderr] test tests/compile-fail/no_starting_state.rs ... mismatch
[INFO] [stderr] 
[INFO] [stderr] EXPECTED:
[INFO] [stderr] ┈┈┈┈┈┈┈┈┈┈┈┈┈┈┈┈┈┈┈┈┈┈┈┈┈┈┈┈┈┈┈┈┈┈┈┈┈┈┈┈┈┈┈┈┈┈┈┈┈┈┈┈┈┈┈┈┈┈┈┈
[INFO] [stderr] error: No starting state defined, indicate the starting state with a *.
[INFO] [stderr]   --> $DIR/no_starting_state.rs:5:1
[INFO] [stderr]    |
[INFO] [stderr] 5  | / statemachine! {
[INFO] [stderr] 6  | |     transitions: {
[INFO] [stderr] 7  | |         //~ ERROR No starting state defined, indicate the starting state with a *
[INFO] [stderr] 8  | |         State1 + Event1 = State2,
[INFO] [stderr] 9  | |         State2 + Event2 = State3,
[INFO] [stderr] 10 | |     }
[INFO] [stderr] 11 | | }
[INFO] [stderr]    | |_^
[INFO] [stderr]    |
[INFO] [stderr]    = note: this error originates in the macro `statemachine` (in Nightly builds, run with -Z macro-backtrace for more info)
[INFO] [stderr] ┈┈┈┈┈┈┈┈┈┈┈┈┈┈┈┈┈┈┈┈┈┈┈┈┈┈┈┈┈┈┈┈┈┈┈┈┈┈┈┈┈┈┈┈┈┈┈┈┈┈┈┈┈┈┈┈┈┈┈┈
[INFO] [stderr] 
[INFO] [stderr] ACTUAL OUTPUT:
[INFO] [stderr] ┈┈┈┈┈┈┈┈┈┈┈┈┈┈┈┈┈┈┈┈┈┈┈┈┈┈┈┈┈┈┈┈┈┈┈┈┈┈┈┈┈┈┈┈┈┈┈┈┈┈┈┈┈┈┈┈┈┈┈┈
[INFO] [stderr] error: No starting state defined, indicate the starting state with a *.
[INFO] [stderr]   --> tests/compile-fail/no_starting_state.rs:5:1
[INFO] [stderr]    |
[INFO] [stderr]  5 | / statemachine! {
[INFO] [stderr]  6 | |     transitions: {
[INFO] [stderr]  7 | |         //~ ERROR No starting state defined, indicate the starting state with a *
[INFO] [stderr]  8 | |         State1 + Event1 = State2,
[INFO] [stderr] ...  |
[INFO] [stderr] 11 | | }
[INFO] [stderr]    | |_^
[INFO] [stderr]    |
[INFO] [stderr]    = note: this error originates in the macro `statemachine` (in Nightly builds, run with -Z macro-backtrace for more info)
[INFO] [stderr] ┈┈┈┈┈┈┈┈┈┈┈┈┈┈┈┈┈┈┈┈┈┈┈┈┈┈┈┈┈┈┈┈┈┈┈┈┈┈┈┈┈┈┈┈┈┈┈┈┈┈┈┈┈┈┈┈┈┈┈┈
[INFO] [stderr] note: If the actual output is the correct output you can bless it by rerunning
[INFO] [stderr]       your test with the environment variable TRYBUILD=overwrite
[INFO] [stderr] 
[INFO] [stderr] test tests/compile-fail/wildcard_before_input_state.rs ... mismatch
[INFO] [stderr] 
[INFO] [stderr] EXPECTED:
[INFO] [stderr] ┈┈┈┈┈┈┈┈┈┈┈┈┈┈┈┈┈┈┈┈┈┈┈┈┈┈┈┈┈┈┈┈┈┈┈┈┈┈┈┈┈┈┈┈┈┈┈┈┈┈┈┈┈┈┈┈┈┈┈┈
[INFO] [stderr] error: State1 + Event1: State and event combination specified multiple times, remove duplicates.
[INFO] [stderr]   --> tests/compile-fail/wildcard_before_input_state.rs:5:1
[INFO] [stderr]    |
[INFO] [stderr] 5  | / statemachine! {
[INFO] [stderr] 6  | |     transitions: {
[INFO] [stderr] 7  | |         _ + Event1 = Fault, //~ State and event combination specified multiple times, remove duplicates.
[INFO] [stderr] 8  | |         *State1 + Event1 = State2,
[INFO] [stderr] 9  | |     }
[INFO] [stderr] 10 | | }
[INFO] [stderr]    | |_^
[INFO] [stderr]    |
[INFO] [stderr]    = note: this error originates in the macro `statemachine` (in Nightly builds, run with -Z macro-backtrace for more info)
[INFO] [stderr] ┈┈┈┈┈┈┈┈┈┈┈┈┈┈┈┈┈┈┈┈┈┈┈┈┈┈┈┈┈┈┈┈┈┈┈┈┈┈┈┈┈┈┈┈┈┈┈┈┈┈┈┈┈┈┈┈┈┈┈┈
[INFO] [stderr] 
[INFO] [stderr] ACTUAL OUTPUT:
[INFO] [stderr] ┈┈┈┈┈┈┈┈┈┈┈┈┈┈┈┈┈┈┈┈┈┈┈┈┈┈┈┈┈┈┈┈┈┈┈┈┈┈┈┈┈┈┈┈┈┈┈┈┈┈┈┈┈┈┈┈┈┈┈┈
[INFO] [stderr] error: State1 + Event1: State and event combination specified multiple times, remove duplicates.
[INFO] [stderr]   --> tests/compile-fail/wildcard_before_input_state.rs:5:1
[INFO] [stderr]    |
[INFO] [stderr]  5 | / statemachine! {
[INFO] [stderr]  6 | |     transitions: {
[INFO] [stderr]  7 | |         _ + Event1 = Fault, //~ State and event combination specified multiple times, remove duplicates.
[INFO] [stderr]  8 | |         *State1 + Event1 = State2,
[INFO] [stderr]  9 | |     }
[INFO] [stderr] 10 | | }
[INFO] [stderr]    | |_^
[INFO] [stderr]    |
[INFO] [stderr]    = note: this error originates in the macro `statemachine` (in Nightly builds, run with -Z macro-backtrace for more info)
[INFO] [stderr] ┈┈┈┈┈┈┈┈┈┈┈┈┈┈┈┈┈┈┈┈┈┈┈┈┈┈┈┈┈┈┈┈┈┈┈┈┈┈┈┈┈┈┈┈┈┈┈┈┈┈┈┈┈┈┈┈┈┈┈┈
[INFO] [stderr] note: If the actual output is the correct output you can bless it by rerunning
[INFO] [stderr]       your test with the environment variable TRYBUILD=overwrite
[INFO] [stderr] 
[INFO] [stderr] test tests/compile-fail/wildcard_no_effect.rs ... ok
[INFO] [stdout] test compile_fail_tests ... FAILED
[INFO] [stderr] test tests/compile-fail/wildcard_with_pattern.rs ... ok
[INFO] [stdout] 
[INFO] [stderr] 
[INFO] [stdout] failures:
[INFO] [stderr] 
[INFO] [stdout] 
[INFO] [stderr] error: test failed, to rerun pass `--test test`
[INFO] [stdout] ---- compile_fail_tests stdout ----
[INFO] [stdout] 
[INFO] [stdout] thread 'compile_fail_tests' (1960) panicked at /opt/rustwide/cargo-home/registry/src/index.crates.io-1949cf8c6b5b557f/trybuild-1.0.64/src/run.rs:101:13:
[INFO] [stdout] 7 of 10 tests failed
[INFO] [stdout] stack backtrace:
[INFO] [stdout]    0:     0x64d01b11c0b5 - <<std[70759c8f55707aa4]::sys::backtrace::BacktraceLock>::print::DisplayBacktrace as core[df12db4294e9bfd3]::fmt::Display>::fmt
[INFO] [stdout]    1:     0x64d01b0f738a - core[df12db4294e9bfd3]::fmt::write
[INFO] [stdout]    2:     0x64d01b11b74b - <alloc[2182bb758b4b3781]::vec::Vec<u8> as core[df12db4294e9bfd3]::io::write::Write>::write_fmt
[INFO] [stdout]    3:     0x64d01b11b22f - std[70759c8f55707aa4]::panicking::default_hook::{closure#0}
[INFO] [stdout]    4:     0x64d01b11ae5a - std[70759c8f55707aa4]::panicking::default_hook
[INFO] [stdout]    5:     0x64d01b11a992 - std[70759c8f55707aa4]::panicking::panic_with_hook
[INFO] [stdout]    6:     0x64d01b141881 - std[70759c8f55707aa4]::panicking::panic_handler::{closure#0}
[INFO] [stdout]    7:     0x64d01b141839 - std[70759c8f55707aa4]::sys::backtrace::__rust_end_short_backtrace::<std[70759c8f55707aa4]::panicking::panic_handler::{closure#0}, !>
[INFO] [stdout]    8:     0x64d01b141d4c - __rustc[8fa7c3cbc660c2b3]::rust_begin_unwind
[INFO] [stdout]    9:     0x64d01b0f721b - core[df12db4294e9bfd3]::panicking::panic_fmt
[INFO] [stdout]   10:     0x64d01b1abcf9 - <trybuild[5604e893c7ca528a]::TestCases as core[df12db4294e9bfd3]::ops::drop::Drop>::drop
[INFO] [stdout]   11:     0x64d01b0eacdc - test[2403bc883812613b]::compile_fail_tests
[INFO] [stdout]   12:     0x64d01b0eb829 - <test[2403bc883812613b]::compile_fail_tests::{closure#0} as core[df12db4294e9bfd3]::ops::function::FnOnce<()>>::call_once
[INFO] [stdout]   13:     0x64d01b15ce3b - test[9d35eded1c95d3be]::__rust_begin_short_backtrace::<core[df12db4294e9bfd3]::result::Result<(), alloc[2182bb758b4b3781]::string::String>, fn() -> core[df12db4294e9bfd3]::result::Result<(), alloc[2182bb758b4b3781]::string::String>>
[INFO] [stdout]   14:     0x64d01b158fb1 - test[9d35eded1c95d3be]::run_test::{closure#0}
[INFO] [stdout]   15:     0x64d01b15879c - std[70759c8f55707aa4]::sys::backtrace::__rust_begin_short_backtrace::<test[9d35eded1c95d3be]::run_test::{closure#1}, ()>
[INFO] [stdout]   16:     0x64d01b17468c - <std[70759c8f55707aa4]::thread::lifecycle::spawn_unchecked<test[9d35eded1c95d3be]::run_test::{closure#1}, ()>::{closure#1} as core[df12db4294e9bfd3]::ops::function::FnOnce<()>>::call_once::{shim:vtable#0}
[INFO] [stdout]   17:     0x64d01b1433b2 - <std[70759c8f55707aa4]::sys::thread::unix::Thread>::new::thread_start
[INFO] [stdout]   18:     0x74dd73f69dfa - <unknown>
[INFO] [stdout]   19:     0x74dd73ffd3d4 - clone
[INFO] [stdout]   20:                0x0 - <unknown>
[INFO] [stdout] 
[INFO] [stdout] 
[INFO] [stdout] failures:
[INFO] [stdout]     compile_fail_tests
[INFO] [stdout] 
[INFO] [stdout] test result: FAILED. 10 passed; 1 failed; 0 ignored; 0 measured; 0 filtered out; finished in 19.67s
[INFO] [stdout] 
[INFO] running `Command { std: "docker" "inspect" "76f4bd952ed4e8756488e72a2d22d8cd2cf66fde7abbc4ee52e4016e679b2a56", kill_on_drop: false }`
[INFO] running `Command { std: "docker" "rm" "-f" "76f4bd952ed4e8756488e72a2d22d8cd2cf66fde7abbc4ee52e4016e679b2a56", kill_on_drop: false }`
[INFO] [stdout] 76f4bd952ed4e8756488e72a2d22d8cd2cf66fde7abbc4ee52e4016e679b2a56
