[INFO] fetching crate smix-authoring-ir 16.2.0...
[INFO] testing smix-authoring-ir-16.2.0 against 1.99.0-beta.8+cargoflags=--release for beta-release-1.100-2
[INFO] extracting crate smix-authoring-ir 16.2.0 into /workspace/builds/worker-2-tc1/source
[INFO] started tweaking crates.io crate smix-authoring-ir 16.2.0
[INFO] removed 0 missing tests
[INFO] finished tweaking crates.io crate smix-authoring-ir 16.2.0
[INFO] tweaked toml for crates.io crate smix-authoring-ir 16.2.0 written to /workspace/builds/worker-2-tc1/source/Cargo.toml
[INFO] validating manifest of crates.io crate smix-authoring-ir 16.2.0 on toolchain 1.99.0-beta.8
[INFO] running `Command { std: CARGO_HOME="/workspace/cargo-home" RUSTUP_HOME="/workspace/rustup-home" "/workspace/cargo-home/bin/cargo" "+1.99.0-beta.8" "metadata" "--manifest-path" "Cargo.toml" "--no-deps", kill_on_drop: false }`
[INFO] crate crates.io crate smix-authoring-ir 16.2.0 already has a lockfile, it will not be regenerated
[INFO] running `Command { std: CARGO_HOME="/workspace/cargo-home" RUSTUP_HOME="/workspace/rustup-home" "/workspace/cargo-home/bin/cargo" "+1.99.0-beta.8" "fetch" "--manifest-path" "Cargo.toml", kill_on_drop: false }`
[INFO] [stderr]     Updating crates.io index
[INFO] [stderr]  Downloading crates ...
[INFO] [stderr]   Downloaded smix-input v16.2.0
[INFO] running `Command { std: "docker" "create" "-v" "/var/lib/crater-agent-workspace/builds/worker-2-tc1/source:/opt/rustwide/workdir:ro,Z" "-v" "/var/lib/crater-agent-workspace/builds/worker-2-tc1/target:/opt/rustwide/target:rw,Z" "-v" "/var/lib/crater-agent-workspace/cargo-home:/opt/rustwide/cargo-home:ro,Z" "-v" "/var/lib/crater-agent-workspace/rustup-home:/opt/rustwide/rustup-home:ro,Z" "-m" "1610612736" "--network" "none" "ghcr.io/rust-lang/crates-build-env/linux@sha256:77db811e55d90add9212f6832c23229e3de5f1c1f9905e8cb07319ea15df73ac" "sleep" "infinity", kill_on_drop: false }`
[INFO] [stdout] b4579835d28b0b6316a1ea0871ccc3982ded16fb6e5aad170d85c02bf9295bac
[INFO] running `Command { std: "docker" "start" "b4579835d28b0b6316a1ea0871ccc3982ded16fb6e5aad170d85c02bf9295bac", kill_on_drop: false }`
[INFO] running `Command { std: "docker" "inspect" "b4579835d28b0b6316a1ea0871ccc3982ded16fb6e5aad170d85c02bf9295bac", kill_on_drop: false }`
[INFO] running `Command { std: "docker" "exec" "-e" "SOURCE_DIR=/opt/rustwide/workdir" "-e" "CARGO_HOME=/opt/rustwide/cargo-home" "-e" "RUSTUP_HOME=/opt/rustwide/rustup-home" "-e" "CARGO_TARGET_DIR=/opt/rustwide/target" "-w" "/opt/rustwide/workdir" "--user" "0:0" "b4579835d28b0b6316a1ea0871ccc3982ded16fb6e5aad170d85c02bf9295bac" "/opt/rustwide/cargo-home/bin/cargo" "+1.99.0-beta.8" "metadata" "--no-deps" "--format-version=1", kill_on_drop: false }`
[INFO] running `Command { std: "docker" "inspect" "b4579835d28b0b6316a1ea0871ccc3982ded16fb6e5aad170d85c02bf9295bac", kill_on_drop: false }`
[INFO] running `Command { std: "docker" "exec" "-e" "SOURCE_DIR=/opt/rustwide/workdir" "-e" "CARGO_HOME=/opt/rustwide/cargo-home" "-e" "RUSTUP_HOME=/opt/rustwide/rustup-home" "-e" "CARGO_TARGET_DIR=/opt/rustwide/target" "-e" "CARGO_INCREMENTAL=0" "-e" "RUST_BACKTRACE=full" "-e" "RUSTFLAGS=--cap-lints=warn" "-e" "RUSTDOCFLAGS=--cap-lints=warn" "-w" "/opt/rustwide/workdir" "--user" "0:0" "b4579835d28b0b6316a1ea0871ccc3982ded16fb6e5aad170d85c02bf9295bac" "/opt/rustwide/cargo-home/bin/cargo" "+1.99.0-beta.8" "build" "--frozen" "--message-format=json" "--release", kill_on_drop: false }`
[INFO] [stderr]    Compiling proc-macro2 v1.0.107
[INFO] [stderr]    Compiling serde_json v1.0.154
[INFO] [stderr]    Compiling quote v1.0.47
[INFO] [stderr]    Compiling syn v3.0.9
[INFO] [stderr]    Compiling serde_derive v1.0.229
[INFO] [stderr]    Compiling serde v1.0.229
[INFO] [stderr]    Compiling smix-screen v16.2.0
[INFO] [stderr]    Compiling smix-input v16.2.0
[INFO] [stderr]    Compiling smix-selector v16.2.0
[INFO] [stderr]    Compiling smix-authoring-ir v16.2.0 (/opt/rustwide/workdir)
[INFO] [stderr]     Finished `release` profile [optimized] target(s) in 12.02s
[INFO] running `Command { std: "docker" "inspect" "b4579835d28b0b6316a1ea0871ccc3982ded16fb6e5aad170d85c02bf9295bac", kill_on_drop: false }`
[INFO] running `Command { std: "docker" "exec" "-e" "SOURCE_DIR=/opt/rustwide/workdir" "-e" "CARGO_HOME=/opt/rustwide/cargo-home" "-e" "RUSTUP_HOME=/opt/rustwide/rustup-home" "-e" "CARGO_TARGET_DIR=/opt/rustwide/target" "-e" "CARGO_INCREMENTAL=0" "-e" "RUST_BACKTRACE=full" "-e" "RUSTFLAGS=--cap-lints=warn" "-e" "RUSTDOCFLAGS=--cap-lints=warn" "-w" "/opt/rustwide/workdir" "--user" "0:0" "b4579835d28b0b6316a1ea0871ccc3982ded16fb6e5aad170d85c02bf9295bac" "/opt/rustwide/cargo-home/bin/cargo" "+1.99.0-beta.8" "test" "--frozen" "--no-run" "--message-format=json" "--release", kill_on_drop: false }`
[INFO] [stderr]    Compiling syn v3.0.9
[INFO] [stderr]    Compiling syn v2.0.119
[INFO] [stderr]    Compiling zerocopy v0.8.63
[INFO] [stderr]    Compiling either v1.19.0
[INFO] [stderr]    Compiling alloca v0.4.0
[INFO] [stderr]    Compiling walkdir v2.5.0
[INFO] [stderr]    Compiling clap v4.6.7
[INFO] [stderr]    Compiling oorandom v11.1.5
[INFO] [stderr]    Compiling anes v0.1.6
[INFO] [stderr]    Compiling serde_json v1.0.154
[INFO] [stderr]    Compiling page_size v0.6.0
[INFO] [stderr]    Compiling plotters v0.3.7
[INFO] [stderr]    Compiling itertools v0.13.0
[INFO] [stderr]    Compiling serde_derive v1.0.229
[INFO] [stderr]    Compiling zerocopy-derive v0.8.63
[INFO] [stderr]    Compiling criterion-plot v0.8.2
[INFO] [stderr]    Compiling serde v1.0.229
[INFO] [stderr]    Compiling smix-screen v16.2.0
[INFO] [stderr]    Compiling smix-input v16.2.0
[INFO] [stderr]    Compiling tinytemplate v1.2.1
[INFO] [stderr]    Compiling smix-selector v16.2.0
[INFO] [stderr]    Compiling smix-authoring-ir v16.2.0 (/opt/rustwide/workdir)
[INFO] [stderr]    Compiling half v2.7.1
[INFO] [stderr]    Compiling ciborium-ll v0.2.2
[INFO] [stderr]    Compiling ciborium v0.2.2
[INFO] [stderr]    Compiling criterion v0.8.2
[INFO] [stderr]     Finished `release` profile [optimized] target(s) in 39.06s
[INFO] running `Command { std: "docker" "inspect" "b4579835d28b0b6316a1ea0871ccc3982ded16fb6e5aad170d85c02bf9295bac", kill_on_drop: false }`
[INFO] running `Command { std: "docker" "exec" "-e" "SOURCE_DIR=/opt/rustwide/workdir" "-e" "CARGO_HOME=/opt/rustwide/cargo-home" "-e" "RUSTUP_HOME=/opt/rustwide/rustup-home" "-e" "CARGO_TARGET_DIR=/opt/rustwide/target" "-e" "CARGO_INCREMENTAL=0" "-e" "RUST_BACKTRACE=full" "-e" "RUSTFLAGS=--cap-lints=warn" "-e" "RUSTDOCFLAGS=--cap-lints=warn" "-w" "/opt/rustwide/workdir" "--user" "0:0" "b4579835d28b0b6316a1ea0871ccc3982ded16fb6e5aad170d85c02bf9295bac" "/opt/rustwide/cargo-home/bin/cargo" "+1.99.0-beta.8" "test" "--frozen" "--release", kill_on_drop: false }`
[INFO] [stderr]     Finished `release` profile [optimized] target(s) in 0.08s
[INFO] [stderr]      Running unittests src/lib.rs (/opt/rustwide/target/release/deps/smix_authoring_ir-e775b4e3668a8844)
[INFO] [stdout] 
[INFO] [stdout] running 0 tests
[INFO] [stderr]      Running tests/it/main.rs (/opt/rustwide/target/release/deps/it-62f7bee274adcb0a)
[INFO] [stdout] 
[INFO] [stdout] test result: ok. 0 passed; 0 failed; 0 ignored; 0 measured; 0 filtered out; finished in 0.00s
[INFO] [stdout] 
[INFO] [stdout] 
[INFO] [stdout] running 21 tests
[INFO] [stdout] test ir::recorder_error_impl_error_trait ... ok
[INFO] [stdout] test ir::sort_by_timestamp_handles_equal_timestamps_stable ... ok
[INFO] [stdout] test ir::sort_by_timestamp_orders_ascending ... ok
[INFO] [stdout] test ir::hide_keyboard_wire_round_trip ... ok
[INFO] [stdout] test ir::wait_for_wire_round_trip ... ok
[INFO] [stdout] test ir::fill_wire_round_trip ... ok
[INFO] [stdout] test ir::clear_wire_round_trip ... ok
[INFO] [stdout] test ir::swipe_wire_omits_from_when_none ... ok
[INFO] [stdout] test ir::swipe_wire_round_trip_with_from ... ok
[INFO] [stdout] test perf_gate::perf_gate_kind_accessor_under_5ns ... ok
[INFO] [stdout] test ir::go_back_wire_round_trip ... ok
[INFO] [stdout] test ir::press_key_wire_round_trip ... ok
[INFO] [stdout] test ir::tap_wire_round_trip_kind_tag ... ok
[INFO] [stdout] test ir::kind_accessor_matches_wire_tag ... ok
[INFO] [stdout] test ir::recorder_error_reason_kebab_wire ... ok
[INFO] [stdout] test ir::sort_by_timestamp_idempotent ... ok
[INFO] [stdout] test ir::timestamp_ms_accessor_works_across_variants ... ok
[INFO] [stdout] test perf_gate::perf_gate_timestamp_accessor_under_5ns ... ok
[INFO] [stdout] test perf_gate::perf_gate_serde_encode_tap_under_2us ... ok
[INFO] [stdout] test perf_gate::perf_gate_serde_decode_tap_under_10us ... ok
[INFO] [stdout] test perf_gate::perf_gate_sort_by_timestamp_100_under_15us ... FAILED
[INFO] [stdout] 
[INFO] [stdout] failures:
[INFO] [stdout] 
[INFO] [stdout] ---- perf_gate::perf_gate_sort_by_timestamp_100_under_15us stdout ----
[INFO] [stdout] 
[INFO] [stdout] thread 'perf_gate::perf_gate_sort_by_timestamp_100_under_15us' (863) panicked at tests/it/perf_gate.rs:97:5:
[INFO] [stdout] sort_by_timestamp 100-action exceeded 15 μs: 17887 ns/iter
[INFO] [stdout] stack backtrace:
[INFO] [stdout]    0:     0x5e2107a23801 - <<std[70759c8f55707aa4]::sys::backtrace::BacktraceLock>::print::DisplayBacktrace as core[df12db4294e9bfd3]::fmt::Display>::fmt
[INFO] [stdout]    1:     0x5e2107a38a5a - core[df12db4294e9bfd3]::fmt::write
[INFO] [stdout]    2:     0x5e2107a27c9c - <alloc[2182bb758b4b3781]::vec::Vec<u8> as core[df12db4294e9bfd3]::io::write::Write>::write_fmt
[INFO] [stdout]    3:     0x5e21079ffdf6 - std[70759c8f55707aa4]::panicking::default_hook::{closure#0}
[INFO] [stdout]    4:     0x5e2107a1bf69 - std[70759c8f55707aa4]::panicking::default_hook
[INFO] [stdout]    5:     0x5e21079ad610 - test[9d35eded1c95d3be]::test_main_inner::<test[9d35eded1c95d3be]::test_main_static::{closure#0}>::{closure#0}
[INFO] [stdout]    6:     0x5e2107a1c122 - std[70759c8f55707aa4]::panicking::panic_with_hook
[INFO] [stdout]    7:     0x5e21079ffea2 - std[70759c8f55707aa4]::panicking::panic_handler::{closure#0}
[INFO] [stdout]    8:     0x5e21079f8c29 - std[70759c8f55707aa4]::sys::backtrace::__rust_end_short_backtrace::<std[70759c8f55707aa4]::panicking::panic_handler::{closure#0}, !>
[INFO] [stdout]    9:     0x5e2107a00a9d - __rustc[8fa7c3cbc660c2b3]::rust_begin_unwind
[INFO] [stdout]   10:     0x5e2107a3918c - core[df12db4294e9bfd3]::panicking::panic_fmt
[INFO] [stdout]   11:     0x5e210799d9ea - it[3c471d2c77b747ca]::perf_gate::perf_gate_sort_by_timestamp_100_under_15us
[INFO] [stdout]   12:     0x5e2107992b49 - <it[3c471d2c77b747ca]::perf_gate::perf_gate_sort_by_timestamp_100_under_15us::{closure#0} as core[df12db4294e9bfd3]::ops::function::FnOnce<()>>::call_once
[INFO] [stdout]   13:     0x5e21079a08fb - test[9d35eded1c95d3be]::__rust_begin_short_backtrace::<core[df12db4294e9bfd3]::result::Result<(), alloc[2182bb758b4b3781]::string::String>, fn() -> core[df12db4294e9bfd3]::result::Result<(), alloc[2182bb758b4b3781]::string::String>>
[INFO] [stdout]   14:     0x5e21079adf65 - test[9d35eded1c95d3be]::run_test::{closure#0}
[INFO] [stdout]   15:     0x5e21079a7824 - std[70759c8f55707aa4]::sys::backtrace::__rust_begin_short_backtrace::<test[9d35eded1c95d3be]::run_test::{closure#1}, ()>
[INFO] [stdout]   16:     0x5e21079b10c2 - <std[70759c8f55707aa4]::thread::lifecycle::spawn_unchecked<test[9d35eded1c95d3be]::run_test::{closure#1}, ()>::{closure#1} as core[df12db4294e9bfd3]::ops::function::FnOnce<()>>::call_once::{shim:vtable#0}
[INFO] [stdout]   17:     0x5e2107a230d9 - <std[70759c8f55707aa4]::sys::thread::unix::Thread>::new::thread_start
[INFO] [stdout]   18:     0x7df7252acdfa - <unknown>
[INFO] [stdout]   19:     0x7df7253403d4 - clone
[INFO] [stdout]   20:                0x0 - <unknown>
[INFO] [stdout] 
[INFO] [stdout] 
[INFO] [stdout] failures:
[INFO] [stdout]     perf_gate::perf_gate_sort_by_timestamp_100_under_15us
[INFO] [stdout] 
[INFO] [stdout] test result: FAILED. 20 passed; 1 failed; 0 ignored; 0 measured; 0 filtered out; finished in 0.21s
[INFO] [stdout] 
[INFO] [stderr] error: test failed, to rerun pass `--test it`
[INFO] running `Command { std: "docker" "inspect" "b4579835d28b0b6316a1ea0871ccc3982ded16fb6e5aad170d85c02bf9295bac", kill_on_drop: false }`
[INFO] running `Command { std: "docker" "rm" "-f" "b4579835d28b0b6316a1ea0871ccc3982ded16fb6e5aad170d85c02bf9295bac", kill_on_drop: false }`
[INFO] [stdout] b4579835d28b0b6316a1ea0871ccc3982ded16fb6e5aad170d85c02bf9295bac
