[INFO] fetching crate smc_scan_core 0.2.1...
[INFO] testing smc_scan_core-0.2.1 against 1.99.0-beta.8+cargoflags=--release for beta-release-1.100-2
[INFO] extracting crate smc_scan_core 0.2.1 into /workspace/builds/worker-1-tc1/source
[INFO] started tweaking crates.io crate smc_scan_core 0.2.1
[INFO] removed 0 missing tests
[INFO] finished tweaking crates.io crate smc_scan_core 0.2.1
[INFO] tweaked toml for crates.io crate smc_scan_core 0.2.1 written to /workspace/builds/worker-1-tc1/source/Cargo.toml
[INFO] validating manifest of crates.io crate smc_scan_core 0.2.1 on toolchain 1.99.0-beta.8
[INFO] running `Command { std: CARGO_HOME="/workspace/cargo-home" RUSTUP_HOME="/workspace/rustup-home" "/workspace/cargo-home/bin/cargo" "+1.99.0-beta.8" "metadata" "--manifest-path" "Cargo.toml" "--no-deps", kill_on_drop: false }`
[INFO] crate crates.io crate smc_scan_core 0.2.1 already has a lockfile, it will not be regenerated
[INFO] running `Command { std: CARGO_HOME="/workspace/cargo-home" RUSTUP_HOME="/workspace/rustup-home" "/workspace/cargo-home/bin/cargo" "+1.99.0-beta.8" "fetch" "--manifest-path" "Cargo.toml", kill_on_drop: false }`
[INFO] running `Command { std: "docker" "create" "-v" "/var/lib/crater-agent-workspace/builds/worker-1-tc1/source:/opt/rustwide/workdir:ro,Z" "-v" "/var/lib/crater-agent-workspace/builds/worker-1-tc1/target:/opt/rustwide/target:rw,Z" "-v" "/var/lib/crater-agent-workspace/cargo-home:/opt/rustwide/cargo-home:ro,Z" "-v" "/var/lib/crater-agent-workspace/rustup-home:/opt/rustwide/rustup-home:ro,Z" "-m" "1610612736" "--network" "none" "ghcr.io/rust-lang/crates-build-env/linux@sha256:77db811e55d90add9212f6832c23229e3de5f1c1f9905e8cb07319ea15df73ac" "sleep" "infinity", kill_on_drop: false }`
[INFO] [stdout] f12ce20384312071bbb7b5cc77b1d1833f5e45199272d326385fb58879a828e1
[INFO] running `Command { std: "docker" "start" "f12ce20384312071bbb7b5cc77b1d1833f5e45199272d326385fb58879a828e1", kill_on_drop: false }`
[INFO] running `Command { std: "docker" "inspect" "f12ce20384312071bbb7b5cc77b1d1833f5e45199272d326385fb58879a828e1", kill_on_drop: false }`
[INFO] running `Command { std: "docker" "exec" "-e" "SOURCE_DIR=/opt/rustwide/workdir" "-e" "CARGO_HOME=/opt/rustwide/cargo-home" "-e" "RUSTUP_HOME=/opt/rustwide/rustup-home" "-e" "CARGO_TARGET_DIR=/opt/rustwide/target" "-w" "/opt/rustwide/workdir" "--user" "0:0" "f12ce20384312071bbb7b5cc77b1d1833f5e45199272d326385fb58879a828e1" "/opt/rustwide/cargo-home/bin/cargo" "+1.99.0-beta.8" "metadata" "--no-deps" "--format-version=1", kill_on_drop: false }`
[INFO] running `Command { std: "docker" "inspect" "f12ce20384312071bbb7b5cc77b1d1833f5e45199272d326385fb58879a828e1", kill_on_drop: false }`
[INFO] running `Command { std: "docker" "exec" "-e" "SOURCE_DIR=/opt/rustwide/workdir" "-e" "CARGO_HOME=/opt/rustwide/cargo-home" "-e" "RUSTUP_HOME=/opt/rustwide/rustup-home" "-e" "CARGO_TARGET_DIR=/opt/rustwide/target" "-e" "CARGO_INCREMENTAL=0" "-e" "RUST_BACKTRACE=full" "-e" "RUSTFLAGS=--cap-lints=warn" "-e" "RUSTDOCFLAGS=--cap-lints=warn" "-w" "/opt/rustwide/workdir" "--user" "0:0" "f12ce20384312071bbb7b5cc77b1d1833f5e45199272d326385fb58879a828e1" "/opt/rustwide/cargo-home/bin/cargo" "+1.99.0-beta.8" "build" "--frozen" "--message-format=json" "--release", kill_on_drop: false }`
[INFO] [stderr]    Compiling smallvec v1.16.1
[INFO] [stderr]    Compiling crossbeam-epoch v0.9.21
[INFO] [stderr]    Compiling crossbeam-deque v0.8.8
[INFO] [stderr]    Compiling interpolator v0.5.0
[INFO] [stderr]    Compiling collection_literals v1.0.3
[INFO] [stderr]    Compiling cpufeatures v0.3.1
[INFO] [stderr]    Compiling derive-where v1.6.1
[INFO] [stderr]    Compiling getrandom v0.4.3
[INFO] [stderr]    Compiling zlib-rs v0.6.7
[INFO] [stderr]    Compiling either v1.18.0
[INFO] [stderr]    Compiling bumpalo v3.20.3
[INFO] [stderr]    Compiling chacha20 v0.10.2
[INFO] [stderr]    Compiling proc-macro-utils v0.10.0
[INFO] [stderr]    Compiling rand v0.10.2
[INFO] [stderr]    Compiling rayon-core v1.13.0
[INFO] [stderr]    Compiling quote-use-macros v0.8.4
[INFO] [stderr]    Compiling manyhow-macros v0.11.4
[INFO] [stderr]    Compiling rayon v1.12.0
[INFO] [stderr]    Compiling quote-use v0.8.4
[INFO] [stderr]    Compiling manyhow v0.11.4
[INFO] [stderr]    Compiling attribute-derive-macro v0.10.5
[INFO] [stderr]    Compiling attribute-derive v0.10.5
[INFO] [stderr]    Compiling get-size-derive2 v0.11.0
[INFO] [stderr]    Compiling flate2 v1.1.10
[INFO] [stderr]    Compiling get-size2 v0.11.0
[INFO] [stderr]    Compiling smc_scan_core v0.2.1 (/opt/rustwide/workdir)
[INFO] [stderr]     Finished `release` profile [optimized] target(s) in 14.88s
[INFO] running `Command { std: "docker" "inspect" "f12ce20384312071bbb7b5cc77b1d1833f5e45199272d326385fb58879a828e1", kill_on_drop: false }`
[INFO] running `Command { std: "docker" "exec" "-e" "SOURCE_DIR=/opt/rustwide/workdir" "-e" "CARGO_HOME=/opt/rustwide/cargo-home" "-e" "RUSTUP_HOME=/opt/rustwide/rustup-home" "-e" "CARGO_TARGET_DIR=/opt/rustwide/target" "-e" "CARGO_INCREMENTAL=0" "-e" "RUST_BACKTRACE=full" "-e" "RUSTFLAGS=--cap-lints=warn" "-e" "RUSTDOCFLAGS=--cap-lints=warn" "-w" "/opt/rustwide/workdir" "--user" "0:0" "f12ce20384312071bbb7b5cc77b1d1833f5e45199272d326385fb58879a828e1" "/opt/rustwide/cargo-home/bin/cargo" "+1.99.0-beta.8" "test" "--frozen" "--no-run" "--message-format=json" "--release", kill_on_drop: false }`
[INFO] [stderr]    Compiling zerocopy v0.8.57
[INFO] [stderr]    Compiling either v1.18.0
[INFO] [stderr]    Compiling cc v1.4.6
[INFO] [stderr]    Compiling zerocopy-derive v0.8.57
[INFO] [stderr]    Compiling serde v1.0.229
[INFO] [stderr]    Compiling regex-automata v0.4.18
[INFO] [stderr]    Compiling clap_builder v4.6.6
[INFO] [stderr]    Compiling getrandom v0.4.3
[INFO] [stderr]    Compiling page_size v0.6.0
[INFO] [stderr]    Compiling itertools v0.13.0
[INFO] [stderr]    Compiling rayon v1.12.0
[INFO] [stderr]    Compiling rand v0.10.2
[INFO] [stderr]    Compiling tinytemplate v1.2.1
[INFO] [stderr]    Compiling regex v1.13.1
[INFO] [stderr]    Compiling alloca v0.4.0
[INFO] [stderr]    Compiling smc_scan_core v0.2.1 (/opt/rustwide/workdir)
[INFO] [stderr]    Compiling criterion-plot v0.8.2
[INFO] [stderr]    Compiling clap v4.6.6
[INFO] [stderr]    Compiling half v2.7.1
[INFO] [stderr]    Compiling ciborium-ll v0.2.2
[INFO] [stderr]    Compiling ciborium v0.2.2
[INFO] [stderr]    Compiling criterion v0.8.2
[INFO] [stderr]     Finished `release` profile [optimized] target(s) in 40.25s
[INFO] running `Command { std: "docker" "inspect" "f12ce20384312071bbb7b5cc77b1d1833f5e45199272d326385fb58879a828e1", kill_on_drop: false }`
[INFO] running `Command { std: "docker" "exec" "-e" "SOURCE_DIR=/opt/rustwide/workdir" "-e" "CARGO_HOME=/opt/rustwide/cargo-home" "-e" "RUSTUP_HOME=/opt/rustwide/rustup-home" "-e" "CARGO_TARGET_DIR=/opt/rustwide/target" "-e" "CARGO_INCREMENTAL=0" "-e" "RUST_BACKTRACE=full" "-e" "RUSTFLAGS=--cap-lints=warn" "-e" "RUSTDOCFLAGS=--cap-lints=warn" "-w" "/opt/rustwide/workdir" "--user" "0:0" "f12ce20384312071bbb7b5cc77b1d1833f5e45199272d326385fb58879a828e1" "/opt/rustwide/cargo-home/bin/cargo" "+1.99.0-beta.8" "test" "--frozen" "--release", kill_on_drop: false }`
[INFO] [stderr]     Finished `release` profile [optimized] target(s) in 0.10s
[INFO] [stderr]      Running unittests src/lib.rs (/opt/rustwide/target/release/deps/scan_core-c49986119b4bc305)
[INFO] [stdout] 
[INFO] [stdout] running 13 tests
[INFO] [stdout] test channel_system::tests::new_action ... ok
[INFO] [stdout] test program_graph::tests::program_graph ... ok
[INFO] [stdout] test program_graph::tests::transition ... ok
[INFO] [stdout] test channel_system::tests::new_pg ... ok
[INFO] [stdout] test channel_system::tests::add_effect ... ok
[INFO] [stderr]      Running tests/counter.rs (/opt/rustwide/target/release/deps/counter-a0fbf080d481107d)
[INFO] [stdout] test program_graph::tests::guard ... ok
[INFO] [stdout] test channel_system::tests::add_transition ... ok
[INFO] [stdout] test program_graph::tests::wait ... ok
[INFO] [stdout] test channel_system::tests::builder ... ok
[INFO] [stdout] test channel_system::tests::new_var ... ok
[INFO] [stdout] test program_graph::tests::effect ... ok
[INFO] [stdout] test channel_system::tests::add_communication ... ok
[INFO] [stdout] test channel_system::tests::new_location ... ok
[INFO] [stdout] 
[INFO] [stdout] test result: ok. 13 passed; 0 failed; 0 ignored; 0 measured; 0 filtered out; finished in 0.00s
[INFO] [stdout] 
[INFO] [stdout] 
[INFO] [stdout] running 1 test
[INFO] [stderr]    Doc-tests scan_core
[INFO] [stdout] test counter_pg ... ok
[INFO] [stdout] 
[INFO] [stdout] test result: ok. 1 passed; 0 failed; 0 ignored; 0 measured; 0 filtered out; finished in 0.00s
[INFO] [stdout] 
[INFO] [stdout] 
[INFO] [stdout] running 14 tests
[INFO] [stdout] test src/program_graph/run.rs - program_graph::run::ProgramGraphRun<'def>::current_states (line 53) ... FAILED
[INFO] [stdout] test src/program_graph.rs - program_graph (line 24) ... FAILED
[INFO] [stdout] test src/program_graph/builder.rs - program_graph::builder::ProgramGraphBuilder::add_autonomous_timed_transition (line 423) ... FAILED
[INFO] [stdout] test src/program_graph/builder.rs - program_graph::builder::ProgramGraphBuilder::add_effect (line 139) ... FAILED
[INFO] [stdout] test src/program_graph/builder.rs - program_graph::builder::ProgramGraphBuilder::add_timed_transition (line 321) ... FAILED
[INFO] [stdout] test src/program_graph/builder.rs - program_graph::builder::ProgramGraphBuilder::new_action (line 85) ... ok
[INFO] [stdout] test src/channel_system.rs - channel_system::ChannelSystem (line 301) ... ok
[INFO] [stdout] test src/program_graph/builder.rs - program_graph::builder::ProgramGraphBuilder::add_reset (line 102) ... ok
[INFO] [stdout] test src/program_graph.rs - program_graph::ProgramGraph (line 225) ... ok
[INFO] [stdout] test src/channel_system/builder.rs - channel_system::builder::ChannelSystemBuilder::add_effect (line 133) ... ok
[INFO] [stdout] test src/program_graph/builder.rs - program_graph::builder::ProgramGraphBuilder::add_autonomous_transition (line 392) ... ok
[INFO] [stdout] test src/channel_system.rs - channel_system (line 26) ... ok
[INFO] [stdout] test src/program_graph/builder.rs - program_graph::builder::ProgramGraphBuilder::add_transition (line 286) ... ok
[INFO] [stdout] test src/program_graph/builder.rs - program_graph::builder::ProgramGraphBuilder::new_var (line 54) ... ok
[INFO] [stdout] 
[INFO] [stdout] failures:
[INFO] [stdout] 
[INFO] [stdout] ---- src/program_graph/run.rs - program_graph::run::ProgramGraphRun<'def>::current_states (line 53) stdout ----
[INFO] [stdout] error[E0658]: use of unstable library feature `str_as_str`
[INFO] [stdout]   --> src/program_graph/run.rs:68:38
[INFO] [stdout]    |
[INFO] [stdout] 68 | assert_eq!(instance.current_states().as_slice(), &[initial_loc]);
[INFO] [stdout]    |                                      ^^^^^^^^
[INFO] [stdout]    |
[INFO] [stdout]    = note: see issue #130366 <https://github.com/rust-lang/rust/issues/130366> for more information
[INFO] [stdout] 
[INFO] [stdout] error: aborting due to 1 previous error
[INFO] [stdout] 
[INFO] [stdout] For more information about this error, try `rustc --explain E0658`.
[INFO] [stdout] Couldn't compile the test.
[INFO] [stdout] ---- src/program_graph.rs - program_graph (line 24) stdout ----
[INFO] [stdout] error[E0658]: use of unstable library feature `str_as_str`
[INFO] [stdout]   --> src/program_graph.rs:52:38
[INFO] [stdout]    |
[INFO] [stdout] 52 | assert_eq!(instance.current_states().as_slice(), &[initial_loc]);
[INFO] [stdout]    |                                      ^^^^^^^^
[INFO] [stdout]    |
[INFO] [stdout]    = note: see issue #130366 <https://github.com/rust-lang/rust/issues/130366> for more information
[INFO] [stdout] 
[INFO] [stdout] error: aborting due to 1 previous error
[INFO] [stdout] 
[INFO] [stdout] For more information about this error, try `rustc --explain E0658`.
[INFO] [stdout] Couldn't compile the test.
[INFO] [stdout] ---- src/program_graph/builder.rs - program_graph::builder::ProgramGraphBuilder::add_autonomous_timed_transition (line 423) stdout ----
[INFO] [stdout] error[E0308]: mismatched types
[INFO] [stdout]    --> src/program_graph/builder.rs:436:83
[INFO] [stdout]     |
[INFO] [stdout] 436 |     .add_autonomous_timed_transition(initial_loc, initial_loc, None, vec![(clock, None, Some(1))])
[INFO] [stdout]     |                                                                                   ^^^^ expected `TimeRange`, found `Option<_>`
[INFO] [stdout]     |
[INFO] [stdout]     = note: expected struct `TimeRange`
[INFO] [stdout]                  found enum `Option<_>`
[INFO] [stdout] 
[INFO] [stdout] error[E0308]: mismatched types
[INFO] [stdout]    --> src/program_graph/builder.rs:436:75
[INFO] [stdout]     |
[INFO] [stdout] 436 |     .add_autonomous_timed_transition(initial_loc, initial_loc, None, vec![(clock, None, Some(1))])
[INFO] [stdout]     |                                                                           ^^^^^^^^^^^^^^^^^^^^^^ expected a tuple with 2 elements, found one with 3 elements
[INFO] [stdout]     |
[INFO] [stdout]     = note: expected tuple `(scan_core::program_graph::Clock, TimeRange)`
[INFO] [stdout]                found tuple `(scan_core::program_graph::Clock, TimeRange, Option<{integer}>)`
[INFO] [stdout] 
[INFO] [stdout] error[E0308]: mismatched types
[INFO] [stdout]    --> src/program_graph/builder.rs:439:109
[INFO] [stdout]     |
[INFO] [stdout] 439 |     .add_autonomous_timed_transition(initial_loc, initial_loc, Some(BooleanExpr::from(false)), vec![(clock, Some(1), None)])
[INFO] [stdout]     |                                                                                                             ^^^^^^^ expected `TimeRange`, found `Option<{integer}>`
[INFO] [stdout]     |
[INFO] [stdout]     = note: expected struct `TimeRange`
[INFO] [stdout]                  found enum `Option<{integer}>`
[INFO] [stdout] 
[INFO] [stdout] error[E0308]: mismatched types
[INFO] [stdout]    --> src/program_graph/builder.rs:439:101
[INFO] [stdout]     |
[INFO] [stdout] 439 |     .add_autonomous_timed_transition(initial_loc, initial_loc, Some(BooleanExpr::from(false)), vec![(clock, Some(1), None)])
[INFO] [stdout]     |                                                                                                     ^^^^^^^^^^^^^^^^^^^^^^ expected a tuple with 2 elements, found one with 3 elements
[INFO] [stdout]     |
[INFO] [stdout]     = note: expected tuple `(scan_core::program_graph::Clock, TimeRange)`
[INFO] [stdout]                found tuple `(scan_core::program_graph::Clock, TimeRange, Option<_>)`
[INFO] [stdout] 
[INFO] [stdout] error: aborting due to 4 previous errors
[INFO] [stdout] 
[INFO] [stdout] For more information about this error, try `rustc --explain E0308`.
[INFO] [stdout] Couldn't compile the test.
[INFO] [stdout] ---- src/program_graph/builder.rs - program_graph::builder::ProgramGraphBuilder::add_effect (line 139) stdout ----
[INFO] [stdout] error[E0599]: no method named `expect` found for struct `scan_core::program_graph::Var` in the current scope
[INFO] [stdout]    --> src/program_graph/builder.rs:148:52
[INFO] [stdout]     |
[INFO] [stdout] 148 | let var: Var = pg_builder.new_var(Val::from(true)).expect("expression is well-typed");
[INFO] [stdout]     |                                                    ^^^^^^ method not found in `scan_core::program_graph::Var`
[INFO] [stdout] 
[INFO] [stdout] error: aborting due to 1 previous error
[INFO] [stdout] 
[INFO] [stdout] For more information about this error, try `rustc --explain E0599`.
[INFO] [stdout] Couldn't compile the test.
[INFO] [stdout] ---- src/program_graph/builder.rs - program_graph::builder::ProgramGraphBuilder::add_timed_transition (line 321) stdout ----
[INFO] [stdout] error[E0308]: mismatched types
[INFO] [stdout]    --> src/program_graph/builder.rs:337:80
[INFO] [stdout]     |
[INFO] [stdout] 337 |     .add_timed_transition(initial_loc, action, initial_loc, None, vec![(clock, None, Some(1))])
[INFO] [stdout]     |                                                                                ^^^^ expected `TimeRange`, found `Option<_>`
[INFO] [stdout]     |
[INFO] [stdout]     = note: expected struct `TimeRange`
[INFO] [stdout]                  found enum `Option<_>`
[INFO] [stdout] 
[INFO] [stdout] error[E0308]: mismatched types
[INFO] [stdout]    --> src/program_graph/builder.rs:337:72
[INFO] [stdout]     |
[INFO] [stdout] 337 |     .add_timed_transition(initial_loc, action, initial_loc, None, vec![(clock, None, Some(1))])
[INFO] [stdout]     |                                                                        ^^^^^^^^^^^^^^^^^^^^^^ expected a tuple with 2 elements, found one with 3 elements
[INFO] [stdout]     |
[INFO] [stdout]     = note: expected tuple `(scan_core::program_graph::Clock, TimeRange)`
[INFO] [stdout]                found tuple `(scan_core::program_graph::Clock, TimeRange, Option<{integer}>)`
[INFO] [stdout] 
[INFO] [stdout] error[E0308]: mismatched types
[INFO] [stdout]    --> src/program_graph/builder.rs:340:106
[INFO] [stdout]     |
[INFO] [stdout] 340 |     .add_timed_transition(initial_loc, action, initial_loc, Some(BooleanExpr::from(false)), vec![(clock, Some(1), None)])
[INFO] [stdout]     |                                                                                                          ^^^^^^^ expected `TimeRange`, found `Option<{integer}>`
[INFO] [stdout]     |
[INFO] [stdout]     = note: expected struct `TimeRange`
[INFO] [stdout]                  found enum `Option<{integer}>`
[INFO] [stdout] 
[INFO] [stdout] error[E0308]: mismatched types
[INFO] [stdout]    --> src/program_graph/builder.rs:340:98
[INFO] [stdout]     |
[INFO] [stdout] 340 |     .add_timed_transition(initial_loc, action, initial_loc, Some(BooleanExpr::from(false)), vec![(clock, Some(1), None)])
[INFO] [stdout]     |                                                                                                  ^^^^^^^^^^^^^^^^^^^^^^ expected a tuple with 2 elements, found one with 3 elements
[INFO] [stdout]     |
[INFO] [stdout]     = note: expected tuple `(scan_core::program_graph::Clock, TimeRange)`
[INFO] [stdout]                found tuple `(scan_core::program_graph::Clock, TimeRange, Option<_>)`
[INFO] [stdout] 
[INFO] [stdout] error: aborting due to 4 previous errors
[INFO] [stdout] 
[INFO] [stdout] For more information about this error, try `rustc --explain E0308`.
[INFO] [stdout] Couldn't compile the test.
[INFO] [stdout] 
[INFO] [stdout] failures:
[INFO] [stdout]     src/program_graph.rs - program_graph (line 24)
[INFO] [stdout]     src/program_graph/builder.rs - program_graph::builder::ProgramGraphBuilder::add_autonomous_timed_transition (line 423)
[INFO] [stdout]     src/program_graph/builder.rs - program_graph::builder::ProgramGraphBuilder::add_effect (line 139)
[INFO] [stdout]     src/program_graph/builder.rs - program_graph::builder::ProgramGraphBuilder::add_timed_transition (line 321)
[INFO] [stdout]     src/program_graph/run.rs - program_graph::run::ProgramGraphRun<'def>::current_states (line 53)
[INFO] [stdout] 
[INFO] [stdout] test result: FAILED. 9 passed; 5 failed; 0 ignored; 0 measured; 0 filtered out; finished in 0.74s
[INFO] [stdout] 
[INFO] [stdout] all doctests ran in 0.88s; merged doctests compilation took 0.14s
[INFO] [stderr] error: doctest failed, to rerun pass `--doc`
[INFO] running `Command { std: "docker" "inspect" "f12ce20384312071bbb7b5cc77b1d1833f5e45199272d326385fb58879a828e1", kill_on_drop: false }`
[INFO] running `Command { std: "docker" "rm" "-f" "f12ce20384312071bbb7b5cc77b1d1833f5e45199272d326385fb58879a828e1", kill_on_drop: false }`
[INFO] [stdout] f12ce20384312071bbb7b5cc77b1d1833f5e45199272d326385fb58879a828e1
