[INFO] fetching crate smartcast 0.1.1...
[INFO] testing smartcast-0.1.1 against 1.100.0-beta.1+cargoflags=--release for beta-release-1.100-2
[INFO] extracting crate smartcast 0.1.1 into /workspace/builds/worker-1-tc2/source
[INFO] started tweaking crates.io crate smartcast 0.1.1
[INFO] finished tweaking crates.io crate smartcast 0.1.1
[INFO] tweaked toml for crates.io crate smartcast 0.1.1 written to /workspace/builds/worker-1-tc2/source/Cargo.toml
[INFO] validating manifest of crates.io crate smartcast 0.1.1 on toolchain 1.100.0-beta.1
[INFO] running `Command { std: CARGO_HOME="/workspace/cargo-home" RUSTUP_HOME="/workspace/rustup-home" "/workspace/cargo-home/bin/cargo" "+1.100.0-beta.1" "metadata" "--manifest-path" "Cargo.toml" "--no-deps", kill_on_drop: false }`
[INFO] running `Command { std: CARGO_HOME="/workspace/cargo-home" RUSTUP_HOME="/workspace/rustup-home" "/workspace/cargo-home/bin/cargo" "+1.100.0-beta.1" "generate-lockfile" "--manifest-path" "Cargo.toml", kill_on_drop: false }`
[INFO] [stderr]     Updating crates.io index
[INFO] [stderr]      Locking 228 packages to highest compatible versions
[INFO] [stderr]       Adding generic-array v0.14.7 (available: v0.14.9)
[INFO] [stderr]       Adding http v0.2.12 (available: v1.5.0)
[INFO] [stderr]       Adding indoc v1.0.9 (available: v2.0.8)
[INFO] [stderr]       Adding pretty_env_logger v0.4.0 (available: v0.5.0)
[INFO] [stderr]       Adding rand v0.8.8 (available: v0.10.3)
[INFO] [stderr]       Adding rcgen v0.8.14 (available: v0.14.10)
[INFO] [stderr]       Adding reqwest v0.11.27 (available: v0.13.5)
[INFO] [stderr]       Adding serde-xml-rs v0.4.1 (available: v0.8.2)
[INFO] [stderr]       Adding warp v0.3.7 (available: v0.4.3)
[INFO] running `Command { std: CARGO_HOME="/workspace/cargo-home" RUSTUP_HOME="/workspace/rustup-home" "/workspace/cargo-home/bin/cargo" "+1.100.0-beta.1" "fetch" "--manifest-path" "Cargo.toml", kill_on_drop: false }`
[INFO] running `Command { std: "docker" "create" "-v" "/var/lib/crater-agent-workspace/builds/worker-1-tc2/source:/opt/rustwide/workdir:ro,Z" "-v" "/var/lib/crater-agent-workspace/builds/worker-1-tc2/target:/opt/rustwide/target:rw,Z" "-v" "/var/lib/crater-agent-workspace/cargo-home:/opt/rustwide/cargo-home:ro,Z" "-v" "/var/lib/crater-agent-workspace/rustup-home:/opt/rustwide/rustup-home:ro,Z" "-m" "1610612736" "--network" "none" "ghcr.io/rust-lang/crates-build-env/linux@sha256:77db811e55d90add9212f6832c23229e3de5f1c1f9905e8cb07319ea15df73ac" "sleep" "infinity", kill_on_drop: false }`
[INFO] [stdout] e1faa2511d82d922c421879f8b4689fdd4e8b98310bcbc1547d30fd059248b85
[INFO] running `Command { std: "docker" "start" "e1faa2511d82d922c421879f8b4689fdd4e8b98310bcbc1547d30fd059248b85", kill_on_drop: false }`
[INFO] running `Command { std: "docker" "inspect" "e1faa2511d82d922c421879f8b4689fdd4e8b98310bcbc1547d30fd059248b85", kill_on_drop: false }`
[INFO] running `Command { std: "docker" "exec" "-e" "SOURCE_DIR=/opt/rustwide/workdir" "-e" "CARGO_HOME=/opt/rustwide/cargo-home" "-e" "RUSTUP_HOME=/opt/rustwide/rustup-home" "-e" "CARGO_TARGET_DIR=/opt/rustwide/target" "-w" "/opt/rustwide/workdir" "--user" "0:0" "e1faa2511d82d922c421879f8b4689fdd4e8b98310bcbc1547d30fd059248b85" "/opt/rustwide/cargo-home/bin/cargo" "+1.100.0-beta.1" "metadata" "--no-deps" "--format-version=1", kill_on_drop: false }`
[INFO] running `Command { std: "docker" "inspect" "e1faa2511d82d922c421879f8b4689fdd4e8b98310bcbc1547d30fd059248b85", kill_on_drop: false }`
[INFO] running `Command { std: "docker" "exec" "-e" "SOURCE_DIR=/opt/rustwide/workdir" "-e" "CARGO_HOME=/opt/rustwide/cargo-home" "-e" "RUSTUP_HOME=/opt/rustwide/rustup-home" "-e" "CARGO_TARGET_DIR=/opt/rustwide/target" "-e" "CARGO_INCREMENTAL=0" "-e" "RUST_BACKTRACE=full" "-e" "RUSTFLAGS=--cap-lints=warn" "-e" "RUSTDOCFLAGS=--cap-lints=warn" "-w" "/opt/rustwide/workdir" "--user" "0:0" "e1faa2511d82d922c421879f8b4689fdd4e8b98310bcbc1547d30fd059248b85" "/opt/rustwide/cargo-home/bin/cargo" "+1.100.0-beta.1" "build" "--frozen" "--message-format=json" "--release", kill_on_drop: false }`
[INFO] [stderr]    Compiling proc-macro2 v1.0.107
[INFO] [stderr]    Compiling unicode-ident v1.0.27
[INFO] [stderr]    Compiling quote v1.0.47
[INFO] [stderr]    Compiling stable_deref_trait v1.2.1
[INFO] [stderr]    Compiling find-msvc-tools v0.1.14
[INFO] [stderr]    Compiling vcpkg v0.2.15
[INFO] [stderr]    Compiling pin-project-lite v0.2.17
[INFO] [stderr]    Compiling pkg-config v0.3.34
[INFO] [stderr]    Compiling bytes v1.12.1
[INFO] [stderr]    Compiling writeable v0.6.4
[INFO] [stderr]    Compiling itoa v1.0.18
[INFO] [stderr]    Compiling cc v1.8.0
[INFO] [stderr]    Compiling litemap v0.8.3
[INFO] [stderr]    Compiling log v0.4.34
[INFO] [stderr]    Compiling mio v1.2.4
[INFO] [stderr]    Compiling socket2 v0.6.5
[INFO] [stderr]    Compiling utf8_iter v1.0.4
[INFO] [stderr]    Compiling serde_core v1.0.229
[INFO] [stderr]    Compiling futures-sink v0.3.34
[INFO] [stderr]    Compiling icu_normalizer_data v2.3.0
[INFO] [stderr]    Compiling futures-core v0.3.34
[INFO] [stderr]    Compiling icu_properties_data v2.3.0
[INFO] [stderr]    Compiling once_cell v1.21.4
[INFO] [stderr]    Compiling rustversion v1.0.23
[INFO] [stderr]    Compiling syn v3.0.9
[INFO] [stderr]    Compiling syn v2.0.119
[INFO] [stderr]    Compiling fnv v1.0.7
[INFO] [stderr]    Compiling cfg-if v1.0.5
[INFO] [stderr]    Compiling foreign-types-shared v0.1.1
[INFO] [stderr]    Compiling openssl v0.10.81
[INFO] [stderr]    Compiling foreign-types v0.3.2
[INFO] [stderr]    Compiling http v0.2.12
[INFO] [stderr]    Compiling tracing-core v0.1.36
[INFO] [stderr]    Compiling slab v0.4.12
[INFO] [stderr]    Compiling smallvec v1.16.3
[INFO] [stderr]    Compiling equivalent v1.0.3
[INFO] [stderr]    Compiling futures-task v0.3.34
[INFO] [stderr]    Compiling hashbrown v0.17.1
[INFO] [stderr]    Compiling native-tls v0.2.18
[INFO] [stderr]    Compiling httparse v1.10.1
[INFO] [stderr]    Compiling memchr v2.8.3
[INFO] [stderr]    Compiling bitflags v2.13.2
[INFO] [stderr]    Compiling openssl-sys v0.9.117
[INFO] [stderr]    Compiling serde v1.0.229
[INFO] [stderr]    Compiling indexmap v2.14.2
[INFO] [stderr]    Compiling futures-util v0.3.34
[INFO] [stderr]    Compiling tracing v0.1.44
[INFO] [stderr]    Compiling openssl-probe v0.2.1
[INFO] [stderr]    Compiling zmij v1.0.23
[INFO] [stderr]    Compiling percent-encoding v2.3.2
[INFO] [stderr]    Compiling try-lock v0.2.5
[INFO] [stderr]    Compiling want v0.3.2
[INFO] [stderr]    Compiling form_urlencoded v1.2.2
[INFO] [stderr]    Compiling encoding_rs v0.8.42
[INFO] [stderr]    Compiling http-body v0.4.6
[INFO] [stderr]    Compiling futures-channel v0.3.34
[INFO] [stderr]    Compiling socket2 v0.5.10
[INFO] [stderr]    Compiling tower-service v0.3.3
[INFO] [stderr]    Compiling httpdate v1.0.3
[INFO] [stderr]    Compiling serde_json v1.0.154
[INFO] [stderr]    Compiling thiserror v1.0.69
[INFO] [stderr]    Compiling aho-corasick v1.1.5
[INFO] [stderr]    Compiling base64 v0.21.7
[INFO] [stderr]    Compiling multiversion_no_op v1.0.0
[INFO] [stderr]    Compiling regex-syntax v0.8.11
[INFO] [stderr]    Compiling scopeguard v1.2.0
[INFO] [stderr]    Compiling ryu v1.0.23
[INFO] [stderr]    Compiling core_detect v1.0.0
[INFO] [stderr]    Compiling simdutf8 v0.1.5
[INFO] [stderr]    Compiling rustls-pemfile v1.0.4
[INFO] [stderr]    Compiling mime v0.3.17
[INFO] [stderr]    Compiling sync_wrapper v0.1.2
[INFO] [stderr]    Compiling xml-rs v0.8.29
[INFO] [stderr]    Compiling synstructure v0.14.0
[INFO] [stderr]    Compiling openssl-macros v0.1.1
[INFO] [stderr]    Compiling thiserror-impl v1.0.69
[INFO] [stderr]    Compiling zerofrom-derive v0.1.8
[INFO] [stderr]    Compiling yoke-derive v0.8.4
[INFO] [stderr]    Compiling zerovec-derive v0.11.6
[INFO] [stderr]    Compiling displaydoc v0.2.7
[INFO] [stderr]    Compiling zerofrom v0.1.8
[INFO] [stderr]    Compiling yoke v0.8.3
[INFO] [stderr]    Compiling tokio-macros v2.7.2
[INFO] [stderr]    Compiling zerotrie v0.2.5
[INFO] [stderr]    Compiling serde_derive v1.0.229
[INFO] [stderr]    Compiling tokio v1.53.3
[INFO] [stderr]    Compiling zerovec v0.11.8
[INFO] [stderr]    Compiling regex-automata v0.4.18
[INFO] [stderr]    Compiling tinystr v0.8.4
[INFO] [stderr]    Compiling icu_locale_core v2.3.0
[INFO] [stderr]    Compiling potential_utf v0.1.6
[INFO] [stderr]    Compiling icu_collections v2.3.0
[INFO] [stderr]    Compiling ipnet v2.12.2
[INFO] [stderr]    Compiling icu_provider v2.3.1
[INFO] [stderr]    Compiling icu_normalizer v2.3.0
[INFO] [stderr]    Compiling icu_properties v2.3.0
[INFO] [stderr]    Compiling regex v1.13.1
[INFO] [stderr]    Compiling serde_urlencoded v0.7.1
[INFO] [stderr]    Compiling serde-xml-rs v0.4.1
[INFO] [stderr]    Compiling async-trait v0.1.92
[INFO] [stderr]    Compiling idna_adapter v1.2.2
[INFO] [stderr]    Compiling idna v1.1.0
[INFO] [stderr]    Compiling url v2.5.8
[INFO] [stderr]    Compiling tokio-util v0.7.20
[INFO] [stderr]    Compiling tokio-native-tls v0.3.1
[INFO] [stderr]    Compiling h2 v0.3.27
[INFO] [stderr]    Compiling hyper v0.14.32
[INFO] [stderr]    Compiling hyper-tls v0.5.0
[INFO] [stderr]    Compiling reqwest v0.11.27
[INFO] [stderr]    Compiling smartcast v0.1.1 (/opt/rustwide/workdir)
[INFO] [stdout] warning: variable does not need to be mutable
[INFO] [stdout]    --> src/device/apps.rs:153:68
[INFO] [stdout]     |
[INFO] [stdout] 153 |         self.apps = apps.iter_mut().fold(HashMap::new(), |mut map, mut app| {
[INFO] [stdout]     |                                                                    ----^^^
[INFO] [stdout]     |                                                                    |
[INFO] [stdout]     |                                                                    help: remove this `mut`
[INFO] [stdout]     |
[INFO] [stdout]     = note: `#[warn(unused_mut)]` (part of `#[warn(unused)]`) on by default
[INFO] [stdout] 
[INFO] [stdout] 
[INFO] [stdout] warning: field `chipset` is never read
[INFO] [stdout]   --> src/device/info.rs:19:16
[INFO] [stdout]    |
[INFO] [stdout]  5 | pub struct DeviceInfo {
[INFO] [stdout]    |            ---------- field in this struct
[INFO] [stdout] ...
[INFO] [stdout] 19 |     pub(super) chipset: u32,
[INFO] [stdout]    |                ^^^^^^^
[INFO] [stdout]    |
[INFO] [stdout]    = note: `DeviceInfo` has a derived impl for the trait `Debug`, but this is intentionally ignored during dead code analysis
[INFO] [stdout]    = note: `#[warn(dead_code)]` (part of `#[warn(unused)]`) on by default
[INFO] [stdout] 
[INFO] [stdout] 
[INFO] [stderr]     Finished `release` profile [optimized] target(s) in 2m 50s
[INFO] running `Command { std: "docker" "inspect" "e1faa2511d82d922c421879f8b4689fdd4e8b98310bcbc1547d30fd059248b85", kill_on_drop: false }`
[INFO] running `Command { std: "docker" "exec" "-e" "SOURCE_DIR=/opt/rustwide/workdir" "-e" "CARGO_HOME=/opt/rustwide/cargo-home" "-e" "RUSTUP_HOME=/opt/rustwide/rustup-home" "-e" "CARGO_TARGET_DIR=/opt/rustwide/target" "-e" "CARGO_INCREMENTAL=0" "-e" "RUST_BACKTRACE=full" "-e" "RUSTFLAGS=--cap-lints=warn" "-e" "RUSTDOCFLAGS=--cap-lints=warn" "-w" "/opt/rustwide/workdir" "--user" "0:0" "e1faa2511d82d922c421879f8b4689fdd4e8b98310bcbc1547d30fd059248b85" "/opt/rustwide/cargo-home/bin/cargo" "+1.100.0-beta.1" "test" "--frozen" "--no-run" "--message-format=json" "--release", kill_on_drop: false }`
[INFO] [stderr]    Compiling version_check v0.9.5
[INFO] [stderr]    Compiling getrandom v0.2.17
[INFO] [stderr]    Compiling typenum v1.20.1
[INFO] [stderr]    Compiling zerocopy v0.8.63
[INFO] [stderr]    Compiling ring v0.17.14
[INFO] [stderr]    Compiling zeroize v1.9.1
[INFO] [stderr]    Compiling num-traits v0.2.19
[INFO] [stderr]    Compiling cpufeatures v0.2.17
[INFO] [stderr]    Compiling untrusted v0.9.0
[INFO] [stderr]    Compiling rustls-pki-types v1.15.1
[INFO] [stderr]    Compiling rustls v0.22.4
[INFO] [stderr]    Compiling rand_core v0.6.4
[INFO] [stderr]    Compiling unicase v2.10.0
[INFO] [stderr]    Compiling generic-array v0.14.7
[INFO] [stderr]    Compiling multer v2.1.0
[INFO] [stderr]    Compiling mime_guess v2.0.5
[INFO] [stderr]    Compiling ring v0.16.20
[INFO] [stderr]    Compiling http v1.5.0
[INFO] [stderr]    Compiling subtle v2.6.1
[INFO] [stderr]    Compiling data-encoding v2.11.1
[INFO] [stderr]    Compiling quick-error v1.2.3
[INFO] [stderr]    Compiling byteorder v1.5.0
[INFO] [stderr]    Compiling iana-time-zone v0.1.65
[INFO] [stderr]    Compiling utf-8 v0.7.6
[INFO] [stderr]    Compiling chrono v0.4.45
[INFO] [stderr]    Compiling humantime v1.3.0
[INFO] [stderr]    Compiling block-buffer v0.10.4
[INFO] [stderr]    Compiling crypto-common v0.1.7
[INFO] [stderr]    Compiling headers-core v0.2.0
[INFO] [stderr]    Compiling digest v0.10.7
[INFO] [stderr]    Compiling pin-project-internal v1.1.13
[INFO] [stderr]    Compiling sha1 v0.10.7
[INFO] [stderr]    Compiling atty v0.2.14
[INFO] [stderr]    Compiling untrusted v0.7.1
[INFO] [stderr]    Compiling spin v0.9.9
[INFO] [stderr]    Compiling termcolor v1.4.1
[INFO] [stderr]    Compiling base64 v0.13.1
[INFO] [stderr]    Compiling spin v0.5.2
[INFO] [stderr]    Compiling env_logger v0.7.1
[INFO] [stderr]    Compiling pem v1.1.1
[INFO] [stderr]    Compiling yasna v0.4.0
[INFO] [stderr]    Compiling pin-project v1.1.13
[INFO] [stderr]    Compiling headers v0.3.9
[INFO] [stderr]    Compiling rustls-pemfile v2.2.0
[INFO] [stderr]    Compiling scoped-tls v1.0.1
[INFO] [stderr]    Compiling pretty_env_logger v0.4.0
[INFO] [stderr]    Compiling ppv-lite86 v0.2.21
[INFO] [stderr]    Compiling indoc v1.0.9
[INFO] [stdout] warning: variable does not need to be mutable
[INFO] [stdout]    --> src/device/apps.rs:153:68
[INFO] [stdout]     |
[INFO] [stdout] 153 |         self.apps = apps.iter_mut().fold(HashMap::new(), |mut map, mut app| {
[INFO] [stdout]     |                                                                    ----^^^
[INFO] [stdout]     |                                                                    |
[INFO] [stdout]     |                                                                    help: remove this `mut`
[INFO] [stdout]     |
[INFO] [stdout]     = note: `#[warn(unused_mut)]` (part of `#[warn(unused)]`) on by default
[INFO] [stdout] 
[INFO] [stdout] 
[INFO] [stdout] warning: field `chipset` is never read
[INFO] [stdout]   --> src/device/info.rs:19:16
[INFO] [stdout]    |
[INFO] [stdout]  5 | pub struct DeviceInfo {
[INFO] [stdout]    |            ---------- field in this struct
[INFO] [stdout] ...
[INFO] [stdout] 19 |     pub(super) chipset: u32,
[INFO] [stdout]    |                ^^^^^^^
[INFO] [stdout]    |
[INFO] [stdout]    = note: `DeviceInfo` has a derived impl for the trait `Debug`, but this is intentionally ignored during dead code analysis
[INFO] [stdout]    = note: `#[warn(dead_code)]` (part of `#[warn(unused)]`) on by default
[INFO] [stdout] 
[INFO] [stdout] 
[INFO] [stderr]    Compiling rand_chacha v0.3.1
[INFO] [stderr]    Compiling rand v0.8.8
[INFO] [stderr]    Compiling tungstenite v0.21.0
[INFO] [stderr]    Compiling tokio-tungstenite v0.21.0
[INFO] [stderr]    Compiling rcgen v0.8.14
[INFO] [stderr]    Compiling rustls-webpki v0.102.8
[INFO] [stderr]    Compiling tokio-rustls v0.25.0
[INFO] [stderr]    Compiling warp v0.3.7
[INFO] [stderr]    Compiling smartcast v0.1.1 (/opt/rustwide/workdir)
[INFO] [stdout] warning: unused imports: `LIST_LEN` and `expected_slider_info`
[INFO] [stdout]  --> tests/support/mod.rs:8:28
[INFO] [stdout]   |
[INFO] [stdout] 8 | pub use simulated_device::{expected_slider_info, CodeSet, DeviceType, PortOption, LIST_LEN};
[INFO] [stdout]   |                            ^^^^^^^^^^^^^^^^^^^^                                   ^^^^^^^^
[INFO] [stdout]   |
[INFO] [stdout]   = note: `#[warn(unused_imports)]` (part of `#[warn(unused)]`) on by default
[INFO] [stdout] 
[INFO] [stdout] 
[INFO] [stdout] warning: unused imports: `LIST_LEN` and `expected_slider_info`
[INFO] [stdout]  --> tests/support/mod.rs:8:28
[INFO] [stdout]   |
[INFO] [stdout] 8 | pub use simulated_device::{expected_slider_info, CodeSet, DeviceType, PortOption, LIST_LEN};
[INFO] [stdout]   |                            ^^^^^^^^^^^^^^^^^^^^                                   ^^^^^^^^
[INFO] [stdout]   |
[INFO] [stdout]   = note: `#[warn(unused_imports)]` (part of `#[warn(unused)]`) on by default
[INFO] [stdout] 
[INFO] [stdout] 
[INFO] [stdout] warning: variable does not need to be mutable
[INFO] [stdout]    --> src/device/apps.rs:153:68
[INFO] [stdout]     |
[INFO] [stdout] 153 |         self.apps = apps.iter_mut().fold(HashMap::new(), |mut map, mut app| {
[INFO] [stdout]     |                                                                    ----^^^
[INFO] [stdout]     |                                                                    |
[INFO] [stdout]     |                                                                    help: remove this `mut`
[INFO] [stdout]     |
[INFO] [stdout]     = note: `#[warn(unused_mut)]` (part of `#[warn(unused)]`) on by default
[INFO] [stdout] 
[INFO] [stdout] 
[INFO] [stdout] warning: fields `settings_root` and `chipset` are never read
[INFO] [stdout]   --> src/device/info.rs:17:16
[INFO] [stdout]    |
[INFO] [stdout]  5 | pub struct DeviceInfo {
[INFO] [stdout]    |            ---------- fields in this struct
[INFO] [stdout] ...
[INFO] [stdout] 17 |     pub(super) settings_root: String,
[INFO] [stdout]    |                ^^^^^^^^^^^^^
[INFO] [stdout] 18 |     /// Device's chipset version
[INFO] [stdout] 19 |     pub(super) chipset: u32,
[INFO] [stdout]    |                ^^^^^^^
[INFO] [stdout]    |
[INFO] [stdout]    = note: `DeviceInfo` has a derived impl for the trait `Debug`, but this is intentionally ignored during dead code analysis
[INFO] [stdout]    = note: `#[warn(dead_code)]` (part of `#[warn(unused)]`) on by default
[INFO] [stdout] 
[INFO] [stdout] 
[INFO] [stdout] warning: missing documentation for a method
[INFO] [stdout]    --> src/device/mod.rs:699:5
[INFO] [stdout]     |
[INFO] [stdout] 699 |     pub fn manufacturer(&self) -> String {
[INFO] [stdout]     |     ^^^^^^^^^^^^^^^^^^^^^^^^^^^^^^^^^^^^
[INFO] [stdout]     |
[INFO] [stdout] note: the lint level is defined here
[INFO] [stdout]    --> src/lib.rs:1:9
[INFO] [stdout]     |
[INFO] [stdout]   1 | #![deny(missing_docs)]
[INFO] [stdout]     |         ^^^^^^^^^^^^
[INFO] [stdout] 
[INFO] [stdout] 
[INFO] [stderr]     Finished `release` profile [optimized] target(s) in 3m 05s
[INFO] running `Command { std: "docker" "inspect" "e1faa2511d82d922c421879f8b4689fdd4e8b98310bcbc1547d30fd059248b85", kill_on_drop: false }`
[INFO] running `Command { std: "docker" "exec" "-e" "SOURCE_DIR=/opt/rustwide/workdir" "-e" "CARGO_HOME=/opt/rustwide/cargo-home" "-e" "RUSTUP_HOME=/opt/rustwide/rustup-home" "-e" "CARGO_TARGET_DIR=/opt/rustwide/target" "-e" "CARGO_INCREMENTAL=0" "-e" "RUST_BACKTRACE=full" "-e" "RUSTFLAGS=--cap-lints=warn" "-e" "RUSTDOCFLAGS=--cap-lints=warn" "-w" "/opt/rustwide/workdir" "--user" "0:0" "e1faa2511d82d922c421879f8b4689fdd4e8b98310bcbc1547d30fd059248b85" "/opt/rustwide/cargo-home/bin/cargo" "+1.100.0-beta.1" "test" "--frozen" "--release", kill_on_drop: false }`
[INFO] [stderr] warning: variable does not need to be mutable
[INFO] [stderr]    --> src/device/apps.rs:153:68
[INFO] [stderr]     |
[INFO] [stderr] 153 |         self.apps = apps.iter_mut().fold(HashMap::new(), |mut map, mut app| {
[INFO] [stderr]     |                                                                    ----^^^
[INFO] [stderr]     |                                                                    |
[INFO] [stderr]     |                                                                    help: remove this `mut`
[INFO] [stderr]     |
[INFO] [stderr]     = note: `#[warn(unused_mut)]` (part of `#[warn(unused)]`) on by default
[INFO] [stderr] 
[INFO] [stderr] warning: field `chipset` is never read
[INFO] [stderr]   --> src/device/info.rs:19:16
[INFO] [stderr]    |
[INFO] [stderr]  5 | pub struct DeviceInfo {
[INFO] [stderr]    |            ---------- field in this struct
[INFO] [stderr] ...
[INFO] [stderr] 19 |     pub(super) chipset: u32,
[INFO] [stderr]    |                ^^^^^^^
[INFO] [stderr]    |
[INFO] [stderr]    = note: `DeviceInfo` has a derived impl for the trait `Debug`, but this is intentionally ignored during dead code analysis
[INFO] [stderr]    = note: `#[warn(dead_code)]` (part of `#[warn(unused)]`) on by default
[INFO] [stderr] 
[INFO] [stderr] warning: `smartcast` (lib) generated 2 warnings (run `cargo fix --lib -p smartcast` to apply 1 suggestion)
[INFO] [stderr] warning: unused imports: `LIST_LEN` and `expected_slider_info`
[INFO] [stderr]  --> tests/support/mod.rs:8:28
[INFO] [stderr]   |
[INFO] [stderr] 8 | pub use simulated_device::{expected_slider_info, CodeSet, DeviceType, PortOption, LIST_LEN};
[INFO] [stderr]   |                            ^^^^^^^^^^^^^^^^^^^^                                   ^^^^^^^^
[INFO] [stderr]   |
[INFO] [stderr]   = note: `#[warn(unused_imports)]` (part of `#[warn(unused)]`) on by default
[INFO] [stderr] 
[INFO] [stderr] warning: fields `settings_root` and `chipset` are never read
[INFO] [stderr]   --> src/device/info.rs:17:16
[INFO] [stderr]    |
[INFO] [stderr]  5 | pub struct DeviceInfo {
[INFO] [stderr]    |            ---------- fields in this struct
[INFO] [stderr] ...
[INFO] [stderr] 17 |     pub(super) settings_root: String,
[INFO] [stderr]    |                ^^^^^^^^^^^^^
[INFO] [stderr] 18 |     /// Device's chipset version
[INFO] [stderr] 19 |     pub(super) chipset: u32,
[INFO] [stderr]    |                ^^^^^^^
[INFO] [stderr]    |
[INFO] [stderr]    = note: `DeviceInfo` has a derived impl for the trait `Debug`, but this is intentionally ignored during dead code analysis
[INFO] [stderr]    = note: `#[warn(dead_code)]` (part of `#[warn(unused)]`) on by default
[INFO] [stderr] 
[INFO] [stderr] warning: missing documentation for a method
[INFO] [stderr]    --> src/device/mod.rs:699:5
[INFO] [stderr]     |
[INFO] [stderr] 699 |     pub fn manufacturer(&self) -> String {
[INFO] [stderr]     |     ^^^^^^^^^^^^^^^^^^^^^^^^^^^^^^^^^^^^
[INFO] [stderr]     |
[INFO] [stderr] note: the lint level is defined here
[INFO] [stderr]    --> src/lib.rs:1:9
[INFO] [stderr]     |
[INFO] [stderr]   1 | #![deny(missing_docs)]
[INFO] [stderr]     |         ^^^^^^^^^^^^
[INFO] [stderr] 
[INFO] [stderr] warning: `smartcast` (test "dev_types") generated 1 warning (run `cargo fix --test "dev_types" -p smartcast` to apply 1 suggestion)
[INFO] [stderr] warning: `smartcast` (test "ports") generated 1 warning (1 duplicate)
[INFO] [stderr] warning: `smartcast` (lib test) generated 3 warnings (1 duplicate)
[INFO] [stderr]     Finished `release` profile [optimized] target(s) in 0.26s
[INFO] [stderr]      Running unittests src/lib.rs (/opt/rustwide/target/release/build/smartcast/6525f93c05c701dd/out/smartcast-6525f93c05c701dd)
[INFO] [stdout] 
[INFO] [stdout] running 3 tests
[INFO] [stdout] test discover::tests::ssdp_single_device ... ok
[INFO] [stdout] test discover::tests::ssdp_no_device ... ok
[INFO] [stdout] test discover::tests::ssdp_multi_device ... ok
[INFO] [stdout] 
[INFO] [stdout] test result: ok. 3 passed; 0 failed; 0 ignored; 0 measured; 0 filtered out; finished in 4.25s
[INFO] [stdout] 
[INFO] [stderr]      Running tests/dev_types.rs (/opt/rustwide/target/release/build/smartcast/4b15c0880f83378d/out/dev_types-4b15c0880f83378d)
[INFO] [stdout] 
[INFO] [stdout] running 2 tests
[INFO] [stdout] test dev_type_tv ... ok
[INFO] [stderr]      Running tests/local.rs (/opt/rustwide/target/release/build/smartcast/4a8943c7b9fb670a/out/local-4a8943c7b9fb670a)
[INFO] [stdout] test dev_type_soundbar ... ok
[INFO] [stdout] 
[INFO] [stdout] test result: ok. 2 passed; 0 failed; 0 ignored; 0 measured; 0 filtered out; finished in 0.26s
[INFO] [stdout] 
[INFO] [stdout] 
[INFO] [stdout] running 2 tests
[INFO] [stdout] test find_by_ip ... FAILED
[INFO] [stdout] test find_by_uuid ... FAILED
[INFO] [stdout] 
[INFO] [stdout] failures:
[INFO] [stdout] 
[INFO] [stdout] ---- find_by_ip stdout ----
[INFO] [stdout] 
[INFO] [stdout] thread 'find_by_ip' (3463) panicked at tests/local.rs:6:55:
[INFO] [stdout] called `Result::unwrap()` on an `Err` value: IO(Os { code: 101, kind: NetworkUnreachable, message: "Network is unreachable" })
[INFO] [stdout] stack backtrace:
[INFO] [stdout]    0:     0x5a468fa24911 - <<std[617be2ca0a6fd877]::sys::backtrace::BacktraceLock>::print::DisplayBacktrace as core[a373ad73a504971]::fmt::Display>::fmt
[INFO] [stdout]    1:     0x5a468fa3c93a - core[a373ad73a504971]::fmt::write
[INFO] [stdout]    2:     0x5a468fa2945c - <alloc[2e1b2a31b91974c5]::vec::Vec<u8> as core[a373ad73a504971]::io::write::Write>::write_fmt
[INFO] [stdout]    3:     0x5a468f9ffb06 - std[617be2ca0a6fd877]::panicking::default_hook::{closure#0}
[INFO] [stdout]    4:     0x5a468fa1c909 - std[617be2ca0a6fd877]::panicking::default_hook
[INFO] [stdout]    5:     0x5a468f76d540 - test[aada8e7e76ba119b]::test_main_inner::{closure#0}
[INFO] [stdout]    6:     0x5a468fa1cc32 - std[617be2ca0a6fd877]::panicking::panic_with_hook
[INFO] [stdout]    7:     0x5a468f9ffbb2 - std[617be2ca0a6fd877]::panicking::panic_handler::{closure#0}
[INFO] [stdout]    8:     0x5a468f9f87e9 - std[617be2ca0a6fd877]::sys::backtrace::__rust_end_short_backtrace::<std[617be2ca0a6fd877]::panicking::panic_handler::{closure#0}, !>
[INFO] [stdout]    9:     0x5a468fa009ad - __rustc[ea4f61d10b84890b]::rust_begin_unwind
[INFO] [stdout]   10:     0x5a468fa3d11c - core[a373ad73a504971]::panicking::panic_fmt
[INFO] [stdout]   11:     0x5a468fa3cef2 - core[a373ad73a504971]::result::unwrap_failed
[INFO] [stdout]   12:     0x5a468f7446c0 - local[ec7064e861892e34]::find_by_ip::{closure#0}
[INFO] [stdout]   13:     0x5a468f75913a - <tokio[b56bdbdd6c508b5c]::runtime::context::scoped::Scoped<tokio[b56bdbdd6c508b5c]::runtime::scheduler::Context>>::set::<<tokio[b56bdbdd6c508b5c]::runtime::scheduler::current_thread::CoreGuard>::enter<<tokio[b56bdbdd6c508b5c]::runtime::scheduler::current_thread::CoreGuard>::block_on<core[a373ad73a504971]::pin::Pin<&mut core[a373ad73a504971]::pin::Pin<&mut dyn core[a373ad73a504971]::future::future::Future<Output = ()>>>>::{closure#0}, core[a373ad73a504971]::option::Option<()>>::{closure#0}, (alloc[2e1b2a31b91974c5]::boxed::Box<tokio[b56bdbdd6c508b5c]::runtime::scheduler::current_thread::Core>, core[a373ad73a504971]::option::Option<()>)>
[INFO] [stdout]   14:     0x5a468f759686 - <tokio[b56bdbdd6c508b5c]::runtime::scheduler::current_thread::CurrentThread>::block_on::<core[a373ad73a504971]::pin::Pin<&mut dyn core[a373ad73a504971]::future::future::Future<Output = ()>>>
[INFO] [stdout]   15:     0x5a468f75ea8d - <tokio[b56bdbdd6c508b5c]::runtime::runtime::Runtime>::block_on::<core[a373ad73a504971]::pin::Pin<&mut dyn core[a373ad73a504971]::future::future::Future<Output = ()>>>
[INFO] [stdout]   16:     0x5a468f74e2cb - <local[ec7064e861892e34]::find_by_ip::{closure#0} as core[a373ad73a504971]::ops::function::FnOnce<()>>::call_once
[INFO] [stdout]   17:     0x5a468f76098b - test[aada8e7e76ba119b]::__rust_begin_short_backtrace::<core[a373ad73a504971]::result::Result<(), alloc[2e1b2a31b91974c5]::string::String>, fn() -> core[a373ad73a504971]::result::Result<(), alloc[2e1b2a31b91974c5]::string::String>>
[INFO] [stdout]   18:     0x5a468f76db65 - test[aada8e7e76ba119b]::run_test::{closure#0}
[INFO] [stdout]   19:     0x5a468f767454 - std[617be2ca0a6fd877]::sys::backtrace::__rust_begin_short_backtrace::<test[aada8e7e76ba119b]::run_test::{closure#1}, ()>
[INFO] [stdout]   20:     0x5a468f770bf2 - <std[617be2ca0a6fd877]::thread::lifecycle::spawn_unchecked<test[aada8e7e76ba119b]::run_test::{closure#1}, ()>::{closure#1} as core[a373ad73a504971]::ops::function::FnOnce<()>>::call_once::{shim:vtable#0}
[INFO] [stdout]   21:     0x5a468fa23dbf - <std[617be2ca0a6fd877]::sys::thread::unix::Thread>::new::thread_start
[INFO] [stdout]   22:     0x703e5e91bdfa - <unknown>
[INFO] [stdout]   23:     0x703e5e9af3d4 - clone
[INFO] [stdout]   24:                0x0 - <unknown>
[INFO] [stdout] 
[INFO] [stdout] ---- find_by_uuid stdout ----
[INFO] [stdout] 
[INFO] [stdout] thread 'find_by_uuid' (3464) panicked at tests/local.rs:20:55:
[INFO] [stdout] called `Result::unwrap()` on an `Err` value: IO(Os { code: 101, kind: NetworkUnreachable, message: "Network is unreachable" })
[INFO] [stdout] stack backtrace:
[INFO] [stdout]    0:     0x5a468fa24911 - <<std[617be2ca0a6fd877]::sys::backtrace::BacktraceLock>::print::DisplayBacktrace as core[a373ad73a504971]::fmt::Display>::fmt
[INFO] [stdout]    1:     0x5a468fa3c93a - core[a373ad73a504971]::fmt::write
[INFO] [stdout]    2:     0x5a468fa2945c - <alloc[2e1b2a31b91974c5]::vec::Vec<u8> as core[a373ad73a504971]::io::write::Write>::write_fmt
[INFO] [stdout]    3:     0x5a468f9ffb06 - std[617be2ca0a6fd877]::panicking::default_hook::{closure#0}
[INFO] [stdout]    4:     0x5a468fa1c909 - std[617be2ca0a6fd877]::panicking::default_hook
[INFO] [stdout]    5:     0x5a468f76d540 - test[aada8e7e76ba119b]::test_main_inner::{closure#0}
[INFO] [stdout]    6:     0x5a468fa1cc32 - std[617be2ca0a6fd877]::panicking::panic_with_hook
[INFO] [stdout]    7:     0x5a468f9ffbb2 - std[617be2ca0a6fd877]::panicking::panic_handler::{closure#0}
[INFO] [stdout]    8:     0x5a468f9f87e9 - std[617be2ca0a6fd877]::sys::backtrace::__rust_end_short_backtrace::<std[617be2ca0a6fd877]::panicking::panic_handler::{closure#0}, !>
[INFO] [stdout]    9:     0x5a468fa009ad - __rustc[ea4f61d10b84890b]::rust_begin_unwind
[INFO] [stdout]   10:     0x5a468fa3d11c - core[a373ad73a504971]::panicking::panic_fmt
[INFO] [stdout]   11:     0x5a468fa3cef2 - core[a373ad73a504971]::result::unwrap_failed
[INFO] [stdout]   12:     0x5a468f7451cb - local[ec7064e861892e34]::find_by_uuid::{closure#0}
[INFO] [stdout]   13:     0x5a468f75913a - <tokio[b56bdbdd6c508b5c]::runtime::context::scoped::Scoped<tokio[b56bdbdd6c508b5c]::runtime::scheduler::Context>>::set::<<tokio[b56bdbdd6c508b5c]::runtime::scheduler::current_thread::CoreGuard>::enter<<tokio[b56bdbdd6c508b5c]::runtime::scheduler::current_thread::CoreGuard>::block_on<core[a373ad73a504971]::pin::Pin<&mut core[a373ad73a504971]::pin::Pin<&mut dyn core[a373ad73a504971]::future::future::Future<Output = ()>>>>::{closure#0}, core[a373ad73a504971]::option::Option<()>>::{closure#0}, (alloc[2e1b2a31b91974c5]::boxed::Box<tokio[b56bdbdd6c508b5c]::runtime::scheduler::current_thread::Core>, core[a373ad73a504971]::option::Option<()>)>
[INFO] [stdout]   14:     0x5a468f759686 - <tokio[b56bdbdd6c508b5c]::runtime::scheduler::current_thread::CurrentThread>::block_on::<core[a373ad73a504971]::pin::Pin<&mut dyn core[a373ad73a504971]::future::future::Future<Output = ()>>>
[INFO] [stdout]   15:     0x5a468f75ea8d - <tokio[b56bdbdd6c508b5c]::runtime::runtime::Runtime>::block_on::<core[a373ad73a504971]::pin::Pin<&mut dyn core[a373ad73a504971]::future::future::Future<Output = ()>>>
[INFO] [stdout]   16:     0x5a468f74e40b - <local[ec7064e861892e34]::find_by_uuid::{closure#0} as core[a373ad73a504971]::ops::function::FnOnce<()>>::call_once
[INFO] [stdout]   17:     0x5a468f76098b - test[aada8e7e76ba119b]::__rust_begin_short_backtrace::<core[a373ad73a504971]::result::Result<(), alloc[2e1b2a31b91974c5]::string::String>, fn() -> core[a373ad73a504971]::result::Result<(), alloc[2e1b2a31b91974c5]::string::String>>
[INFO] [stdout]   18:     0x5a468f76db65 - test[aada8e7e76ba119b]::run_test::{closure#0}
[INFO] [stdout]   19:     0x5a468f767454 - std[617be2ca0a6fd877]::sys::backtrace::__rust_begin_short_backtrace::<test[aada8e7e76ba119b]::run_test::{closure#1}, ()>
[INFO] [stdout]   20:     0x5a468f770bf2 - <std[617be2ca0a6fd877]::thread::lifecycle::spawn_unchecked<test[aada8e7e76ba119b]::run_test::{closure#1}, ()>::{closure#1} as core[a373ad73a504971]::ops::function::FnOnce<()>>::call_once::{shim:vtable#0}
[INFO] [stdout]   21:     0x5a468fa23dbf - <std[617be2ca0a6fd877]::sys::thread::unix::Thread>::new::thread_start
[INFO] [stdout]   22:     0x703e5e91bdfa - <unknown>
[INFO] [stdout]   23:     0x703e5e9af3d4 - clone
[INFO] [stdout]   24:                0x0 - <unknown>
[INFO] [stdout] 
[INFO] [stdout] 
[INFO] [stdout] failures:
[INFO] [stdout]     find_by_ip
[INFO] [stdout]     find_by_uuid
[INFO] [stdout] 
[INFO] [stdout] test result: FAILED. 0 passed; 2 failed; 0 ignored; 0 measured; 0 filtered out; finished in 0.00s
[INFO] [stdout] 
[INFO] [stderr] error: test failed, to rerun pass `--test local`
[INFO] running `Command { std: "docker" "inspect" "e1faa2511d82d922c421879f8b4689fdd4e8b98310bcbc1547d30fd059248b85", kill_on_drop: false }`
[INFO] running `Command { std: "docker" "rm" "-f" "e1faa2511d82d922c421879f8b4689fdd4e8b98310bcbc1547d30fd059248b85", kill_on_drop: false }`
[INFO] [stdout] e1faa2511d82d922c421879f8b4689fdd4e8b98310bcbc1547d30fd059248b85
