[INFO] fetching crate smart-package-tracker 0.4.0...
[INFO] testing smart-package-tracker-0.4.0 against 1.99.0-beta.8+cargoflags=--release for beta-release-1.100-2
[INFO] extracting crate smart-package-tracker 0.4.0 into /workspace/builds/worker-4-tc1/source
[INFO] started tweaking crates.io crate smart-package-tracker 0.4.0
[INFO] removed 0 missing examples
[INFO] removed 0 missing tests
[INFO] finished tweaking crates.io crate smart-package-tracker 0.4.0
[INFO] tweaked toml for crates.io crate smart-package-tracker 0.4.0 written to /workspace/builds/worker-4-tc1/source/Cargo.toml
[INFO] validating manifest of crates.io crate smart-package-tracker 0.4.0 on toolchain 1.99.0-beta.8
[INFO] running `Command { std: CARGO_HOME="/workspace/cargo-home" RUSTUP_HOME="/workspace/rustup-home" "/workspace/cargo-home/bin/cargo" "+1.99.0-beta.8" "metadata" "--manifest-path" "Cargo.toml" "--no-deps", kill_on_drop: false }`
[INFO] crate crates.io crate smart-package-tracker 0.4.0 already has a lockfile, it will not be regenerated
[INFO] running `Command { std: CARGO_HOME="/workspace/cargo-home" RUSTUP_HOME="/workspace/rustup-home" "/workspace/cargo-home/bin/cargo" "+1.99.0-beta.8" "fetch" "--manifest-path" "Cargo.toml", kill_on_drop: false }`
[INFO] [stderr]     Updating crates.io index
[INFO] [stderr]  Downloading crates ...
[INFO] [stderr]   Downloaded g2poly v1.2.2
[INFO] [stderr]   Downloaded qrcode v0.14.1
[INFO] [stderr]   Downloaded rqrr v0.10.1
[INFO] [stderr]   Downloaded g2p v1.2.2
[INFO] [stderr]   Downloaded g2gen v1.2.2
[INFO] [stderr]   Downloaded code128 v0.2.1
[INFO] running `Command { std: "docker" "create" "-v" "/var/lib/crater-agent-workspace/builds/worker-4-tc1/source:/opt/rustwide/workdir:ro,Z" "-v" "/var/lib/crater-agent-workspace/builds/worker-4-tc1/target:/opt/rustwide/target:rw,Z" "-v" "/var/lib/crater-agent-workspace/cargo-home:/opt/rustwide/cargo-home:ro,Z" "-v" "/var/lib/crater-agent-workspace/rustup-home:/opt/rustwide/rustup-home:ro,Z" "-m" "1610612736" "--network" "none" "ghcr.io/rust-lang/crates-build-env/linux@sha256:77db811e55d90add9212f6832c23229e3de5f1c1f9905e8cb07319ea15df73ac" "sleep" "infinity", kill_on_drop: false }`
[INFO] [stdout] 96bf99f6e2780a3293a764ce1987276d7d004d6ce326c0775c3ba8086df9d1ae
[INFO] running `Command { std: "docker" "start" "96bf99f6e2780a3293a764ce1987276d7d004d6ce326c0775c3ba8086df9d1ae", kill_on_drop: false }`
[INFO] running `Command { std: "docker" "inspect" "96bf99f6e2780a3293a764ce1987276d7d004d6ce326c0775c3ba8086df9d1ae", kill_on_drop: false }`
[INFO] running `Command { std: "docker" "exec" "-e" "SOURCE_DIR=/opt/rustwide/workdir" "-e" "CARGO_HOME=/opt/rustwide/cargo-home" "-e" "RUSTUP_HOME=/opt/rustwide/rustup-home" "-e" "CARGO_TARGET_DIR=/opt/rustwide/target" "-w" "/opt/rustwide/workdir" "--user" "0:0" "96bf99f6e2780a3293a764ce1987276d7d004d6ce326c0775c3ba8086df9d1ae" "/opt/rustwide/cargo-home/bin/cargo" "+1.99.0-beta.8" "metadata" "--no-deps" "--format-version=1", kill_on_drop: false }`
[INFO] running `Command { std: "docker" "inspect" "96bf99f6e2780a3293a764ce1987276d7d004d6ce326c0775c3ba8086df9d1ae", kill_on_drop: false }`
[INFO] running `Command { std: "docker" "exec" "-e" "SOURCE_DIR=/opt/rustwide/workdir" "-e" "CARGO_HOME=/opt/rustwide/cargo-home" "-e" "RUSTUP_HOME=/opt/rustwide/rustup-home" "-e" "CARGO_TARGET_DIR=/opt/rustwide/target" "-e" "CARGO_INCREMENTAL=0" "-e" "RUST_BACKTRACE=full" "-e" "RUSTFLAGS=--cap-lints=warn" "-e" "RUSTDOCFLAGS=--cap-lints=warn" "-w" "/opt/rustwide/workdir" "--user" "0:0" "96bf99f6e2780a3293a764ce1987276d7d004d6ce326c0775c3ba8086df9d1ae" "/opt/rustwide/cargo-home/bin/cargo" "+1.99.0-beta.8" "build" "--frozen" "--message-format=json" "--release", kill_on_drop: false }`
[INFO] [stderr]    Compiling proc-macro2 v1.0.107
[INFO] [stderr]    Compiling quote v1.0.47
[INFO] [stderr]    Compiling unicode-ident v1.0.24
[INFO] [stderr]    Compiling simd-adler32 v0.3.10
[INFO] [stderr]    Compiling cfg-if v1.0.4
[INFO] [stderr]    Compiling crc32fast v1.5.0
[INFO] [stderr]    Compiling libc v0.2.189
[INFO] [stderr]    Compiling thiserror v2.0.20
[INFO] [stderr]    Compiling adler2 v2.0.1
[INFO] [stderr]    Compiling getrandom v0.4.3
[INFO] [stderr]    Compiling bitflags v2.13.1
[INFO] [stderr]    Compiling qrcode v0.14.1
[INFO] [stderr]    Compiling miniz_oxide v0.8.9
[INFO] [stderr]    Compiling fdeflate v0.3.7
[INFO] [stderr]    Compiling flate2 v1.1.9
[INFO] [stderr]    Compiling syn v3.0.3
[INFO] [stderr]    Compiling png v0.18.1
[INFO] [stderr]    Compiling thiserror-impl v2.0.20
[INFO] [stderr]    Compiling code128 v0.2.1
[INFO] [stderr]    Compiling smart-package-tracker v0.4.0 (/opt/rustwide/workdir)
[INFO] [stderr]     Finished `release` profile [optimized] target(s) in 9.58s
[INFO] running `Command { std: "docker" "inspect" "96bf99f6e2780a3293a764ce1987276d7d004d6ce326c0775c3ba8086df9d1ae", kill_on_drop: false }`
[INFO] running `Command { std: "docker" "exec" "-e" "SOURCE_DIR=/opt/rustwide/workdir" "-e" "CARGO_HOME=/opt/rustwide/cargo-home" "-e" "RUSTUP_HOME=/opt/rustwide/rustup-home" "-e" "CARGO_TARGET_DIR=/opt/rustwide/target" "-e" "CARGO_INCREMENTAL=0" "-e" "RUST_BACKTRACE=full" "-e" "RUSTFLAGS=--cap-lints=warn" "-e" "RUSTDOCFLAGS=--cap-lints=warn" "-w" "/opt/rustwide/workdir" "--user" "0:0" "96bf99f6e2780a3293a764ce1987276d7d004d6ce326c0775c3ba8086df9d1ae" "/opt/rustwide/cargo-home/bin/cargo" "+1.99.0-beta.8" "test" "--frozen" "--no-run" "--message-format=json" "--release", kill_on_drop: false }`
[INFO] [stderr]    Compiling syn v2.0.119
[INFO] [stderr]    Compiling equivalent v1.0.2
[INFO] [stderr]    Compiling allocator-api2 v0.2.21
[INFO] [stderr]    Compiling g2poly v1.2.2
[INFO] [stderr]    Compiling foldhash v0.2.0
[INFO] [stderr]    Compiling hashbrown v0.16.1
[INFO] [stderr]    Compiling g2gen v1.2.2
[INFO] [stderr]    Compiling g2p v1.2.2
[INFO] [stderr]    Compiling lru v0.16.4
[INFO] [stderr]    Compiling rqrr v0.10.1
[INFO] [stderr]    Compiling smart-package-tracker v0.4.0 (/opt/rustwide/workdir)
[INFO] [stderr]     Finished `release` profile [optimized] target(s) in 38.19s
[INFO] running `Command { std: "docker" "inspect" "96bf99f6e2780a3293a764ce1987276d7d004d6ce326c0775c3ba8086df9d1ae", kill_on_drop: false }`
[INFO] running `Command { std: "docker" "exec" "-e" "SOURCE_DIR=/opt/rustwide/workdir" "-e" "CARGO_HOME=/opt/rustwide/cargo-home" "-e" "RUSTUP_HOME=/opt/rustwide/rustup-home" "-e" "CARGO_TARGET_DIR=/opt/rustwide/target" "-e" "CARGO_INCREMENTAL=0" "-e" "RUST_BACKTRACE=full" "-e" "RUSTFLAGS=--cap-lints=warn" "-e" "RUSTDOCFLAGS=--cap-lints=warn" "-w" "/opt/rustwide/workdir" "--user" "0:0" "96bf99f6e2780a3293a764ce1987276d7d004d6ce326c0775c3ba8086df9d1ae" "/opt/rustwide/cargo-home/bin/cargo" "+1.99.0-beta.8" "test" "--frozen" "--release", kill_on_drop: false }`
[INFO] [stderr]     Finished `release` profile [optimized] target(s) in 0.05s
[INFO] [stderr]      Running unittests src/lib.rs (/opt/rustwide/target/release/deps/smart_package_tracker-8803ad1620fe7c83)
[INFO] [stdout] 
[INFO] [stdout] running 117 tests
[INFO] [stdout] test id::checksum::tests::computed_check_character_verifies ... ok
[INFO] [stdout] test id::checksum::tests::detects_every_adjacent_transposition ... ok
[INFO] [stdout] test id::checksum::tests::detects_every_single_character_substitution ... ok
[INFO] [stdout] test id::checksum::tests::rejects_characters_outside_the_alphabet ... ok
[INFO] [stdout] test id::generator::tests::checksum_round_trips_and_is_validated ... ok
[INFO] [stdout] test barcode::tests::encodes_a_tracking_id_by_reference_or_value ... ok
[INFO] [stdout] test barcode::tests::from_symbol_preserves_the_symbol ... ok
[INFO] [stdout] test id::generator::tests::default_reproduces_the_documented_format ... ok
[INFO] [stdout] test id::generator::tests::every_supported_entropy_width_round_trips ... ok
[INFO] [stdout] test id::generator::tests::generation_is_deterministic_for_fixed_entropy ... ok
[INFO] [stdout] test id::generator::tests::os_entropy_produces_distinct_well_formed_ids ... ok
[INFO] [stdout] test id::generator::tests::the_widest_policy_still_parses_as_a_tracking_id ... ok
[INFO] [stdout] test id::generator::tests::validate_rejects_a_body_the_policy_could_not_have_produced ... ok
[INFO] [stdout] test id::generator::tests::validate_rejects_a_corrupted_check_character ... ok
[INFO] [stdout] test id::generator::tests::validate_rejects_a_foreign_prefix ... ok
[INFO] [stdout] test id::tests::parses_via_from_str_and_try_from ... ok
[INFO] [stdout] test id::generator::tests::validate_still_accepts_a_non_hex_check_character ... ok
[INFO] [stdout] test id::tests::rejects_malformed_ids ... ok
[INFO] [stdout] test id::generator::tests::wider_entropy_produces_a_longer_body ... ok
[INFO] [stdout] test id::tests::accessors_agree_with_display ... ok
[INFO] [stdout] test id::tests::accepts_well_formed_ids ... ok
[INFO] [stdout] test id::generator::tests::insufficient_entropy_is_an_error_not_a_panic ... ok
[INFO] [stdout] test id::tests::rejects_overlong_ids ... ok
[INFO] [stdout] test render::hri::tests::no_alphanumeric_glyph_is_blank ... ok
[INFO] [stdout] test render::hri::tests::distinct_characters_have_distinct_glyphs ... ok
[INFO] [stdout] test render::hri::tests::unsupported_characters_fall_back_to_the_box ... ok
[INFO] [stdout] test render::hri::tests::pixels_are_addressed_left_to_right ... ok
[INFO] [stdout] test render::hri::tests::text_width_accounts_for_inter_character_gaps ... ok
[INFO] [stdout] test render::hri::tests::every_glyph_fits_five_columns ... ok
[INFO] [stdout] test id::generator::tests::non_byte_aligned_entropy_truncates_cleanly ... ok
[INFO] [stdout] test barcode::tests::rejects_an_empty_payload ... ok
[INFO] [stdout] test id::generator::tests::a_multibyte_prefix_is_reported_as_a_charset_error ... ok
[INFO] [stdout] test barcode::tests::round_trips_through_the_module_grid ... ok
[INFO] [stdout] test render::png::tests::a_one_pixel_module_still_renders ... ok
[INFO] [stdout] test render::png::tests::produces_a_valid_png_of_the_expected_size ... ok
[INFO] [stdout] test render::png::tests::every_module_column_is_uniform ... ok
[INFO] [stdout] test render::svg::tests::carries_an_accessible_title ... ok
[INFO] [stdout] test id::generator::tests::builder_rejects_bad_configuration ... ok
[INFO] [stdout] test render::svg::tests::run_merging_is_correct ... ok
[INFO] [stdout] test render::svg::tests::declares_physical_size_and_a_matching_viewbox ... ok
[INFO] [stdout] test render::svg::tests::geometry_matches_the_png_renderer ... ok
[INFO] [stdout] test render::svg::tests::custom_foreground_is_applied ... ok
[INFO] [stdout] test render::svg::tests::no_quiet_zone_shifts_the_symbol_to_the_origin ... ok
[INFO] [stdout] test render::png::tests::output_is_byte_for_byte_reproducible ... ok
[INFO] [stdout] test render::png::tests::first_and_last_module_are_dark ... ok
[INFO] [stdout] test render::tests::builder_rejects_degenerate_options ... ok
[INFO] [stdout] test render::tests::colors_format_as_css_hex ... ok
[INFO] [stdout] test render::svg::tests::title_text_is_xml_escaped ... ok
[INFO] [stdout] test render::tests::disabling_hri_removes_the_text_block ... ok
[INFO] [stdout] test render::tests::absurd_geometry_is_rejected_rather_than_allocated ... ok
[INFO] [stdout] test render::png::tests::hri_draws_dark_pixels_below_the_bars ... ok
[INFO] [stdout] test render::png::tests::physical_resolution_is_recorded ... ok
[INFO] [stdout] test render::tests::hri_is_centred_and_fits_within_the_symbol ... ok
[INFO] [stdout] test render::tests::hri_is_padded_away_from_both_edges ... ok
[INFO] [stdout] test barcode::tests::renders_both_formats_from_one_encode ... ok
[INFO] [stdout] test render::tests::lengths_convert_consistently ... ok
[INFO] [stdout] test render::tests::linear_symbols_get_no_vertical_quiet_zone ... ok
[INFO] [stdout] test render::tests::module_width_never_collapses_to_zero ... ok
[INFO] [stdout] test render::tests::standard_quiet_zone_is_ten_modules_per_side ... ok
[INFO] [stdout] test render::svg::tests::adjacent_modules_are_merged_into_single_rects ... ok
[INFO] [stdout] test render::tests::rounding_is_half_up_and_saturating ... ok
[INFO] [stdout] test scan::binarize::tests::handles_an_image_smaller_than_one_block ... ok
[INFO] [stdout] test scan::linear::tests::a_character_always_comes_out_at_its_nominal_width ... ok
[INFO] [stdout] test scan::binarize::tests::follows_a_lighting_gradient ... ok
[INFO] [stdout] test render::png::tests::quiet_zone_is_actually_blank ... ok
[INFO] [stdout] test scan::linear::tests::refuses_a_line_that_carries_no_symbol ... ok
[INFO] [stdout] test scan::binarize::tests::separates_ink_from_paper ... ok
[INFO] [stdout] test scan::linear::tests::refuses_an_empty_line ... ok
[INFO] [stdout] test scan::linear::tests::reads_a_symbol_at_several_scales ... ok
[INFO] [stdout] test scan::tests::rejects_a_buffer_that_does_not_match_its_dimensions ... ok
[INFO] [stdout] test scan::tests::rejects_a_zero_dimension ... ok
[INFO] [stdout] test scan::tests::rejects_an_image_larger_than_the_allocation_limit ... ok
[INFO] [stdout] test render::tests::module_width_snaps_to_whole_pixels ... ok
[INFO] [stdout] test render::tests::quiet_zone_can_be_overridden ... ok
[INFO] [stdout] test scan::linear::tests::skips_junk_before_and_after_the_symbol ... ok
[INFO] [stdout] test scan::tests::every_line_is_tried_when_there_are_fewer_than_the_cap ... ok
[INFO] [stdout] test render::svg::tests::output_is_reproducible ... ok
[INFO] [stdout] test symbology::code128::tests::numeric_payloads_use_the_set_c_start_pattern ... ok
[INFO] [stdout] test symbology::code128::tests::payload_is_preserved_on_the_symbol ... ok
[INFO] [stdout] test scan::tests::transparent_pixels_composite_over_white ... ok
[INFO] [stdout] test render::png::tests::no_quiet_zone_yields_a_symbol_width_image ... ok
[INFO] [stdout] test symbology::code128::tests::quiet_zone_is_not_part_of_the_symbol ... ok
[INFO] [stdout] test symbology::code128::tests::rejects_an_empty_payload ... ok
[INFO] [stdout] test symbology::code128::tests::rejects_characters_outside_latin1 ... ok
[INFO] [stdout] test render::png::tests::transparent_background_is_preserved ... ok
[INFO] [stdout] test symbology::code128::tests::ends_with_the_stop_pattern ... ok
[INFO] [stdout] test render::png::tests::custom_colors_are_applied ... ok
[INFO] [stdout] test symbology::code128::tests::round_trips_through_the_module_grid ... ok
[INFO] [stdout] test symbology::code128::tests::set_c_halves_the_width_of_long_digit_runs ... ok
[INFO] [stdout] test symbology::qr::tests::finder_patterns_sit_in_three_corners ... ok
[INFO] [stdout] test symbology::qr::tests::out_of_range_versions_are_rejected ... ok
[INFO] [stdout] test symbology::qr::tests::payload_too_long_for_a_fixed_version_is_an_error ... ok
[INFO] [stdout] test symbology::code128::tests::starts_with_a_valid_start_pattern ... ok
[INFO] [stdout] test symbology::code128::tests::width_is_a_whole_number_of_symbols_plus_the_stop_bars ... ok
[INFO] [stdout] test symbology::qr::tests::encodes_unicode_payloads ... ok
[INFO] [stdout] test symbology::qr::tests::produces_a_square_symbol ... ok
[INFO] [stdout] test symbology::qr::tests::auto_version_picks_a_small_symbol ... ok
[INFO] [stdout] test scan::tests::scan_lines_start_in_the_middle_and_stay_in_range ... ok
[INFO] [stdout] test scan::linear::tests::survives_module_widths_that_do_not_divide_evenly ... ok
[INFO] [stdout] test scan::tests::out_of_bounds_pixels_read_as_paper ... ok
[INFO] [stdout] test render::svg::tests::transparent_background_emits_no_background_rect ... ok
[INFO] [stdout] test scan::tests::a_single_line_image_still_yields_one_line ... ok
[INFO] [stdout] test symbology::tests::a_linear_character_is_wider_than_its_element_count ... ok
[INFO] [stdout] test scan::binarize::tests::a_blank_image_is_all_light ... ok
[INFO] [stdout] test scan::linear::tests::reads_a_symbol_with_no_quiet_zone_at_all ... ok
[INFO] [stdout] test symbology::qr::tests::higher_error_correction_needs_a_larger_symbol ... ok
[INFO] [stdout] test symbology::tests::code128_requires_a_ten_module_quiet_zone ... ok
[INFO] [stdout] test symbology::qr::tests::rejects_an_empty_payload ... ok
[INFO] [stdout] test symbology::tests::debug_renders_ascii_art ... ok
[INFO] [stdout] test symbology::tests::matrix_ignores_out_of_bounds_access ... ok
[INFO] [stdout] test symbology::tests::matrix_reads_and_writes ... ok
[INFO] [stdout] test symbology::tests::matrix_reads_out_of_bounds_rows_as_empty ... ok
[INFO] [stdout] test symbology::qr::tests::quiet_zone_is_four_modules ... ok
[INFO] [stdout] test symbology::qr::tests::encoding_is_deterministic ... ok
[INFO] [stdout] test symbology::tests::linearity_and_character_structure_agree ... ok
[INFO] [stdout] test render::tests::a_huge_but_within_axis_limits_image_is_still_rejected ... ok
[INFO] [stdout] test symbology::qr::tests::version_sizes_follow_the_standard ... ok
[INFO] [stdout] 
[INFO] [stdout] test result: ok. 117 passed; 0 failed; 0 ignored; 0 measured; 0 filtered out; finished in 0.12s
[INFO] [stdout] 
[INFO] [stderr]      Running tests/integration.rs (/opt/rustwide/target/release/deps/integration-0ba5dda62a090fc8)
[INFO] [stdout] 
[INFO] [stdout] running 10 tests
[INFO] [stdout] test ids_survive_a_storage_round_trip ... ok
[INFO] [stdout] test label_geometry_matches_a_300_dpi_thermal_printer ... ok
[INFO] [stdout] test quiet_zone_default_meets_the_specification ... ok
[INFO] [stdout] test a_thousand_ids_at_64_bits_are_all_distinct ... ok
[INFO] [stdout] test errors_are_reported_rather_than_panicking ... ok
[INFO] [stdout] test a_scanner_reads_back_what_was_encoded ... ok
[INFO] [stdout] test documented_workflow_end_to_end ... ok
[INFO] [stdout] test renderers_are_usable_through_the_trait ... ok
[INFO] [stdout] test output_is_deterministic_across_runs ... ok
[INFO] [stdout] test png_and_svg_agree_on_geometry ... ok
[INFO] [stdout] 
[INFO] [stdout] test result: ok. 10 passed; 0 failed; 0 ignored; 0 measured; 0 filtered out; finished in 0.03s
[INFO] [stdout] 
[INFO] [stderr]      Running tests/qr.rs (/opt/rustwide/target/release/deps/qr-14cc2e5f16afbca6)
[INFO] [stdout] 
[INFO] [stdout] running 11 tests
[INFO] [stdout] test qr_layout_is_square_and_quiet_zoned ... ok
[INFO] [stdout] test svg_and_png_agree_for_matrix_symbols ... ok
[INFO] [stdout] test the_quiet_zone_is_actually_blank_on_all_four_sides ... ok
[INFO] [stdout] test long_payload_text_widens_the_image_instead_of_overflowing ... ok
[INFO] [stdout] test human_readable_text_stays_out_of_the_quiet_zone ... ok
[INFO] [stdout] test rendered_qr_is_readable_by_an_independent_decoder ... ok
[INFO] [stdout] test round_trips_non_latin1_payloads ... ok
[INFO] [stdout] test human_readable_text_does_not_break_detection ... ok
[INFO] [stdout] test survives_a_pinned_version ... ok
[INFO] [stdout] test survives_every_error_correction_level ... ok
[INFO] [stdout] test round_trips_realistic_payloads ... ok
[INFO] [stdout] 
[INFO] [stdout] test result: ok. 11 passed; 0 failed; 0 ignored; 0 measured; 0 filtered out; finished in 0.07s
[INFO] [stdout] 
[INFO] [stderr]      Running tests/scan.rs (/opt/rustwide/target/release/deps/scan-27f7cddd9a2a485d)
[INFO] [stdout] 
[INFO] [stdout] running 16 tests
[INFO] [stdout] test a_qr_code_is_a_clean_miss_not_a_wrong_answer ... ok
[INFO] [stdout] test a_one_pixel_module_still_reads ... ok
[INFO] [stdout] test malformed_image_bytes_are_an_error_not_a_panic ... ok
[INFO] [stdout] test a_rendered_label_reads_back ... ok
[INFO] [stdout] test a_generated_tracking_id_survives_the_whole_loop ... ok
[INFO] [stdout] test reads_a_symbol_cropped_flush_to_its_bars ... ok
[INFO] [stdout] test reads_light_bars_on_a_dark_background ... ok
[INFO] [stdout] test a_transparent_background_reads_as_paper ... ok
[INFO] [stdout] test a_file_on_disk_reads_back ... ok
[INFO] [stdout] test reads_a_label_printed_on_its_side ... ok
[INFO] [stdout] test finds_a_barcode_placed_inside_a_larger_scene ... ok
[INFO] [stdout] test the_human_readable_line_does_not_fool_the_scanner ... ok
[INFO] [stdout] test survives_speckle_and_blur ... ok
[INFO] [stdout] test an_image_with_no_barcode_reports_that_rather_than_inventing_one ... ok
[INFO] [stdout] test reads_the_payload_shapes_a_carrier_actually_uses ... ok
[INFO] [stdout] test reads_back_at_every_module_width_a_printer_would_use ... ok
[INFO] [stdout] 
[INFO] [stdout] test result: ok. 16 passed; 0 failed; 0 ignored; 0 measured; 0 filtered out; finished in 0.18s
[INFO] [stdout] 
[INFO] [stderr]    Doc-tests smart_package_tracker
[INFO] [stdout] 
[INFO] [stdout] running 15 tests
[INFO] [stdout] test src/barcode.rs - barcode::Barcode (line 15) - compile ... ok
[INFO] [stdout] test src/lib.rs - (line 3) ... FAILED
[INFO] [stdout] test src/render/svg.rs - render::svg::Svg (line 22) ... FAILED
[INFO] [stdout] test src/render/mod.rs - render::hri_supports (line 510) ... FAILED
[INFO] [stdout] test src/render/mod.rs - render::RenderOptions (line 166) ... FAILED
[INFO] [stdout] test src/lib.rs - (line 74) ... FAILED
[INFO] [stdout] test src/id/mod.rs - id::TrackingId (line 51) ... ok
[INFO] [stdout] test src/id/generator.rs - id::generator::IdGenerator (line 71) ... ok
[INFO] [stdout] test src/render/png.rs - render::png::Png (line 21) ... ok
[INFO] [stdout] test src/symbology/code128.rs - symbology::code128::Code128 (line 27) ... ok
[INFO] [stdout] test src/lib.rs - (line 52) ... ok
[INFO] [stdout] test src/symbology/qr.rs - symbology::qr::Qr (line 76) ... ok
[INFO] [stdout] test src/barcode.rs - barcode::Barcode::qr_with (line 71) ... ok
[INFO] [stdout] test src/scan/mod.rs - scan::Scanner (line 320) ... ok
[INFO] [stdout] test src/scan/mod.rs - scan (line 18) ... ok
[INFO] [stdout] 
[INFO] [stdout] failures:
[INFO] [stdout] 
[INFO] [stdout] ---- src/lib.rs - (line 3) stdout ----
[INFO] [stdout] Couldn't compile the test.
[INFO] [stdout] ---- src/render/svg.rs - render::svg::Svg (line 22) stdout ----
[INFO] [stdout] Couldn't compile the test.
[INFO] [stdout] ---- src/render/mod.rs - render::hri_supports (line 510) stdout ----
[INFO] [stdout] Couldn't compile the test.
[INFO] [stdout] ---- src/render/mod.rs - render::RenderOptions (line 166) stdout ----
[INFO] [stdout] Couldn't compile the test.
[INFO] [stdout] ---- src/lib.rs - (line 74) stdout ----
[INFO] [stdout] Couldn't compile the test.
[INFO] [stdout] 
[INFO] [stdout] failures:
[INFO] [stdout]     src/lib.rs - (line 3)
[INFO] [stdout]     src/lib.rs - (line 74)
[INFO] [stdout]     src/render/mod.rs - render::RenderOptions (line 166)
[INFO] [stdout]     src/render/mod.rs - render::hri_supports (line 510)
[INFO] [stdout]     src/render/svg.rs - render::svg::Svg (line 22)
[INFO] [stdout] 
[INFO] [stdout] test result: FAILED. 10 passed; 5 failed; 0 ignored; 0 measured; 0 filtered out; finished in 17.76s
[INFO] [stdout] 
[INFO] [stderr] error: doctest failed, to rerun pass `--doc`
[INFO] running `Command { std: "docker" "inspect" "96bf99f6e2780a3293a764ce1987276d7d004d6ce326c0775c3ba8086df9d1ae", kill_on_drop: false }`
[INFO] running `Command { std: "docker" "rm" "-f" "96bf99f6e2780a3293a764ce1987276d7d004d6ce326c0775c3ba8086df9d1ae", kill_on_drop: false }`
[INFO] [stdout] 96bf99f6e2780a3293a764ce1987276d7d004d6ce326c0775c3ba8086df9d1ae
