[INFO] fetching crate sluicify 0.4.0...
[INFO] testing sluicify-0.4.0 against 1.100.0-beta.1+cargoflags=--release for beta-release-1.100-2
[INFO] extracting crate sluicify 0.4.0 into /workspace/builds/worker-1-tc2/source
[INFO] started tweaking crates.io crate sluicify 0.4.0
[INFO] removed 0 missing tests
[INFO] finished tweaking crates.io crate sluicify 0.4.0
[INFO] tweaked toml for crates.io crate sluicify 0.4.0 written to /workspace/builds/worker-1-tc2/source/Cargo.toml
[INFO] validating manifest of crates.io crate sluicify 0.4.0 on toolchain 1.100.0-beta.1
[INFO] running `Command { std: CARGO_HOME="/workspace/cargo-home" RUSTUP_HOME="/workspace/rustup-home" "/workspace/cargo-home/bin/cargo" "+1.100.0-beta.1" "metadata" "--manifest-path" "Cargo.toml" "--no-deps", kill_on_drop: false }`
[INFO] crate crates.io crate sluicify 0.4.0 already has a lockfile, it will not be regenerated
[INFO] running `Command { std: CARGO_HOME="/workspace/cargo-home" RUSTUP_HOME="/workspace/rustup-home" "/workspace/cargo-home/bin/cargo" "+1.100.0-beta.1" "fetch" "--manifest-path" "Cargo.toml", kill_on_drop: false }`
[INFO] [stderr] warning: `package.homepage` is redundant with `package.repository`
[INFO] [stderr]   --> Cargo.toml:35:12
[INFO] [stderr]    |
[INFO] [stderr] 35 | homepage = "https://github.com/clbrge/sluicify"
[INFO] [stderr]    |            ^^^^^^^^^^^^^^^^^^^^^^^^^^^^^^^^^^^^
[INFO] [stderr] ...
[INFO] [stderr] 41 | repository = "https://github.com/clbrge/sluicify"
[INFO] [stderr]    |              ------------------------------------
[INFO] [stderr]    |
[INFO] [stderr]    = note: `cargo::redundant_homepage` is set to `warn` by default
[INFO] [stderr] help: consider removing `package.homepage`
[INFO] [stderr] warning: `sluicify` (manifest) generated 1 warning
[INFO] running `Command { std: "docker" "create" "-v" "/var/lib/crater-agent-workspace/builds/worker-1-tc2/source:/opt/rustwide/workdir:ro,Z" "-v" "/var/lib/crater-agent-workspace/builds/worker-1-tc2/target:/opt/rustwide/target:rw,Z" "-v" "/var/lib/crater-agent-workspace/cargo-home:/opt/rustwide/cargo-home:ro,Z" "-v" "/var/lib/crater-agent-workspace/rustup-home:/opt/rustwide/rustup-home:ro,Z" "-m" "1610612736" "--network" "none" "ghcr.io/rust-lang/crates-build-env/linux@sha256:77db811e55d90add9212f6832c23229e3de5f1c1f9905e8cb07319ea15df73ac" "sleep" "infinity", kill_on_drop: false }`
[INFO] [stdout] e4be099f5e98d2b72a801e2901fc8de9aa26175fa62cb366aa3f7d4b1e35fa45
[INFO] running `Command { std: "docker" "start" "e4be099f5e98d2b72a801e2901fc8de9aa26175fa62cb366aa3f7d4b1e35fa45", kill_on_drop: false }`
[INFO] running `Command { std: "docker" "inspect" "e4be099f5e98d2b72a801e2901fc8de9aa26175fa62cb366aa3f7d4b1e35fa45", kill_on_drop: false }`
[INFO] running `Command { std: "docker" "exec" "-e" "SOURCE_DIR=/opt/rustwide/workdir" "-e" "CARGO_HOME=/opt/rustwide/cargo-home" "-e" "RUSTUP_HOME=/opt/rustwide/rustup-home" "-e" "CARGO_TARGET_DIR=/opt/rustwide/target" "-w" "/opt/rustwide/workdir" "--user" "0:0" "e4be099f5e98d2b72a801e2901fc8de9aa26175fa62cb366aa3f7d4b1e35fa45" "/opt/rustwide/cargo-home/bin/cargo" "+1.100.0-beta.1" "metadata" "--no-deps" "--format-version=1", kill_on_drop: false }`
[INFO] running `Command { std: "docker" "inspect" "e4be099f5e98d2b72a801e2901fc8de9aa26175fa62cb366aa3f7d4b1e35fa45", kill_on_drop: false }`
[INFO] running `Command { std: "docker" "exec" "-e" "SOURCE_DIR=/opt/rustwide/workdir" "-e" "CARGO_HOME=/opt/rustwide/cargo-home" "-e" "RUSTUP_HOME=/opt/rustwide/rustup-home" "-e" "CARGO_TARGET_DIR=/opt/rustwide/target" "-e" "CARGO_INCREMENTAL=0" "-e" "RUST_BACKTRACE=full" "-e" "RUSTFLAGS=--cap-lints=warn" "-e" "RUSTDOCFLAGS=--cap-lints=warn" "-w" "/opt/rustwide/workdir" "--user" "0:0" "e4be099f5e98d2b72a801e2901fc8de9aa26175fa62cb366aa3f7d4b1e35fa45" "/opt/rustwide/cargo-home/bin/cargo" "+1.100.0-beta.1" "build" "--frozen" "--message-format=json" "--release", kill_on_drop: false }`
[INFO] [stderr] warning: `package.homepage` is redundant with `package.repository`
[INFO] [stderr]   --> Cargo.toml:35:12
[INFO] [stderr]    |
[INFO] [stderr] 35 | homepage = "https://github.com/clbrge/sluicify"
[INFO] [stderr]    |            ^^^^^^^^^^^^^^^^^^^^^^^^^^^^^^^^^^^^
[INFO] [stderr] ...
[INFO] [stderr] 41 | repository = "https://github.com/clbrge/sluicify"
[INFO] [stderr]    |              ------------------------------------
[INFO] [stderr]    |
[INFO] [stderr]    = note: `cargo::redundant_homepage` is set to `warn` by default
[INFO] [stderr] help: consider removing `package.homepage`
[INFO] [stderr] warning: `sluicify` (manifest) generated 1 warning
[INFO] [stderr]    Compiling proc-macro2 v1.0.106
[INFO] [stderr]    Compiling unicode-ident v1.0.24
[INFO] [stderr]    Compiling quote v1.0.45
[INFO] [stderr]    Compiling utf8parse v0.2.2
[INFO] [stderr]    Compiling autocfg v1.5.0
[INFO] [stderr]    Compiling anstyle-query v1.1.5
[INFO] [stderr]    Compiling colorchoice v1.0.5
[INFO] [stderr]    Compiling is_terminal_polyfill v1.70.2
[INFO] [stderr]    Compiling memchr v2.8.0
[INFO] [stderr]    Compiling anstyle v1.0.14
[INFO] [stderr]    Compiling libc v0.2.186
[INFO] [stderr]    Compiling cfg_aliases v0.2.1
[INFO] [stderr]    Compiling heck v0.5.0
[INFO] [stderr]    Compiling clap_lex v1.1.0
[INFO] [stderr]    Compiling strsim v0.11.1
[INFO] [stderr]    Compiling regex-syntax v0.8.10
[INFO] [stderr]    Compiling cfg-if v1.0.4
[INFO] [stderr]    Compiling bitflags v2.11.1
[INFO] [stderr]    Compiling nix v0.29.0
[INFO] [stderr]    Compiling anstyle-parse v1.0.0
[INFO] [stderr]    Compiling anstream v1.0.0
[INFO] [stderr]    Compiling memoffset v0.9.1
[INFO] [stderr]    Compiling clap_builder v4.6.0
[INFO] [stderr]    Compiling aho-corasick v1.1.4
[INFO] [stderr]    Compiling syn v2.0.117
[INFO] [stderr]    Compiling regex-automata v0.4.14
[INFO] [stderr]    Compiling clap_derive v4.6.1
[INFO] [stderr]    Compiling regex v1.12.3
[INFO] [stderr]    Compiling clap v4.6.1
[INFO] [stderr]    Compiling sluicify v0.4.0 (/opt/rustwide/workdir)
[INFO] [stderr]     Finished `release` profile [optimized] target(s) in 47.46s
[INFO] [stderr] warning: the following packages contain code that will be rejected by a future version of Rust: nix v0.29.0
[INFO] [stderr] note: to see what the problems were, use the option `--future-incompat-report`, or run `cargo report future-incompatibilities --id 3`
[INFO] running `Command { std: "docker" "inspect" "e4be099f5e98d2b72a801e2901fc8de9aa26175fa62cb366aa3f7d4b1e35fa45", kill_on_drop: false }`
[INFO] running `Command { std: "docker" "exec" "-e" "SOURCE_DIR=/opt/rustwide/workdir" "-e" "CARGO_HOME=/opt/rustwide/cargo-home" "-e" "RUSTUP_HOME=/opt/rustwide/rustup-home" "-e" "CARGO_TARGET_DIR=/opt/rustwide/target" "-e" "CARGO_INCREMENTAL=0" "-e" "RUST_BACKTRACE=full" "-e" "RUSTFLAGS=--cap-lints=warn" "-e" "RUSTDOCFLAGS=--cap-lints=warn" "-w" "/opt/rustwide/workdir" "--user" "0:0" "e4be099f5e98d2b72a801e2901fc8de9aa26175fa62cb366aa3f7d4b1e35fa45" "/opt/rustwide/cargo-home/bin/cargo" "+1.100.0-beta.1" "test" "--frozen" "--no-run" "--message-format=json" "--release", kill_on_drop: false }`
[INFO] [stderr] warning: `package.homepage` is redundant with `package.repository`
[INFO] [stderr]   --> Cargo.toml:35:12
[INFO] [stderr]    |
[INFO] [stderr] 35 | homepage = "https://github.com/clbrge/sluicify"
[INFO] [stderr]    |            ^^^^^^^^^^^^^^^^^^^^^^^^^^^^^^^^^^^^
[INFO] [stderr] ...
[INFO] [stderr] 41 | repository = "https://github.com/clbrge/sluicify"
[INFO] [stderr]    |              ------------------------------------
[INFO] [stderr]    |
[INFO] [stderr]    = note: `cargo::redundant_homepage` is set to `warn` by default
[INFO] [stderr] help: consider removing `package.homepage`
[INFO] [stderr] warning: `sluicify` (manifest) generated 1 warning
[INFO] [stderr]    Compiling sluicify v0.4.0 (/opt/rustwide/workdir)
[INFO] [stderr]     Finished `release` profile [optimized] target(s) in 40.75s
[INFO] [stderr] warning: the following packages contain code that will be rejected by a future version of Rust: nix v0.29.0
[INFO] [stderr] note: to see what the problems were, use the option `--future-incompat-report`, or run `cargo report future-incompatibilities --id 3`
[INFO] running `Command { std: "docker" "inspect" "e4be099f5e98d2b72a801e2901fc8de9aa26175fa62cb366aa3f7d4b1e35fa45", kill_on_drop: false }`
[INFO] running `Command { std: "docker" "exec" "-e" "SOURCE_DIR=/opt/rustwide/workdir" "-e" "CARGO_HOME=/opt/rustwide/cargo-home" "-e" "RUSTUP_HOME=/opt/rustwide/rustup-home" "-e" "CARGO_TARGET_DIR=/opt/rustwide/target" "-e" "CARGO_INCREMENTAL=0" "-e" "RUST_BACKTRACE=full" "-e" "RUSTFLAGS=--cap-lints=warn" "-e" "RUSTDOCFLAGS=--cap-lints=warn" "-w" "/opt/rustwide/workdir" "--user" "0:0" "e4be099f5e98d2b72a801e2901fc8de9aa26175fa62cb366aa3f7d4b1e35fa45" "/opt/rustwide/cargo-home/bin/cargo" "+1.100.0-beta.1" "test" "--frozen" "--release", kill_on_drop: false }`
[INFO] [stderr] warning: `package.homepage` is redundant with `package.repository`
[INFO] [stderr]   --> Cargo.toml:35:12
[INFO] [stderr]    |
[INFO] [stderr] 35 | homepage = "https://github.com/clbrge/sluicify"
[INFO] [stderr]    |            ^^^^^^^^^^^^^^^^^^^^^^^^^^^^^^^^^^^^
[INFO] [stderr] ...
[INFO] [stderr] 41 | repository = "https://github.com/clbrge/sluicify"
[INFO] [stderr]    |              ------------------------------------
[INFO] [stderr]    |
[INFO] [stderr]    = note: `cargo::redundant_homepage` is set to `warn` by default
[INFO] [stderr] help: consider removing `package.homepage`
[INFO] [stderr] warning: `sluicify` (manifest) generated 1 warning
[INFO] [stderr]     Finished `release` profile [optimized] target(s) in 0.07s
[INFO] [stderr] warning: the following packages contain code that will be rejected by a future version of Rust: nix v0.29.0
[INFO] [stderr] note: to see what the problems were, use the option `--future-incompat-report`, or run `cargo report future-incompatibilities --id 3`
[INFO] [stderr]      Running unittests src/lib.rs (/opt/rustwide/target/release/build/sluicify/ec57b3526881100c/out/sluicify-ec57b3526881100c)
[INFO] [stdout] 
[INFO] [stdout] running 85 tests
[INFO] [stdout] test log::tests::exit_drain_timeout_field_only_when_true ... ok
[INFO] [stdout] test proto::tests::bad_magic_rejected ... ok
[INFO] [stdout] test proto::tests::embedded_nul_rejected ... ok
[INFO] [stdout] test proto::tests::empty_argv_asks_for_the_listing ... ok
[INFO] [stdout] test proto::tests::reply_shape ... ok
[INFO] [stdout] test proto::tests::roundtrip ... ok
[INFO] [stdout] test log::tests::open_raw_creates_file_mode_0600 ... ok
[INFO] [stdout] test log::tests::mark_unhealthy_flips_health_flag ... ok
[INFO] [stdout] test rules::tests::absolute_exe_must_start_with_slash ... ok
[INFO] [stdout] test log::tests::exit_truncated_field_only_when_true ... ok
[INFO] [stdout] test log::tests::open_raw_rejects_symlink_at_path ... ok
[INFO] [stdout] test proto::tests::trailing_bytes_rejected ... ok
[INFO] [stdout] test log::tests::exit_signal_and_timed_out_only_when_set ... ok
[INFO] [stdout] test proto::tests::too_many_args_rejected ... ok
[INFO] [stdout] test log::tests::reject_event ... ok
[INFO] [stdout] test log::tests::open_raw_creates_missing_parent_at_0700 ... ok
[INFO] [stdout] test log::tests::json_escape_handles_quotes_and_controls ... ok
[INFO] [stdout] test log::tests::start_exit_pair ... ok
[INFO] [stdout] test proto::tests::listing_too_large_is_not_encoded ... ok
[INFO] [stdout] test log::tests::open_raw_rejects_world_writable_parent ... ok
[INFO] [stdout] test proto::tests::truncated_rejected ... ok
[INFO] [stdout] test proto::tests::listing_roundtrip ... ok
[INFO] [stdout] test rules::tests::dash_value_refused_by_default ... ok
[INFO] [stdout] test rules::tests::allow_any_accepts_anything ... ok
[INFO] [stdout] test rules::tests::absolute_rule_matches_only_the_exact_path ... ok
[INFO] [stdout] test rules::tests::allow_dash_accepts_option_matching_regex ... ok
[INFO] [stdout] test rules::tests::comments_and_blanks ... ok
[INFO] [stdout] test rules::tests::expands_braced_home_in_logfile ... ok
[INFO] [stdout] test rules::tests::expands_home_in_stdoutfile ... ok
[INFO] [stdout] test rules::tests::expands_xdg_runtime_dir ... ok
[INFO] [stdout] test rules::tests::attribute_missing_equals_before_comment_rejected ... ok
[INFO] [stdout] test rules::tests::later_rule_still_matches_after_option_like_miss ... ok
[INFO] [stdout] test rules::tests::listing_quotes_a_literal_with_a_quote_in_it ... ok
[INFO] [stdout] test rules::tests::lone_dollar_kept_literal ... ok
[INFO] [stdout] test rules::tests::listing_shows_each_rule_its_purpose_and_what_its_slots_accept ... ok
[INFO] [stdout] test rules::tests::alternation_is_anchored_on_every_branch ... ok
[INFO] [stdout] test rules::tests::match_arity_mismatch ... ok
[INFO] [stdout] test rules::tests::bare_name_rule_matches_only_the_bare_name ... ok
[INFO] [stdout] test rules::tests::defaults_then_rule ... ok
[INFO] [stdout] test rules::tests::parse_exec_path_default_is_classic ... ok
[INFO] [stdout] test rules::tests::parse_exec_path_rejects_empty_entry ... ok
[INFO] [stdout] test rules::tests::parse_audit_mode_explicit ... ok
[INFO] [stdout] test rules::tests::match_simple ... ok
[INFO] [stdout] test rules::tests::escaped_semicolon_in_unquoted_value ... ok
[INFO] [stdout] test rules::tests::parse_exec_path_inherit ... ok
[INFO] [stdout] test rules::tests::parse_exec_path_custom ... ok
[INFO] [stdout] test rules::tests::parse_audit_mode_unknown ... ok
[INFO] [stdout] test rules::tests::expands_home_in_cwd ... ok
[INFO] [stdout] test rules::tests::match_named_slot ... ok
[INFO] [stdout] test rules::tests::contradictory_slot_attributes_rejected ... ok
[INFO] [stdout] test rules::tests::escaped_dollar_is_not_an_end_anchor ... ok
[INFO] [stdout] test rules::tests::parse_audit_mode_default_strict ... ok
[INFO] [stdout] test rules::tests::parse_minimal_rule ... ok
[INFO] [stdout] test rules::tests::parse_rejects_regex_for_unknown_slot ... ok
[INFO] [stdout] test rules::tests::parse_exec_path_rejects_relative_entry ... ok
[INFO] [stdout] test rules::tests::path_template_resolves_slots ... ok
[INFO] [stdout] test rules::tests::parse_rejects_bad_path_template ... ok
[INFO] [stdout] test rules::tests::per_rule_logfile_rejected ... ok
[INFO] [stdout] test rules::tests::parse_slot_regex ... ok
[INFO] [stdout] test rules::tests::tokenize_quotes ... ok
[INFO] [stdout] test rules::tests::unquoted_value_quote_does_not_swallow_comment ... ok
[INFO] [stdout] test rules::tests::semicolon_inside_quotes_is_not_a_comment ... ok
[INFO] [stdout] test rules::tests::slot_without_regex_rejected ... ok
[INFO] [stdout] test rules::tests::tokenize_basic ... ok
[INFO] [stdout] test rules::tests::user_anchored_alternation_is_still_anchored ... ok
[INFO] [stdout] test rules::tests::path_template_rejects_unknown_slot ... ok
[INFO] [stdout] test spawn::tests::build_argv_for_bare_name_keeps_token_count ... ok
[INFO] [stdout] test rules::tests::quoted_value_with_trailing_word_rejected ... ok
[INFO] [stdout] test spawn::tests::build_envp_explicit_exec_path_overrides_inherited_path ... ok
[INFO] [stdout] test rules::tests::parse_stdoutfile ... ok
[INFO] [stdout] test spawn::tests::build_envp_none_with_default_path_emits_only_path ... ok
[INFO] [stdout] test rules::tests::rejects_non_allowlisted_env_var ... ok
[INFO] [stdout] test spawn::tests::resolve_exe_uses_explicit_exec_path ... ok
[INFO] [stdout] test spawn::tests::resolve_exe_bare_name_not_found_returns_none ... ok
[INFO] [stdout] test spawn::tests::resolve_exe_bare_name_finds_in_classic_path ... ok
[INFO] [stdout] test rules::tests::requires_leading_dash_detects_dash_only_regexes ... ok
[INFO] [stdout] test spawn::tests::resolve_exe_absolute_path_passes_through ... ok
[INFO] [stdout] test rules::tests::quoted_regex_may_contain_semicolon ... ok
[INFO] [stdout] test rules::tests::rejects_unset_home ... ok
[INFO] [stdout] test rules::tests::rejects_unterminated_brace ... ok
[INFO] [stdout] test spawn::tests::resolve_exe_skips_non_executable_match ... ok
[INFO] [stdout] test spawn::tests::polling_wait_returns_exit_code_before_deadline ... ok
[INFO] [stdout] test rules::tests::duplicate_slot_rejected ... ok
[INFO] [stdout] test rules::tests::comment_lines_directly_above_a_rule_say_what_it_is_for ... ok
[INFO] [stderr]      Running unittests src/main.rs (/opt/rustwide/target/release/build/sluicify/f86496c788b4f4b0/out/sluice-f86496c788b4f4b0)
[INFO] [stdout] test spawn::tests::polling_wait_kills_at_deadline ... ok
[INFO] [stdout] 
[INFO] [stdout] test result: ok. 85 passed; 0 failed; 0 ignored; 0 measured; 0 filtered out; finished in 0.33s
[INFO] [stdout] 
[INFO] [stderr]      Running unittests src/bin/sluicify.rs (/opt/rustwide/target/release/build/sluicify/d47356fa3e79bd48/out/sluicify-d47356fa3e79bd48)
[INFO] [stdout] 
[INFO] [stderr]      Running tests/check_examples.rs (/opt/rustwide/target/release/build/sluicify/3261229b2f47805c/out/check_examples-3261229b2f47805c)
[INFO] [stdout] running 0 tests
[INFO] [stdout] 
[INFO] [stdout] test result: ok. 0 passed; 0 failed; 0 ignored; 0 measured; 0 filtered out; finished in 0.00s
[INFO] [stdout] 
[INFO] [stdout] 
[INFO] [stdout] running 0 tests
[INFO] [stdout] 
[INFO] [stdout] test result: ok. 0 passed; 0 failed; 0 ignored; 0 measured; 0 filtered out; finished in 0.00s
[INFO] [stdout] 
[INFO] [stdout] 
[INFO] [stdout] running 3 tests
[INFO] [stdout] test example_rules_reject_bad_n ... ok
[INFO] [stdout] test example_rules_match_git ... ok
[INFO] [stdout] test example_rules_parse ... ok
[INFO] [stdout] 
[INFO] [stdout] test result: ok. 3 passed; 0 failed; 0 ignored; 0 measured; 0 filtered out; finished in 0.00s
[INFO] [stdout] 
[INFO] [stderr]      Running tests/integration.rs (/opt/rustwide/target/release/build/sluicify/bd666393d2406697/out/integration-bd666393d2406697)
[INFO] [stdout] 
[INFO] [stdout] running 23 tests
[INFO] [stdout] test serve_takes_one_file_or_one_directory ... ok
[INFO] [stdout] test child_starts_with_default_signal_state ... ok
[INFO] [stdout] test client_version_and_help_as_first_argument ... ok
[INFO] [stdout] test check_takes_a_rules_dir_and_fails_on_any_bad_file ... ok
[INFO] [stdout] test list_shows_what_the_socket_allows ... ok
[INFO] [stdout] test caller_path_for_a_bare_name_rule_is_refused_and_never_run ... ok
[INFO] [stdout] test happy_path_echo ... ok
[INFO] [stdout] test client_flags_after_the_socket_belong_to_the_command ... FAILED
[INFO] [stdout] test option_like_value_rejected_with_reason ... ok
[INFO] [stdout] test second_broker_refuses_live_socket ... ok
[INFO] [stdout] test rules_dir_serves_each_file_on_a_socket_of_its_own ... ok
[INFO] [stdout] test signal_death_exits_128_plus_signo ... ok
[INFO] [stdout] test start_event_records_resolved_binary ... ok
[INFO] [stdout] test unknown_command_rejected_with_129 ... ok
[INFO] [stdout] test exit_only_suppresses_argv_in_manifest ... ok
[INFO] [stdout] test raw_sidecar_without_logfile_writes_bytes_verbatim ... ok
[INFO] [stdout] test rejected_requests_do_not_leak_passed_fds ... ok
[INFO] [stdout] test timeout_is_recorded_in_manifest ... ok
[INFO] [stdout] test rules_dir_serves_the_good_files_beside_one_that_does_not_parse ... ok
[INFO] [stdout] test tee_mode_replies_when_direct_child_exits ... ok
[INFO] [stdout] test rules_dir_follows_files_added_changed_and_removed ... ok
[INFO] [stdout] test tee_drain_is_cut_at_timeout_plus_grace ... ok
[INFO] [stderr] error: test failed, to rerun pass `--test integration`
[INFO] [stdout] test timeout_kills_grandchild_in_process_group ... FAILED
[INFO] [stdout] 
[INFO] [stdout] failures:
[INFO] [stdout] 
[INFO] [stdout] ---- client_flags_after_the_socket_belong_to_the_command stdout ----
[INFO] [stdout] 
[INFO] [stdout] thread 'client_flags_after_the_socket_belong_to_the_command' (812) panicked at tests/integration.rs:476:5:
[INFO] [stdout] assertion `left == right` failed
[INFO] [stdout]   left: "printf (uutils coreutils) 0.10.0"
[INFO] [stdout]  right: "--version"
[INFO] [stdout] stack backtrace:
[INFO] [stdout]    0:     0x5e691d2ac347 - <unknown>
[INFO] [stdout]    1:     0x5e691d29418a - <unknown>
[INFO] [stdout]    2:     0x5e691d2ab8fb - <unknown>
[INFO] [stdout]    3:     0x5e691d2ab3df - <unknown>
[INFO] [stdout]    4:     0x5e691d2ab00a - <unknown>
[INFO] [stdout]    5:     0x5e691d2aab45 - <unknown>
[INFO] [stdout]    6:     0x5e691d2d18f1 - <unknown>
[INFO] [stdout]    7:     0x5e691d2d18a9 - <unknown>
[INFO] [stdout]    8:     0x5e691d2d1dac - <unknown>
[INFO] [stdout]    9:     0x5e691d29401b - <unknown>
[INFO] [stdout]   10:     0x5e691d293f3a - <unknown>
[INFO] [stdout]   11:     0x5e691d2855d1 - <unknown>
[INFO] [stdout]   12:     0x5e691d2912e9 - <unknown>
[INFO] [stdout]   13:     0x5e691d2ec7eb - <unknown>
[INFO] [stdout]   14:     0x5e691d2e87b1 - <unknown>
[INFO] [stdout]   15:     0x5e691d2e7f9c - <unknown>
[INFO] [stdout]   16:     0x5e691d307c3c - <unknown>
[INFO] [stdout]   17:     0x5e691d2d3624 - <unknown>
[INFO] [stdout]   18:     0x75549cf88dfa - <unknown>
[INFO] [stdout]   19:     0x75549d01c3d4 - clone
[INFO] [stdout]   20:                0x0 - <unknown>
[INFO] [stdout] 
[INFO] [stdout] ---- timeout_kills_grandchild_in_process_group stdout ----
[INFO] [stdout] 
[INFO] [stdout] thread 'timeout_kills_grandchild_in_process_group' (920) panicked at tests/integration.rs:190:5:
[INFO] [stdout] grandchild pid 993 survived timeout
[INFO] [stdout] stack backtrace:
[INFO] [stdout]    0:     0x5e691d2ac347 - <unknown>
[INFO] [stdout]    1:     0x5e691d29418a - <unknown>
[INFO] [stdout]    2:     0x5e691d2ab8fb - <unknown>
[INFO] [stdout]    3:     0x5e691d2ab3df - <unknown>
[INFO] [stdout]    4:     0x5e691d2ab00a - <unknown>
[INFO] [stdout]    5:     0x5e691d2aab45 - <unknown>
[INFO] [stdout]    6:     0x5e691d2d18f1 - <unknown>
[INFO] [stdout]    7:     0x5e691d2d18a9 - <unknown>
[INFO] [stdout]    8:     0x5e691d2d1dac - <unknown>
[INFO] [stdout]    9:     0x5e691d29401b - <unknown>
[INFO] [stdout]   10:     0x5e691d28fbb1 - <unknown>
[INFO] [stdout]   11:     0x5e691d2ec7eb - <unknown>
[INFO] [stdout]   12:     0x5e691d2e87b1 - <unknown>
[INFO] [stdout]   13:     0x5e691d2e7f9c - <unknown>
[INFO] [stdout]   14:     0x5e691d307c3c - <unknown>
[INFO] [stdout]   15:     0x5e691d2d3624 - <unknown>
[INFO] [stdout]   16:     0x75549cf88dfa - <unknown>
[INFO] [stdout]   17:     0x75549d01c3d4 - clone
[INFO] [stdout]   18:                0x0 - <unknown>
[INFO] [stdout] 
[INFO] [stdout] 
[INFO] [stdout] failures:
[INFO] [stdout]     client_flags_after_the_socket_belong_to_the_command
[INFO] [stdout]     timeout_kills_grandchild_in_process_group
[INFO] [stdout] 
[INFO] [stdout] test result: FAILED. 21 passed; 2 failed; 0 ignored; 0 measured; 0 filtered out; finished in 6.82s
[INFO] [stdout] 
[INFO] running `Command { std: "docker" "inspect" "e4be099f5e98d2b72a801e2901fc8de9aa26175fa62cb366aa3f7d4b1e35fa45", kill_on_drop: false }`
[INFO] running `Command { std: "docker" "rm" "-f" "e4be099f5e98d2b72a801e2901fc8de9aa26175fa62cb366aa3f7d4b1e35fa45", kill_on_drop: false }`
[INFO] [stdout] e4be099f5e98d2b72a801e2901fc8de9aa26175fa62cb366aa3f7d4b1e35fa45
