[INFO] fetching crate slowlock 0.2.0...
[INFO] testing slowlock-0.2.0 against 1.99.0-beta.8+cargoflags=--release for beta-release-1.100-2
[INFO] extracting crate slowlock 0.2.0 into /workspace/builds/worker-2-tc1/source
[INFO] started tweaking crates.io crate slowlock 0.2.0
[INFO] finished tweaking crates.io crate slowlock 0.2.0
[INFO] tweaked toml for crates.io crate slowlock 0.2.0 written to /workspace/builds/worker-2-tc1/source/Cargo.toml
[INFO] validating manifest of crates.io crate slowlock 0.2.0 on toolchain 1.99.0-beta.8
[INFO] running `Command { std: CARGO_HOME="/workspace/cargo-home" RUSTUP_HOME="/workspace/rustup-home" "/workspace/cargo-home/bin/cargo" "+1.99.0-beta.8" "metadata" "--manifest-path" "Cargo.toml" "--no-deps", kill_on_drop: false }`
[INFO] crate crates.io crate slowlock 0.2.0 already has a lockfile, it will not be regenerated
[INFO] running `Command { std: CARGO_HOME="/workspace/cargo-home" RUSTUP_HOME="/workspace/rustup-home" "/workspace/cargo-home/bin/cargo" "+1.99.0-beta.8" "fetch" "--manifest-path" "Cargo.toml", kill_on_drop: false }`
[INFO] [stderr]  Downloading crates ...
[INFO] [stderr]   Downloaded crossbeam-utils v0.8.4
[INFO] [stderr]   Downloaded memoffset v0.6.3
[INFO] [stderr]   Downloaded crossbeam-epoch v0.9.4
[INFO] [stderr]   Downloaded hermit-abi v0.1.18
[INFO] [stderr]   Downloaded secrecy v0.7.0
[INFO] [stderr]   Downloaded polyval v0.5.0
[INFO] [stderr]   Downloaded ghash v0.4.1
[INFO] [stderr]   Downloaded universal-hash v0.4.0
[INFO] [stderr]   Downloaded aead v0.4.1
[INFO] [stderr]   Downloaded sysinfo v0.17.3
[INFO] [stderr]   Downloaded hex-literal v0.3.1
[INFO] [stderr]   Downloaded subtle v2.4.0
[INFO] [stderr]   Downloaded cpufeatures v0.1.1
[INFO] [stderr]   Downloaded simple_logger v1.11.0
[INFO] [stderr]   Downloaded ctr v0.7.0
[INFO] [stderr]   Downloaded typenum v1.13.0
[INFO] [stderr]   Downloaded aes v0.7.0
[INFO] [stderr]   Downloaded aes-gcm v0.9.1
[INFO] running `Command { std: "docker" "create" "-v" "/var/lib/crater-agent-workspace/builds/worker-2-tc1/source:/opt/rustwide/workdir:ro,Z" "-v" "/var/lib/crater-agent-workspace/builds/worker-2-tc1/target:/opt/rustwide/target:rw,Z" "-v" "/var/lib/crater-agent-workspace/cargo-home:/opt/rustwide/cargo-home:ro,Z" "-v" "/var/lib/crater-agent-workspace/rustup-home:/opt/rustwide/rustup-home:ro,Z" "-m" "1610612736" "--network" "none" "ghcr.io/rust-lang/crates-build-env/linux@sha256:77db811e55d90add9212f6832c23229e3de5f1c1f9905e8cb07319ea15df73ac" "sleep" "infinity", kill_on_drop: false }`
[INFO] [stdout] f98d348eecc6f3b56c5f7bed3e705996a717f7c532d9f9012accc1d82bb897ad
[INFO] running `Command { std: "docker" "start" "f98d348eecc6f3b56c5f7bed3e705996a717f7c532d9f9012accc1d82bb897ad", kill_on_drop: false }`
[INFO] running `Command { std: "docker" "inspect" "f98d348eecc6f3b56c5f7bed3e705996a717f7c532d9f9012accc1d82bb897ad", kill_on_drop: false }`
[INFO] running `Command { std: "docker" "exec" "-e" "SOURCE_DIR=/opt/rustwide/workdir" "-e" "CARGO_HOME=/opt/rustwide/cargo-home" "-e" "RUSTUP_HOME=/opt/rustwide/rustup-home" "-e" "CARGO_TARGET_DIR=/opt/rustwide/target" "-w" "/opt/rustwide/workdir" "--user" "0:0" "f98d348eecc6f3b56c5f7bed3e705996a717f7c532d9f9012accc1d82bb897ad" "/opt/rustwide/cargo-home/bin/cargo" "+1.99.0-beta.8" "metadata" "--no-deps" "--format-version=1", kill_on_drop: false }`
[INFO] running `Command { std: "docker" "inspect" "f98d348eecc6f3b56c5f7bed3e705996a717f7c532d9f9012accc1d82bb897ad", kill_on_drop: false }`
[INFO] running `Command { std: "docker" "exec" "-e" "SOURCE_DIR=/opt/rustwide/workdir" "-e" "CARGO_HOME=/opt/rustwide/cargo-home" "-e" "RUSTUP_HOME=/opt/rustwide/rustup-home" "-e" "CARGO_TARGET_DIR=/opt/rustwide/target" "-e" "CARGO_INCREMENTAL=0" "-e" "RUST_BACKTRACE=full" "-e" "RUSTFLAGS=--cap-lints=warn" "-e" "RUSTDOCFLAGS=--cap-lints=warn" "-w" "/opt/rustwide/workdir" "--user" "0:0" "f98d348eecc6f3b56c5f7bed3e705996a717f7c532d9f9012accc1d82bb897ad" "/opt/rustwide/cargo-home/bin/cargo" "+1.99.0-beta.8" "build" "--frozen" "--message-format=json" "--release", kill_on_drop: false }`
[INFO] [stderr]    Compiling autocfg v1.0.1
[INFO] [stderr]    Compiling libc v0.2.94
[INFO] [stderr]    Compiling rayon-core v1.9.0
[INFO] [stderr]    Compiling version_check v0.9.3
[INFO] [stderr]    Compiling typenum v1.13.0
[INFO] [stderr]    Compiling doc-comment v0.3.3
[INFO] [stderr]    Compiling log v0.4.14
[INFO] [stderr]    Compiling arrayref v0.3.6
[INFO] [stderr]    Compiling constant_time_eq v0.1.5
[INFO] [stderr]    Compiling either v1.6.1
[INFO] [stderr]    Compiling sysinfo v0.17.3
[INFO] [stderr]    Compiling base64 v0.13.0
[INFO] [stderr]    Compiling once_cell v1.7.2
[INFO] [stderr]    Compiling zeroize v1.3.0
[INFO] [stderr]    Compiling blake2b_simd v0.5.11
[INFO] [stderr]    Compiling secrecy v0.7.0
[INFO] [stderr]    Compiling crossbeam-utils v0.8.4
[INFO] [stderr]    Compiling memoffset v0.6.3
[INFO] [stderr]    Compiling rayon v1.5.0
[INFO] [stderr]    Compiling generic-array v0.14.4
[INFO] [stderr]    Compiling num_cpus v1.13.0
[INFO] [stderr]    Compiling crossbeam-epoch v0.9.4
[INFO] [stderr]    Compiling crossbeam-channel v0.5.1
[INFO] [stderr]    Compiling rust-argon2 v0.8.3
[INFO] [stderr]    Compiling crossbeam-deque v0.8.0
[INFO] [stderr]    Compiling aead v0.4.1
[INFO] [stderr]    Compiling slowlock v0.2.0 (/opt/rustwide/workdir)
[INFO] [stderr]     Finished `release` profile [optimized] target(s) in 13.03s
[INFO] running `Command { std: "docker" "inspect" "f98d348eecc6f3b56c5f7bed3e705996a717f7c532d9f9012accc1d82bb897ad", kill_on_drop: false }`
[INFO] running `Command { std: "docker" "exec" "-e" "SOURCE_DIR=/opt/rustwide/workdir" "-e" "CARGO_HOME=/opt/rustwide/cargo-home" "-e" "RUSTUP_HOME=/opt/rustwide/rustup-home" "-e" "CARGO_TARGET_DIR=/opt/rustwide/target" "-e" "CARGO_INCREMENTAL=0" "-e" "RUST_BACKTRACE=full" "-e" "RUSTFLAGS=--cap-lints=warn" "-e" "RUSTDOCFLAGS=--cap-lints=warn" "-w" "/opt/rustwide/workdir" "--user" "0:0" "f98d348eecc6f3b56c5f7bed3e705996a717f7c532d9f9012accc1d82bb897ad" "/opt/rustwide/cargo-home/bin/cargo" "+1.99.0-beta.8" "test" "--frozen" "--no-run" "--message-format=json" "--release", kill_on_drop: false }`
[INFO] [stderr]    Compiling num-traits v0.2.14
[INFO] [stderr]    Compiling num-integer v0.1.44
[INFO] [stderr]    Compiling subtle v2.4.0
[INFO] [stderr]    Compiling cpufeatures v0.1.1
[INFO] [stderr]    Compiling cipher v0.3.0
[INFO] [stderr]    Compiling atty v0.2.14
[INFO] [stderr]    Compiling time v0.1.43
[INFO] [stderr]    Compiling hex-literal v0.3.1
[INFO] [stderr]    Compiling colored v1.9.3
[INFO] [stderr]    Compiling ctr v0.7.0
[INFO] [stderr]    Compiling aes v0.7.0
[INFO] [stderr]    Compiling universal-hash v0.4.0
[INFO] [stderr]    Compiling polyval v0.5.0
[INFO] [stderr]    Compiling ghash v0.4.1
[INFO] [stderr]    Compiling aes-gcm v0.9.1
[INFO] [stderr]    Compiling chrono v0.4.19
[INFO] [stderr]    Compiling simple_logger v1.11.0
[INFO] [stderr]    Compiling slowlock v0.2.0 (/opt/rustwide/workdir)
[INFO] [stderr]     Finished `release` profile [optimized] target(s) in 6.46s
[INFO] running `Command { std: "docker" "inspect" "f98d348eecc6f3b56c5f7bed3e705996a717f7c532d9f9012accc1d82bb897ad", kill_on_drop: false }`
[INFO] running `Command { std: "docker" "exec" "-e" "SOURCE_DIR=/opt/rustwide/workdir" "-e" "CARGO_HOME=/opt/rustwide/cargo-home" "-e" "RUSTUP_HOME=/opt/rustwide/rustup-home" "-e" "CARGO_TARGET_DIR=/opt/rustwide/target" "-e" "CARGO_INCREMENTAL=0" "-e" "RUST_BACKTRACE=full" "-e" "RUSTFLAGS=--cap-lints=warn" "-e" "RUSTDOCFLAGS=--cap-lints=warn" "-w" "/opt/rustwide/workdir" "--user" "0:0" "f98d348eecc6f3b56c5f7bed3e705996a717f7c532d9f9012accc1d82bb897ad" "/opt/rustwide/cargo-home/bin/cargo" "+1.99.0-beta.8" "test" "--frozen" "--release", kill_on_drop: false }`
[INFO] [stderr]     Finished `release` profile [optimized] target(s) in 0.07s
[INFO] [stderr]      Running unittests src/lib.rs (/opt/rustwide/target/release/deps/slowlock-612945d42d56c5a7)
[INFO] [stdout] 
[INFO] [stdout] running 19 tests
[INFO] [stdout] test test::can_calibrate_with_verbose_true ... ok
[INFO] [stdout] test test::algo_gen_fails_if_mem_cost_too_low ... ok
[INFO] [stdout] test test::algo_gen_fails_if_salt_too_short ... ok
[INFO] [stdout] test test::can_calibrate_with_verbose_false ... ok
[INFO] [stdout] test test::algo_gen_fails_if_lanes_too_low ... ok
[INFO] [stdout] test test::algo_gen_fails_if_time_cost_too_low ... ok
[INFO] [stdout] test test::work_policy_will_return_an_error_if_and_only_if_actual_duration_below_trigger ... ok
[INFO] [stdout] test test::work_policy_will_log_a_warning_if_and_only_if_actual_duration_below_trigger ... ok
[INFO] [stdout] test test::round_trip_aes_gcm256 ... ok
[INFO] [stdout] test test::round_trip_aes_gcm128 ... ok
[INFO] [stdout] test test::decrypt_fails_if_password_is_wrong ... ok
[INFO] [stdout] test test::decrypt_fails_if_lanes_is_wrong ... ok
[INFO] [stdout] test test::decrypt_fails_if_salt_is_wrong ... ok
[INFO] [stdout] test test::decrypt_succeeds_if_work_fns_same ... ok
[INFO] [stdout] test test::decrypt_fails_if_mem_cost_is_wrong ... ok
[INFO] [stdout] test test::decrypt_fails_if_time_cost_is_wrong ... ok
[INFO] [stdout] test test::can_calibrate_with_memory_hint_percent ... ok
[INFO] [stdout] test test::can_calibrate_with_fixed_num_lanes ... ok
[INFO] [stdout] test test::can_calibrate_with_memory_hint_kb ... ok
[INFO] [stdout] 
[INFO] [stdout] test result: ok. 19 passed; 0 failed; 0 ignored; 0 measured; 0 filtered out; finished in 13.63s
[INFO] [stdout] 
[INFO] [stderr]    Doc-tests slowlock
[INFO] [stdout] 
[INFO] [stdout] running 15 tests
[INFO] [stdout] test src/lib.rs - WorkPolicyBuilder::log_warning_threshold (line 834) ... ok
[INFO] [stdout] test src/lib.rs - WorkPolicyBuilder::return_error_threshold (line 780) ... ok
[INFO] [stdout] test src/lib.rs - WorkPolicyBuilder::return_error (line 756) ... ok
[INFO] [stdout] test src/lib.rs - WorkPolicyBuilder::log_warning (line 808) ... ok
[INFO] [stdout] test src/lib.rs - WorkPolicy (line 892) ... ok
[INFO] [stdout] test src/lib.rs - WorkPolicyBuilder (line 713) ... FAILED
[INFO] [stdout] test src/lib.rs - (line 42) ... FAILED
[INFO] [stdout] test src/lib.rs - Argon2WorkFunctionCalibrator::memory_hint_percent (line 431) ... FAILED
[INFO] [stdout] test src/lib.rs - Argon2WorkFunction (line 311) ... ok
[INFO] [stdout] test src/lib.rs - Argon2WorkFunctionCalibrator::lanes (line 488) ... FAILED
[INFO] [stdout] test src/lib.rs - WorkPolicy::make_cipher_key (line 924) ... FAILED
[INFO] [stdout] test src/lib.rs - Argon2WorkFunctionCalibrator::verbose (line 512) ... FAILED
[INFO] [stdout] test src/lib.rs - Argon2WorkFunctionCalibrator (line 380) ... FAILED
[INFO] [stdout] test src/lib.rs - Argon2WorkFunctionCalibrator::memory_hint_kb (line 462) ... ok
[INFO] [stdout] test src/lib.rs - (line 108) ... ok
[INFO] [stdout] 
[INFO] [stdout] failures:
[INFO] [stdout] 
[INFO] [stdout] ---- src/lib.rs - WorkPolicyBuilder (line 713) stdout ----
[INFO] [stdout] Test executable failed (signal: 9 (SIGKILL)).
[INFO] [stdout] 
[INFO] [stdout] ---- src/lib.rs - (line 42) stdout ----
[INFO] [stdout] Test executable failed (signal: 9 (SIGKILL)).
[INFO] [stdout] 
[INFO] [stdout] ---- src/lib.rs - Argon2WorkFunctionCalibrator::memory_hint_percent (line 431) stdout ----
[INFO] [stdout] Test executable failed (signal: 9 (SIGKILL)).
[INFO] [stdout] 
[INFO] [stdout] ---- src/lib.rs - Argon2WorkFunctionCalibrator::lanes (line 488) stdout ----
[INFO] [stdout] Test executable failed (signal: 9 (SIGKILL)).
[INFO] [stdout] 
[INFO] [stdout] ---- src/lib.rs - WorkPolicy::make_cipher_key (line 924) stdout ----
[INFO] [stdout] Test executable failed (signal: 9 (SIGKILL)).
[INFO] [stdout] 
[INFO] [stdout] ---- src/lib.rs - Argon2WorkFunctionCalibrator::verbose (line 512) stdout ----
[INFO] [stdout] Test executable failed (signal: 9 (SIGKILL)).
[INFO] [stdout] 
[INFO] [stdout] ---- src/lib.rs - Argon2WorkFunctionCalibrator (line 380) stdout ----
[INFO] [stdout] Test executable failed (signal: 9 (SIGKILL)).
[INFO] [stdout] 
[INFO] [stdout] 
[INFO] [stdout] failures:
[INFO] [stdout]     src/lib.rs - (line 42)
[INFO] [stdout]     src/lib.rs - Argon2WorkFunctionCalibrator (line 380)
[INFO] [stdout]     src/lib.rs - Argon2WorkFunctionCalibrator::lanes (line 488)
[INFO] [stdout]     src/lib.rs - Argon2WorkFunctionCalibrator::memory_hint_percent (line 431)
[INFO] [stdout]     src/lib.rs - Argon2WorkFunctionCalibrator::verbose (line 512)
[INFO] [stdout]     src/lib.rs - WorkPolicy::make_cipher_key (line 924)
[INFO] [stdout]     src/lib.rs - WorkPolicyBuilder (line 713)
[INFO] [stdout] 
[INFO] [stdout] test result: FAILED. 8 passed; 7 failed; 0 ignored; 0 measured; 0 filtered out; finished in 21.02s
[INFO] [stdout] 
[INFO] [stderr] error: doctest failed, to rerun pass `--doc`
[INFO] running `Command { std: "docker" "inspect" "f98d348eecc6f3b56c5f7bed3e705996a717f7c532d9f9012accc1d82bb897ad", kill_on_drop: false }`
[INFO] running `Command { std: "docker" "rm" "-f" "f98d348eecc6f3b56c5f7bed3e705996a717f7c532d9f9012accc1d82bb897ad", kill_on_drop: false }`
[INFO] [stdout] f98d348eecc6f3b56c5f7bed3e705996a717f7c532d9f9012accc1d82bb897ad
