[INFO] fetching crate slow5lib 0.1.0...
[INFO] testing slow5lib-0.1.0 against 1.100.0-beta.1+cargoflags=--release for beta-release-1.100-2
[INFO] extracting crate slow5lib 0.1.0 into /workspace/builds/worker-6-tc2/source
[INFO] removed /workspace/builds/worker-6-tc2/source/.cargo/config.toml
[INFO] started tweaking crates.io crate slow5lib 0.1.0
[INFO] removed 0 missing tests
[INFO] finished tweaking crates.io crate slow5lib 0.1.0
[INFO] tweaked toml for crates.io crate slow5lib 0.1.0 written to /workspace/builds/worker-6-tc2/source/Cargo.toml
[INFO] validating manifest of crates.io crate slow5lib 0.1.0 on toolchain 1.100.0-beta.1
[INFO] running `Command { std: CARGO_HOME="/workspace/cargo-home" RUSTUP_HOME="/workspace/rustup-home" "/workspace/cargo-home/bin/cargo" "+1.100.0-beta.1" "metadata" "--manifest-path" "Cargo.toml" "--no-deps", kill_on_drop: false }`
[INFO] crate crates.io crate slow5lib 0.1.0 already has a lockfile, it will not be regenerated
[INFO] running `Command { std: CARGO_HOME="/workspace/cargo-home" RUSTUP_HOME="/workspace/rustup-home" "/workspace/cargo-home/bin/cargo" "+1.100.0-beta.1" "fetch" "--manifest-path" "Cargo.toml", kill_on_drop: false }`
[INFO] [stderr] warning: `package.homepage` is redundant with `package.repository`
[INFO] [stderr]   --> Cargo.toml:61:12
[INFO] [stderr]    |
[INFO] [stderr] 61 | homepage = "https://github.com/Psy-Fer/slow5lib-rs"
[INFO] [stderr]    |            ^^^^^^^^^^^^^^^^^^^^^^^^^^^^^^^^^^^^^^^^
[INFO] [stderr] ...
[INFO] [stderr] 66 | repository = "https://github.com/Psy-Fer/slow5lib-rs"
[INFO] [stderr]    |              ----------------------------------------
[INFO] [stderr]    |
[INFO] [stderr]    = note: `cargo::redundant_homepage` is set to `warn` by default
[INFO] [stderr] help: consider removing `package.homepage`
[INFO] [stderr] warning: `slow5lib` (manifest) generated 1 warning
[INFO] running `Command { std: "docker" "create" "-v" "/var/lib/crater-agent-workspace/builds/worker-6-tc2/source:/opt/rustwide/workdir:ro,Z" "-v" "/var/lib/crater-agent-workspace/builds/worker-6-tc2/target:/opt/rustwide/target:rw,Z" "-v" "/var/lib/crater-agent-workspace/cargo-home:/opt/rustwide/cargo-home:ro,Z" "-v" "/var/lib/crater-agent-workspace/rustup-home:/opt/rustwide/rustup-home:ro,Z" "-m" "1610612736" "--network" "none" "ghcr.io/rust-lang/crates-build-env/linux@sha256:77db811e55d90add9212f6832c23229e3de5f1c1f9905e8cb07319ea15df73ac" "sleep" "infinity", kill_on_drop: false }`
[INFO] [stdout] 45f21484f9b106955c4f3d3140a2155047f50c518663b578d3c6da92d028e185
[INFO] running `Command { std: "docker" "start" "45f21484f9b106955c4f3d3140a2155047f50c518663b578d3c6da92d028e185", kill_on_drop: false }`
[INFO] running `Command { std: "docker" "inspect" "45f21484f9b106955c4f3d3140a2155047f50c518663b578d3c6da92d028e185", kill_on_drop: false }`
[INFO] running `Command { std: "docker" "exec" "-e" "SOURCE_DIR=/opt/rustwide/workdir" "-e" "CARGO_HOME=/opt/rustwide/cargo-home" "-e" "RUSTUP_HOME=/opt/rustwide/rustup-home" "-e" "CARGO_TARGET_DIR=/opt/rustwide/target" "-w" "/opt/rustwide/workdir" "--user" "0:0" "45f21484f9b106955c4f3d3140a2155047f50c518663b578d3c6da92d028e185" "/opt/rustwide/cargo-home/bin/cargo" "+1.100.0-beta.1" "metadata" "--no-deps" "--format-version=1", kill_on_drop: false }`
[INFO] running `Command { std: "docker" "inspect" "45f21484f9b106955c4f3d3140a2155047f50c518663b578d3c6da92d028e185", kill_on_drop: false }`
[INFO] running `Command { std: "docker" "exec" "-e" "SOURCE_DIR=/opt/rustwide/workdir" "-e" "CARGO_HOME=/opt/rustwide/cargo-home" "-e" "RUSTUP_HOME=/opt/rustwide/rustup-home" "-e" "CARGO_TARGET_DIR=/opt/rustwide/target" "-e" "CARGO_INCREMENTAL=0" "-e" "RUST_BACKTRACE=full" "-e" "RUSTFLAGS=--cap-lints=warn" "-e" "RUSTDOCFLAGS=--cap-lints=warn" "-w" "/opt/rustwide/workdir" "--user" "0:0" "45f21484f9b106955c4f3d3140a2155047f50c518663b578d3c6da92d028e185" "/opt/rustwide/cargo-home/bin/cargo" "+1.100.0-beta.1" "build" "--frozen" "--message-format=json" "--release", kill_on_drop: false }`
[INFO] [stderr] warning: `package.homepage` is redundant with `package.repository`
[INFO] [stderr]   --> Cargo.toml:61:12
[INFO] [stderr]    |
[INFO] [stderr] 61 | homepage = "https://github.com/Psy-Fer/slow5lib-rs"
[INFO] [stderr]    |            ^^^^^^^^^^^^^^^^^^^^^^^^^^^^^^^^^^^^^^^^
[INFO] [stderr] ...
[INFO] [stderr] 66 | repository = "https://github.com/Psy-Fer/slow5lib-rs"
[INFO] [stderr]    |              ----------------------------------------
[INFO] [stderr]    |
[INFO] [stderr]    = note: `cargo::redundant_homepage` is set to `warn` by default
[INFO] [stderr] help: consider removing `package.homepage`
[INFO] [stderr] warning: `slow5lib` (manifest) generated 1 warning
[INFO] [stderr]    Compiling libc v0.2.186
[INFO] [stderr]    Compiling zstd-safe v7.2.4
[INFO] [stderr]    Compiling syn v2.0.117
[INFO] [stderr]    Compiling jobserver v0.1.34
[INFO] [stderr]    Compiling cc v1.2.62
[INFO] [stderr]    Compiling thiserror-impl v2.0.18
[INFO] [stderr]    Compiling zstd-sys v2.0.16+zstd.1.5.7
[INFO] [stderr]    Compiling thiserror v2.0.18
[INFO] [stderr]    Compiling svb v0.3.0
[INFO] [stderr]    Compiling zstd v0.13.3
[INFO] [stderr]    Compiling slow5lib v0.1.0 (/opt/rustwide/workdir)
[INFO] [stderr]     Finished `release` profile [optimized] target(s) in 47.15s
[INFO] running `Command { std: "docker" "inspect" "45f21484f9b106955c4f3d3140a2155047f50c518663b578d3c6da92d028e185", kill_on_drop: false }`
[INFO] running `Command { std: "docker" "exec" "-e" "SOURCE_DIR=/opt/rustwide/workdir" "-e" "CARGO_HOME=/opt/rustwide/cargo-home" "-e" "RUSTUP_HOME=/opt/rustwide/rustup-home" "-e" "CARGO_TARGET_DIR=/opt/rustwide/target" "-e" "CARGO_INCREMENTAL=0" "-e" "RUST_BACKTRACE=full" "-e" "RUSTFLAGS=--cap-lints=warn" "-e" "RUSTDOCFLAGS=--cap-lints=warn" "-w" "/opt/rustwide/workdir" "--user" "0:0" "45f21484f9b106955c4f3d3140a2155047f50c518663b578d3c6da92d028e185" "/opt/rustwide/cargo-home/bin/cargo" "+1.100.0-beta.1" "test" "--frozen" "--no-run" "--message-format=json" "--release", kill_on_drop: false }`
[INFO] [stderr] warning: `package.homepage` is redundant with `package.repository`
[INFO] [stderr]   --> Cargo.toml:61:12
[INFO] [stderr]    |
[INFO] [stderr] 61 | homepage = "https://github.com/Psy-Fer/slow5lib-rs"
[INFO] [stderr]    |            ^^^^^^^^^^^^^^^^^^^^^^^^^^^^^^^^^^^^^^^^
[INFO] [stderr] ...
[INFO] [stderr] 66 | repository = "https://github.com/Psy-Fer/slow5lib-rs"
[INFO] [stderr]    |              ----------------------------------------
[INFO] [stderr]    |
[INFO] [stderr]    = note: `cargo::redundant_homepage` is set to `warn` by default
[INFO] [stderr] help: consider removing `package.homepage`
[INFO] [stderr] warning: `slow5lib` (manifest) generated 1 warning
[INFO] [stderr]    Compiling either v1.16.0
[INFO] [stderr]    Compiling memchr v2.8.0
[INFO] [stderr]    Compiling regex-automata v0.4.14
[INFO] [stderr]    Compiling zerocopy-derive v0.8.48
[INFO] [stderr]    Compiling thiserror-impl v2.0.18
[INFO] [stderr]    Compiling clap_builder v4.6.0
[INFO] [stderr]    Compiling is-terminal v0.4.17
[INFO] [stderr]    Compiling serde v1.0.228
[INFO] [stderr]    Compiling itertools v0.10.5
[INFO] [stderr]    Compiling rayon v1.12.0
[INFO] [stderr]    Compiling serde_json v1.0.150
[INFO] [stderr]    Compiling thiserror v2.0.18
[INFO] [stderr]    Compiling svb v0.3.0
[INFO] [stderr]    Compiling criterion-plot v0.5.0
[INFO] [stderr]    Compiling slow5lib v0.1.0 (/opt/rustwide/workdir)
[INFO] [stderr]    Compiling zerocopy v0.8.48
[INFO] [stderr]    Compiling tinytemplate v1.2.1
[INFO] [stderr]    Compiling clap v4.6.1
[INFO] [stderr]    Compiling regex v1.12.3
[INFO] [stderr]    Compiling half v2.7.1
[INFO] [stderr]    Compiling ciborium-ll v0.2.2
[INFO] [stderr]    Compiling ciborium v0.2.2
[INFO] [stderr]    Compiling criterion v0.5.1
[INFO] [stderr]     Finished `release` profile [optimized] target(s) in 41.89s
[INFO] running `Command { std: "docker" "inspect" "45f21484f9b106955c4f3d3140a2155047f50c518663b578d3c6da92d028e185", kill_on_drop: false }`
[INFO] running `Command { std: "docker" "exec" "-e" "SOURCE_DIR=/opt/rustwide/workdir" "-e" "CARGO_HOME=/opt/rustwide/cargo-home" "-e" "RUSTUP_HOME=/opt/rustwide/rustup-home" "-e" "CARGO_TARGET_DIR=/opt/rustwide/target" "-e" "CARGO_INCREMENTAL=0" "-e" "RUST_BACKTRACE=full" "-e" "RUSTFLAGS=--cap-lints=warn" "-e" "RUSTDOCFLAGS=--cap-lints=warn" "-w" "/opt/rustwide/workdir" "--user" "0:0" "45f21484f9b106955c4f3d3140a2155047f50c518663b578d3c6da92d028e185" "/opt/rustwide/cargo-home/bin/cargo" "+1.100.0-beta.1" "test" "--frozen" "--release", kill_on_drop: false }`
[INFO] [stderr] warning: `package.homepage` is redundant with `package.repository`
[INFO] [stderr]   --> Cargo.toml:61:12
[INFO] [stderr]    |
[INFO] [stderr] 61 | homepage = "https://github.com/Psy-Fer/slow5lib-rs"
[INFO] [stderr]    |            ^^^^^^^^^^^^^^^^^^^^^^^^^^^^^^^^^^^^^^^^
[INFO] [stderr] ...
[INFO] [stderr] 66 | repository = "https://github.com/Psy-Fer/slow5lib-rs"
[INFO] [stderr]    |              ----------------------------------------
[INFO] [stderr]    |
[INFO] [stderr]    = note: `cargo::redundant_homepage` is set to `warn` by default
[INFO] [stderr] help: consider removing `package.homepage`
[INFO] [stderr] warning: `slow5lib` (manifest) generated 1 warning
[INFO] [stderr]     Finished `release` profile [optimized] target(s) in 0.11s
[INFO] [stderr]      Running unittests src/lib.rs (/opt/rustwide/target/release/build/slow5lib/cf47fb4320e957a1/out/slow5lib-cf47fb4320e957a1)
[INFO] [stdout] 
[INFO] [stdout] running 0 tests
[INFO] [stdout] 
[INFO] [stdout] test result: ok. 0 passed; 0 failed; 0 ignored; 0 measured; 0 filtered out; finished in 0.00s
[INFO] [stdout] 
[INFO] [stderr]      Running unittests src/bin/harness.rs (/opt/rustwide/target/release/build/slow5lib/b6d169b6efc0d804/out/harness-b6d169b6efc0d804)
[INFO] [stderr]      Running tests/c_parity.rs (/opt/rustwide/target/release/build/slow5lib/541b3600ea96ee99/out/c_parity-541b3600ea96ee99)
[INFO] [stdout] 
[INFO] [stdout] running 0 tests
[INFO] [stdout] 
[INFO] [stdout] test result: ok. 0 passed; 0 failed; 0 ignored; 0 measured; 0 filtered out; finished in 0.00s
[INFO] [stdout] 
[INFO] [stdout] 
[INFO] [stdout] running 8 tests
[INFO] [stdout] test c_parity_zstd_rust_writer_readable_by_slow5tools ... ok
[INFO] [stdout] test c_parity_small_blow5_accepted_by_slow5tools ... ok
[INFO] [stdout] test c_parity_zlib_c_generated_readable ... ok
[INFO] [stdout] test c_parity_aux_fields_blow5_vs_slow5_text ... ok
[INFO] [stdout] test c_parity_zlib_rust_writer_readable_by_slow5tools ... ok
[INFO] [stdout] test c_parity_exzd_rust_writer_readable_by_slow5tools ... ok
[INFO] [stdout] test c_parity_exzd_c_generated_readable ... ok
[INFO] [stdout] test c_parity_slow5tools_output_matches_rust_reader ... ok
[INFO] [stdout] 
[INFO] [stdout] test result: ok. 8 passed; 0 failed; 0 ignored; 0 measured; 0 filtered out; finished in 0.01s
[INFO] [stdout] 
[INFO] [stderr]      Running tests/integration.rs (/opt/rustwide/target/release/build/slow5lib/f4f165277226f764/out/integration-f4f165277226f764)
[INFO] [stdout] 
[INFO] [stdout] running 30 tests
[INFO] [stdout] test aux_missing_roundtrip_blow5 ... ok
[INFO] [stdout] test aux_read_blow5_sequential ... FAILED
[INFO] [stdout] test aux_read_slow5_text ... FAILED
[INFO] [stdout] test aux_read_blow5_indexed ... FAILED
[INFO] [stdout] test aux_roundtrip_blow5 ... ok
[INFO] [stdout] test indexed_read_slow5_aux ... FAILED
[INFO] [stdout] test indexed_read_slow5_get ... FAILED
[INFO] [stdout] test indexed_read_zstd_svbzd_get ... FAILED
[INFO] [stdout] test roundtrip_zstd_svbzd ... ok
[INFO] [stdout] test indexed_read_zstd_svbzd_not_found ... FAILED
[INFO] [stdout] test roundtrip_none_none ... ok
[INFO] [stdout] test indexed_read_slow5_id_count ... FAILED
[INFO] [stdout] test roundtrip_multiple_records ... ok
[INFO] [stdout] test indexed_read_slow5_not_found ... FAILED
[INFO] [stdout] test roundtrip_zstd_exzd_full_read ... FAILED
[INFO] [stdout] test roundtrip_none_exzd ... ok
[INFO] [stdout] test aux_roundtrip_slow5_text ... ok
[INFO] [stdout] test roundtrip_slow5_text_full_read ... FAILED
[INFO] [stdout] test roundtrip_zstd_exzd ... ok
[INFO] [stdout] test roundtrip_slow5_text ... ok
[INFO] [stdout] test indexed_read_zstd_svbzd_id_count ... FAILED
[INFO] [stdout] test roundtrip_zlib_none ... ok
[INFO] [stdout] test sequential_read_nocompress_count ... FAILED
[INFO] [stdout] test roundtrip_zstd_svbzd_full_read ... FAILED
[INFO] [stdout] test sequential_read_nocompress_first_record ... FAILED
[INFO] [stdout] test sequential_read_slow5_count ... FAILED
[INFO] [stdout] test sequential_read_slow5_first_record ... FAILED
[INFO] [stdout] test sequential_read_zstd_svbzd_count ... FAILED
[INFO] [stdout] test sequential_read_zstd_svbzd_first_record ... FAILED
[INFO] [stdout] test roundtrip_zlib_svbzd ... ok
[INFO] [stdout] 
[INFO] [stdout] failures:
[INFO] [stdout] 
[INFO] [stdout] ---- aux_read_blow5_sequential stdout ----
[INFO] [stdout] 
[INFO] [stdout] thread 'aux_read_blow5_sequential' (1153) panicked at tests/integration.rs:548:57:
[INFO] [stdout] open five_reads.blow5: Io(Os { code: 2, kind: NotFound, message: "No such file or directory" })
[INFO] [stdout] stack backtrace:
[INFO] [stdout]    0:     0x5a31a8b790b1 - <<std[617be2ca0a6fd877]::sys::backtrace::BacktraceLock>::print::DisplayBacktrace as core[a373ad73a504971]::fmt::Display>::fmt
[INFO] [stdout]    1:     0x5a31a8b8ebea - core[a373ad73a504971]::fmt::write
[INFO] [stdout]    2:     0x5a31a8b7d3bc - <alloc[2e1b2a31b91974c5]::vec::Vec<u8> as core[a373ad73a504971]::io::write::Write>::write_fmt
[INFO] [stdout]    3:     0x5a31a8b55166 - std[617be2ca0a6fd877]::panicking::default_hook::{closure#0}
[INFO] [stdout]    4:     0x5a31a8b716d9 - std[617be2ca0a6fd877]::panicking::default_hook
[INFO] [stdout]    5:     0x5a31a8a072c0 - test[aada8e7e76ba119b]::test_main_inner::{closure#0}
[INFO] [stdout]    6:     0x5a31a8b71892 - std[617be2ca0a6fd877]::panicking::panic_with_hook
[INFO] [stdout]    7:     0x5a31a8b55212 - std[617be2ca0a6fd877]::panicking::panic_handler::{closure#0}
[INFO] [stdout]    8:     0x5a31a8b4df29 - std[617be2ca0a6fd877]::sys::backtrace::__rust_end_short_backtrace::<std[617be2ca0a6fd877]::panicking::panic_handler::{closure#0}, !>
[INFO] [stdout]    9:     0x5a31a8b55e1d - __rustc[ea4f61d10b84890b]::rust_begin_unwind
[INFO] [stdout]   10:     0x5a31a8b8f31c - core[a373ad73a504971]::panicking::panic_fmt
[INFO] [stdout]   11:     0x5a31a8b8f0f2 - core[a373ad73a504971]::result::unwrap_failed
[INFO] [stdout]   12:     0x5a31a89f2572 - <integration[f86b6df72318fa92]::aux_read_blow5_sequential::{closure#0} as core[a373ad73a504971]::ops::function::FnOnce<()>>::call_once
[INFO] [stdout]   13:     0x5a31a89fa70b - test[aada8e7e76ba119b]::__rust_begin_short_backtrace::<core[a373ad73a504971]::result::Result<(), alloc[2e1b2a31b91974c5]::string::String>, fn() -> core[a373ad73a504971]::result::Result<(), alloc[2e1b2a31b91974c5]::string::String>>
[INFO] [stdout]   14:     0x5a31a8a078e5 - test[aada8e7e76ba119b]::run_test::{closure#0}
[INFO] [stdout]   15:     0x5a31a8a011d4 - std[617be2ca0a6fd877]::sys::backtrace::__rust_begin_short_backtrace::<test[aada8e7e76ba119b]::run_test::{closure#1}, ()>
[INFO] [stdout]   16:     0x5a31a8a0a972 - <std[617be2ca0a6fd877]::thread::lifecycle::spawn_unchecked<test[aada8e7e76ba119b]::run_test::{closure#1}, ()>::{closure#1} as core[a373ad73a504971]::ops::function::FnOnce<()>>::call_once::{shim:vtable#0}
[INFO] [stdout]   17:     0x5a31a8b7889f - <std[617be2ca0a6fd877]::sys::thread::unix::Thread>::new::thread_start
[INFO] [stdout]   18:     0x7fa005eefdfa - <unknown>
[INFO] [stdout]   19:     0x7fa005f833d4 - clone
[INFO] [stdout]   20:                0x0 - <unknown>
[INFO] [stdout] 
[INFO] [stdout] ---- aux_read_slow5_text stdout ----
[INFO] [stdout] 
[INFO] [stdout] thread 'aux_read_slow5_text' (1154) panicked at tests/integration.rs:537:58:
[INFO] [stdout] open five_reads.slow5: Io(Os { code: 2, kind: NotFound, message: "No such file or directory" })
[INFO] [stdout] stack backtrace:
[INFO] [stdout]    0:     0x5a31a8b790b1 - <<std[617be2ca0a6fd877]::sys::backtrace::BacktraceLock>::print::DisplayBacktrace as core[a373ad73a504971]::fmt::Display>::fmt
[INFO] [stdout]    1:     0x5a31a8b8ebea - core[a373ad73a504971]::fmt::write
[INFO] [stdout]    2:     0x5a31a8b7d3bc - <alloc[2e1b2a31b91974c5]::vec::Vec<u8> as core[a373ad73a504971]::io::write::Write>::write_fmt
[INFO] [stdout]    3:     0x5a31a8b55166 - std[617be2ca0a6fd877]::panicking::default_hook::{closure#0}
[INFO] [stdout]    4:     0x5a31a8b716d9 - std[617be2ca0a6fd877]::panicking::default_hook
[INFO] [stdout]    5:     0x5a31a8a072c0 - test[aada8e7e76ba119b]::test_main_inner::{closure#0}
[INFO] [stdout]    6:     0x5a31a8b71892 - std[617be2ca0a6fd877]::panicking::panic_with_hook
[INFO] [stdout]    7:     0x5a31a8b55212 - std[617be2ca0a6fd877]::panicking::panic_handler::{closure#0}
[INFO] [stdout]    8:     0x5a31a8b4df29 - std[617be2ca0a6fd877]::sys::backtrace::__rust_end_short_backtrace::<std[617be2ca0a6fd877]::panicking::panic_handler::{closure#0}, !>
[INFO] [stdout]    9:     0x5a31a8b55e1d - __rustc[ea4f61d10b84890b]::rust_begin_unwind
[INFO] [stdout]   10:     0x5a31a8b8f31c - core[a373ad73a504971]::panicking::panic_fmt
[INFO] [stdout]   11:     0x5a31a8b8f0f2 - core[a373ad73a504971]::result::unwrap_failed
[INFO] [stdout]   12:     0x5a31a89eddb2 - <integration[f86b6df72318fa92]::aux_read_slow5_text::{closure#0} as core[a373ad73a504971]::ops::function::FnOnce<()>>::call_once
[INFO] [stdout]   13:     0x5a31a89fa70b - test[aada8e7e76ba119b]::__rust_begin_short_backtrace::<core[a373ad73a504971]::result::Result<(), alloc[2e1b2a31b91974c5]::string::String>, fn() -> core[a373ad73a504971]::result::Result<(), alloc[2e1b2a31b91974c5]::string::String>>
[INFO] [stdout]   14:     0x5a31a8a078e5 - test[aada8e7e76ba119b]::run_test::{closure#0}
[INFO] [stdout]   15:     0x5a31a8a011d4 - std[617be2ca0a6fd877]::sys::backtrace::__rust_begin_short_backtrace::<test[aada8e7e76ba119b]::run_test::{closure#1}, ()>
[INFO] [stdout]   16:     0x5a31a8a0a972 - <std[617be2ca0a6fd877]::thread::lifecycle::spawn_unchecked<test[aada8e7e76ba119b]::run_test::{closure#1}, ()>::{closure#1} as core[a373ad73a504971]::ops::function::FnOnce<()>>::call_once::{shim:vtable#0}
[INFO] [stdout]   17:     0x5a31a8b7889f - <std[617be2ca0a6fd877]::sys::thread::unix::Thread>::new::thread_start
[INFO] [stdout]   18:     0x7fa005eefdfa - <unknown>
[INFO] [stdout]   19:     0x7fa005f833d4 - clone
[INFO] [stdout]   20:                0x0 - <unknown>
[INFO] [stdout] 
[INFO] [stdout] ---- aux_read_blow5_indexed stdout ----
[INFO] [stdout] 
[INFO] [stdout] thread 'aux_read_blow5_indexed' (1152) panicked at tests/integration.rs:559:60:
[INFO] [stdout] open indexed: Io(Os { code: 2, kind: NotFound, message: "No such file or directory" })
[INFO] [stdout] stack backtrace:
[INFO] [stdout]    0:     0x5a31a8b790b1 - <<std[617be2ca0a6fd877]::sys::backtrace::BacktraceLock>::print::DisplayBacktrace as core[a373ad73a504971]::fmt::Display>::fmt
[INFO] [stdout]    1:     0x5a31a8b8ebea - core[a373ad73a504971]::fmt::write
[INFO] [stdout]    2:     0x5a31a8b7d3bc - <alloc[2e1b2a31b91974c5]::vec::Vec<u8> as core[a373ad73a504971]::io::write::Write>::write_fmt
[INFO] [stdout]    3:     0x5a31a8b55166 - std[617be2ca0a6fd877]::panicking::default_hook::{closure#0}
[INFO] [stdout]    4:     0x5a31a8b716d9 - std[617be2ca0a6fd877]::panicking::default_hook
[INFO] [stdout]    5:     0x5a31a8a072c0 - test[aada8e7e76ba119b]::test_main_inner::{closure#0}
[INFO] [stdout]    6:     0x5a31a8b71892 - std[617be2ca0a6fd877]::panicking::panic_with_hook
[INFO] [stdout]    7:     0x5a31a8b55212 - std[617be2ca0a6fd877]::panicking::panic_handler::{closure#0}
[INFO] [stdout]    8:     0x5a31a8b4df29 - std[617be2ca0a6fd877]::sys::backtrace::__rust_end_short_backtrace::<std[617be2ca0a6fd877]::panicking::panic_handler::{closure#0}, !>
[INFO] [stdout]    9:     0x5a31a8b55e1d - __rustc[ea4f61d10b84890b]::rust_begin_unwind
[INFO] [stdout]   10:     0x5a31a8b8f31c - core[a373ad73a504971]::panicking::panic_fmt
[INFO] [stdout]   11:     0x5a31a8b8f0f2 - core[a373ad73a504971]::result::unwrap_failed
[INFO] [stdout]   12:     0x5a31a89f0d69 - <integration[f86b6df72318fa92]::aux_read_blow5_indexed::{closure#0} as core[a373ad73a504971]::ops::function::FnOnce<()>>::call_once
[INFO] [stdout]   13:     0x5a31a89fa70b - test[aada8e7e76ba119b]::__rust_begin_short_backtrace::<core[a373ad73a504971]::result::Result<(), alloc[2e1b2a31b91974c5]::string::String>, fn() -> core[a373ad73a504971]::result::Result<(), alloc[2e1b2a31b91974c5]::string::String>>
[INFO] [stdout]   14:     0x5a31a8a078e5 - test[aada8e7e76ba119b]::run_test::{closure#0}
[INFO] [stdout]   15:     0x5a31a8a011d4 - std[617be2ca0a6fd877]::sys::backtrace::__rust_begin_short_backtrace::<test[aada8e7e76ba119b]::run_test::{closure#1}, ()>
[INFO] [stdout]   16:     0x5a31a8a0a972 - <std[617be2ca0a6fd877]::thread::lifecycle::spawn_unchecked<test[aada8e7e76ba119b]::run_test::{closure#1}, ()>::{closure#1} as core[a373ad73a504971]::ops::function::FnOnce<()>>::call_once::{shim:vtable#0}
[INFO] [stdout]   17:     0x5a31a8b7889f - <std[617be2ca0a6fd877]::sys::thread::unix::Thread>::new::thread_start
[INFO] [stdout]   18:     0x7fa005eefdfa - <unknown>
[INFO] [stdout]   19:     0x7fa005f833d4 - clone
[INFO] [stdout]   20:                0x0 - <unknown>
[INFO] [stdout] 
[INFO] [stdout] ---- indexed_read_slow5_aux stdout ----
[INFO] [stdout] 
[INFO] [stdout] thread 'indexed_read_slow5_aux' (1157) panicked at tests/integration.rs:153:61:
[INFO] [stdout] open indexed slow5: Io(Os { code: 2, kind: NotFound, message: "No such file or directory" })
[INFO] [stdout] stack backtrace:
[INFO] [stdout]    0:     0x5a31a8b790b1 - <<std[617be2ca0a6fd877]::sys::backtrace::BacktraceLock>::print::DisplayBacktrace as core[a373ad73a504971]::fmt::Display>::fmt
[INFO] [stdout]    1:     0x5a31a8b8ebea - core[a373ad73a504971]::fmt::write
[INFO] [stdout]    2:     0x5a31a8b7d3bc - <alloc[2e1b2a31b91974c5]::vec::Vec<u8> as core[a373ad73a504971]::io::write::Write>::write_fmt
[INFO] [stdout]    3:     0x5a31a8b55166 - std[617be2ca0a6fd877]::panicking::default_hook::{closure#0}
[INFO] [stdout]    4:     0x5a31a8b716d9 - std[617be2ca0a6fd877]::panicking::default_hook
[INFO] [stdout]    5:     0x5a31a8a072c0 - test[aada8e7e76ba119b]::test_main_inner::{closure#0}
[INFO] [stdout]    6:     0x5a31a8b71892 - std[617be2ca0a6fd877]::panicking::panic_with_hook
[INFO] [stdout]    7:     0x5a31a8b55212 - std[617be2ca0a6fd877]::panicking::panic_handler::{closure#0}
[INFO] [stdout]    8:     0x5a31a8b4df29 - std[617be2ca0a6fd877]::sys::backtrace::__rust_end_short_backtrace::<std[617be2ca0a6fd877]::panicking::panic_handler::{closure#0}, !>
[INFO] [stdout]    9:     0x5a31a8b55e1d - __rustc[ea4f61d10b84890b]::rust_begin_unwind
[INFO] [stdout]   10:     0x5a31a8b8f31c - core[a373ad73a504971]::panicking::panic_fmt
[INFO] [stdout]   11:     0x5a31a8b8f0f2 - core[a373ad73a504971]::result::unwrap_failed
[INFO] [stdout]   12:     0x5a31a89f0f49 - <integration[f86b6df72318fa92]::indexed_read_slow5_aux::{closure#0} as core[a373ad73a504971]::ops::function::FnOnce<()>>::call_once
[INFO] [stdout]   13:     0x5a31a89fa70b - test[aada8e7e76ba119b]::__rust_begin_short_backtrace::<core[a373ad73a504971]::result::Result<(), alloc[2e1b2a31b91974c5]::string::String>, fn() -> core[a373ad73a504971]::result::Result<(), alloc[2e1b2a31b91974c5]::string::String>>
[INFO] [stdout]   14:     0x5a31a8a078e5 - test[aada8e7e76ba119b]::run_test::{closure#0}
[INFO] [stdout]   15:     0x5a31a8a011d4 - std[617be2ca0a6fd877]::sys::backtrace::__rust_begin_short_backtrace::<test[aada8e7e76ba119b]::run_test::{closure#1}, ()>
[INFO] [stdout]   16:     0x5a31a8a0a972 - <std[617be2ca0a6fd877]::thread::lifecycle::spawn_unchecked<test[aada8e7e76ba119b]::run_test::{closure#1}, ()>::{closure#1} as core[a373ad73a504971]::ops::function::FnOnce<()>>::call_once::{shim:vtable#0}
[INFO] [stdout]   17:     0x5a31a8b7889f - <std[617be2ca0a6fd877]::sys::thread::unix::Thread>::new::thread_start
[INFO] [stdout]   18:     0x7fa005eefdfa - <unknown>
[INFO] [stdout]   19:     0x7fa005f833d4 - clone
[INFO] [stdout]   20:                0x0 - <unknown>
[INFO] [stdout] 
[INFO] [stdout] ---- indexed_read_slow5_get stdout ----
[INFO] [stdout] 
[INFO] [stdout] thread 'indexed_read_slow5_get' (1158) panicked at tests/integration.rs:133:61:
[INFO] [stdout] open indexed slow5: Io(Os { code: 2, kind: NotFound, message: "No such file or directory" })
[INFO] [stdout] stack backtrace:
[INFO] [stdout]    0:     0x5a31a8b790b1 - <<std[617be2ca0a6fd877]::sys::backtrace::BacktraceLock>::print::DisplayBacktrace as core[a373ad73a504971]::fmt::Display>::fmt
[INFO] [stdout]    1:     0x5a31a8b8ebea - core[a373ad73a504971]::fmt::write
[INFO] [stdout]    2:     0x5a31a8b7d3bc - <alloc[2e1b2a31b91974c5]::vec::Vec<u8> as core[a373ad73a504971]::io::write::Write>::write_fmt
[INFO] [stdout]    3:     0x5a31a8b55166 - std[617be2ca0a6fd877]::panicking::default_hook::{closure#0}
[INFO] [stdout]    4:     0x5a31a8b716d9 - std[617be2ca0a6fd877]::panicking::default_hook
[INFO] [stdout]    5:     0x5a31a8a072c0 - test[aada8e7e76ba119b]::test_main_inner::{closure#0}
[INFO] [stdout]    6:     0x5a31a8b71892 - std[617be2ca0a6fd877]::panicking::panic_with_hook
[INFO] [stdout]    7:     0x5a31a8b55212 - std[617be2ca0a6fd877]::panicking::panic_handler::{closure#0}
[INFO] [stdout]    8:     0x5a31a8b4df29 - std[617be2ca0a6fd877]::sys::backtrace::__rust_end_short_backtrace::<std[617be2ca0a6fd877]::panicking::panic_handler::{closure#0}, !>
[INFO] [stdout]    9:     0x5a31a8b55e1d - __rustc[ea4f61d10b84890b]::rust_begin_unwind
[INFO] [stdout]   10:     0x5a31a8b8f31c - core[a373ad73a504971]::panicking::panic_fmt
[INFO] [stdout]   11:     0x5a31a8b8f0f2 - core[a373ad73a504971]::result::unwrap_failed
[INFO] [stdout]   12:     0x5a31a89f1129 - <integration[f86b6df72318fa92]::indexed_read_slow5_get::{closure#0} as core[a373ad73a504971]::ops::function::FnOnce<()>>::call_once
[INFO] [stdout]   13:     0x5a31a89fa70b - test[aada8e7e76ba119b]::__rust_begin_short_backtrace::<core[a373ad73a504971]::result::Result<(), alloc[2e1b2a31b91974c5]::string::String>, fn() -> core[a373ad73a504971]::result::Result<(), alloc[2e1b2a31b91974c5]::string::String>>
[INFO] [stdout]   14:     0x5a31a8a078e5 - test[aada8e7e76ba119b]::run_test::{closure#0}
[INFO] [stdout]   15:     0x5a31a8a011d4 - std[617be2ca0a6fd877]::sys::backtrace::__rust_begin_short_backtrace::<test[aada8e7e76ba119b]::run_test::{closure#1}, ()>
[INFO] [stdout]   16:     0x5a31a8a0a972 - <std[617be2ca0a6fd877]::thread::lifecycle::spawn_unchecked<test[aada8e7e76ba119b]::run_test::{closure#1}, ()>::{closure#1} as core[a373ad73a504971]::ops::function::FnOnce<()>>::call_once::{shim:vtable#0}
[INFO] [stdout]   17:     0x5a31a8b7889f - <std[617be2ca0a6fd877]::sys::thread::unix::Thread>::new::thread_start
[INFO] [stdout]   18:     0x7fa005eefdfa - <unknown>
[INFO] [stdout]   19:     0x7fa005f833d4 - clone
[INFO] [stdout]   20:                0x0 - <unknown>
[INFO] [stdout] 
[INFO] [stdout] ---- indexed_read_zstd_svbzd_get stdout ----
[INFO] [stdout] 
[INFO] [stdout] thread 'indexed_read_zstd_svbzd_get' (1161) panicked at tests/integration.rs:111:60:
[INFO] [stdout] open indexed: Io(Os { code: 2, kind: NotFound, message: "No such file or directory" })
[INFO] [stdout] stack backtrace:
[INFO] [stdout]    0:     0x5a31a8b790b1 - <<std[617be2ca0a6fd877]::sys::backtrace::BacktraceLock>::print::DisplayBacktrace as core[a373ad73a504971]::fmt::Display>::fmt
[INFO] [stdout]    1:     0x5a31a8b8ebea - core[a373ad73a504971]::fmt::write
[INFO] [stdout]    2:     0x5a31a8b7d3bc - <alloc[2e1b2a31b91974c5]::vec::Vec<u8> as core[a373ad73a504971]::io::write::Write>::write_fmt
[INFO] [stdout]    3:     0x5a31a8b55166 - std[617be2ca0a6fd877]::panicking::default_hook::{closure#0}
[INFO] [stdout]    4:     0x5a31a8b716d9 - std[617be2ca0a6fd877]::panicking::default_hook
[INFO] [stdout]    5:     0x5a31a8a072c0 - test[aada8e7e76ba119b]::test_main_inner::{closure#0}
[INFO] [stdout]    6:     0x5a31a8b71892 - std[617be2ca0a6fd877]::panicking::panic_with_hook
[INFO] [stdout]    7:     0x5a31a8b55212 - std[617be2ca0a6fd877]::panicking::panic_handler::{closure#0}
[INFO] [stdout]    8:     0x5a31a8b4df29 - std[617be2ca0a6fd877]::sys::backtrace::__rust_end_short_backtrace::<std[617be2ca0a6fd877]::panicking::panic_handler::{closure#0}, !>
[INFO] [stdout]    9:     0x5a31a8b55e1d - __rustc[ea4f61d10b84890b]::rust_begin_unwind
[INFO] [stdout]   10:     0x5a31a8b8f31c - core[a373ad73a504971]::panicking::panic_fmt
[INFO] [stdout]   11:     0x5a31a8b8f0f2 - core[a373ad73a504971]::result::unwrap_failed
[INFO] [stdout]   12:     0x5a31a89f39c9 - <integration[f86b6df72318fa92]::indexed_read_zstd_svbzd_get::{closure#0} as core[a373ad73a504971]::ops::function::FnOnce<()>>::call_once
[INFO] [stdout]   13:     0x5a31a89fa70b - test[aada8e7e76ba119b]::__rust_begin_short_backtrace::<core[a373ad73a504971]::result::Result<(), alloc[2e1b2a31b91974c5]::string::String>, fn() -> core[a373ad73a504971]::result::Result<(), alloc[2e1b2a31b91974c5]::string::String>>
[INFO] [stdout]   14:     0x5a31a8a078e5 - test[aada8e7e76ba119b]::run_test::{closure#0}
[INFO] [stdout]   15:     0x5a31a8a011d4 - std[617be2ca0a6fd877]::sys::backtrace::__rust_begin_short_backtrace::<test[aada8e7e76ba119b]::run_test::{closure#1}, ()>
[INFO] [stdout]   16:     0x5a31a8a0a972 - <std[617be2ca0a6fd877]::thread::lifecycle::spawn_unchecked<test[aada8e7e76ba119b]::run_test::{closure#1}, ()>::{closure#1} as core[a373ad73a504971]::ops::function::FnOnce<()>>::call_once::{shim:vtable#0}
[INFO] [stdout]   17:     0x5a31a8b7889f - <std[617be2ca0a6fd877]::sys::thread::unix::Thread>::new::thread_start
[INFO] [stdout]   18:     0x7fa005eefdfa - <unknown>
[INFO] [stdout]   19:     0x7fa005f833d4 - clone
[INFO] [stdout]   20:                0x0 - <unknown>
[INFO] [stdout] 
[INFO] [stdout] ---- indexed_read_zstd_svbzd_not_found stdout ----
[INFO] [stdout] 
[INFO] [stdout] thread 'indexed_read_zstd_svbzd_not_found' (1163) panicked at tests/integration.rs:118:60:
[INFO] [stdout] open indexed: Io(Os { code: 2, kind: NotFound, message: "No such file or directory" })
[INFO] [stdout] stack backtrace:
[INFO] [stdout]    0:     0x5a31a8b790b1 - <<std[617be2ca0a6fd877]::sys::backtrace::BacktraceLock>::print::DisplayBacktrace as core[a373ad73a504971]::fmt::Display>::fmt
[INFO] [stdout]    1:     0x5a31a8b8ebea - core[a373ad73a504971]::fmt::write
[INFO] [stdout]    2:     0x5a31a8b7d3bc - <alloc[2e1b2a31b91974c5]::vec::Vec<u8> as core[a373ad73a504971]::io::write::Write>::write_fmt
[INFO] [stdout]    3:     0x5a31a8b55166 - std[617be2ca0a6fd877]::panicking::default_hook::{closure#0}
[INFO] [stdout]    4:     0x5a31a8b716d9 - std[617be2ca0a6fd877]::panicking::default_hook
[INFO] [stdout]    5:     0x5a31a8a072c0 - test[aada8e7e76ba119b]::test_main_inner::{closure#0}
[INFO] [stdout]    6:     0x5a31a8b71892 - std[617be2ca0a6fd877]::panicking::panic_with_hook
[INFO] [stdout]    7:     0x5a31a8b55212 - std[617be2ca0a6fd877]::panicking::panic_handler::{closure#0}
[INFO] [stdout]    8:     0x5a31a8b4df29 - std[617be2ca0a6fd877]::sys::backtrace::__rust_end_short_backtrace::<std[617be2ca0a6fd877]::panicking::panic_handler::{closure#0}, !>
[INFO] [stdout]    9:     0x5a31a8b55e1d - __rustc[ea4f61d10b84890b]::rust_begin_unwind
[INFO] [stdout]   10:     0x5a31a8b8f31c - core[a373ad73a504971]::panicking::panic_fmt
[INFO] [stdout]   11:     0x5a31a8b8f0f2 - core[a373ad73a504971]::result::unwrap_failed
[INFO] [stdout]   12:     0x5a31a89f6725 - <integration[f86b6df72318fa92]::indexed_read_zstd_svbzd_not_found::{closure#0} as core[a373ad73a504971]::ops::function::FnOnce<()>>::call_once
[INFO] [stdout]   13:     0x5a31a89fa70b - test[aada8e7e76ba119b]::__rust_begin_short_backtrace::<core[a373ad73a504971]::result::Result<(), alloc[2e1b2a31b91974c5]::string::String>, fn() -> core[a373ad73a504971]::result::Result<(), alloc[2e1b2a31b91974c5]::string::String>>
[INFO] [stdout]   14:     0x5a31a8a078e5 - test[aada8e7e76ba119b]::run_test::{closure#0}
[INFO] [stdout]   15:     0x5a31a8a011d4 - std[617be2ca0a6fd877]::sys::backtrace::__rust_begin_short_backtrace::<test[aada8e7e76ba119b]::run_test::{closure#1}, ()>
[INFO] [stdout]   16:     0x5a31a8a0a972 - <std[617be2ca0a6fd877]::thread::lifecycle::spawn_unchecked<test[aada8e7e76ba119b]::run_test::{closure#1}, ()>::{closure#1} as core[a373ad73a504971]::ops::function::FnOnce<()>>::call_once::{shim:vtable#0}
[INFO] [stdout]   17:     0x5a31a8b7889f - <std[617be2ca0a6fd877]::sys::thread::unix::Thread>::new::thread_start
[INFO] [stdout]   18:     0x7fa005eefdfa - <unknown>
[INFO] [stdout]   19:     0x7fa005f833d4 - clone
[INFO] [stdout]   20:                0x0 - <unknown>
[INFO] [stdout] 
[INFO] [stdout] ---- indexed_read_slow5_id_count stdout ----
[INFO] [stdout] 
[INFO] [stdout] thread 'indexed_read_slow5_id_count' (1159) panicked at tests/integration.rs:147:61:
[INFO] [stdout] open indexed slow5: Io(Os { code: 2, kind: NotFound, message: "No such file or directory" })
[INFO] [stdout] stack backtrace:
[INFO] [stdout]    0:     0x5a31a8b790b1 - <<std[617be2ca0a6fd877]::sys::backtrace::BacktraceLock>::print::DisplayBacktrace as core[a373ad73a504971]::fmt::Display>::fmt
[INFO] [stdout]    1:     0x5a31a8b8ebea - core[a373ad73a504971]::fmt::write
[INFO] [stdout]    2:     0x5a31a8b7d3bc - <alloc[2e1b2a31b91974c5]::vec::Vec<u8> as core[a373ad73a504971]::io::write::Write>::write_fmt
[INFO] [stdout]    3:     0x5a31a8b55166 - std[617be2ca0a6fd877]::panicking::default_hook::{closure#0}
[INFO] [stdout]    4:     0x5a31a8b716d9 - std[617be2ca0a6fd877]::panicking::default_hook
[INFO] [stdout]    5:     0x5a31a8a072c0 - test[aada8e7e76ba119b]::test_main_inner::{closure#0}
[INFO] [stdout]    6:     0x5a31a8b71892 - std[617be2ca0a6fd877]::panicking::panic_with_hook
[INFO] [stdout]    7:     0x5a31a8b55212 - std[617be2ca0a6fd877]::panicking::panic_handler::{closure#0}
[INFO] [stdout]    8:     0x5a31a8b4df29 - std[617be2ca0a6fd877]::sys::backtrace::__rust_end_short_backtrace::<std[617be2ca0a6fd877]::panicking::panic_handler::{closure#0}, !>
[INFO] [stdout]    9:     0x5a31a8b55e1d - __rustc[ea4f61d10b84890b]::rust_begin_unwind
[INFO] [stdout]   10:     0x5a31a8b8f31c - core[a373ad73a504971]::panicking::panic_fmt
[INFO] [stdout]   11:     0x5a31a8b8f0f2 - core[a373ad73a504971]::result::unwrap_failed
[INFO] [stdout]   12:     0x5a31a89f3824 - <integration[f86b6df72318fa92]::indexed_read_slow5_id_count::{closure#0} as core[a373ad73a504971]::ops::function::FnOnce<()>>::call_once
[INFO] [stdout]   13:     0x5a31a89fa70b - test[aada8e7e76ba119b]::__rust_begin_short_backtrace::<core[a373ad73a504971]::result::Result<(), alloc[2e1b2a31b91974c5]::string::String>, fn() -> core[a373ad73a504971]::result::Result<(), alloc[2e1b2a31b91974c5]::string::String>>
[INFO] [stdout]   14:     0x5a31a8a078e5 - test[aada8e7e76ba119b]::run_test::{closure#0}
[INFO] [stdout]   15:     0x5a31a8a011d4 - std[617be2ca0a6fd877]::sys::backtrace::__rust_begin_short_backtrace::<test[aada8e7e76ba119b]::run_test::{closure#1}, ()>
[INFO] [stdout]   16:     0x5a31a8a0a972 - <std[617be2ca0a6fd877]::thread::lifecycle::spawn_unchecked<test[aada8e7e76ba119b]::run_test::{closure#1}, ()>::{closure#1} as core[a373ad73a504971]::ops::function::FnOnce<()>>::call_once::{shim:vtable#0}
[INFO] [stdout]   17:     0x5a31a8b7889f - <std[617be2ca0a6fd877]::sys::thread::unix::Thread>::new::thread_start
[INFO] [stdout]   18:     0x7fa005eefdfa - <unknown>
[INFO] [stdout]   19:     0x7fa005f833d4 - clone
[INFO] [stdout]   20:                0x0 - <unknown>
[INFO] [stdout] 
[INFO] [stdout] ---- indexed_read_slow5_not_found stdout ----
[INFO] [stdout] 
[INFO] [stdout] thread 'indexed_read_slow5_not_found' (1160) panicked at tests/integration.rs:140:61:
[INFO] [stdout] open indexed slow5: Io(Os { code: 2, kind: NotFound, message: "No such file or directory" })
[INFO] [stdout] stack backtrace:
[INFO] [stdout]    0:     0x5a31a8b790b1 - <<std[617be2ca0a6fd877]::sys::backtrace::BacktraceLock>::print::DisplayBacktrace as core[a373ad73a504971]::fmt::Display>::fmt
[INFO] [stdout]    1:     0x5a31a8b8ebea - core[a373ad73a504971]::fmt::write
[INFO] [stdout]    2:     0x5a31a8b7d3bc - <alloc[2e1b2a31b91974c5]::vec::Vec<u8> as core[a373ad73a504971]::io::write::Write>::write_fmt
[INFO] [stdout]    3:     0x5a31a8b55166 - std[617be2ca0a6fd877]::panicking::default_hook::{closure#0}
[INFO] [stdout]    4:     0x5a31a8b716d9 - std[617be2ca0a6fd877]::panicking::default_hook
[INFO] [stdout]    5:     0x5a31a8a072c0 - test[aada8e7e76ba119b]::test_main_inner::{closure#0}
[INFO] [stdout]    6:     0x5a31a8b71892 - std[617be2ca0a6fd877]::panicking::panic_with_hook
[INFO] [stdout]    7:     0x5a31a8b55212 - std[617be2ca0a6fd877]::panicking::panic_handler::{closure#0}
[INFO] [stdout]    8:     0x5a31a8b4df29 - std[617be2ca0a6fd877]::sys::backtrace::__rust_end_short_backtrace::<std[617be2ca0a6fd877]::panicking::panic_handler::{closure#0}, !>
[INFO] [stdout]    9:     0x5a31a8b55e1d - __rustc[ea4f61d10b84890b]::rust_begin_unwind
[INFO] [stdout]   10:     0x5a31a8b8f31c - core[a373ad73a504971]::panicking::panic_fmt
[INFO] [stdout]   11:     0x5a31a8b8f0f2 - core[a373ad73a504971]::result::unwrap_failed
[INFO] [stdout]   12:     0x5a31a89f3dd5 - <integration[f86b6df72318fa92]::indexed_read_slow5_not_found::{closure#0} as core[a373ad73a504971]::ops::function::FnOnce<()>>::call_once
[INFO] [stdout]   13:     0x5a31a89fa70b - test[aada8e7e76ba119b]::__rust_begin_short_backtrace::<core[a373ad73a504971]::result::Result<(), alloc[2e1b2a31b91974c5]::string::String>, fn() -> core[a373ad73a504971]::result::Result<(), alloc[2e1b2a31b91974c5]::string::String>>
[INFO] [stdout]   14:     0x5a31a8a078e5 - test[aada8e7e76ba119b]::run_test::{closure#0}
[INFO] [stdout]   15:     0x5a31a8a011d4 - std[617be2ca0a6fd877]::sys::backtrace::__rust_begin_short_backtrace::<test[aada8e7e76ba119b]::run_test::{closure#1}, ()>
[INFO] [stdout]   16:     0x5a31a8a0a972 - <std[617be2ca0a6fd877]::thread::lifecycle::spawn_unchecked<test[aada8e7e76ba119b]::run_test::{closure#1}, ()>::{closure#1} as core[a373ad73a504971]::ops::function::FnOnce<()>>::call_once::{shim:vtable#0}
[INFO] [stdout]   17:     0x5a31a8b7889f - <std[617be2ca0a6fd877]::sys::thread::unix::Thread>::new::thread_start
[INFO] [stdout]   18:     0x7fa005eefdfa - <unknown>
[INFO] [stdout]   19:     0x7fa005f833d4 - clone
[INFO] [stdout]   20:                0x0 - <unknown>
[INFO] [stdout] 
[INFO] [stdout] ---- roundtrip_zstd_exzd_full_read stdout ----
[INFO] [stdout] 
[INFO] [stdout] thread 'roundtrip_zstd_exzd_full_read' (1172) panicked at tests/integration.rs:353:48:
[INFO] [stdout] open five_reads.blow5 for source: Io(Os { code: 2, kind: NotFound, message: "No such file or directory" })
[INFO] [stdout] stack backtrace:
[INFO] [stdout]    0:     0x5a31a8b790b1 - <<std[617be2ca0a6fd877]::sys::backtrace::BacktraceLock>::print::DisplayBacktrace as core[a373ad73a504971]::fmt::Display>::fmt
[INFO] [stdout]    1:     0x5a31a8b8ebea - core[a373ad73a504971]::fmt::write
[INFO] [stdout]    2:     0x5a31a8b7d3bc - <alloc[2e1b2a31b91974c5]::vec::Vec<u8> as core[a373ad73a504971]::io::write::Write>::write_fmt
[INFO] [stdout]    3:     0x5a31a8b55166 - std[617be2ca0a6fd877]::panicking::default_hook::{closure#0}
[INFO] [stdout]    4:     0x5a31a8b716d9 - std[617be2ca0a6fd877]::panicking::default_hook
[INFO] [stdout]    5:     0x5a31a8a072c0 - test[aada8e7e76ba119b]::test_main_inner::{closure#0}
[INFO] [stdout]    6:     0x5a31a8b71892 - std[617be2ca0a6fd877]::panicking::panic_with_hook
[INFO] [stdout]    7:     0x5a31a8b55212 - std[617be2ca0a6fd877]::panicking::panic_handler::{closure#0}
[INFO] [stdout]    8:     0x5a31a8b4df29 - std[617be2ca0a6fd877]::sys::backtrace::__rust_end_short_backtrace::<std[617be2ca0a6fd877]::panicking::panic_handler::{closure#0}, !>
[INFO] [stdout]    9:     0x5a31a8b55e1d - __rustc[ea4f61d10b84890b]::rust_begin_unwind
[INFO] [stdout]   10:     0x5a31a8b8f31c - core[a373ad73a504971]::panicking::panic_fmt
[INFO] [stdout]   11:     0x5a31a8b8f0f2 - core[a373ad73a504971]::result::unwrap_failed
[INFO] [stdout]   12:     0x5a31a89f45ab - <integration[f86b6df72318fa92]::roundtrip_zstd_exzd_full_read::{closure#0} as core[a373ad73a504971]::ops::function::FnOnce<()>>::call_once
[INFO] [stdout]   13:     0x5a31a89fa70b - test[aada8e7e76ba119b]::__rust_begin_short_backtrace::<core[a373ad73a504971]::result::Result<(), alloc[2e1b2a31b91974c5]::string::String>, fn() -> core[a373ad73a504971]::result::Result<(), alloc[2e1b2a31b91974c5]::string::String>>
[INFO] [stdout]   14:     0x5a31a8a078e5 - test[aada8e7e76ba119b]::run_test::{closure#0}
[INFO] [stdout]   15:     0x5a31a8a011d4 - std[617be2ca0a6fd877]::sys::backtrace::__rust_begin_short_backtrace::<test[aada8e7e76ba119b]::run_test::{closure#1}, ()>
[INFO] [stdout]   16:     0x5a31a8a0a972 - <std[617be2ca0a6fd877]::thread::lifecycle::spawn_unchecked<test[aada8e7e76ba119b]::run_test::{closure#1}, ()>::{closure#1} as core[a373ad73a504971]::ops::function::FnOnce<()>>::call_once::{shim:vtable#0}
[INFO] [stdout]   17:     0x5a31a8b7889f - <std[617be2ca0a6fd877]::sys::thread::unix::Thread>::new::thread_start
[INFO] [stdout]   18:     0x7fa005eefdfa - <unknown>
[INFO] [stdout]   19:     0x7fa005f833d4 - clone
[INFO] [stdout]   20:                0x0 - <unknown>
[INFO] [stdout] 
[INFO] [stdout] ---- roundtrip_slow5_text_full_read stdout ----
[INFO] [stdout] 
[INFO] [stdout] thread 'roundtrip_slow5_text_full_read' (1168) panicked at tests/integration.rs:420:49:
[INFO] [stdout] open five_reads.slow5 for source: Io(Os { code: 2, kind: NotFound, message: "No such file or directory" })
[INFO] [stdout] stack backtrace:
[INFO] [stdout]    0:     0x5a31a8b790b1 - <<std[617be2ca0a6fd877]::sys::backtrace::BacktraceLock>::print::DisplayBacktrace as core[a373ad73a504971]::fmt::Display>::fmt
[INFO] [stdout]    1:     0x5a31a8b8ebea - core[a373ad73a504971]::fmt::write
[INFO] [stdout]    2:     0x5a31a8b7d3bc - <alloc[2e1b2a31b91974c5]::vec::Vec<u8> as core[a373ad73a504971]::io::write::Write>::write_fmt
[INFO] [stdout]    3:     0x5a31a8b55166 - std[617be2ca0a6fd877]::panicking::default_hook::{closure#0}
[INFO] [stdout]    4:     0x5a31a8b716d9 - std[617be2ca0a6fd877]::panicking::default_hook
[INFO] [stdout]    5:     0x5a31a8a072c0 - test[aada8e7e76ba119b]::test_main_inner::{closure#0}
[INFO] [stdout]    6:     0x5a31a8b71892 - std[617be2ca0a6fd877]::panicking::panic_with_hook
[INFO] [stdout]    7:     0x5a31a8b55212 - std[617be2ca0a6fd877]::panicking::panic_handler::{closure#0}
[INFO] [stdout]    8:     0x5a31a8b4df29 - std[617be2ca0a6fd877]::sys::backtrace::__rust_end_short_backtrace::<std[617be2ca0a6fd877]::panicking::panic_handler::{closure#0}, !>
[INFO] [stdout]    9:     0x5a31a8b55e1d - __rustc[ea4f61d10b84890b]::rust_begin_unwind
[INFO] [stdout]   10:     0x5a31a8b8f31c - core[a373ad73a504971]::panicking::panic_fmt
[INFO] [stdout]   11:     0x5a31a8b8f0f2 - core[a373ad73a504971]::result::unwrap_failed
[INFO] [stdout]   12:     0x5a31a89f50cb - <integration[f86b6df72318fa92]::roundtrip_slow5_text_full_read::{closure#0} as core[a373ad73a504971]::ops::function::FnOnce<()>>::call_once
[INFO] [stdout]   13:     0x5a31a89fa70b - test[aada8e7e76ba119b]::__rust_begin_short_backtrace::<core[a373ad73a504971]::result::Result<(), alloc[2e1b2a31b91974c5]::string::String>, fn() -> core[a373ad73a504971]::result::Result<(), alloc[2e1b2a31b91974c5]::string::String>>
[INFO] [stdout]   14:     0x5a31a8a078e5 - test[aada8e7e76ba119b]::run_test::{closure#0}
[INFO] [stdout]   15:     0x5a31a8a011d4 - std[617be2ca0a6fd877]::sys::backtrace::__rust_begin_short_backtrace::<test[aada8e7e76ba119b]::run_test::{closure#1}, ()>
[INFO] [stdout]   16:     0x5a31a8a0a972 - <std[617be2ca0a6fd877]::thread::lifecycle::spawn_unchecked<test[aada8e7e76ba119b]::run_test::{closure#1}, ()>::{closure#1} as core[a373ad73a504971]::ops::function::FnOnce<()>>::call_once::{shim:vtable#0}
[INFO] [stdout]   17:     0x5a31a8b7889f - <std[617be2ca0a6fd877]::sys::thread::unix::Thread>::new::thread_start
[INFO] [stdout]   18:     0x7fa005eefdfa - <unknown>
[INFO] [stdout]   19:     0x7fa005f833d4 - clone
[INFO] [stdout]   20:                0x0 - <unknown>
[INFO] [stdout] 
[INFO] [stdout] ---- indexed_read_zstd_svbzd_id_count stdout ----
[INFO] [stdout] 
[INFO] [stdout] thread 'indexed_read_zstd_svbzd_id_count' (1162) panicked at tests/integration.rs:125:60:
[INFO] [stdout] open indexed: Io(Os { code: 2, kind: NotFound, message: "No such file or directory" })
[INFO] [stdout] stack backtrace:
[INFO] [stdout]    0:     0x5a31a8b790b1 - <<std[617be2ca0a6fd877]::sys::backtrace::BacktraceLock>::print::DisplayBacktrace as core[a373ad73a504971]::fmt::Display>::fmt
[INFO] [stdout]    1:     0x5a31a8b8ebea - core[a373ad73a504971]::fmt::write
[INFO] [stdout]    2:     0x5a31a8b7d3bc - <alloc[2e1b2a31b91974c5]::vec::Vec<u8> as core[a373ad73a504971]::io::write::Write>::write_fmt
[INFO] [stdout]    3:     0x5a31a8b55166 - std[617be2ca0a6fd877]::panicking::default_hook::{closure#0}
[INFO] [stdout]    4:     0x5a31a8b716d9 - std[617be2ca0a6fd877]::panicking::default_hook
[INFO] [stdout]    5:     0x5a31a8a072c0 - test[aada8e7e76ba119b]::test_main_inner::{closure#0}
[INFO] [stdout]    6:     0x5a31a8b71892 - std[617be2ca0a6fd877]::panicking::panic_with_hook
[INFO] [stdout]    7:     0x5a31a8b55212 - std[617be2ca0a6fd877]::panicking::panic_handler::{closure#0}
[INFO] [stdout]    8:     0x5a31a8b4df29 - std[617be2ca0a6fd877]::sys::backtrace::__rust_end_short_backtrace::<std[617be2ca0a6fd877]::panicking::panic_handler::{closure#0}, !>
[INFO] [stdout]    9:     0x5a31a8b55e1d - __rustc[ea4f61d10b84890b]::rust_begin_unwind
[INFO] [stdout]   10:     0x5a31a8b8f31c - core[a373ad73a504971]::panicking::panic_fmt
[INFO] [stdout]   11:     0x5a31a8b8f0f2 - core[a373ad73a504971]::result::unwrap_failed
[INFO] [stdout]   12:     0x5a31a89f60b4 - <integration[f86b6df72318fa92]::indexed_read_zstd_svbzd_id_count::{closure#0} as core[a373ad73a504971]::ops::function::FnOnce<()>>::call_once
[INFO] [stdout]   13:     0x5a31a89fa70b - test[aada8e7e76ba119b]::__rust_begin_short_backtrace::<core[a373ad73a504971]::result::Result<(), alloc[2e1b2a31b91974c5]::string::String>, fn() -> core[a373ad73a504971]::result::Result<(), alloc[2e1b2a31b91974c5]::string::String>>
[INFO] [stdout]   14:     0x5a31a8a078e5 - test[aada8e7e76ba119b]::run_test::{closure#0}
[INFO] [stdout]   15:     0x5a31a8a011d4 - std[617be2ca0a6fd877]::sys::backtrace::__rust_begin_short_backtrace::<test[aada8e7e76ba119b]::run_test::{closure#1}, ()>
[INFO] [stdout]   16:     0x5a31a8a0a972 - <std[617be2ca0a6fd877]::thread::lifecycle::spawn_unchecked<test[aada8e7e76ba119b]::run_test::{closure#1}, ()>::{closure#1} as core[a373ad73a504971]::ops::function::FnOnce<()>>::call_once::{shim:vtable#0}
[INFO] [stdout]   17:     0x5a31a8b7889f - <std[617be2ca0a6fd877]::sys::thread::unix::Thread>::new::thread_start
[INFO] [stdout]   18:     0x7fa005eefdfa - <unknown>
[INFO] [stdout]   19:     0x7fa005f833d4 - clone
[INFO] [stdout]   20:                0x0 - <unknown>
[INFO] [stdout] 
[INFO] [stdout] ---- sequential_read_nocompress_count stdout ----
[INFO] [stdout] 
[INFO] [stdout] thread 'sequential_read_nocompress_count' (1175) panicked at tests/integration.rs:71:57:
[INFO] [stdout] open five_reads_nocompress.blow5: Io(Os { code: 2, kind: NotFound, message: "No such file or directory" })
[INFO] [stdout] stack backtrace:
[INFO] [stdout]    0:     0x5a31a8b790b1 - <<std[617be2ca0a6fd877]::sys::backtrace::BacktraceLock>::print::DisplayBacktrace as core[a373ad73a504971]::fmt::Display>::fmt
[INFO] [stdout]    1:     0x5a31a8b8ebea - core[a373ad73a504971]::fmt::write
[INFO] [stdout]    2:     0x5a31a8b7d3bc - <alloc[2e1b2a31b91974c5]::vec::Vec<u8> as core[a373ad73a504971]::io::write::Write>::write_fmt
[INFO] [stdout]    3:     0x5a31a8b55166 - std[617be2ca0a6fd877]::panicking::default_hook::{closure#0}
[INFO] [stdout]    4:     0x5a31a8b716d9 - std[617be2ca0a6fd877]::panicking::default_hook
[INFO] [stdout]    5:     0x5a31a8a072c0 - test[aada8e7e76ba119b]::test_main_inner::{closure#0}
[INFO] [stdout]    6:     0x5a31a8b71892 - std[617be2ca0a6fd877]::panicking::panic_with_hook
[INFO] [stdout]    7:     0x5a31a8b55212 - std[617be2ca0a6fd877]::panicking::panic_handler::{closure#0}
[INFO] [stdout]    8:     0x5a31a8b4df29 - std[617be2ca0a6fd877]::sys::backtrace::__rust_end_short_backtrace::<std[617be2ca0a6fd877]::panicking::panic_handler::{closure#0}, !>
[INFO] [stdout]    9:     0x5a31a8b55e1d - __rustc[ea4f61d10b84890b]::rust_begin_unwind
[INFO] [stdout]   10:     0x5a31a8b8f31c - core[a373ad73a504971]::panicking::panic_fmt
[INFO] [stdout]   11:     0x5a31a8b8f0f2 - core[a373ad73a504971]::result::unwrap_failed
[INFO] [stdout]   12:     0x5a31a89f6355 - <integration[f86b6df72318fa92]::sequential_read_nocompress_count::{closure#0} as core[a373ad73a504971]::ops::function::FnOnce<()>>::call_once
[INFO] [stdout]   13:     0x5a31a89fa70b - test[aada8e7e76ba119b]::__rust_begin_short_backtrace::<core[a373ad73a504971]::result::Result<(), alloc[2e1b2a31b91974c5]::string::String>, fn() -> core[a373ad73a504971]::result::Result<(), alloc[2e1b2a31b91974c5]::string::String>>
[INFO] [stdout]   14:     0x5a31a8a078e5 - test[aada8e7e76ba119b]::run_test::{closure#0}
[INFO] [stdout]   15:     0x5a31a8a011d4 - std[617be2ca0a6fd877]::sys::backtrace::__rust_begin_short_backtrace::<test[aada8e7e76ba119b]::run_test::{closure#1}, ()>
[INFO] [stdout]   16:     0x5a31a8a0a972 - <std[617be2ca0a6fd877]::thread::lifecycle::spawn_unchecked<test[aada8e7e76ba119b]::run_test::{closure#1}, ()>::{closure#1} as core[a373ad73a504971]::ops::function::FnOnce<()>>::call_once::{shim:vtable#0}
[INFO] [stdout]   17:     0x5a31a8b7889f - <std[617be2ca0a6fd877]::sys::thread::unix::Thread>::new::thread_start
[INFO] [stdout]   18:     0x7fa005eefdfa - <unknown>
[INFO] [stdout]   19:     0x7fa005f833d4 - clone
[INFO] [stdout]   20:                0x0 - <unknown>
[INFO] [stdout] 
[INFO] [stdout] ---- roundtrip_zstd_svbzd_full_read stdout ----
[INFO] [stdout] 
[INFO] [stdout] thread 'roundtrip_zstd_svbzd_full_read' (1174) panicked at tests/integration.rs:314:48:
[INFO] [stdout] open five_reads.blow5 for source: Io(Os { code: 2, kind: NotFound, message: "No such file or directory" })
[INFO] [stdout] stack backtrace:
[INFO] [stdout]    0:     0x5a31a8b790b1 - <<std[617be2ca0a6fd877]::sys::backtrace::BacktraceLock>::print::DisplayBacktrace as core[a373ad73a504971]::fmt::Display>::fmt
[INFO] [stdout]    1:     0x5a31a8b8ebea - core[a373ad73a504971]::fmt::write
[INFO] [stdout]    2:     0x5a31a8b7d3bc - <alloc[2e1b2a31b91974c5]::vec::Vec<u8> as core[a373ad73a504971]::io::write::Write>::write_fmt
[INFO] [stdout]    3:     0x5a31a8b55166 - std[617be2ca0a6fd877]::panicking::default_hook::{closure#0}
[INFO] [stdout]    4:     0x5a31a8b716d9 - std[617be2ca0a6fd877]::panicking::default_hook
[INFO] [stdout]    5:     0x5a31a8a072c0 - test[aada8e7e76ba119b]::test_main_inner::{closure#0}
[INFO] [stdout]    6:     0x5a31a8b71892 - std[617be2ca0a6fd877]::panicking::panic_with_hook
[INFO] [stdout]    7:     0x5a31a8b55212 - std[617be2ca0a6fd877]::panicking::panic_handler::{closure#0}
[INFO] [stdout]    8:     0x5a31a8b4df29 - std[617be2ca0a6fd877]::sys::backtrace::__rust_end_short_backtrace::<std[617be2ca0a6fd877]::panicking::panic_handler::{closure#0}, !>
[INFO] [stdout]    9:     0x5a31a8b55e1d - __rustc[ea4f61d10b84890b]::rust_begin_unwind
[INFO] [stdout]   10:     0x5a31a8b8f31c - core[a373ad73a504971]::panicking::panic_fmt
[INFO] [stdout]   11:     0x5a31a8b8f0f2 - core[a373ad73a504971]::result::unwrap_failed
[INFO] [stdout]   12:     0x5a31a89f5beb - <integration[f86b6df72318fa92]::roundtrip_zstd_svbzd_full_read::{closure#0} as core[a373ad73a504971]::ops::function::FnOnce<()>>::call_once
[INFO] [stdout]   13:     0x5a31a89fa70b - test[aada8e7e76ba119b]::__rust_begin_short_backtrace::<core[a373ad73a504971]::result::Result<(), alloc[2e1b2a31b91974c5]::string::String>, fn() -> core[a373ad73a504971]::result::Result<(), alloc[2e1b2a31b91974c5]::string::String>>
[INFO] [stdout]   14:     0x5a31a8a078e5 - test[aada8e7e76ba119b]::run_test::{closure#0}
[INFO] [stdout]   15:     0x5a31a8a011d4 - std[617be2ca0a6fd877]::sys::backtrace::__rust_begin_short_backtrace::<test[aada8e7e76ba119b]::run_test::{closure#1}, ()>
[INFO] [stdout]   16:     0x5a31a8a0a972 - <std[617be2ca0a6fd877]::thread::lifecycle::spawn_unchecked<test[aada8e7e76ba119b]::run_test::{closure#1}, ()>::{closure#1} as core[a373ad73a504971]::ops::function::FnOnce<()>>::call_once::{shim:vtable#0}
[INFO] [stdout]   17:     0x5a31a8b7889f - <std[617be2ca0a6fd877]::sys::thread::unix::Thread>::new::thread_start
[INFO] [stdout]   18:     0x7fa005eefdfa - <unknown>
[INFO] [stdout]   19:     0x7fa005f833d4 - clone
[INFO] [stdout]   20:                0x0 - <unknown>
[INFO] [stdout] 
[INFO] [stdout] ---- sequential_read_nocompress_first_record stdout ----
[INFO] [stdout] 
[INFO] [stdout] thread 'sequential_read_nocompress_first_record' (1176) panicked at tests/integration.rs:78:57:
[INFO] [stdout] open five_reads_nocompress.blow5: Io(Os { code: 2, kind: NotFound, message: "No such file or directory" })
[INFO] [stdout] stack backtrace:
[INFO] [stdout]    0:     0x5a31a8b790b1 - <<std[617be2ca0a6fd877]::sys::backtrace::BacktraceLock>::print::DisplayBacktrace as core[a373ad73a504971]::fmt::Display>::fmt
[INFO] [stdout]    1:     0x5a31a8b8ebea - core[a373ad73a504971]::fmt::write
[INFO] [stdout]    2:     0x5a31a8b7d3bc - <alloc[2e1b2a31b91974c5]::vec::Vec<u8> as core[a373ad73a504971]::io::write::Write>::write_fmt
[INFO] [stdout]    3:     0x5a31a8b55166 - std[617be2ca0a6fd877]::panicking::default_hook::{closure#0}
[INFO] [stdout]    4:     0x5a31a8b716d9 - std[617be2ca0a6fd877]::panicking::default_hook
[INFO] [stdout]    5:     0x5a31a8a072c0 - test[aada8e7e76ba119b]::test_main_inner::{closure#0}
[INFO] [stdout]    6:     0x5a31a8b71892 - std[617be2ca0a6fd877]::panicking::panic_with_hook
[INFO] [stdout]    7:     0x5a31a8b55212 - std[617be2ca0a6fd877]::panicking::panic_handler::{closure#0}
[INFO] [stdout]    8:     0x5a31a8b4df29 - std[617be2ca0a6fd877]::sys::backtrace::__rust_end_short_backtrace::<std[617be2ca0a6fd877]::panicking::panic_handler::{closure#0}, !>
[INFO] [stdout]    9:     0x5a31a8b55e1d - __rustc[ea4f61d10b84890b]::rust_begin_unwind
[INFO] [stdout]   10:     0x5a31a8b8f31c - core[a373ad73a504971]::panicking::panic_fmt
[INFO] [stdout]   11:     0x5a31a8b8f0f2 - core[a373ad73a504971]::result::unwrap_failed
[INFO] [stdout]   12:     0x5a31a89f6dc2 - <integration[f86b6df72318fa92]::sequential_read_nocompress_first_record::{closure#0} as core[a373ad73a504971]::ops::function::FnOnce<()>>::call_once
[INFO] [stdout]   13:     0x5a31a89fa70b - test[aada8e7e76ba119b]::__rust_begin_short_backtrace::<core[a373ad73a504971]::result::Result<(), alloc[2e1b2a31b91974c5]::string::String>, fn() -> core[a373ad73a504971]::result::Result<(), alloc[2e1b2a31b91974c5]::string::String>>
[INFO] [stdout]   14:     0x5a31a8a078e5 - test[aada8e7e76ba119b]::run_test::{closure#0}
[INFO] [stdout]   15:     0x5a31a8a011d4 - std[617be2ca0a6fd877]::sys::backtrace::__rust_begin_short_backtrace::<test[aada8e7e76ba119b]::run_test::{closure#1}, ()>
[INFO] [stdout]   16:     0x5a31a8a0a972 - <std[617be2ca0a6fd877]::thread::lifecycle::spawn_unchecked<test[aada8e7e76ba119b]::run_test::{closure#1}, ()>::{closure#1} as core[a373ad73a504971]::ops::function::FnOnce<()>>::call_once::{shim:vtable#0}
[INFO] [stdout]   17:     0x5a31a8b7889f - <std[617be2ca0a6fd877]::sys::thread::unix::Thread>::new::thread_start
[INFO] [stdout]   18:     0x7fa005eefdfa - <unknown>
[INFO] [stdout]   19:     0x7fa005f833d4 - clone
[INFO] [stdout]   20:                0x0 - <unknown>
[INFO] [stdout] 
[INFO] [stdout] ---- sequential_read_slow5_count stdout ----
[INFO] [stdout] 
[INFO] [stdout] thread 'sequential_read_slow5_count' (1177) panicked at tests/integration.rs:91:58:
[INFO] [stdout] open five_reads.slow5: Io(Os { code: 2, kind: NotFound, message: "No such file or directory" })
[INFO] [stdout] stack backtrace:
[INFO] [stdout]    0:     0x5a31a8b790b1 - <<std[617be2ca0a6fd877]::sys::backtrace::BacktraceLock>::print::DisplayBacktrace as core[a373ad73a504971]::fmt::Display>::fmt
[INFO] [stdout]    1:     0x5a31a8b8ebea - core[a373ad73a504971]::fmt::write
[INFO] [stdout]    2:     0x5a31a8b7d3bc - <alloc[2e1b2a31b91974c5]::vec::Vec<u8> as core[a373ad73a504971]::io::write::Write>::write_fmt
[INFO] [stdout]    3:     0x5a31a8b55166 - std[617be2ca0a6fd877]::panicking::default_hook::{closure#0}
[INFO] [stdout]    4:     0x5a31a8b716d9 - std[617be2ca0a6fd877]::panicking::default_hook
[INFO] [stdout]    5:     0x5a31a8a072c0 - test[aada8e7e76ba119b]::test_main_inner::{closure#0}
[INFO] [stdout]    6:     0x5a31a8b71892 - std[617be2ca0a6fd877]::panicking::panic_with_hook
[INFO] [stdout]    7:     0x5a31a8b55212 - std[617be2ca0a6fd877]::panicking::panic_handler::{closure#0}
[INFO] [stdout]    8:     0x5a31a8b4df29 - std[617be2ca0a6fd877]::sys::backtrace::__rust_end_short_backtrace::<std[617be2ca0a6fd877]::panicking::panic_handler::{closure#0}, !>
[INFO] [stdout]    9:     0x5a31a8b55e1d - __rustc[ea4f61d10b84890b]::rust_begin_unwind
[INFO] [stdout]   10:     0x5a31a8b8f31c - core[a373ad73a504971]::panicking::panic_fmt
[INFO] [stdout]   11:     0x5a31a8b8f0f2 - core[a373ad73a504971]::result::unwrap_failed
[INFO] [stdout]   12:     0x5a31a89f3ca5 - <integration[f86b6df72318fa92]::sequential_read_slow5_count::{closure#0} as core[a373ad73a504971]::ops::function::FnOnce<()>>::call_once
[INFO] [stdout]   13:     0x5a31a89fa70b - test[aada8e7e76ba119b]::__rust_begin_short_backtrace::<core[a373ad73a504971]::result::Result<(), alloc[2e1b2a31b91974c5]::string::String>, fn() -> core[a373ad73a504971]::result::Result<(), alloc[2e1b2a31b91974c5]::string::String>>
[INFO] [stdout]   14:     0x5a31a8a078e5 - test[aada8e7e76ba119b]::run_test::{closure#0}
[INFO] [stdout]   15:     0x5a31a8a011d4 - std[617be2ca0a6fd877]::sys::backtrace::__rust_begin_short_backtrace::<test[aada8e7e76ba119b]::run_test::{closure#1}, ()>
[INFO] [stdout]   16:     0x5a31a8a0a972 - <std[617be2ca0a6fd877]::thread::lifecycle::spawn_unchecked<test[aada8e7e76ba119b]::run_test::{closure#1}, ()>::{closure#1} as core[a373ad73a504971]::ops::function::FnOnce<()>>::call_once::{shim:vtable#0}
[INFO] [stdout]   17:     0x5a31a8b7889f - <std[617be2ca0a6fd877]::sys::thread::unix::Thread>::new::thread_start
[INFO] [stdout]   18:     0x7fa005eefdfa - <unknown>
[INFO] [stdout]   19:     0x7fa005f833d4 - clone
[INFO] [stdout]   20:                0x0 - <unknown>
[INFO] [stdout] 
[INFO] [stdout] ---- sequential_read_slow5_first_record stdout ----
[INFO] [stdout] 
[INFO] [stdout] thread 'sequential_read_slow5_first_record' (1178) panicked at tests/integration.rs:98:58:
[INFO] [stdout] open five_reads.slow5: Io(Os { code: 2, kind: NotFound, message: "No such file or directory" })
[INFO] [stdout] stack backtrace:
[INFO] [stdout]    0:     0x5a31a8b790b1 - <<std[617be2ca0a6fd877]::sys::backtrace::BacktraceLock>::print::DisplayBacktrace as core[a373ad73a504971]::fmt::Display>::fmt
[INFO] [stdout]    1:     0x5a31a8b8ebea - core[a373ad73a504971]::fmt::write
[INFO] [stdout]    2:     0x5a31a8b7d3bc - <alloc[2e1b2a31b91974c5]::vec::Vec<u8> as core[a373ad73a504971]::io::write::Write>::write_fmt
[INFO] [stdout]    3:     0x5a31a8b55166 - std[617be2ca0a6fd877]::panicking::default_hook::{closure#0}
[INFO] [stdout]    4:     0x5a31a8b716d9 - std[617be2ca0a6fd877]::panicking::default_hook
[INFO] [stdout]    5:     0x5a31a8a072c0 - test[aada8e7e76ba119b]::test_main_inner::{closure#0}
[INFO] [stdout]    6:     0x5a31a8b71892 - std[617be2ca0a6fd877]::panicking::panic_with_hook
[INFO] [stdout]    7:     0x5a31a8b55212 - std[617be2ca0a6fd877]::panicking::panic_handler::{closure#0}
[INFO] [stdout]    8:     0x5a31a8b4df29 - std[617be2ca0a6fd877]::sys::backtrace::__rust_end_short_backtrace::<std[617be2ca0a6fd877]::panicking::panic_handler::{closure#0}, !>
[INFO] [stdout]    9:     0x5a31a8b55e1d - __rustc[ea4f61d10b84890b]::rust_begin_unwind
[INFO] [stdout]   10:     0x5a31a8b8f31c - core[a373ad73a504971]::panicking::panic_fmt
[INFO] [stdout]   11:     0x5a31a8b8f0f2 - core[a373ad73a504971]::result::unwrap_failed
[INFO] [stdout]   12:     0x5a31a89f6a42 - <integration[f86b6df72318fa92]::sequential_read_slow5_first_record::{closure#0} as core[a373ad73a504971]::ops::function::FnOnce<()>>::call_once
[INFO] [stdout]   13:     0x5a31a89fa70b - test[aada8e7e76ba119b]::__rust_begin_short_backtrace::<core[a373ad73a504971]::result::Result<(), alloc[2e1b2a31b91974c5]::string::String>, fn() -> core[a373ad73a504971]::result::Result<(), alloc[2e1b2a31b91974c5]::string::String>>
[INFO] [stdout]   14:     0x5a31a8a078e5 - test[aada8e7e76ba119b]::run_test::{closure#0}
[INFO] [stdout]   15:     0x5a31a8a011d4 - std[617be2ca0a6fd877]::sys::backtrace::__rust_begin_short_backtrace::<test[aada8e7e76ba119b]::run_test::{closure#1}, ()>
[INFO] [stdout]   16:     0x5a31a8a0a972 - <std[617be2ca0a6fd877]::thread::lifecycle::spawn_unchecked<test[aada8e7e76ba119b]::run_test::{closure#1}, ()>::{closure#1} as core[a373ad73a504971]::ops::function::FnOnce<()>>::call_once::{shim:vtable#0}
[INFO] [stdout]   17:     0x5a31a8b7889f - <std[617be2ca0a6fd877]::sys::thread::unix::Thread>::new::thread_start
[INFO] [stdout]   18:     0x7fa005eefdfa - <unknown>
[INFO] [stdout]   19:     0x7fa005f833d4 - clone
[INFO] [stdout]   20:                0x0 - <unknown>
[INFO] [stdout] 
[INFO] [stdout] ---- sequential_read_zstd_svbzd_count stdout ----
[INFO] [stdout] 
[INFO] [stdout] thread 'sequential_read_zstd_svbzd_count' (1179) panicked at tests/integration.rs:53:57:
[INFO] [stdout] open five_reads.blow5: Io(Os { code: 2, kind: NotFound, message: "No such file or directory" })
[INFO] [stdout] stack backtrace:
[INFO] [stdout]    0:     0x5a31a8b790b1 - <<std[617be2ca0a6fd877]::sys::backtrace::BacktraceLock>::print::DisplayBacktrace as core[a373ad73a504971]::fmt::Display>::fmt
[INFO] [stdout]    1:     0x5a31a8b8ebea - core[a373ad73a504971]::fmt::write
[INFO] [stdout]    2:     0x5a31a8b7d3bc - <alloc[2e1b2a31b91974c5]::vec::Vec<u8> as core[a373ad73a504971]::io::write::Write>::write_fmt
[INFO] [stdout]    3:     0x5a31a8b55166 - std[617be2ca0a6fd877]::panicking::default_hook::{closure#0}
[INFO] [stdout]    4:     0x5a31a8b716d9 - std[617be2ca0a6fd877]::panicking::default_hook
[INFO] [stdout]    5:     0x5a31a8a072c0 - test[aada8e7e76ba119b]::test_main_inner::{closure#0}
[INFO] [stdout]    6:     0x5a31a8b71892 - std[617be2ca0a6fd877]::panicking::panic_with_hook
[INFO] [stdout]    7:     0x5a31a8b55212 - std[617be2ca0a6fd877]::panicking::panic_handler::{closure#0}
[INFO] [stdout]    8:     0x5a31a8b4df29 - std[617be2ca0a6fd877]::sys::backtrace::__rust_end_short_backtrace::<std[617be2ca0a6fd877]::panicking::panic_handler::{closure#0}, !>
[INFO] [stdout]    9:     0x5a31a8b55e1d - __rustc[ea4f61d10b84890b]::rust_begin_unwind
[INFO] [stdout]   10:     0x5a31a8b8f31c - core[a373ad73a504971]::panicking::panic_fmt
[INFO] [stdout]   11:     0x5a31a8b8f0f2 - core[a373ad73a504971]::result::unwrap_failed
[INFO] [stdout]   12:     0x5a31a89f65f5 - <integration[f86b6df72318fa92]::sequential_read_zstd_svbzd_count::{closure#0} as core[a373ad73a504971]::ops::function::FnOnce<()>>::call_once
[INFO] [stdout]   13:     0x5a31a89fa70b - test[aada8e7e76ba119b]::__rust_begin_short_backtrace::<core[a373ad73a504971]::result::Result<(), alloc[2e1b2a31b91974c5]::string::String>, fn() -> core[a373ad73a504971]::result::Result<(), alloc[2e1b2a31b91974c5]::string::String>>
[INFO] [stdout]   14:     0x5a31a8a078e5 - test[aada8e7e76ba119b]::run_test::{closure#0}
[INFO] [stdout]   15:     0x5a31a8a011d4 - std[617be2ca0a6fd877]::sys::backtrace::__rust_begin_short_backtrace::<test[aada8e7e76ba119b]::run_test::{closure#1}, ()>
[INFO] [stdout]   16:     0x5a31a8a0a972 - <std[617be2ca0a6fd877]::thread::lifecycle::spawn_unchecked<test[aada8e7e76ba119b]::run_test::{closure#1}, ()>::{closure#1} as core[a373ad73a504971]::ops::function::FnOnce<()>>::call_once::{shim:vtable#0}
[INFO] [stdout]   17:     0x5a31a8b7889f - <std[617be2ca0a6fd877]::sys::thread::unix::Thread>::new::thread_start
[INFO] [stdout]   18:     0x7fa005eefdfa - <unknown>
[INFO] [stdout]   19:     0x7fa005f833d4 - clone
[INFO] [stdout]   20:                0x0 - <unknown>
[INFO] [stdout] 
[INFO] [stdout] ---- sequential_read_zstd_svbzd_first_record stdout ----
[INFO] [stdout] 
[INFO] [stdout] thread 'sequential_read_zstd_svbzd_first_record' (1180) panicked at tests/integration.rs:60:57:
[INFO] [stdout] open five_reads.blow5: Io(Os { code: 2, kind: NotFound, message: "No such file or directory" })
[INFO] [stdout] stack backtrace:
[INFO] [stdout]    0:     0x5a31a8b790b1 - <<std[617be2ca0a6fd877]::sys::backtrace::BacktraceLock>::print::DisplayBacktrace as core[a373ad73a504971]::fmt::Display>::fmt
[INFO] [stdout]    1:     0x5a31a8b8ebea - core[a373ad73a504971]::fmt::write
[INFO] [stdout]    2:     0x5a31a8b7d3bc - <alloc[2e1b2a31b91974c5]::vec::Vec<u8> as core[a373ad73a504971]::io::write::Write>::write_fmt
[INFO] [stdout]    3:     0x5a31a8b55166 - std[617be2ca0a6fd877]::panicking::default_hook::{closure#0}
[INFO] [stdout]    4:     0x5a31a8b716d9 - std[617be2ca0a6fd877]::panicking::default_hook
[INFO] [stdout]    5:     0x5a31a8a072c0 - test[aada8e7e76ba119b]::test_main_inner::{closure#0}
[INFO] [stdout]    6:     0x5a31a8b71892 - std[617be2ca0a6fd877]::panicking::panic_with_hook
[INFO] [stdout]    7:     0x5a31a8b55212 - std[617be2ca0a6fd877]::panicking::panic_handler::{closure#0}
[INFO] [stdout]    8:     0x5a31a8b4df29 - std[617be2ca0a6fd877]::sys::backtrace::__rust_end_short_backtrace::<std[617be2ca0a6fd877]::panicking::panic_handler::{closure#0}, !>
[INFO] [stdout]    9:     0x5a31a8b55e1d - __rustc[ea4f61d10b84890b]::rust_begin_unwind
[INFO] [stdout]   10:     0x5a31a8b8f31c - core[a373ad73a504971]::panicking::panic_fmt
[INFO] [stdout]   11:     0x5a31a8b8f0f2 - core[a373ad73a504971]::result::unwrap_failed
[INFO] [stdout]   12:     0x5a31a89f7142 - <integration[f86b6df72318fa92]::sequential_read_zstd_svbzd_first_record::{closure#0} as core[a373ad73a504971]::ops::function::FnOnce<()>>::call_once
[INFO] [stdout]   13:     0x5a31a89fa70b - test[aada8e7e76ba119b]::__rust_begin_short_backtrace::<core[a373ad73a504971]::result::Result<(), alloc[2e1b2a31b91974c5]::string::String>, fn() -> core[a373ad73a504971]::result::Result<(), alloc[2e1b2a31b91974c5]::string::String>>
[INFO] [stdout]   14:     0x5a31a8a078e5 - test[aada8e7e76ba119b]::run_test::{closure#0}
[INFO] [stdout]   15:     0x5a31a8a011d4 - std[617be2ca0a6fd877]::sys::backtrace::__rust_begin_short_backtrace::<test[aada8e7e76ba119b]::run_test::{closure#1}, ()>
[INFO] [stdout]   16:     0x5a31a8a0a972 - <std[617be2ca0a6fd877]::thread::lifecycle::spawn_unchecked<test[aada8e7e76ba119b]::run_test::{closure#1}, ()>::{closure#1} as core[a373ad73a504971]::ops::function::FnOnce<()>>::call_once::{shim:vtable#0}
[INFO] [stdout]   17:     0x5a31a8b7889f - <std[617be2ca0a6fd877]::sys::thread::unix::Thread>::new::thread_start
[INFO] [stdout]   18:     0x7fa005eefdfa - <unknown>
[INFO] [stdout]   19:     0x7fa005f833d4 - clone
[INFO] [stdout]   20:                0x0 - <unknown>
[INFO] [stdout] 
[INFO] [stdout] 
[INFO] [stdout] failures:
[INFO] [stdout]     aux_read_blow5_indexed
[INFO] [stdout]     aux_read_blow5_sequential
[INFO] [stdout]     aux_read_slow5_text
[INFO] [stdout]     indexed_read_slow5_aux
[INFO] [stdout]     indexed_read_slow5_get
[INFO] [stdout]     indexed_read_slow5_id_count
[INFO] [stdout]     indexed_read_slow5_not_found
[INFO] [stdout]     indexed_read_zstd_svbzd_get
[INFO] [stderr] error: test failed, to rerun pass `--test integration`
[INFO] [stdout]     indexed_read_zstd_svbzd_id_count
[INFO] [stdout]     indexed_read_zstd_svbzd_not_found
[INFO] [stdout]     roundtrip_slow5_text_full_read
[INFO] [stdout]     roundtrip_zstd_exzd_full_read
[INFO] [stdout]     roundtrip_zstd_svbzd_full_read
[INFO] [stdout]     sequential_read_nocompress_count
[INFO] [stdout]     sequential_read_nocompress_first_record
[INFO] [stdout]     sequential_read_slow5_count
[INFO] [stdout]     sequential_read_slow5_first_record
[INFO] [stdout]     sequential_read_zstd_svbzd_count
[INFO] [stdout]     sequential_read_zstd_svbzd_first_record
[INFO] [stdout] 
[INFO] [stdout] test result: FAILED. 11 passed; 19 failed; 0 ignored; 0 measured; 0 filtered out; finished in 0.02s
[INFO] [stdout] 
[INFO] running `Command { std: "docker" "inspect" "45f21484f9b106955c4f3d3140a2155047f50c518663b578d3c6da92d028e185", kill_on_drop: false }`
[INFO] running `Command { std: "docker" "rm" "-f" "45f21484f9b106955c4f3d3140a2155047f50c518663b578d3c6da92d028e185", kill_on_drop: false }`
[INFO] [stdout] 45f21484f9b106955c4f3d3140a2155047f50c518663b578d3c6da92d028e185
