[INFO] fetching crate slog 2.8.2...
[INFO] testing slog-2.8.2 against 1.99.0-beta.8+cargoflags=--release for beta-release-1.100-2
[INFO] extracting crate slog 2.8.2 into /workspace/builds/worker-4-tc1/source
[INFO] removed /workspace/builds/worker-4-tc1/source/.cargo/config.toml
[INFO] started tweaking crates.io crate slog 2.8.2
[INFO] removed 0 missing examples
[INFO] removed 0 missing tests
[INFO] finished tweaking crates.io crate slog 2.8.2
[INFO] tweaked toml for crates.io crate slog 2.8.2 written to /workspace/builds/worker-4-tc1/source/Cargo.toml
[INFO] validating manifest of crates.io crate slog 2.8.2 on toolchain 1.99.0-beta.8
[INFO] running `Command { std: CARGO_HOME="/workspace/cargo-home" RUSTUP_HOME="/workspace/rustup-home" "/workspace/cargo-home/bin/cargo" "+1.99.0-beta.8" "metadata" "--manifest-path" "Cargo.toml" "--no-deps", kill_on_drop: false }`
[INFO] crate crates.io crate slog 2.8.2 already has a lockfile, it will not be regenerated
[INFO] running `Command { std: CARGO_HOME="/workspace/cargo-home" RUSTUP_HOME="/workspace/rustup-home" "/workspace/cargo-home/bin/cargo" "+1.99.0-beta.8" "fetch" "--manifest-path" "Cargo.toml", kill_on_drop: false }`
[INFO] [stderr]  Downloading crates ...
[INFO] [stderr]   Downloaded proc-macro2 v1.0.83
[INFO] [stderr]   Downloaded serde_derive v1.0.220
[INFO] [stderr]   Downloaded anyhow v1.0.0
[INFO] [stderr]   Downloaded serde v1.0.220
[INFO] [stderr]   Downloaded parking_lot_core v0.9.0
[INFO] [stderr]   Downloaded unicode-ident v1.0.0
[INFO] [stderr]   Downloaded erased-serde v0.3.31
[INFO] [stderr]   Downloaded serde_core v1.0.220
[INFO] [stderr]   Downloaded syn v2.0.81
[INFO] [stderr]   Downloaded libc v0.2.95
[INFO] [stderr]   Downloaded windows_x86_64_msvc v0.29.0
[INFO] [stderr]   Downloaded windows_aarch64_msvc v0.29.0
[INFO] [stderr]   Downloaded windows_i686_msvc v0.29.0
[INFO] [stderr]   Downloaded windows_x86_64_gnu v0.29.0
[INFO] [stderr]   Downloaded windows_i686_gnu v0.29.0
[INFO] [stderr]   Downloaded windows-sys v0.29.0
[INFO] running `Command { std: "docker" "create" "-v" "/var/lib/crater-agent-workspace/builds/worker-4-tc1/source:/opt/rustwide/workdir:ro,Z" "-v" "/var/lib/crater-agent-workspace/builds/worker-4-tc1/target:/opt/rustwide/target:rw,Z" "-v" "/var/lib/crater-agent-workspace/cargo-home:/opt/rustwide/cargo-home:ro,Z" "-v" "/var/lib/crater-agent-workspace/rustup-home:/opt/rustwide/rustup-home:ro,Z" "-m" "1610612736" "--network" "none" "ghcr.io/rust-lang/crates-build-env/linux@sha256:77db811e55d90add9212f6832c23229e3de5f1c1f9905e8cb07319ea15df73ac" "sleep" "infinity", kill_on_drop: false }`
[INFO] [stdout] b9376d93c705e75a2e4fec9524f80ec8d9c8300a06279186c0b639f1b8856cc4
[INFO] running `Command { std: "docker" "start" "b9376d93c705e75a2e4fec9524f80ec8d9c8300a06279186c0b639f1b8856cc4", kill_on_drop: false }`
[INFO] running `Command { std: "docker" "inspect" "b9376d93c705e75a2e4fec9524f80ec8d9c8300a06279186c0b639f1b8856cc4", kill_on_drop: false }`
[INFO] running `Command { std: "docker" "exec" "-e" "SOURCE_DIR=/opt/rustwide/workdir" "-e" "CARGO_HOME=/opt/rustwide/cargo-home" "-e" "RUSTUP_HOME=/opt/rustwide/rustup-home" "-e" "CARGO_TARGET_DIR=/opt/rustwide/target" "-w" "/opt/rustwide/workdir" "--user" "0:0" "b9376d93c705e75a2e4fec9524f80ec8d9c8300a06279186c0b639f1b8856cc4" "/opt/rustwide/cargo-home/bin/cargo" "+1.99.0-beta.8" "metadata" "--no-deps" "--format-version=1", kill_on_drop: false }`
[INFO] running `Command { std: "docker" "inspect" "b9376d93c705e75a2e4fec9524f80ec8d9c8300a06279186c0b639f1b8856cc4", kill_on_drop: false }`
[INFO] running `Command { std: "docker" "exec" "-e" "SOURCE_DIR=/opt/rustwide/workdir" "-e" "CARGO_HOME=/opt/rustwide/cargo-home" "-e" "RUSTUP_HOME=/opt/rustwide/rustup-home" "-e" "CARGO_TARGET_DIR=/opt/rustwide/target" "-e" "CARGO_INCREMENTAL=0" "-e" "RUST_BACKTRACE=full" "-e" "RUSTFLAGS=--cap-lints=warn" "-e" "RUSTDOCFLAGS=--cap-lints=warn" "-w" "/opt/rustwide/workdir" "--user" "0:0" "b9376d93c705e75a2e4fec9524f80ec8d9c8300a06279186c0b639f1b8856cc4" "/opt/rustwide/cargo-home/bin/cargo" "+1.99.0-beta.8" "build" "--frozen" "--message-format=json" "--release", kill_on_drop: false }`
[INFO] [stderr]    Compiling rustversion v1.0.6
[INFO] [stderr]    Compiling serde_core v1.0.220
[INFO] [stderr]    Compiling serde v1.0.220
[INFO] [stderr]    Compiling slog v2.8.2 (/opt/rustwide/workdir)
[INFO] [stderr]    Compiling erased-serde v0.3.31
[INFO] [stderr]     Finished `release` profile [optimized] target(s) in 5.13s
[INFO] running `Command { std: "docker" "inspect" "b9376d93c705e75a2e4fec9524f80ec8d9c8300a06279186c0b639f1b8856cc4", kill_on_drop: false }`
[INFO] running `Command { std: "docker" "exec" "-e" "SOURCE_DIR=/opt/rustwide/workdir" "-e" "CARGO_HOME=/opt/rustwide/cargo-home" "-e" "RUSTUP_HOME=/opt/rustwide/rustup-home" "-e" "CARGO_TARGET_DIR=/opt/rustwide/target" "-e" "CARGO_INCREMENTAL=0" "-e" "RUST_BACKTRACE=full" "-e" "RUSTFLAGS=--cap-lints=warn" "-e" "RUSTDOCFLAGS=--cap-lints=warn" "-w" "/opt/rustwide/workdir" "--user" "0:0" "b9376d93c705e75a2e4fec9524f80ec8d9c8300a06279186c0b639f1b8856cc4" "/opt/rustwide/cargo-home/bin/cargo" "+1.99.0-beta.8" "test" "--frozen" "--no-run" "--message-format=json" "--release", kill_on_drop: false }`
[INFO] [stderr]    Compiling proc-macro2 v1.0.83
[INFO] [stderr]    Compiling unicode-ident v1.0.0
[INFO] [stderr]    Compiling quote v1.0.35
[INFO] [stderr]    Compiling syn v2.0.81
[INFO] [stderr]    Compiling serde_derive v1.0.220
[INFO] [stderr]    Compiling slog v2.8.2 (/opt/rustwide/workdir)
[INFO] [stderr]     Finished `release` profile [optimized] target(s) in 27.26s
[INFO] running `Command { std: "docker" "inspect" "b9376d93c705e75a2e4fec9524f80ec8d9c8300a06279186c0b639f1b8856cc4", kill_on_drop: false }`
[INFO] running `Command { std: "docker" "exec" "-e" "SOURCE_DIR=/opt/rustwide/workdir" "-e" "CARGO_HOME=/opt/rustwide/cargo-home" "-e" "RUSTUP_HOME=/opt/rustwide/rustup-home" "-e" "CARGO_TARGET_DIR=/opt/rustwide/target" "-e" "CARGO_INCREMENTAL=0" "-e" "RUST_BACKTRACE=full" "-e" "RUSTFLAGS=--cap-lints=warn" "-e" "RUSTDOCFLAGS=--cap-lints=warn" "-w" "/opt/rustwide/workdir" "--user" "0:0" "b9376d93c705e75a2e4fec9524f80ec8d9c8300a06279186c0b639f1b8856cc4" "/opt/rustwide/cargo-home/bin/cargo" "+1.99.0-beta.8" "test" "--frozen" "--release", kill_on_drop: false }`
[INFO] [stderr]     Finished `release` profile [optimized] target(s) in 0.05s
[INFO] [stderr]      Running unittests src/lib.rs (/opt/rustwide/target/release/deps/slog-16a655241899c3db)
[INFO] [stderr]      Running tests/issue364.rs (/opt/rustwide/target/release/deps/issue364-b7c14e7f5a58d7d0)
[INFO] [stderr]      Running tests/prelude_conflicts.rs (/opt/rustwide/target/release/deps/prelude_conflicts-b004a235324f3211)
[INFO] [stderr]    Doc-tests slog
[INFO] [stdout] 
[INFO] [stdout] running 36 tests
[INFO] [stdout] test tests::integer_128_types ... ok
[INFO] [stdout] test filter_level_to_string_and_from_str_are_compatible ... ok
[INFO] [stdout] test filter_level_from_str ... ok
[INFO] [stdout] test filter_level_sanity ... ok
[INFO] [stdout] test level_at_least ... ok
[INFO] [stdout] test filter_level_accepts_tests ... ok
[INFO] [stdout] test level_from_str ... ok
[INFO] [stdout] test level_to_string_and_from_str_are_compatible ... ok
[INFO] [stdout] test test_error_tag_wrapper ... ok
[INFO] [stdout] test tests::can_hash_keys ... ok
[INFO] [stdout] test tests::display_and_alternate_display ... ok
[INFO] [stdout] test tests::expressions ... ok
[INFO] [stdout] test tests::expressions_fmt ... ok
[INFO] [stdout] test tests::logger_by_ref ... ok
[INFO] [stdout] test tests::logger_to_erased ... ok
[INFO] [stdout] test tests::makers ... ok
[INFO] [stdout] test tests::no_imports::test_slog_o_macro_expansion ... ok
[INFO] [stdout] test tests::simple_logger_erased ... ok
[INFO] [stdout] test tests::std_only::error_fmt_no_source_last ... ok
[INFO] [stdout] test tests::std_only::error_fmt_single_source ... ok
[INFO] [stdout] test tests::std_only::error_arc_ref ... ok
[INFO] [stdout] test tests::std_only::error_box_ref ... ok
[INFO] [stdout] test tests::std_only::error_fmt_no_source ... ok
[INFO] [stdout] test tests::std_only::error_fmt_no_source_not_last ... ok
[INFO] [stdout] test tests::std_only::error_fmt_two_sources ... ok
[INFO] [stdout] test tests::std_only::error_ref_fmt_two_sources ... ok
[INFO] [stdout] test tests::std_only::ioerror_impls_value ... ok
[INFO] [stdout] test tests::std_only::logger_fmt_debug_sanity ... ok
[INFO] [stdout] test tests::std_only::error_ref_fmt_no_source_not_last ... ok
[INFO] [stdout] test tests::std_only::error_ref_fmt_single_source ... ok
[INFO] [stdout] test tests::no_imports::test_o_macro_expansion ... ok
[INFO] [stdout] test tests::std_only::multichain ... ok
[INFO] [stdout] test tests::std_only::error_ref ... ok
[INFO] [stdout] test tests::std_only::error_ref_fmt_no_source ... ok
[INFO] [stdout] test tests::std_only::error_ref_fmt_no_source_last ... ok
[INFO] [stdout] test tests::test_never_type_clone ... ok
[INFO] [stdout] 
[INFO] [stdout] test result: ok. 36 passed; 0 failed; 0 ignored; 0 measured; 0 filtered out; finished in 0.01s
[INFO] [stdout] 
[INFO] [stdout] 
[INFO] [stdout] running 1 test
[INFO] [stdout] test ok ... ok
[INFO] [stdout] 
[INFO] [stdout] test result: ok. 1 passed; 0 failed; 0 ignored; 0 measured; 0 filtered out; finished in 0.00s
[INFO] [stdout] 
[INFO] [stdout] 
[INFO] [stdout] running 2 tests
[INFO] [stdout] test conflicts_fn_value ... ok
[INFO] [stdout] test conflicts_serde ... ok
[INFO] [stdout] 
[INFO] [stdout] test result: ok. 2 passed; 0 failed; 0 ignored; 0 measured; 0 filtered out; finished in 0.00s
[INFO] [stdout] 
[INFO] [stdout] 
[INFO] [stdout] running 25 tests
[INFO] [stdout] test src/lib.rs - (line 115) ... ignored
[INFO] [stdout] test src/lib.rs - (line 129) ... ignored
[INFO] [stdout] test src/lib.rs - (line 157) ... ignored
[INFO] [stdout] test src/lib.rs - (line 260) ... ignored
[INFO] [stdout] test src/lib.rs - KV (line 3732) ... ignored
[INFO] [stdout] test src/lib.rs - KV (line 3738) ... ignored
[INFO] [stdout] test src/lib.rs - Logger<D>::root (line 992) ... FAILED
[INFO] [stdout] test src/lib.rs - (line 246) ... FAILED
[INFO] [stdout] test src/lib.rs - log (line 522) ... FAILED
[INFO] [stdout] test src/lib.rs - log (line 560) ... FAILED
[INFO] [stdout] test src/lib.rs - log (line 577) ... FAILED
[INFO] [stdout] test src/lib.rs - Serde (line 3042) ... FAILED
[INFO] [stdout] test src/lib.rs - log (line 647) ... FAILED
[INFO] [stdout] test src/lib.rs - Value (line 3108) ... FAILED
[INFO] [stdout] test src/lib.rs - Drain::map (line 1448) ... ok
[INFO] [stdout] test src/lib.rs - Logger<D>::new (line 1057) ... ok
[INFO] [stdout] test src/lib.rs - log (line 600) ... ok
[INFO] [stdout] test src/lib.rs - KV (line 3755) ... ok
[INFO] [stdout] test src/lib.rs - log (line 544) ... ok
[INFO] [stdout] test src/lib.rs - Drain::is_enabled (line 1393) ... ok
[INFO] [stdout] test src/lib.rs - log (line 533) ... ok
[INFO] [stdout] test src/lib.rs - PushFnValue (line 3486) ... ok
[INFO] [stdout] test src/prelude.rs - prelude (line 4) ... ok
[INFO] [stdout] test src/lib.rs - o (line 332) ... ok
[INFO] [stderr] error: doctest failed, to rerun pass `--doc`
[INFO] [stdout] test src/lib.rs - slog_log (line 721) ... ok
[INFO] [stdout] 
[INFO] [stdout] failures:
[INFO] [stdout] 
[INFO] [stdout] ---- src/lib.rs - Logger<D>::root (line 992) stdout ----
[INFO] [stdout] Couldn't compile the test.
[INFO] [stdout] ---- src/lib.rs - (line 246) stdout ----
[INFO] [stdout] Couldn't compile the test.
[INFO] [stdout] ---- src/lib.rs - log (line 522) stdout ----
[INFO] [stdout] Couldn't compile the test.
[INFO] [stdout] ---- src/lib.rs - log (line 560) stdout ----
[INFO] [stdout] Couldn't compile the test.
[INFO] [stdout] ---- src/lib.rs - log (line 577) stdout ----
[INFO] [stdout] Couldn't compile the test.
[INFO] [stdout] ---- src/lib.rs - Serde (line 3042) stdout ----
[INFO] [stdout] Couldn't compile the test.
[INFO] [stdout] ---- src/lib.rs - log (line 647) stdout ----
[INFO] [stdout] Couldn't compile the test.
[INFO] [stdout] ---- src/lib.rs - Value (line 3108) stdout ----
[INFO] [stdout] Couldn't compile the test.
[INFO] [stdout] 
[INFO] [stdout] failures:
[INFO] [stdout]     src/lib.rs - (line 246)
[INFO] [stdout]     src/lib.rs - Logger<D>::root (line 992)
[INFO] [stdout]     src/lib.rs - Serde (line 3042)
[INFO] [stdout]     src/lib.rs - Value (line 3108)
[INFO] [stdout]     src/lib.rs - log (line 522)
[INFO] [stdout]     src/lib.rs - log (line 560)
[INFO] [stdout]     src/lib.rs - log (line 577)
[INFO] [stdout]     src/lib.rs - log (line 647)
[INFO] [stdout] 
[INFO] [stdout] test result: FAILED. 11 passed; 8 failed; 6 ignored; 0 measured; 0 filtered out; finished in 17.35s
[INFO] [stdout] 
[INFO] running `Command { std: "docker" "inspect" "b9376d93c705e75a2e4fec9524f80ec8d9c8300a06279186c0b639f1b8856cc4", kill_on_drop: false }`
[INFO] running `Command { std: "docker" "rm" "-f" "b9376d93c705e75a2e4fec9524f80ec8d9c8300a06279186c0b639f1b8856cc4", kill_on_drop: false }`
[INFO] [stdout] b9376d93c705e75a2e4fec9524f80ec8d9c8300a06279186c0b639f1b8856cc4
