[INFO] fetching crate slipstream-feeds 0.13.2...
[INFO] testing slipstream-feeds-0.13.2 against 1.99.0-beta.8+cargoflags=--release for beta-release-1.100-2
[INFO] extracting crate slipstream-feeds 0.13.2 into /workspace/builds/worker-3-tc1/source
[INFO] started tweaking crates.io crate slipstream-feeds 0.13.2
[INFO] finished tweaking crates.io crate slipstream-feeds 0.13.2
[INFO] tweaked toml for crates.io crate slipstream-feeds 0.13.2 written to /workspace/builds/worker-3-tc1/source/Cargo.toml
[INFO] validating manifest of crates.io crate slipstream-feeds 0.13.2 on toolchain 1.99.0-beta.8
[INFO] running `Command { std: CARGO_HOME="/workspace/cargo-home" RUSTUP_HOME="/workspace/rustup-home" "/workspace/cargo-home/bin/cargo" "+1.99.0-beta.8" "metadata" "--manifest-path" "Cargo.toml" "--no-deps", kill_on_drop: false }`
[INFO] crate crates.io crate slipstream-feeds 0.13.2 already has a lockfile, it will not be regenerated
[INFO] running `Command { std: CARGO_HOME="/workspace/cargo-home" RUSTUP_HOME="/workspace/rustup-home" "/workspace/cargo-home/bin/cargo" "+1.99.0-beta.8" "fetch" "--manifest-path" "Cargo.toml", kill_on_drop: false }`
[INFO] [stderr]     Updating crates.io index
[INFO] [stderr]  Downloading crates ...
[INFO] [stderr]   Downloaded atom_syndication v0.12.8
[INFO] [stderr]   Downloaded rss v2.0.13
[INFO] [stderr]   Downloaded markup5ever v0.38.0
[INFO] [stderr]   Downloaded markup5ever_rcdom v0.38.0+unofficial
[INFO] [stderr]   Downloaded web_atoms v0.2.4
[INFO] [stderr]   Downloaded xml5ever v0.38.0
[INFO] [stderr]   Downloaded htmd v0.5.4
[INFO] [stderr]   Downloaded tendril v0.5.0
[INFO] [stderr]   Downloaded html5ever v0.38.0
[INFO] running `Command { std: "docker" "create" "-v" "/var/lib/crater-agent-workspace/builds/worker-3-tc1/source:/opt/rustwide/workdir:ro,Z" "-v" "/var/lib/crater-agent-workspace/builds/worker-3-tc1/target:/opt/rustwide/target:rw,Z" "-v" "/var/lib/crater-agent-workspace/cargo-home:/opt/rustwide/cargo-home:ro,Z" "-v" "/var/lib/crater-agent-workspace/rustup-home:/opt/rustwide/rustup-home:ro,Z" "-m" "1610612736" "--network" "none" "ghcr.io/rust-lang/crates-build-env/linux@sha256:77db811e55d90add9212f6832c23229e3de5f1c1f9905e8cb07319ea15df73ac" "sleep" "infinity", kill_on_drop: false }`
[INFO] [stdout] 75769f0ee3cb333658c72db905575a903644d07240e45036be6adb27eeae318e
[INFO] running `Command { std: "docker" "start" "75769f0ee3cb333658c72db905575a903644d07240e45036be6adb27eeae318e", kill_on_drop: false }`
[INFO] running `Command { std: "docker" "inspect" "75769f0ee3cb333658c72db905575a903644d07240e45036be6adb27eeae318e", kill_on_drop: false }`
[INFO] running `Command { std: "docker" "exec" "-e" "SOURCE_DIR=/opt/rustwide/workdir" "-e" "CARGO_HOME=/opt/rustwide/cargo-home" "-e" "RUSTUP_HOME=/opt/rustwide/rustup-home" "-e" "CARGO_TARGET_DIR=/opt/rustwide/target" "-w" "/opt/rustwide/workdir" "--user" "0:0" "75769f0ee3cb333658c72db905575a903644d07240e45036be6adb27eeae318e" "/opt/rustwide/cargo-home/bin/cargo" "+1.99.0-beta.8" "metadata" "--no-deps" "--format-version=1", kill_on_drop: false }`
[INFO] running `Command { std: "docker" "inspect" "75769f0ee3cb333658c72db905575a903644d07240e45036be6adb27eeae318e", kill_on_drop: false }`
[INFO] running `Command { std: "docker" "exec" "-e" "SOURCE_DIR=/opt/rustwide/workdir" "-e" "CARGO_HOME=/opt/rustwide/cargo-home" "-e" "RUSTUP_HOME=/opt/rustwide/rustup-home" "-e" "CARGO_TARGET_DIR=/opt/rustwide/target" "-e" "CARGO_INCREMENTAL=0" "-e" "RUST_BACKTRACE=full" "-e" "RUSTFLAGS=--cap-lints=warn" "-e" "RUSTDOCFLAGS=--cap-lints=warn" "-w" "/opt/rustwide/workdir" "--user" "0:0" "75769f0ee3cb333658c72db905575a903644d07240e45036be6adb27eeae318e" "/opt/rustwide/cargo-home/bin/cargo" "+1.99.0-beta.8" "build" "--frozen" "--message-format=json" "--release", kill_on_drop: false }`
[INFO] [stderr]    Compiling phf_shared v0.13.1
[INFO] [stderr]    Compiling futures-sink v0.3.32
[INFO] [stderr]    Compiling serde v1.0.228
[INFO] [stderr]    Compiling errno v0.3.14
[INFO] [stderr]    Compiling mio v1.2.1
[INFO] [stderr]    Compiling socket2 v0.6.4
[INFO] [stderr]    Compiling fnv v1.0.7
[INFO] [stderr]    Compiling cc v1.2.63
[INFO] [stderr]    Compiling parking_lot_core v0.9.12
[INFO] [stderr]    Compiling http v1.4.1
[INFO] [stderr]    Compiling rustls-pki-types v1.14.1
[INFO] [stderr]    Compiling icu_normalizer v2.2.0
[INFO] [stderr]    Compiling tendril v0.5.0
[INFO] [stderr]    Compiling icu_properties v2.2.0
[INFO] [stderr]    Compiling quick-xml v0.39.4
[INFO] [stderr]    Compiling signal-hook-registry v1.4.8
[INFO] [stderr]    Compiling futures-channel v0.3.32
[INFO] [stderr]    Compiling darling_core v0.20.11
[INFO] [stderr]    Compiling phf_generator v0.13.1
[INFO] [stderr]    Compiling phf_codegen v0.13.1
[INFO] [stderr]    Compiling string_cache_codegen v0.6.1
[INFO] [stderr]    Compiling futures-util v0.3.32
[INFO] [stderr]    Compiling phf_macros v0.13.1
[INFO] [stderr]    Compiling parking_lot v0.12.5
[INFO] [stderr]    Compiling serde_json v1.0.150
[INFO] [stderr]    Compiling rustls-native-certs v0.8.4
[INFO] [stderr]    Compiling tokio v1.52.3
[INFO] [stderr]    Compiling web_atoms v0.2.4
[INFO] [stderr]    Compiling http-body v1.0.1
[INFO] [stderr]    Compiling string_cache v0.9.0
[INFO] [stderr]    Compiling phf v0.13.1
[INFO] [stderr]    Compiling chrono v0.4.45
[INFO] [stderr]    Compiling idna_adapter v1.2.2
[INFO] [stderr]    Compiling http-body-util v0.1.3
[INFO] [stderr]    Compiling downcast-rs v2.0.2
[INFO] [stderr]    Compiling idna v1.1.0
[INFO] [stderr]    Compiling cmake v0.1.58
[INFO] [stderr]    Compiling url v2.5.8
[INFO] [stderr]    Compiling aws-lc-sys v0.41.0
[INFO] [stderr]    Compiling darling_macro v0.20.11
[INFO] [stderr]    Compiling futures-executor v0.3.32
[INFO] [stderr]    Compiling markup5ever v0.38.0
[INFO] [stderr]    Compiling diligent-date-parser v0.1.5
[INFO] [stderr]    Compiling futures v0.3.32
[INFO] [stderr]    Compiling darling v0.20.11
[INFO] [stderr]    Compiling derive_builder_core v0.20.2
[INFO] [stderr]    Compiling html5ever v0.38.0
[INFO] [stderr]    Compiling xml5ever v0.38.0
[INFO] [stderr]    Compiling derive_builder_macro v0.20.2
[INFO] [stderr]    Compiling derive_builder v0.20.2
[INFO] [stderr]    Compiling atom_syndication v0.12.8
[INFO] [stderr]    Compiling markup5ever_rcdom v0.38.0+unofficial
[INFO] [stderr]    Compiling rss v2.0.13
[INFO] [stderr]    Compiling htmd v0.5.4
[INFO] [stderr]    Compiling hyper v1.10.1
[INFO] [stderr]    Compiling tower v0.5.3
[INFO] [stderr]    Compiling tokio-stream v0.1.18
[INFO] [stderr]    Compiling tower-http v0.6.11
[INFO] [stderr]    Compiling hyper-util v0.1.20
[INFO] [stderr]    Compiling aws-lc-rs v1.17.0
[INFO] [stderr]    Compiling rustls v0.23.40
[INFO] [stderr]    Compiling rustls-webpki v0.103.13
[INFO] [stderr]    Compiling tokio-rustls v0.26.4
[INFO] [stderr]    Compiling rustls-platform-verifier v0.7.0
[INFO] [stderr]    Compiling hyper-rustls v0.27.9
[INFO] [stderr]    Compiling reqwest v0.13.4
[INFO] [stderr]    Compiling slipstream-feeds v0.13.2 (/opt/rustwide/workdir)
[INFO] [stderr]     Finished `release` profile [optimized] target(s) in 1m 51s
[INFO] running `Command { std: "docker" "inspect" "75769f0ee3cb333658c72db905575a903644d07240e45036be6adb27eeae318e", kill_on_drop: false }`
[INFO] running `Command { std: "docker" "exec" "-e" "SOURCE_DIR=/opt/rustwide/workdir" "-e" "CARGO_HOME=/opt/rustwide/cargo-home" "-e" "RUSTUP_HOME=/opt/rustwide/rustup-home" "-e" "CARGO_TARGET_DIR=/opt/rustwide/target" "-e" "CARGO_INCREMENTAL=0" "-e" "RUST_BACKTRACE=full" "-e" "RUSTFLAGS=--cap-lints=warn" "-e" "RUSTDOCFLAGS=--cap-lints=warn" "-w" "/opt/rustwide/workdir" "--user" "0:0" "75769f0ee3cb333658c72db905575a903644d07240e45036be6adb27eeae318e" "/opt/rustwide/cargo-home/bin/cargo" "+1.99.0-beta.8" "test" "--frozen" "--no-run" "--message-format=json" "--release", kill_on_drop: false }`
[INFO] [stderr]    Compiling log v0.4.32
[INFO] [stderr]    Compiling tracing v0.1.44
[INFO] [stderr]    Compiling thread_local v1.1.9
[INFO] [stderr]    Compiling markup5ever v0.38.0
[INFO] [stderr]    Compiling rustls-platform-verifier v0.7.0
[INFO] [stderr]    Compiling tracing-log v0.2.0
[INFO] [stderr]    Compiling hyper-util v0.1.20
[INFO] [stderr]    Compiling tracing-subscriber v0.3.23
[INFO] [stderr]    Compiling xml5ever v0.38.0
[INFO] [stderr]    Compiling html5ever v0.38.0
[INFO] [stderr]    Compiling markup5ever_rcdom v0.38.0+unofficial
[INFO] [stderr]    Compiling hyper-rustls v0.27.9
[INFO] [stderr]    Compiling htmd v0.5.4
[INFO] [stderr]    Compiling reqwest v0.13.4
[INFO] [stderr]    Compiling slipstream-feeds v0.13.2 (/opt/rustwide/workdir)
[INFO] [stderr]     Finished `release` profile [optimized] target(s) in 28.99s
[INFO] running `Command { std: "docker" "inspect" "75769f0ee3cb333658c72db905575a903644d07240e45036be6adb27eeae318e", kill_on_drop: false }`
[INFO] running `Command { std: "docker" "exec" "-e" "SOURCE_DIR=/opt/rustwide/workdir" "-e" "CARGO_HOME=/opt/rustwide/cargo-home" "-e" "RUSTUP_HOME=/opt/rustwide/rustup-home" "-e" "CARGO_TARGET_DIR=/opt/rustwide/target" "-e" "CARGO_INCREMENTAL=0" "-e" "RUST_BACKTRACE=full" "-e" "RUSTFLAGS=--cap-lints=warn" "-e" "RUSTDOCFLAGS=--cap-lints=warn" "-w" "/opt/rustwide/workdir" "--user" "0:0" "75769f0ee3cb333658c72db905575a903644d07240e45036be6adb27eeae318e" "/opt/rustwide/cargo-home/bin/cargo" "+1.99.0-beta.8" "test" "--frozen" "--release", kill_on_drop: false }`
[INFO] [stderr]     Finished `release` profile [optimized] target(s) in 0.20s
[INFO] [stderr]      Running unittests src/lib.rs (/opt/rustwide/target/release/deps/slipstream_feeds-7e420e74e9b7e199)
[INFO] [stdout] 
[INFO] [stdout] running 3 tests
[INFO] [stdout] test datetime::if_modified_since ... ok
[INFO] [stdout] [2m2026-10-18T17:12:34.430253Z[0m [32m INFO[0m [2mslipstream_feeds::updater[0m[2m:[0m Workers: 8
[INFO] [stdout] [2m2026-10-18T17:12:34.430271Z[0m [32m INFO[0m [2mslipstream_feeds::updater[0m[2m:[0m Updating all feeds.
[INFO] [stdout] [2m2026-10-18T17:12:34.430279Z[0m [32m INFO[0m [2mslipstream_feeds::updater[0m[2m:[0m Gathering entries: step=1
[INFO] [stdout] [2m2026-10-18T17:12:34.431345Z[0m [32m INFO[0m [2mslipstream_feeds::updater[0m[2m:[0m Workers: 8
[INFO] [stdout] [2m2026-10-18T17:12:34.431369Z[0m [32m INFO[0m [2mslipstream_feeds::updater[0m[2m:[0m Updating all feeds.
[INFO] [stdout] [2m2026-10-18T17:12:34.431377Z[0m [32m INFO[0m [2mslipstream_feeds::updater[0m[2m:[0m Gathering entries: step=1
[INFO] [stdout] [2m2026-10-18T17:12:34.436047Z[0m [33m WARN[0m [2mslipstream_feeds::feed::types::standard_syndication[0m[2m:[0m Unable to read file `../../test/feeds/100rabbits.rss`: No such file or directory (os error 2)
[INFO] [stdout] [2m2026-10-18T17:12:34.436084Z[0m [32m INFO[0m [2mslipstream_feeds::updater[0m[2m:[0m 0 (total) entries gathered
[INFO] [stdout] [2m2026-10-18T17:12:34.436090Z[0m [32m INFO[0m [2mslipstream_feeds::updater[0m[2m:[0m 0 entries sorted from 1 feeds
[INFO] [stdout] [2m2026-10-18T17:12:34.436095Z[0m [32m INFO[0m [2mslipstream_feeds::tests[0m[2m:[0m 0
[INFO] [stdout] test tests::parsing ... ok
[INFO] [stdout] [2m2026-10-18T17:12:34.473159Z[0m [31mERROR[0m [2mslipstream_feeds::feed::types::standard_syndication[0m[2m:[0m Failed to execute: error sending request for url (https://news.ycombinator.com/rss)
[INFO] [stdout] [2m2026-10-18T17:12:34.473285Z[0m [32m INFO[0m [2mslipstream_feeds::updater[0m[2m:[0m 0 (total) entries gathered
[INFO] [stdout] [2m2026-10-18T17:12:34.473320Z[0m [32m INFO[0m [2mslipstream_feeds::updater[0m[2m:[0m 0 entries sorted from 1 feeds
[INFO] [stdout] [2m2026-10-18T17:12:34.473350Z[0m [32m INFO[0m [2mslipstream_feeds::updater[0m[2m:[0m Workers: 8
[INFO] [stdout] [2m2026-10-18T17:12:34.473375Z[0m [32m INFO[0m [2mslipstream_feeds::updater[0m[2m:[0m Updating all feeds.
[INFO] [stdout] [2m2026-10-18T17:12:34.473402Z[0m [32m INFO[0m [2mslipstream_feeds::updater[0m[2m:[0m Gathering entries: step=1
[INFO] [stdout] [2m2026-10-18T17:12:34.497149Z[0m [31mERROR[0m [2mslipstream_feeds::feed::types::standard_syndication[0m[2m:[0m Failed to execute: error sending request for url (https://newsboat.org/news.atom)
[INFO] [stdout] [2m2026-10-18T17:12:34.497258Z[0m [32m INFO[0m [2mslipstream_feeds::updater[0m[2m:[0m 0 (total) entries gathered
[INFO] [stdout] [2m2026-10-18T17:12:34.497288Z[0m [32m INFO[0m [2mslipstream_feeds::updater[0m[2m:[0m 0 entries sorted from 1 feeds
[INFO] [stdout] test tests::standard_syndications ... FAILED
[INFO] [stdout] 
[INFO] [stdout] failures:
[INFO] [stdout] 
[INFO] [stdout] ---- tests::standard_syndications stdout ----
[INFO] [stdout] 
[INFO] [stdout] thread 'tests::standard_syndications' (2690) panicked at src/tests.rs:46:5:
[INFO] [stdout] assertion failed: rss_entries.len() > 0
[INFO] [stdout] stack backtrace:
[INFO] [stdout]    0:     0x5c490e13bb31 - <<std[70759c8f55707aa4]::sys::backtrace::BacktraceLock>::print::DisplayBacktrace as core[df12db4294e9bfd3]::fmt::Display>::fmt
[INFO] [stdout]    1:     0x5c490e15372a - core[df12db4294e9bfd3]::fmt::write
[INFO] [stdout]    2:     0x5c490e140b1c - <alloc[2182bb758b4b3781]::vec::Vec<u8> as core[df12db4294e9bfd3]::io::write::Write>::write_fmt
[INFO] [stdout]    3:     0x5c490e115e36 - std[70759c8f55707aa4]::panicking::default_hook::{closure#0}
[INFO] [stdout]    4:     0x5c490e132fa9 - std[70759c8f55707aa4]::panicking::default_hook
[INFO] [stdout]    5:     0x5c490e099b50 - test[9d35eded1c95d3be]::test_main_inner::<test[9d35eded1c95d3be]::test_main_static::{closure#0}>::{closure#0}
[INFO] [stdout]    6:     0x5c490e1332d2 - std[70759c8f55707aa4]::panicking::panic_with_hook
[INFO] [stdout]    7:     0x5c490e115f14 - std[70759c8f55707aa4]::panicking::panic_handler::{closure#0}
[INFO] [stdout]    8:     0x5c490e10e959 - std[70759c8f55707aa4]::sys::backtrace::__rust_end_short_backtrace::<std[70759c8f55707aa4]::panicking::panic_handler::{closure#0}, !>
[INFO] [stdout]    9:     0x5c490e116ccd - __rustc[8fa7c3cbc660c2b3]::rust_begin_unwind
[INFO] [stdout]   10:     0x5c490e153e8c - core[df12db4294e9bfd3]::panicking::panic_fmt
[INFO] [stdout]   11:     0x5c490e153e52 - core[df12db4294e9bfd3]::panicking::panic
[INFO] [stdout]   12:     0x5c490dc67c80 - slipstream_feeds[65c7feeae858aaa9]::tests::standard_syndications::{closure#0}
[INFO] [stdout]   13:     0x5c490dc80913 - <tokio[aa24e4d82d7125fb]::runtime::scheduler::current_thread::Context>::enter::<core[df12db4294e9bfd3]::task::poll::Poll<()>, <tokio[aa24e4d82d7125fb]::runtime::scheduler::current_thread::CoreGuard>::block_on<core[df12db4294e9bfd3]::pin::Pin<&mut core[df12db4294e9bfd3]::pin::Pin<&mut dyn core[df12db4294e9bfd3]::future::future::Future<Output = ()>>>>::{closure#0}::{closure#0}>
[INFO] [stdout]   14:     0x5c490dc6330c - <tokio[aa24e4d82d7125fb]::runtime::context::scoped::Scoped<tokio[aa24e4d82d7125fb]::runtime::scheduler::Context>>::set::<<tokio[aa24e4d82d7125fb]::runtime::scheduler::current_thread::CoreGuard>::enter<<tokio[aa24e4d82d7125fb]::runtime::scheduler::current_thread::CoreGuard>::block_on<core[df12db4294e9bfd3]::pin::Pin<&mut core[df12db4294e9bfd3]::pin::Pin<&mut dyn core[df12db4294e9bfd3]::future::future::Future<Output = ()>>>>::{closure#0}, core[df12db4294e9bfd3]::option::Option<()>>::{closure#0}, (alloc[2182bb758b4b3781]::boxed::Box<tokio[aa24e4d82d7125fb]::runtime::scheduler::current_thread::Core>, core[df12db4294e9bfd3]::option::Option<()>)>
[INFO] [stdout]   15:     0x5c490dc8053c - <tokio[aa24e4d82d7125fb]::runtime::runtime::Runtime>::block_on::<core[df12db4294e9bfd3]::pin::Pin<&mut dyn core[df12db4294e9bfd3]::future::future::Future<Output = ()>>>
[INFO] [stdout]   16:     0x5c490dc68bab - slipstream_feeds[65c7feeae858aaa9]::tests::standard_syndications
[INFO] [stdout]   17:     0x5c490dc76069 - <slipstream_feeds[65c7feeae858aaa9]::tests::standard_syndications::{closure#0} as core[df12db4294e9bfd3]::ops::function::FnOnce<()>>::call_once
[INFO] [stdout]   18:     0x5c490e08ce3b - test[9d35eded1c95d3be]::__rust_begin_short_backtrace::<core[df12db4294e9bfd3]::result::Result<(), alloc[2182bb758b4b3781]::string::String>, fn() -> core[df12db4294e9bfd3]::result::Result<(), alloc[2182bb758b4b3781]::string::String>>
[INFO] [stdout]   19:     0x5c490e09a4a5 - test[9d35eded1c95d3be]::run_test::{closure#0}
[INFO] [stdout]   20:     0x5c490e093d64 - std[70759c8f55707aa4]::sys::backtrace::__rust_begin_short_backtrace::<test[9d35eded1c95d3be]::run_test::{closure#1}, ()>
[INFO] [stdout]   21:     0x5c490e09d602 - <std[70759c8f55707aa4]::thread::lifecycle::spawn_unchecked<test[9d35eded1c95d3be]::run_test::{closure#1}, ()>::{closure#1} as core[df12db4294e9bfd3]::ops::function::FnOnce<()>>::call_once::{shim:vtable#0}
[INFO] [stdout]   22:     0x5c490e13ad39 - <std[70759c8f55707aa4]::sys::thread::unix::Thread>::new::thread_start
[INFO] [stdout]   23:     0x77a11ce50dfa - <unknown>
[INFO] [stdout]   24:     0x77a11cee43d4 - clone
[INFO] [stdout]   25:                0x0 - <unknown>
[INFO] [stdout] 
[INFO] [stdout] 
[INFO] [stdout] failures:
[INFO] [stdout]     tests::standard_syndications
[INFO] [stdout] 
[INFO] [stdout] test result: FAILED. 2 passed; 1 failed; 0 ignored; 0 measured; 0 filtered out; finished in 0.07s
[INFO] [stdout] 
[INFO] [stderr] error: test failed, to rerun pass `--lib`
[INFO] running `Command { std: "docker" "inspect" "75769f0ee3cb333658c72db905575a903644d07240e45036be6adb27eeae318e", kill_on_drop: false }`
[INFO] running `Command { std: "docker" "rm" "-f" "75769f0ee3cb333658c72db905575a903644d07240e45036be6adb27eeae318e", kill_on_drop: false }`
[INFO] [stdout] 75769f0ee3cb333658c72db905575a903644d07240e45036be6adb27eeae318e
