[INFO] fetching crate slippy_map_tilenames 0.2.0...
[INFO] testing slippy_map_tilenames-0.2.0 against 1.99.0-beta.8+cargoflags=--release for beta-release-1.100-2
[INFO] extracting crate slippy_map_tilenames 0.2.0 into /workspace/builds/worker-7-tc1/source
[INFO] started tweaking crates.io crate slippy_map_tilenames 0.2.0
[INFO] finished tweaking crates.io crate slippy_map_tilenames 0.2.0
[INFO] tweaked toml for crates.io crate slippy_map_tilenames 0.2.0 written to /workspace/builds/worker-7-tc1/source/Cargo.toml
[INFO] validating manifest of crates.io crate slippy_map_tilenames 0.2.0 on toolchain 1.99.0-beta.8
[INFO] running `Command { std: CARGO_HOME="/workspace/cargo-home" RUSTUP_HOME="/workspace/rustup-home" "/workspace/cargo-home/bin/cargo" "+1.99.0-beta.8" "metadata" "--manifest-path" "Cargo.toml" "--no-deps", kill_on_drop: false }`
[INFO] running `Command { std: CARGO_HOME="/workspace/cargo-home" RUSTUP_HOME="/workspace/rustup-home" "/workspace/cargo-home/bin/cargo" "+1.99.0-beta.8" "generate-lockfile" "--manifest-path" "Cargo.toml", kill_on_drop: false }`
[INFO] running `Command { std: CARGO_HOME="/workspace/cargo-home" RUSTUP_HOME="/workspace/rustup-home" "/workspace/cargo-home/bin/cargo" "+1.99.0-beta.8" "fetch" "--manifest-path" "Cargo.toml", kill_on_drop: false }`
[INFO] [stderr] warning: Cargo.toml: `package.edition` is unspecified, defaulting to `2015` while the latest is `2024`
[INFO] [stderr] warning: `slippy_map_tilenames` (manifest) generated 1 warning
[INFO] running `Command { std: "docker" "create" "-v" "/var/lib/crater-agent-workspace/builds/worker-7-tc1/source:/opt/rustwide/workdir:ro,Z" "-v" "/var/lib/crater-agent-workspace/builds/worker-7-tc1/target:/opt/rustwide/target:rw,Z" "-v" "/var/lib/crater-agent-workspace/cargo-home:/opt/rustwide/cargo-home:ro,Z" "-v" "/var/lib/crater-agent-workspace/rustup-home:/opt/rustwide/rustup-home:ro,Z" "-m" "1610612736" "--network" "none" "ghcr.io/rust-lang/crates-build-env/linux@sha256:77db811e55d90add9212f6832c23229e3de5f1c1f9905e8cb07319ea15df73ac" "sleep" "infinity", kill_on_drop: false }`
[INFO] [stdout] 671ff65fef428f3f4788d142cbfac05d6d2ed28b744c1025d0dd0e0b4f4b57f0
[INFO] running `Command { std: "docker" "start" "671ff65fef428f3f4788d142cbfac05d6d2ed28b744c1025d0dd0e0b4f4b57f0", kill_on_drop: false }`
[INFO] running `Command { std: "docker" "inspect" "671ff65fef428f3f4788d142cbfac05d6d2ed28b744c1025d0dd0e0b4f4b57f0", kill_on_drop: false }`
[INFO] running `Command { std: "docker" "exec" "-e" "SOURCE_DIR=/opt/rustwide/workdir" "-e" "CARGO_HOME=/opt/rustwide/cargo-home" "-e" "RUSTUP_HOME=/opt/rustwide/rustup-home" "-e" "CARGO_TARGET_DIR=/opt/rustwide/target" "-w" "/opt/rustwide/workdir" "--user" "0:0" "671ff65fef428f3f4788d142cbfac05d6d2ed28b744c1025d0dd0e0b4f4b57f0" "/opt/rustwide/cargo-home/bin/cargo" "+1.99.0-beta.8" "metadata" "--no-deps" "--format-version=1", kill_on_drop: false }`
[INFO] running `Command { std: "docker" "inspect" "671ff65fef428f3f4788d142cbfac05d6d2ed28b744c1025d0dd0e0b4f4b57f0", kill_on_drop: false }`
[INFO] running `Command { std: "docker" "exec" "-e" "SOURCE_DIR=/opt/rustwide/workdir" "-e" "CARGO_HOME=/opt/rustwide/cargo-home" "-e" "RUSTUP_HOME=/opt/rustwide/rustup-home" "-e" "CARGO_TARGET_DIR=/opt/rustwide/target" "-e" "CARGO_INCREMENTAL=0" "-e" "RUST_BACKTRACE=full" "-e" "RUSTFLAGS=--cap-lints=warn" "-e" "RUSTDOCFLAGS=--cap-lints=warn" "-w" "/opt/rustwide/workdir" "--user" "0:0" "671ff65fef428f3f4788d142cbfac05d6d2ed28b744c1025d0dd0e0b4f4b57f0" "/opt/rustwide/cargo-home/bin/cargo" "+1.99.0-beta.8" "build" "--frozen" "--message-format=json" "--release", kill_on_drop: false }`
[INFO] [stderr] warning: Cargo.toml: `package.edition` is unspecified, defaulting to `2015` while the latest is `2024`
[INFO] [stderr] warning: `slippy_map_tilenames` (manifest) generated 1 warning
[INFO] [stderr]    Compiling slippy_map_tilenames v0.2.0 (/opt/rustwide/workdir)
[INFO] [stderr]     Finished `release` profile [optimized] target(s) in 0.15s
[INFO] running `Command { std: "docker" "inspect" "671ff65fef428f3f4788d142cbfac05d6d2ed28b744c1025d0dd0e0b4f4b57f0", kill_on_drop: false }`
[INFO] running `Command { std: "docker" "exec" "-e" "SOURCE_DIR=/opt/rustwide/workdir" "-e" "CARGO_HOME=/opt/rustwide/cargo-home" "-e" "RUSTUP_HOME=/opt/rustwide/rustup-home" "-e" "CARGO_TARGET_DIR=/opt/rustwide/target" "-e" "CARGO_INCREMENTAL=0" "-e" "RUST_BACKTRACE=full" "-e" "RUSTFLAGS=--cap-lints=warn" "-e" "RUSTDOCFLAGS=--cap-lints=warn" "-w" "/opt/rustwide/workdir" "--user" "0:0" "671ff65fef428f3f4788d142cbfac05d6d2ed28b744c1025d0dd0e0b4f4b57f0" "/opt/rustwide/cargo-home/bin/cargo" "+1.99.0-beta.8" "test" "--frozen" "--no-run" "--message-format=json" "--release", kill_on_drop: false }`
[INFO] [stderr] warning: Cargo.toml: `package.edition` is unspecified, defaulting to `2015` while the latest is `2024`
[INFO] [stderr] warning: `slippy_map_tilenames` (manifest) generated 1 warning
[INFO] [stderr]    Compiling slippy_map_tilenames v0.2.0 (/opt/rustwide/workdir)
[INFO] [stdout] warning: use of deprecated constant `std::f64::INFINITY`: replaced by the `INFINITY` associated constant on `f64`
[INFO] [stdout]    --> src/lib.rs:249:37
[INFO] [stdout]     |
[INFO] [stdout] 249 |         assert_eq!(lonlat2tile(f64::INFINITY, f64::NEG_INFINITY, 0), (0, 0));
[INFO] [stdout]     |                                     ^^^^^^^^
[INFO] [stdout]     |
[INFO] [stdout]     = note: `#[warn(deprecated)]` on by default
[INFO] [stdout] 
[INFO] [stdout] 
[INFO] [stdout] warning: use of deprecated constant `std::f64::NEG_INFINITY`: replaced by the `NEG_INFINITY` associated constant on `f64`
[INFO] [stdout]    --> src/lib.rs:249:52
[INFO] [stdout]     |
[INFO] [stdout] 249 |         assert_eq!(lonlat2tile(f64::INFINITY, f64::NEG_INFINITY, 0), (0, 0));
[INFO] [stdout]     |                                                    ^^^^^^^^^^^^
[INFO] [stdout] 
[INFO] [stdout] 
[INFO] [stderr]     Finished `release` profile [optimized] target(s) in 0.75s
[INFO] running `Command { std: "docker" "inspect" "671ff65fef428f3f4788d142cbfac05d6d2ed28b744c1025d0dd0e0b4f4b57f0", kill_on_drop: false }`
[INFO] running `Command { std: "docker" "exec" "-e" "SOURCE_DIR=/opt/rustwide/workdir" "-e" "CARGO_HOME=/opt/rustwide/cargo-home" "-e" "RUSTUP_HOME=/opt/rustwide/rustup-home" "-e" "CARGO_TARGET_DIR=/opt/rustwide/target" "-e" "CARGO_INCREMENTAL=0" "-e" "RUST_BACKTRACE=full" "-e" "RUSTFLAGS=--cap-lints=warn" "-e" "RUSTDOCFLAGS=--cap-lints=warn" "-w" "/opt/rustwide/workdir" "--user" "0:0" "671ff65fef428f3f4788d142cbfac05d6d2ed28b744c1025d0dd0e0b4f4b57f0" "/opt/rustwide/cargo-home/bin/cargo" "+1.99.0-beta.8" "test" "--frozen" "--release", kill_on_drop: false }`
[INFO] [stderr] warning: Cargo.toml: `package.edition` is unspecified, defaulting to `2015` while the latest is `2024`
[INFO] [stdout] 
[INFO] [stderr] warning: `slippy_map_tilenames` (manifest) generated 1 warning
[INFO] [stdout] running 4 tests
[INFO] [stderr] warning: use of deprecated constant `std::f64::INFINITY`: replaced by the `INFINITY` associated constant on `f64`
[INFO] [stdout] test tests::zoom_basics ... ok
[INFO] [stderr]    --> src/lib.rs:249:37
[INFO] [stdout] test tests::test_l2t_basic ... FAILED
[INFO] [stderr]     |
[INFO] [stdout] test tests::test_t2l_basic ... ok
[INFO] [stderr] 249 |         assert_eq!(lonlat2tile(f64::INFINITY, f64::NEG_INFINITY, 0), (0, 0));
[INFO] [stdout] test tests::test_multithreading ... ok
[INFO] [stderr]     |                                     ^^^^^^^^
[INFO] [stdout] 
[INFO] [stderr]     |
[INFO] [stdout] failures:
[INFO] [stderr]     = note: `#[warn(deprecated)]` on by default
[INFO] [stdout] 
[INFO] [stderr] 
[INFO] [stdout] ---- tests::test_l2t_basic stdout ----
[INFO] [stderr] warning: use of deprecated constant `std::f64::NEG_INFINITY`: replaced by the `NEG_INFINITY` associated constant on `f64`
[INFO] [stdout] 
[INFO] [stderr]    --> src/lib.rs:249:52
[INFO] [stdout] thread 'tests::test_l2t_basic' (157) panicked at src/lib.rs:249:9:
[INFO] [stderr]     |
[INFO] [stdout] assertion `left == right` failed
[INFO] [stderr] 249 |         assert_eq!(lonlat2tile(f64::INFINITY, f64::NEG_INFINITY, 0), (0, 0));
[INFO] [stdout]   left: (4294967295, 0)
[INFO] [stderr]     |                                                    ^^^^^^^^^^^^
[INFO] [stdout]  right: (0, 0)
[INFO] [stderr] 
[INFO] [stdout] stack backtrace:
[INFO] [stderr] warning: `slippy_map_tilenames` (lib test) generated 2 warnings
[INFO] [stdout]    0:     0x564fbfdfb321 - <<std[70759c8f55707aa4]::sys::backtrace::BacktraceLock>::print::DisplayBacktrace as core[df12db4294e9bfd3]::fmt::Display>::fmt
[INFO] [stderr]     Finished `release` profile [optimized] target(s) in 0.01s
[INFO] [stdout]    1:     0x564fbfe0fbca - core[df12db4294e9bfd3]::fmt::write
[INFO] [stderr]      Running unittests src/lib.rs (/opt/rustwide/target/release/deps/slippy_map_tilenames-659c73438f0ac72d)
[INFO] [stdout]    2:     0x564fbfdff7bc - <alloc[2182bb758b4b3781]::vec::Vec<u8> as core[df12db4294e9bfd3]::io::write::Write>::write_fmt
[INFO] [stdout]    3:     0x564fbfdd7916 - std[70759c8f55707aa4]::panicking::default_hook::{closure#0}
[INFO] [stdout]    4:     0x564fbfdf3a89 - std[70759c8f55707aa4]::panicking::default_hook
[INFO] [stdout]    5:     0x564fbfd8ff10 - test[9d35eded1c95d3be]::test_main_inner::<test[9d35eded1c95d3be]::test_main_static::{closure#0}>::{closure#0}
[INFO] [stdout]    6:     0x564fbfdf3c42 - std[70759c8f55707aa4]::panicking::panic_with_hook
[INFO] [stdout]    7:     0x564fbfdd79c2 - std[70759c8f55707aa4]::panicking::panic_handler::{closure#0}
[INFO] [stdout]    8:     0x564fbfdd0749 - std[70759c8f55707aa4]::sys::backtrace::__rust_end_short_backtrace::<std[70759c8f55707aa4]::panicking::panic_handler::{closure#0}, !>
[INFO] [stdout]    9:     0x564fbfdd85bd - __rustc[8fa7c3cbc660c2b3]::rust_begin_unwind
[INFO] [stdout]   10:     0x564fbfe102fc - core[df12db4294e9bfd3]::panicking::panic_fmt
[INFO] [stdout]   11:     0x564fbfe10213 - core[df12db4294e9bfd3]::panicking::assert_failed_inner
[INFO] [stdout]   12:     0x564fbfd7bfd9 - core[df12db4294e9bfd3]::panicking::assert_failed::<(u32, u32), (u32, u32)>
[INFO] [stdout]   13:     0x564fbfd7c68b - <slippy_map_tilenames[555414f0155276df]::tests::test_l2t_basic::{closure#0} as core[df12db4294e9bfd3]::ops::function::FnOnce<()>>::call_once
[INFO] [stdout]   14:     0x564fbfd831fb - test[9d35eded1c95d3be]::__rust_begin_short_backtrace::<core[df12db4294e9bfd3]::result::Result<(), alloc[2182bb758b4b3781]::string::String>, fn() -> core[df12db4294e9bfd3]::result::Result<(), alloc[2182bb758b4b3781]::string::String>>
[INFO] [stdout]   15:     0x564fbfd90865 - test[9d35eded1c95d3be]::run_test::{closure#0}
[INFO] [stdout]   16:     0x564fbfd8a124 - std[70759c8f55707aa4]::sys::backtrace::__rust_begin_short_backtrace::<test[9d35eded1c95d3be]::run_test::{closure#1}, ()>
[INFO] [stdout]   17:     0x564fbfd939c2 - <std[70759c8f55707aa4]::thread::lifecycle::spawn_unchecked<test[9d35eded1c95d3be]::run_test::{closure#1}, ()>::{closure#1} as core[df12db4294e9bfd3]::ops::function::FnOnce<()>>::call_once::{shim:vtable#0}
[INFO] [stdout]   18:     0x564fbfdfabf9 - <std[70759c8f55707aa4]::sys::thread::unix::Thread>::new::thread_start
[INFO] [stdout]   19:     0x7553fb773dfa - <unknown>
[INFO] [stdout]   20:     0x7553fb8073d4 - clone
[INFO] [stdout]   21:                0x0 - <unknown>
[INFO] [stdout] 
[INFO] [stdout] 
[INFO] [stdout] failures:
[INFO] [stdout]     tests::test_l2t_basic
[INFO] [stdout] 
[INFO] [stdout] test result: FAILED. 3 passed; 1 failed; 0 ignored; 0 measured; 0 filtered out; finished in 0.00s
[INFO] [stdout] 
[INFO] [stderr] error: test failed, to rerun pass `--lib`
[INFO] running `Command { std: "docker" "inspect" "671ff65fef428f3f4788d142cbfac05d6d2ed28b744c1025d0dd0e0b4f4b57f0", kill_on_drop: false }`
[INFO] running `Command { std: "docker" "rm" "-f" "671ff65fef428f3f4788d142cbfac05d6d2ed28b744c1025d0dd0e0b4f4b57f0", kill_on_drop: false }`
[INFO] [stdout] 671ff65fef428f3f4788d142cbfac05d6d2ed28b744c1025d0dd0e0b4f4b57f0
