[INFO] fetching crate slimwasm 0.1.0...
[INFO] testing slimwasm-0.1.0 against 1.99.0-beta.8+cargoflags=--release for beta-release-1.100-2
[INFO] extracting crate slimwasm 0.1.0 into /workspace/builds/worker-3-tc1/source
[INFO] started tweaking crates.io crate slimwasm 0.1.0
[INFO] removed 0 missing tests
[INFO] finished tweaking crates.io crate slimwasm 0.1.0
[INFO] tweaked toml for crates.io crate slimwasm 0.1.0 written to /workspace/builds/worker-3-tc1/source/Cargo.toml
[INFO] validating manifest of crates.io crate slimwasm 0.1.0 on toolchain 1.99.0-beta.8
[INFO] running `Command { std: CARGO_HOME="/workspace/cargo-home" RUSTUP_HOME="/workspace/rustup-home" "/workspace/cargo-home/bin/cargo" "+1.99.0-beta.8" "metadata" "--manifest-path" "Cargo.toml" "--no-deps", kill_on_drop: false }`
[INFO] crate crates.io crate slimwasm 0.1.0 already has a lockfile, it will not be regenerated
[INFO] running `Command { std: CARGO_HOME="/workspace/cargo-home" RUSTUP_HOME="/workspace/rustup-home" "/workspace/cargo-home/bin/cargo" "+1.99.0-beta.8" "fetch" "--manifest-path" "Cargo.toml", kill_on_drop: false }`
[INFO] [stderr]  Downloading crates ...
[INFO] [stderr]   Downloaded wat v1.0.82
[INFO] [stderr]   Downloaded predicates v3.1.0
[INFO] [stderr]   Downloaded wast v69.0.1
[INFO] [stderr]   Downloaded assert_cmd v2.0.14
[INFO] [stderr]   Downloaded wasm-encoder v0.38.1
[INFO] [stderr]   Downloaded clap v4.4.18
[INFO] [stderr]   Downloaded clap_builder v4.4.18
[INFO] [stderr]   Downloaded wasmparser v0.118.2
[INFO] running `Command { std: "docker" "create" "-v" "/var/lib/crater-agent-workspace/builds/worker-3-tc1/source:/opt/rustwide/workdir:ro,Z" "-v" "/var/lib/crater-agent-workspace/builds/worker-3-tc1/target:/opt/rustwide/target:rw,Z" "-v" "/var/lib/crater-agent-workspace/cargo-home:/opt/rustwide/cargo-home:ro,Z" "-v" "/var/lib/crater-agent-workspace/rustup-home:/opt/rustwide/rustup-home:ro,Z" "-m" "1610612736" "--network" "none" "ghcr.io/rust-lang/crates-build-env/linux@sha256:77db811e55d90add9212f6832c23229e3de5f1c1f9905e8cb07319ea15df73ac" "sleep" "infinity", kill_on_drop: false }`
[INFO] [stdout] 2fb1608ba5526cd03ad7ca920b6f8379804ce21e101b8553752294daf144d03a
[INFO] running `Command { std: "docker" "start" "2fb1608ba5526cd03ad7ca920b6f8379804ce21e101b8553752294daf144d03a", kill_on_drop: false }`
[INFO] running `Command { std: "docker" "inspect" "2fb1608ba5526cd03ad7ca920b6f8379804ce21e101b8553752294daf144d03a", kill_on_drop: false }`
[INFO] running `Command { std: "docker" "exec" "-e" "SOURCE_DIR=/opt/rustwide/workdir" "-e" "CARGO_HOME=/opt/rustwide/cargo-home" "-e" "RUSTUP_HOME=/opt/rustwide/rustup-home" "-e" "CARGO_TARGET_DIR=/opt/rustwide/target" "-w" "/opt/rustwide/workdir" "--user" "0:0" "2fb1608ba5526cd03ad7ca920b6f8379804ce21e101b8553752294daf144d03a" "/opt/rustwide/cargo-home/bin/cargo" "+1.99.0-beta.8" "metadata" "--no-deps" "--format-version=1", kill_on_drop: false }`
[INFO] running `Command { std: "docker" "inspect" "2fb1608ba5526cd03ad7ca920b6f8379804ce21e101b8553752294daf144d03a", kill_on_drop: false }`
[INFO] running `Command { std: "docker" "exec" "-e" "SOURCE_DIR=/opt/rustwide/workdir" "-e" "CARGO_HOME=/opt/rustwide/cargo-home" "-e" "RUSTUP_HOME=/opt/rustwide/rustup-home" "-e" "CARGO_TARGET_DIR=/opt/rustwide/target" "-e" "CARGO_INCREMENTAL=0" "-e" "RUST_BACKTRACE=full" "-e" "RUSTFLAGS=--cap-lints=warn" "-e" "RUSTDOCFLAGS=--cap-lints=warn" "-w" "/opt/rustwide/workdir" "--user" "0:0" "2fb1608ba5526cd03ad7ca920b6f8379804ce21e101b8553752294daf144d03a" "/opt/rustwide/cargo-home/bin/cargo" "+1.99.0-beta.8" "build" "--frozen" "--message-format=json" "--release", kill_on_drop: false }`
[INFO] [stderr]    Compiling proc-macro2 v1.0.107
[INFO] [stderr]    Compiling quote v1.0.47
[INFO] [stderr]    Compiling unicode-ident v1.0.24
[INFO] [stderr]    Compiling zerocopy v0.8.56
[INFO] [stderr]    Compiling version_check v0.9.5
[INFO] [stderr]    Compiling once_cell v1.21.4
[INFO] [stderr]    Compiling cfg-if v1.0.4
[INFO] [stderr]    Compiling allocator-api2 v0.2.21
[INFO] [stderr]    Compiling utf8parse v0.2.2
[INFO] [stderr]    Compiling serde_core v1.0.229
[INFO] [stderr]    Compiling anstyle v1.0.14
[INFO] [stderr]    Compiling libm v0.2.16
[INFO] [stderr]    Compiling anstyle-parse v0.2.7
[INFO] [stderr]    Compiling ahash v0.8.12
[INFO] [stderr]    Compiling is_terminal_polyfill v1.70.2
[INFO] [stderr]    Compiling colorchoice v1.0.5
[INFO] [stderr]    Compiling anstyle-query v1.1.5
[INFO] [stderr]    Compiling equivalent v1.0.2
[INFO] [stderr]    Compiling zmij v1.0.23
[INFO] [stderr]    Compiling anstream v0.6.21
[INFO] [stderr]    Compiling heck v0.4.1
[INFO] [stderr]    Compiling strsim v0.10.0
[INFO] [stderr]    Compiling clap_lex v0.6.0
[INFO] [stderr]    Compiling anyhow v1.0.104
[INFO] [stderr]    Compiling serde v1.0.229
[INFO] [stderr]    Compiling serde_json v1.0.151
[INFO] [stderr]    Compiling clap_builder v4.4.18
[INFO] [stderr]    Compiling memchr v2.8.3
[INFO] [stderr]    Compiling lazy_static v1.5.0
[INFO] [stderr]    Compiling fixedbitset v0.4.2
[INFO] [stderr]    Compiling semver v1.0.28
[INFO] [stderr]    Compiling syn v3.0.3
[INFO] [stderr]    Compiling syn v2.0.119
[INFO] [stderr]    Compiling itoa v1.0.18
[INFO] [stderr]    Compiling colored v2.1.0
[INFO] [stderr]    Compiling humansize v2.1.3
[INFO] [stderr]    Compiling rustc-demangle v0.1.28
[INFO] [stderr]    Compiling serde_derive v1.0.229
[INFO] [stderr]    Compiling clap_derive v4.4.7
[INFO] [stderr]    Compiling hashbrown v0.14.5
[INFO] [stderr]    Compiling clap v4.4.18
[INFO] [stderr]    Compiling indexmap v2.2.6
[INFO] [stderr]    Compiling petgraph v0.6.4
[INFO] [stderr]    Compiling wasmparser v0.118.2
[INFO] [stderr]    Compiling slimwasm v0.1.0 (/opt/rustwide/workdir)
[INFO] [stderr]     Finished `release` profile [optimized] target(s) in 1m 20s
[INFO] running `Command { std: "docker" "inspect" "2fb1608ba5526cd03ad7ca920b6f8379804ce21e101b8553752294daf144d03a", kill_on_drop: false }`
[INFO] running `Command { std: "docker" "exec" "-e" "SOURCE_DIR=/opt/rustwide/workdir" "-e" "CARGO_HOME=/opt/rustwide/cargo-home" "-e" "RUSTUP_HOME=/opt/rustwide/rustup-home" "-e" "CARGO_TARGET_DIR=/opt/rustwide/target" "-e" "CARGO_INCREMENTAL=0" "-e" "RUST_BACKTRACE=full" "-e" "RUSTFLAGS=--cap-lints=warn" "-e" "RUSTDOCFLAGS=--cap-lints=warn" "-w" "/opt/rustwide/workdir" "--user" "0:0" "2fb1608ba5526cd03ad7ca920b6f8379804ce21e101b8553752294daf144d03a" "/opt/rustwide/cargo-home/bin/cargo" "+1.99.0-beta.8" "test" "--frozen" "--no-run" "--message-format=json" "--release", kill_on_drop: false }`
[INFO] [stderr]    Compiling memchr v2.8.3
[INFO] [stderr]    Compiling autocfg v1.5.1
[INFO] [stderr]    Compiling libc v0.2.189
[INFO] [stderr]    Compiling regex-syntax v0.8.11
[INFO] [stderr]    Compiling leb128 v0.2.7
[INFO] [stderr]    Compiling predicates-core v1.0.10
[INFO] [stderr]    Compiling doc-comment v0.3.4
[INFO] [stderr]    Compiling rustix v0.38.44
[INFO] [stderr]    Compiling wasm-encoder v0.38.1
[INFO] [stderr]    Compiling termtree v0.5.1
[INFO] [stderr]    Compiling difflib v0.4.0
[INFO] [stderr]    Compiling normalize-line-endings v0.3.0
[INFO] [stderr]    Compiling linux-raw-sys v0.4.15
[INFO] [stderr]    Compiling bitflags v2.13.1
[INFO] [stderr]    Compiling num-traits v0.2.19
[INFO] [stderr]    Compiling assert_cmd v2.0.14
[INFO] [stderr]    Compiling unicode-width v0.1.14
[INFO] [stderr]    Compiling aho-corasick v1.1.5
[INFO] [stderr]    Compiling serde_json v1.0.151
[INFO] [stderr]    Compiling float-cmp v0.9.0
[INFO] [stderr]    Compiling wait-timeout v0.2.1
[INFO] [stderr]    Compiling wast v69.0.1
[INFO] [stderr]    Compiling predicates-tree v1.0.13
[INFO] [stderr]    Compiling fastrand v2.5.0
[INFO] [stderr]    Compiling getrandom v0.2.15
[INFO] [stderr]    Compiling slimwasm v0.1.0 (/opt/rustwide/workdir)
[INFO] [stderr]    Compiling regex-automata v0.4.18
[INFO] [stderr]    Compiling tempfile v3.10.1
[INFO] [stderr]    Compiling regex v1.13.1
[INFO] [stderr]    Compiling bstr v1.13.1
[INFO] [stderr]    Compiling predicates v3.1.0
[INFO] [stderr]    Compiling wat v1.0.82
[INFO] [stderr]     Finished `release` profile [optimized] target(s) in 2m 25s
[INFO] running `Command { std: "docker" "inspect" "2fb1608ba5526cd03ad7ca920b6f8379804ce21e101b8553752294daf144d03a", kill_on_drop: false }`
[INFO] running `Command { std: "docker" "exec" "-e" "SOURCE_DIR=/opt/rustwide/workdir" "-e" "CARGO_HOME=/opt/rustwide/cargo-home" "-e" "RUSTUP_HOME=/opt/rustwide/rustup-home" "-e" "CARGO_TARGET_DIR=/opt/rustwide/target" "-e" "CARGO_INCREMENTAL=0" "-e" "RUST_BACKTRACE=full" "-e" "RUSTFLAGS=--cap-lints=warn" "-e" "RUSTDOCFLAGS=--cap-lints=warn" "-w" "/opt/rustwide/workdir" "--user" "0:0" "2fb1608ba5526cd03ad7ca920b6f8379804ce21e101b8553752294daf144d03a" "/opt/rustwide/cargo-home/bin/cargo" "+1.99.0-beta.8" "test" "--frozen" "--release", kill_on_drop: false }`
[INFO] [stderr]     Finished `release` profile [optimized] target(s) in 0.21s
[INFO] [stderr]      Running unittests src/lib.rs (/opt/rustwide/target/release/deps/slimwasm-b8b454d971fe84ff)
[INFO] [stdout] 
[INFO] [stdout] running 3 tests
[INFO] [stdout] test analysis::tests::test_diff_status_display ... ok
[INFO] [stdout] test parser::tests::test_demangle_rust_name ... ok
[INFO] [stdout] test parser::tests::test_wasm_item_creation ... ok
[INFO] [stdout] 
[INFO] [stdout] test result: ok. 3 passed; 0 failed; 0 ignored; 0 measured; 0 filtered out; finished in 0.00s
[INFO] [stdout] 
[INFO] [stderr]      Running unittests src/main.rs (/opt/rustwide/target/release/deps/slimwasm-1cbe7240b4bb138a)
[INFO] [stdout] 
[INFO] [stdout] running 3 tests
[INFO] [stdout] test parser::tests::test_demangle_rust_name ... ok
[INFO] [stdout] test parser::tests::test_wasm_item_creation ... ok
[INFO] [stdout] test analysis::tests::test_diff_status_display ... ok
[INFO] [stdout] 
[INFO] [stdout] test result: ok. 3 passed; 0 failed; 0 ignored; 0 measured; 0 filtered out; finished in 0.00s
[INFO] [stdout] 
[INFO] [stderr]      Running tests/fixtures.rs (/opt/rustwide/target/release/deps/fixtures-a7ef48d866390f0f)
[INFO] [stdout] 
[INFO] [stdout] running 1 test
[INFO] [stdout] test test_generate_fixtures ... FAILED
[INFO] [stdout] 
[INFO] [stdout] failures:
[INFO] [stdout] 
[INFO] [stdout] ---- test_generate_fixtures stdout ----
[INFO] [stdout] 
[INFO] [stdout] thread 'test_generate_fixtures' (1225) panicked at tests/fixtures.rs:54:48:
[INFO] [stdout] Failed to write WASM file: Os { code: 30, kind: ReadOnlyFilesystem, message: "Read-only file system" }
[INFO] [stdout] stack backtrace:
[INFO] [stdout]    0:     0x584bd6d3a837 - <unknown>
[INFO] [stdout]    1:     0x584bd6d210da - <unknown>
[INFO] [stdout]    2:     0x584bd6d39deb - <unknown>
[INFO] [stdout]    3:     0x584bd6d398cf - <unknown>
[INFO] [stdout]    4:     0x584bd6d394fa - <unknown>
[INFO] [stdout]    5:     0x584bd6d39032 - <unknown>
[INFO] [stdout]    6:     0x584bd6d603a1 - <unknown>
[INFO] [stdout]    7:     0x584bd6d60359 - <unknown>
[INFO] [stdout]    8:     0x584bd6d6086c - <unknown>
[INFO] [stdout]    9:     0x584bd6d20f6b - <unknown>
[INFO] [stdout]   10:     0x584bd6d24961 - <unknown>
[INFO] [stdout]   11:     0x584bd6d1eee5 - <unknown>
[INFO] [stdout]   12:     0x584bd6d78bab - <unknown>
[INFO] [stdout]   13:     0x584bd6d741bf - <unknown>
[INFO] [stdout]   14:     0x584bd6d73c3c - <unknown>
[INFO] [stdout]   15:     0x584bd6d90dfc - <unknown>
[INFO] [stdout]   16:     0x584bd6d61ab2 - <unknown>
[INFO] [stdout]   17:     0x7375744b1dfa - <unknown>
[INFO] [stdout]   18:     0x7375745453d4 - clone
[INFO] [stdout]   19:                0x0 - <unknown>
[INFO] [stdout] 
[INFO] [stdout] 
[INFO] [stdout] failures:
[INFO] [stdout]     test_generate_fixtures
[INFO] [stdout] 
[INFO] [stdout] test result: FAILED. 0 passed; 1 failed; 0 ignored; 0 measured; 0 filtered out; finished in 0.01s
[INFO] [stdout] 
[INFO] [stderr] error: test failed, to rerun pass `--test fixtures`
[INFO] running `Command { std: "docker" "inspect" "2fb1608ba5526cd03ad7ca920b6f8379804ce21e101b8553752294daf144d03a", kill_on_drop: false }`
[INFO] running `Command { std: "docker" "rm" "-f" "2fb1608ba5526cd03ad7ca920b6f8379804ce21e101b8553752294daf144d03a", kill_on_drop: false }`
[INFO] [stdout] 2fb1608ba5526cd03ad7ca920b6f8379804ce21e101b8553752294daf144d03a
