[INFO] fetching crate slidx_brand 0.3.0...
[INFO] testing slidx_brand-0.3.0 against 1.100.0-beta.1+cargoflags=--release for beta-release-1.100-2
[INFO] extracting crate slidx_brand 0.3.0 into /workspace/builds/worker-6-tc2/source
[INFO] started tweaking crates.io crate slidx_brand 0.3.0
[INFO] removed 0 missing examples
[INFO] finished tweaking crates.io crate slidx_brand 0.3.0
[INFO] tweaked toml for crates.io crate slidx_brand 0.3.0 written to /workspace/builds/worker-6-tc2/source/Cargo.toml
[INFO] validating manifest of crates.io crate slidx_brand 0.3.0 on toolchain 1.100.0-beta.1
[INFO] running `Command { std: CARGO_HOME="/workspace/cargo-home" RUSTUP_HOME="/workspace/rustup-home" "/workspace/cargo-home/bin/cargo" "+1.100.0-beta.1" "metadata" "--manifest-path" "Cargo.toml" "--no-deps", kill_on_drop: false }`
[INFO] crate crates.io crate slidx_brand 0.3.0 already has a lockfile, it will not be regenerated
[INFO] running `Command { std: CARGO_HOME="/workspace/cargo-home" RUSTUP_HOME="/workspace/rustup-home" "/workspace/cargo-home/bin/cargo" "+1.100.0-beta.1" "fetch" "--manifest-path" "Cargo.toml", kill_on_drop: false }`
[INFO] running `Command { std: "docker" "create" "-v" "/var/lib/crater-agent-workspace/builds/worker-6-tc2/source:/opt/rustwide/workdir:ro,Z" "-v" "/var/lib/crater-agent-workspace/builds/worker-6-tc2/target:/opt/rustwide/target:rw,Z" "-v" "/var/lib/crater-agent-workspace/cargo-home:/opt/rustwide/cargo-home:ro,Z" "-v" "/var/lib/crater-agent-workspace/rustup-home:/opt/rustwide/rustup-home:ro,Z" "-m" "1610612736" "--network" "none" "ghcr.io/rust-lang/crates-build-env/linux@sha256:77db811e55d90add9212f6832c23229e3de5f1c1f9905e8cb07319ea15df73ac" "sleep" "infinity", kill_on_drop: false }`
[INFO] [stdout] fc547de9f3451a2e0644c626a43f4d83f90df19b0e84eb9c05721830df7966e8
[INFO] running `Command { std: "docker" "start" "fc547de9f3451a2e0644c626a43f4d83f90df19b0e84eb9c05721830df7966e8", kill_on_drop: false }`
[INFO] running `Command { std: "docker" "inspect" "fc547de9f3451a2e0644c626a43f4d83f90df19b0e84eb9c05721830df7966e8", kill_on_drop: false }`
[INFO] running `Command { std: "docker" "exec" "-e" "SOURCE_DIR=/opt/rustwide/workdir" "-e" "CARGO_HOME=/opt/rustwide/cargo-home" "-e" "RUSTUP_HOME=/opt/rustwide/rustup-home" "-e" "CARGO_TARGET_DIR=/opt/rustwide/target" "-w" "/opt/rustwide/workdir" "--user" "0:0" "fc547de9f3451a2e0644c626a43f4d83f90df19b0e84eb9c05721830df7966e8" "/opt/rustwide/cargo-home/bin/cargo" "+1.100.0-beta.1" "metadata" "--no-deps" "--format-version=1", kill_on_drop: false }`
[INFO] running `Command { std: "docker" "inspect" "fc547de9f3451a2e0644c626a43f4d83f90df19b0e84eb9c05721830df7966e8", kill_on_drop: false }`
[INFO] running `Command { std: "docker" "exec" "-e" "SOURCE_DIR=/opt/rustwide/workdir" "-e" "CARGO_HOME=/opt/rustwide/cargo-home" "-e" "RUSTUP_HOME=/opt/rustwide/rustup-home" "-e" "CARGO_TARGET_DIR=/opt/rustwide/target" "-e" "CARGO_INCREMENTAL=0" "-e" "RUST_BACKTRACE=full" "-e" "RUSTFLAGS=--cap-lints=warn" "-e" "RUSTDOCFLAGS=--cap-lints=warn" "-w" "/opt/rustwide/workdir" "--user" "0:0" "fc547de9f3451a2e0644c626a43f4d83f90df19b0e84eb9c05721830df7966e8" "/opt/rustwide/cargo-home/bin/cargo" "+1.100.0-beta.1" "build" "--frozen" "--message-format=json" "--release", kill_on_drop: false }`
[INFO] [stderr]    Compiling slidx_highlight v0.3.0
[INFO] [stderr]    Compiling thiserror-impl v2.0.19
[INFO] [stderr]    Compiling ts-rs-macros v12.0.1
[INFO] [stderr]    Compiling serde_yaml v0.9.34+deprecated
[INFO] [stderr]    Compiling thiserror v2.0.19
[INFO] [stderr]    Compiling ts-rs v12.0.1
[INFO] [stderr]    Compiling slidx_core v0.3.0
[INFO] [stderr]    Compiling slidx_lint v0.3.0
[INFO] [stderr]    Compiling slidx_theme v0.3.0
[INFO] [stderr]    Compiling slidx_brand v0.3.0 (/opt/rustwide/workdir)
[INFO] [stderr]     Finished `release` profile [optimized] target(s) in 17.09s
[INFO] running `Command { std: "docker" "inspect" "fc547de9f3451a2e0644c626a43f4d83f90df19b0e84eb9c05721830df7966e8", kill_on_drop: false }`
[INFO] running `Command { std: "docker" "exec" "-e" "SOURCE_DIR=/opt/rustwide/workdir" "-e" "CARGO_HOME=/opt/rustwide/cargo-home" "-e" "RUSTUP_HOME=/opt/rustwide/rustup-home" "-e" "CARGO_TARGET_DIR=/opt/rustwide/target" "-e" "CARGO_INCREMENTAL=0" "-e" "RUST_BACKTRACE=full" "-e" "RUSTFLAGS=--cap-lints=warn" "-e" "RUSTDOCFLAGS=--cap-lints=warn" "-w" "/opt/rustwide/workdir" "--user" "0:0" "fc547de9f3451a2e0644c626a43f4d83f90df19b0e84eb9c05721830df7966e8" "/opt/rustwide/cargo-home/bin/cargo" "+1.100.0-beta.1" "test" "--frozen" "--no-run" "--message-format=json" "--release", kill_on_drop: false }`
[INFO] [stderr]    Compiling slidx_brand v0.3.0 (/opt/rustwide/workdir)
[INFO] [stderr]     Finished `release` profile [optimized] target(s) in 3.93s
[INFO] running `Command { std: "docker" "inspect" "fc547de9f3451a2e0644c626a43f4d83f90df19b0e84eb9c05721830df7966e8", kill_on_drop: false }`
[INFO] running `Command { std: "docker" "exec" "-e" "SOURCE_DIR=/opt/rustwide/workdir" "-e" "CARGO_HOME=/opt/rustwide/cargo-home" "-e" "RUSTUP_HOME=/opt/rustwide/rustup-home" "-e" "CARGO_TARGET_DIR=/opt/rustwide/target" "-e" "CARGO_INCREMENTAL=0" "-e" "RUST_BACKTRACE=full" "-e" "RUSTFLAGS=--cap-lints=warn" "-e" "RUSTDOCFLAGS=--cap-lints=warn" "-w" "/opt/rustwide/workdir" "--user" "0:0" "fc547de9f3451a2e0644c626a43f4d83f90df19b0e84eb9c05721830df7966e8" "/opt/rustwide/cargo-home/bin/cargo" "+1.100.0-beta.1" "test" "--frozen" "--release", kill_on_drop: false }`
[INFO] [stderr]     Finished `release` profile [optimized] target(s) in 0.04s
[INFO] [stderr]      Running unittests src/lib.rs (/opt/rustwide/target/release/build/slidx_brand/9d3eae05784bb20b/out/slidx_brand-9d3eae05784bb20b)
[INFO] [stdout] 
[INFO] [stdout] running 74 tests
[INFO] [stdout] test audit::tests::the_audit_is_not_vacuous ... ok
[INFO] [stdout] test assets::tests::the_tokens_path_the_crate_publishes_is_the_one_it_writes ... ok
[INFO] [stdout] test audit::tests::the_brand_passes_the_linter_it_ships ... ok
[INFO] [stdout] test audit::tests::the_brands_base_size_clears_the_legibility_floor_at_reading_distance ... ok
[INFO] [stdout] test audit::tests::the_brands_colours_survive_a_hall_with_the_lights_up ... ok
[INFO] [stdout] test audit::tests::the_legibility_rule_still_has_teeth_at_reading_distance ... ok
[INFO] [stdout] test css::tests::every_role_becomes_a_custom_property ... ok
[INFO] [stdout] test css::tests::light_and_dark_emit_different_values ... ok
[INFO] [stdout] test css::tests::the_lockup_gap_is_a_quarter_of_the_marks_height ... ok
[INFO] [stdout] test css::tests::nothing_here_can_collide_with_a_deck_themes_properties ... ok
[INFO] [stdout] test mark::tests::a_tile_keeps_the_mark_inside_every_maskable_safe_zone ... ok
[INFO] [stdout] test css::tests::the_stylesheet_is_the_tokens_rather_than_a_second_set_of_numbers ... ok
[INFO] [stdout] test audit::tests::the_brand_holds_up_in_every_room_slidx_models ... ok
[INFO] [stdout] test css::tests::the_dark_scheme_follows_the_reader_and_yields_to_an_explicit_choice ... ok
[INFO] [stdout] test mark::tests::a_single_colour_mark_still_separates_the_pages ... ok
[INFO] [stdout] test audit::tests::a_surface_list_the_linter_never_sees_cannot_pass_it ... ok
[INFO] [stdout] test mark::tests::every_edge_lands_on_the_module ... ok
[INFO] [stdout] test mark::tests::each_scheme_draws_the_same_geometry_in_its_own_colours ... ok
[INFO] [stdout] test css::tests::braces_balance ... ok
[INFO] [stdout] test css::tests::the_radius_is_zero ... ok
[INFO] [stdout] test mark::tests::a_tile_is_drawn_on_paper_so_a_crop_has_something_to_cut ... ok
[INFO] [stdout] test mark::tests::no_feature_is_smaller_than_one_module ... ok
[INFO] [stdout] test mark::tests::nothing_in_the_mark_is_fetched ... ok
[INFO] [stdout] test mark::tests::the_grid_closes_in_both_directions ... ok
[INFO] [stdout] test mark::tests::the_mark_is_four_rectangles_and_nothing_else ... ok
[INFO] [stdout] test mark::tests::the_document_is_ink_and_the_pages_are_signal ... ok
[INFO] [stdout] test mark::tests::the_same_scheme_always_draws_the_same_mark ... ok
[INFO] [stdout] test mark::tests::the_mark_carries_no_text ... ok
[INFO] [stdout] test mark::tests::the_svg_states_its_own_construction ... ok
[INFO] [stdout] test mark::tests::the_document_and_the_pages_are_the_same_height ... ok
[INFO] [stdout] test palette::tests::a_role_with_no_floor_is_left_where_the_reflection_put_it ... ok
[INFO] [stdout] test palette::tests::every_neutral_is_the_signal_diluted ... ok
[INFO] [stdout] test mark::tests::the_fills_a_caller_draws_with_are_the_ones_in_the_svg ... ok
[INFO] [stdout] test palette::tests::neither_scheme_reaches_full_black_on_full_white ... ok
[INFO] [stdout] test palette::tests::the_dark_scheme_is_darker ... ok
[INFO] [stdout] test palette::tests::the_light_ladder_descends_from_paper_to_ink ... ok
[INFO] [stdout] test assets::tests::both_schemes_of_every_two_scheme_asset_exist ... ok
[INFO] [stdout] test palette::tests::the_dark_ladder_ends_up_more_separated_than_the_reflection ... ok
[INFO] [stdout] test palette::tests::every_role_that_carries_words_is_described_to_the_linter ... ok
[INFO] [stdout] test palette::tests::a_filled_signal_is_checked_as_its_own_background ... ok
[INFO] [stdout] test palette::tests::roles_round_trip_through_their_tokens ... ok
[INFO] [stdout] test assets::tests::no_two_assets_share_a_name ... ok
[INFO] [stdout] test tests::the_published_tokens_path_is_where_the_file_is ... FAILED
[INFO] [stdout] test palette::tests::the_palette_is_deterministic ... ok
[INFO] [stdout] test assets::tests::every_asset_is_named_for_something_a_consumer_asks_for ... ok
[INFO] [stdout] test tests::the_brand_resolves_both_schemes ... ok
[INFO] [stdout] test tokens::tests::every_space_is_a_multiple_of_one_step ... ok
[INFO] [stdout] test tokens::tests::the_brand_is_flat ... ok
[INFO] [stdout] test tokens::tests::colours_are_emitted_as_something_a_stylesheet_can_paste ... ok
[INFO] [stdout] test palette::tests::the_neutrals_carry_the_signals_hue_into_the_output ... ok
[INFO] [stdout] test palette::tests::the_palette_has_exactly_one_hue ... ok
[INFO] [stdout] test palette::tests::the_signal_is_a_blue_and_not_a_violet ... ok
[INFO] [stdout] test tokens::tests::sizes_descend_from_the_largest_heading_to_the_caption ... ok
[INFO] [stdout] test tokens::tests::the_brand_and_the_default_theme_name_the_same_faces ... ok
[INFO] [stdout] test palette::tests::the_signal_is_the_only_role_a_reader_would_call_coloured ... ok
[INFO] [stdout] test tokens::tests::the_brand_names_no_font_it_would_have_to_download ... ok
[INFO] [stdout] test assets::tests::every_committed_asset_is_what_the_crate_generates ... FAILED
[INFO] [stdout] test wordmark::tests::the_lockup_reserves_its_clear_space_inside_its_own_box ... ok
[INFO] [stdout] test wordmark::tests::the_name_is_always_lowercase ... ok
[INFO] [stdout] test wordmark::tests::the_clear_space_is_the_width_of_the_document_bar ... ok
[INFO] [stdout] test tokens::tests::the_generated_tokens_are_json_a_consumer_can_parse ... ok
[INFO] [stdout] test wordmark::tests::the_lockup_draws_the_mark_rather_than_a_copy_of_it ... ok
[INFO] [stdout] test wordmark::tests::a_font_stack_with_quotes_in_it_does_not_break_the_attribute ... ok
[INFO] [stdout] test wordmark::tests::the_wordmark_is_set_in_the_default_themes_stack ... ok
[INFO] [stdout] test tokens::tests::the_derived_sizes_are_the_scale_rather_than_a_second_list ... ok
[INFO] [stdout] test wordmark::tests::a_different_size_ratio_reaches_the_drawn_wordmark ... ok
[INFO] [stdout] test wordmark::tests::a_lockup_is_larger_than_the_mark_alone_because_the_wordmark_limits_it ... ok
[INFO] [stdout] test wordmark::tests::the_wordmark_names_no_font_it_would_have_to_download ... ok
[INFO] [stdout] test wordmark::tests::every_lockup_measurement_is_a_multiple_of_the_marks_module ... ok
[INFO] [stdout] test wordmark::tests::the_lockup_carries_the_name_as_text_a_reader_can_select ... ok
[INFO] [stdout] test wordmark::tests::the_lockup_floor_is_the_brands_body_size ... ok
[INFO] [stdout] test wordmark::tests::each_scheme_sets_the_wordmark_in_its_own_ink ... ok
[INFO] [stdout] test wordmark::tests::the_wordmark_is_set_at_the_marks_height ... ok
[INFO] [stdout] test tokens::tests::the_tokens_round_trip ... ok
[INFO] [stdout] 
[INFO] [stdout] failures:
[INFO] [stdout] 
[INFO] [stdout] ---- tests::the_published_tokens_path_is_where_the_file_is stdout ----
[INFO] [stdout] 
[INFO] [stdout] thread 'tests::the_published_tokens_path_is_where_the_file_is' (505) panicked at src/lib.rs:74:9:
[INFO] [stdout] /opt/assets/brand/tokens.json does not exist
[INFO] [stdout] stack backtrace:
[INFO] [stdout]    0:     0x5dd6f057f5c1 - <<std[617be2ca0a6fd877]::sys::backtrace::BacktraceLock>::print::DisplayBacktrace as core[a373ad73a504971]::fmt::Display>::fmt
[INFO] [stdout]    1:     0x5dd6f0595b5a - core[a373ad73a504971]::fmt::write
[INFO] [stdout]    2:     0x5dd6f05837fc - <alloc[2e1b2a31b91974c5]::vec::Vec<u8> as core[a373ad73a504971]::io::write::Write>::write_fmt
[INFO] [stdout]    3:     0x5dd6f055b496 - std[617be2ca0a6fd877]::panicking::default_hook::{closure#0}
[INFO] [stdout]    4:     0x5dd6f0577859 - std[617be2ca0a6fd877]::panicking::default_hook
[INFO] [stdout]    5:     0x5dd6f04ae130 - test[aada8e7e76ba119b]::test_main_inner::{closure#0}
[INFO] [stdout]    6:     0x5dd6f0577a12 - std[617be2ca0a6fd877]::panicking::panic_with_hook
[INFO] [stdout]    7:     0x5dd6f055b542 - std[617be2ca0a6fd877]::panicking::panic_handler::{closure#0}
[INFO] [stdout]    8:     0x5dd6f05540c9 - std[617be2ca0a6fd877]::sys::backtrace::__rust_end_short_backtrace::<std[617be2ca0a6fd877]::panicking::panic_handler::{closure#0}, !>
[INFO] [stdout]    9:     0x5dd6f055c14d - __rustc[ea4f61d10b84890b]::rust_begin_unwind
[INFO] [stdout]   10:     0x5dd6f059628c - core[a373ad73a504971]::panicking::panic_fmt
[INFO] [stdout]   11:     0x5dd6f04995df - <slidx_brand[9d510d6c076317d7]::tests::the_published_tokens_path_is_where_the_file_is::{closure#0} as core[a373ad73a504971]::ops::function::FnOnce<()>>::call_once
[INFO] [stdout]   12:     0x5dd6f04a157b - test[aada8e7e76ba119b]::__rust_begin_short_backtrace::<core[a373ad73a504971]::result::Result<(), alloc[2e1b2a31b91974c5]::string::String>, fn() -> core[a373ad73a504971]::result::Result<(), alloc[2e1b2a31b91974c5]::string::String>>
[INFO] [stdout]   13:     0x5dd6f04ae755 - test[aada8e7e76ba119b]::run_test::{closure#0}
[INFO] [stdout]   14:     0x5dd6f04a8044 - std[617be2ca0a6fd877]::sys::backtrace::__rust_begin_short_backtrace::<test[aada8e7e76ba119b]::run_test::{closure#1}, ()>
[INFO] [stdout]   15:     0x5dd6f04b17e2 - <std[617be2ca0a6fd877]::thread::lifecycle::spawn_unchecked<test[aada8e7e76ba119b]::run_test::{closure#1}, ()>::{closure#1} as core[a373ad73a504971]::ops::function::FnOnce<()>>::call_once::{shim:vtable#0}
[INFO] [stdout]   16:     0x5dd6f057eabf - <std[617be2ca0a6fd877]::sys::thread::unix::Thread>::new::thread_start
[INFO] [stdout]   17:     0x7e6249724dfa - <unknown>
[INFO] [stdout]   18:     0x7e62497b83d4 - clone
[INFO] [stdout]   19:                0x0 - <unknown>
[INFO] [stdout] 
[INFO] [stdout] ---- assets::tests::every_committed_asset_is_what_the_crate_generates stdout ----
[INFO] [stdout] 
[INFO] [stdout] thread 'assets::tests::every_committed_asset_is_what_the_crate_generates' (457) panicked at src/assets.rs:96:17:
[INFO] [stdout] assets/brand/tokens.json is missing. Run `vp run generate:brand`.
[INFO] [stdout] stack backtrace:
[INFO] [stdout]    0:     0x5dd6f057f5c1 - <<std[617be2ca0a6fd877]::sys::backtrace::BacktraceLock>::print::DisplayBacktrace as core[a373ad73a504971]::fmt::Display>::fmt
[INFO] [stdout]    1:     0x5dd6f0595b5a - core[a373ad73a504971]::fmt::write
[INFO] [stdout]    2:     0x5dd6f05837fc - <alloc[2e1b2a31b91974c5]::vec::Vec<u8> as core[a373ad73a504971]::io::write::Write>::write_fmt
[INFO] [stdout]    3:     0x5dd6f055b496 - std[617be2ca0a6fd877]::panicking::default_hook::{closure#0}
[INFO] [stdout]    4:     0x5dd6f0577859 - std[617be2ca0a6fd877]::panicking::default_hook
[INFO] [stdout]    5:     0x5dd6f04ae130 - test[aada8e7e76ba119b]::test_main_inner::{closure#0}
[INFO] [stdout]    6:     0x5dd6f0577a12 - std[617be2ca0a6fd877]::panicking::panic_with_hook
[INFO] [stdout]    7:     0x5dd6f055b542 - std[617be2ca0a6fd877]::panicking::panic_handler::{closure#0}
[INFO] [stdout]    8:     0x5dd6f05540c9 - std[617be2ca0a6fd877]::sys::backtrace::__rust_end_short_backtrace::<std[617be2ca0a6fd877]::panicking::panic_handler::{closure#0}, !>
[INFO] [stdout]    9:     0x5dd6f055c14d - __rustc[ea4f61d10b84890b]::rust_begin_unwind
[INFO] [stdout]   10:     0x5dd6f059628c - core[a373ad73a504971]::panicking::panic_fmt
[INFO] [stdout]   11:     0x5dd6f04928ac - <slidx_brand[9d510d6c076317d7]::assets::tests::every_committed_asset_is_what_the_crate_generates::{closure#0} as core[a373ad73a504971]::ops::function::FnOnce<()>>::call_once
[INFO] [stdout]   12:     0x5dd6f04a157b - test[aada8e7e76ba119b]::__rust_begin_short_backtrace::<core[a373ad73a504971]::result::Result<(), alloc[2e1b2a31b91974c5]::string::String>, fn() -> core[a373ad73a504971]::result::Result<(), alloc[2e1b2a31b91974c5]::string::String>>
[INFO] [stdout]   13:     0x5dd6f04ae755 - test[aada8e7e76ba119b]::run_test::{closure#0}
[INFO] [stdout]   14:     0x5dd6f04a8044 - std[617be2ca0a6fd877]::sys::backtrace::__rust_begin_short_backtrace::<test[aada8e7e76ba119b]::run_test::{closure#1}, ()>
[INFO] [stdout]   15:     0x5dd6f04b17e2 - <std[617be2ca0a6fd877]::thread::lifecycle::spawn_unchecked<test[aada8e7e76ba119b]::run_test::{closure#1}, ()>::{closure#1} as core[a373ad73a504971]::ops::function::FnOnce<()>>::call_once::{shim:vtable#0}
[INFO] [stdout]   16:     0x5dd6f057eabf - <std[617be2ca0a6fd877]::sys::thread::unix::Thread>::new::thread_start
[INFO] [stdout]   17:     0x7e6249724dfa - <unknown>
[INFO] [stdout]   18:     0x7e62497b83d4 - clone
[INFO] [stdout]   19:                0x0 - <unknown>
[INFO] [stdout] 
[INFO] [stdout] 
[INFO] [stdout] failures:
[INFO] [stdout]     assets::tests::every_committed_asset_is_what_the_crate_generates
[INFO] [stdout]     tests::the_published_tokens_path_is_where_the_file_is
[INFO] [stdout] 
[INFO] [stdout] test result: FAILED. 72 passed; 2 failed; 0 ignored; 0 measured; 0 filtered out; finished in 0.04s
[INFO] [stdout] 
[INFO] [stderr] error: test failed, to rerun pass `--lib`
[INFO] running `Command { std: "docker" "inspect" "fc547de9f3451a2e0644c626a43f4d83f90df19b0e84eb9c05721830df7966e8", kill_on_drop: false }`
[INFO] running `Command { std: "docker" "rm" "-f" "fc547de9f3451a2e0644c626a43f4d83f90df19b0e84eb9c05721830df7966e8", kill_on_drop: false }`
[INFO] [stdout] fc547de9f3451a2e0644c626a43f4d83f90df19b0e84eb9c05721830df7966e8
