[INFO] fetching crate slidiff 0.1.3...
[INFO] testing slidiff-0.1.3 against 1.100.0-beta.1+cargoflags=--release for beta-release-1.100-2
[INFO] extracting crate slidiff 0.1.3 into /workspace/builds/worker-2-tc2/source
[INFO] started tweaking crates.io crate slidiff 0.1.3
[INFO] removed 0 missing tests
[INFO] finished tweaking crates.io crate slidiff 0.1.3
[INFO] tweaked toml for crates.io crate slidiff 0.1.3 written to /workspace/builds/worker-2-tc2/source/Cargo.toml
[INFO] validating manifest of crates.io crate slidiff 0.1.3 on toolchain 1.100.0-beta.1
[INFO] running `Command { std: CARGO_HOME="/workspace/cargo-home" RUSTUP_HOME="/workspace/rustup-home" "/workspace/cargo-home/bin/cargo" "+1.100.0-beta.1" "metadata" "--manifest-path" "Cargo.toml" "--no-deps", kill_on_drop: false }`
[INFO] crate crates.io crate slidiff 0.1.3 already has a lockfile, it will not be regenerated
[INFO] running `Command { std: CARGO_HOME="/workspace/cargo-home" RUSTUP_HOME="/workspace/rustup-home" "/workspace/cargo-home/bin/cargo" "+1.100.0-beta.1" "fetch" "--manifest-path" "Cargo.toml", kill_on_drop: false }`
[INFO] [stderr] warning: `package.homepage` is redundant with `package.repository`
[INFO] [stderr]   --> Cargo.toml:48:12
[INFO] [stderr]    |
[INFO] [stderr] 48 | homepage = "https://github.com/azihsoyn/slidiff"
[INFO] [stderr]    |            ^^^^^^^^^^^^^^^^^^^^^^^^^^^^^^^^^^^^^
[INFO] [stderr] ...
[INFO] [stderr] 53 | repository = "https://github.com/azihsoyn/slidiff"
[INFO] [stderr]    |              -------------------------------------
[INFO] [stderr]    |
[INFO] [stderr]    = note: `cargo::redundant_homepage` is set to `warn` by default
[INFO] [stderr] help: consider removing `package.homepage`
[INFO] [stderr] warning: `slidiff` (manifest) generated 1 warning
[INFO] running `Command { std: "docker" "create" "-v" "/var/lib/crater-agent-workspace/builds/worker-2-tc2/source:/opt/rustwide/workdir:ro,Z" "-v" "/var/lib/crater-agent-workspace/builds/worker-2-tc2/target:/opt/rustwide/target:rw,Z" "-v" "/var/lib/crater-agent-workspace/cargo-home:/opt/rustwide/cargo-home:ro,Z" "-v" "/var/lib/crater-agent-workspace/rustup-home:/opt/rustwide/rustup-home:ro,Z" "-m" "1610612736" "--network" "none" "ghcr.io/rust-lang/crates-build-env/linux@sha256:77db811e55d90add9212f6832c23229e3de5f1c1f9905e8cb07319ea15df73ac" "sleep" "infinity", kill_on_drop: false }`
[INFO] [stdout] 58c498adb461c48f465d024d6e16e76e7b5faae34765c4814f0cfdb87d912cd0
[INFO] running `Command { std: "docker" "start" "58c498adb461c48f465d024d6e16e76e7b5faae34765c4814f0cfdb87d912cd0", kill_on_drop: false }`
[INFO] running `Command { std: "docker" "inspect" "58c498adb461c48f465d024d6e16e76e7b5faae34765c4814f0cfdb87d912cd0", kill_on_drop: false }`
[INFO] running `Command { std: "docker" "exec" "-e" "SOURCE_DIR=/opt/rustwide/workdir" "-e" "CARGO_HOME=/opt/rustwide/cargo-home" "-e" "RUSTUP_HOME=/opt/rustwide/rustup-home" "-e" "CARGO_TARGET_DIR=/opt/rustwide/target" "-w" "/opt/rustwide/workdir" "--user" "0:0" "58c498adb461c48f465d024d6e16e76e7b5faae34765c4814f0cfdb87d912cd0" "/opt/rustwide/cargo-home/bin/cargo" "+1.100.0-beta.1" "metadata" "--no-deps" "--format-version=1", kill_on_drop: false }`
[INFO] running `Command { std: "docker" "inspect" "58c498adb461c48f465d024d6e16e76e7b5faae34765c4814f0cfdb87d912cd0", kill_on_drop: false }`
[INFO] running `Command { std: "docker" "exec" "-e" "SOURCE_DIR=/opt/rustwide/workdir" "-e" "CARGO_HOME=/opt/rustwide/cargo-home" "-e" "RUSTUP_HOME=/opt/rustwide/rustup-home" "-e" "CARGO_TARGET_DIR=/opt/rustwide/target" "-e" "CARGO_INCREMENTAL=0" "-e" "RUST_BACKTRACE=full" "-e" "RUSTFLAGS=--cap-lints=warn" "-e" "RUSTDOCFLAGS=--cap-lints=warn" "-w" "/opt/rustwide/workdir" "--user" "0:0" "58c498adb461c48f465d024d6e16e76e7b5faae34765c4814f0cfdb87d912cd0" "/opt/rustwide/cargo-home/bin/cargo" "+1.100.0-beta.1" "build" "--frozen" "--message-format=json" "--release", kill_on_drop: false }`
[INFO] [stderr] warning: `package.homepage` is redundant with `package.repository`
[INFO] [stderr]   --> Cargo.toml:48:12
[INFO] [stderr]    |
[INFO] [stderr] 48 | homepage = "https://github.com/azihsoyn/slidiff"
[INFO] [stderr]    |            ^^^^^^^^^^^^^^^^^^^^^^^^^^^^^^^^^^^^^
[INFO] [stderr] ...
[INFO] [stderr] 53 | repository = "https://github.com/azihsoyn/slidiff"
[INFO] [stderr]    |              -------------------------------------
[INFO] [stderr]    |
[INFO] [stderr]    = note: `cargo::redundant_homepage` is set to `warn` by default
[INFO] [stderr] help: consider removing `package.homepage`
[INFO] [stderr] warning: `slidiff` (manifest) generated 1 warning
[INFO] [stderr]    Compiling hashbrown v0.17.1
[INFO] [stderr]    Compiling thiserror v2.0.20
[INFO] [stderr]    Compiling bitflags v2.13.1
[INFO] [stderr]    Compiling serde_core v1.0.229
[INFO] [stderr]    Compiling syn v3.0.4
[INFO] [stderr]    Compiling syn v2.0.119
[INFO] [stderr]    Compiling either v1.18.0
[INFO] [stderr]    Compiling castaway v0.2.4
[INFO] [stderr]    Compiling errno v0.3.14
[INFO] [stderr]    Compiling itertools v0.14.0
[INFO] [stderr]    Compiling instability v0.3.13
[INFO] [stderr]    Compiling compact_str v0.9.1
[INFO] [stderr]    Compiling signal-hook-registry v1.4.8
[INFO] [stderr]    Compiling rustix v1.1.4
[INFO] [stderr]    Compiling lru v0.18.3
[INFO] [stderr]    Compiling critical-section v1.2.0
[INFO] [stderr]    Compiling smallvec v1.15.2
[INFO] [stderr]    Compiling mio v1.2.2
[INFO] [stderr]    Compiling signal-hook v0.3.18
[INFO] [stderr]    Compiling parking_lot_core v0.9.12
[INFO] [stderr]    Compiling serde_json v1.0.151
[INFO] [stderr]    Compiling num_threads v0.1.7
[INFO] [stderr]    Compiling time v0.3.55
[INFO] [stderr]    Compiling parking_lot v0.12.5
[INFO] [stderr]    Compiling signal-hook-mio v0.2.5
[INFO] [stderr]    Compiling line-clipping v0.3.8
[INFO] [stderr]    Compiling ref-cast v1.0.27
[INFO] [stderr]    Compiling indexmap v2.14.0
[INFO] [stderr]    Compiling unicode-truncate v2.0.1
[INFO] [stderr]    Compiling strum_macros v0.28.0
[INFO] [stderr]    Compiling derive_more-impl v2.1.1
[INFO] [stderr]    Compiling derive_more v2.1.1
[INFO] [stderr]    Compiling crossterm v0.29.0
[INFO] [stderr]    Compiling darling_core v0.24.1
[INFO] [stderr]    Compiling serde_derive_internals v0.30.0
[INFO] [stderr]    Compiling strum v0.28.0
[INFO] [stderr]    Compiling thiserror-impl v2.0.20
[INFO] [stderr]    Compiling serde_derive v1.0.229
[INFO] [stderr]    Compiling ref-cast-impl v1.0.27
[INFO] [stderr]    Compiling schemars_derive v1.2.2
[INFO] [stderr]    Compiling kasuari v0.4.12
[INFO] [stderr]    Compiling ratatui-core v0.1.2
[INFO] [stderr]    Compiling darling_macro v0.24.1
[INFO] [stderr]    Compiling darling v0.24.1
[INFO] [stderr]    Compiling serde v1.0.229
[INFO] [stderr]    Compiling ratatui-widgets v0.3.2
[INFO] [stderr]    Compiling ratatui-crossterm v0.1.2
[INFO] [stderr]    Compiling schemars v1.2.2
[INFO] [stderr]    Compiling serde_yaml v0.9.34+deprecated
[INFO] [stderr]    Compiling diffseen v0.1.0
[INFO] [stderr]    Compiling ratatui-macros v0.7.2
[INFO] [stderr]    Compiling ratatui v0.30.2
[INFO] [stderr]    Compiling slidiff v0.1.3 (/opt/rustwide/workdir)
[INFO] [stderr]     Finished `release` profile [optimized] target(s) in 1m 27s
[INFO] running `Command { std: "docker" "inspect" "58c498adb461c48f465d024d6e16e76e7b5faae34765c4814f0cfdb87d912cd0", kill_on_drop: false }`
[INFO] running `Command { std: "docker" "exec" "-e" "SOURCE_DIR=/opt/rustwide/workdir" "-e" "CARGO_HOME=/opt/rustwide/cargo-home" "-e" "RUSTUP_HOME=/opt/rustwide/rustup-home" "-e" "CARGO_TARGET_DIR=/opt/rustwide/target" "-e" "CARGO_INCREMENTAL=0" "-e" "RUST_BACKTRACE=full" "-e" "RUSTFLAGS=--cap-lints=warn" "-e" "RUSTDOCFLAGS=--cap-lints=warn" "-w" "/opt/rustwide/workdir" "--user" "0:0" "58c498adb461c48f465d024d6e16e76e7b5faae34765c4814f0cfdb87d912cd0" "/opt/rustwide/cargo-home/bin/cargo" "+1.100.0-beta.1" "test" "--frozen" "--no-run" "--message-format=json" "--release", kill_on_drop: false }`
[INFO] [stderr] warning: `package.homepage` is redundant with `package.repository`
[INFO] [stderr]   --> Cargo.toml:48:12
[INFO] [stderr]    |
[INFO] [stderr] 48 | homepage = "https://github.com/azihsoyn/slidiff"
[INFO] [stderr]    |            ^^^^^^^^^^^^^^^^^^^^^^^^^^^^^^^^^^^^^
[INFO] [stderr] ...
[INFO] [stderr] 53 | repository = "https://github.com/azihsoyn/slidiff"
[INFO] [stderr]    |              -------------------------------------
[INFO] [stderr]    |
[INFO] [stderr]    = note: `cargo::redundant_homepage` is set to `warn` by default
[INFO] [stderr] help: consider removing `package.homepage`
[INFO] [stderr] warning: `slidiff` (manifest) generated 1 warning
[INFO] [stderr]    Compiling rustix v1.1.4
[INFO] [stderr]    Compiling getrandom v0.4.3
[INFO] [stderr]    Compiling crossterm v0.29.0
[INFO] [stderr]    Compiling tempfile v3.27.0
[INFO] [stderr]    Compiling ratatui-crossterm v0.1.2
[INFO] [stderr]    Compiling ratatui v0.30.2
[INFO] [stderr]    Compiling slidiff v0.1.3 (/opt/rustwide/workdir)
[INFO] [stderr]     Finished `release` profile [optimized] target(s) in 48.79s
[INFO] running `Command { std: "docker" "inspect" "58c498adb461c48f465d024d6e16e76e7b5faae34765c4814f0cfdb87d912cd0", kill_on_drop: false }`
[INFO] running `Command { std: "docker" "exec" "-e" "SOURCE_DIR=/opt/rustwide/workdir" "-e" "CARGO_HOME=/opt/rustwide/cargo-home" "-e" "RUSTUP_HOME=/opt/rustwide/rustup-home" "-e" "CARGO_TARGET_DIR=/opt/rustwide/target" "-e" "CARGO_INCREMENTAL=0" "-e" "RUST_BACKTRACE=full" "-e" "RUSTFLAGS=--cap-lints=warn" "-e" "RUSTDOCFLAGS=--cap-lints=warn" "-w" "/opt/rustwide/workdir" "--user" "0:0" "58c498adb461c48f465d024d6e16e76e7b5faae34765c4814f0cfdb87d912cd0" "/opt/rustwide/cargo-home/bin/cargo" "+1.100.0-beta.1" "test" "--frozen" "--release", kill_on_drop: false }`
[INFO] [stderr] warning: `package.homepage` is redundant with `package.repository`
[INFO] [stderr]   --> Cargo.toml:48:12
[INFO] [stderr]    |
[INFO] [stderr] 48 | homepage = "https://github.com/azihsoyn/slidiff"
[INFO] [stderr]    |            ^^^^^^^^^^^^^^^^^^^^^^^^^^^^^^^^^^^^^
[INFO] [stderr] ...
[INFO] [stderr] 53 | repository = "https://github.com/azihsoyn/slidiff"
[INFO] [stderr]    |              -------------------------------------
[INFO] [stderr]    |
[INFO] [stderr]    = note: `cargo::redundant_homepage` is set to `warn` by default
[INFO] [stderr] help: consider removing `package.homepage`
[INFO] [stderr] warning: `slidiff` (manifest) generated 1 warning
[INFO] [stderr]     Finished `release` profile [optimized] target(s) in 0.22s
[INFO] [stderr]      Running unittests src/lib.rs (/opt/rustwide/target/release/build/slidiff/36735fbf0a05ef9b/out/slidiff-36735fbf0a05ef9b)
[INFO] [stdout] 
[INFO] [stdout] running 77 tests
[INFO] [stdout] test deck::tests::validate_pins_notes_inside_range ... ok
[INFO] [stdout] test diff::excerpt::tests::clamps_to_file_length ... ok
[INFO] [stdout] test deck::tests::anchor_parses_single_line_and_range ... ok
[INFO] [stdout] test deck::tests::deck_length_is_unbounded_but_empty_map_is_refused ... ok
[INFO] [stdout] test deck::tests::anchor_rejects_bad_forms ... ok
[INFO] [stdout] test deck::tests::validate_reports_how_much_to_cut ... ok
[INFO] [stdout] test diff::excerpt::tests::merges_hunk_rows_with_file_gaps ... ok
[INFO] [stdout] test diff::excerpt::tests::no_sources_yields_empty ... ok
[INFO] [stdout] test diff::excerpt::tests::plain_file_when_diff_misses_range ... ok
[INFO] [stdout] test diff::parse::tests::binary_file_has_no_hunks ... ok
[INFO] [stdout] test comments::tests::bundle_resolves_anchors_and_reports_stale ... ok
[INFO] [stdout] test deck::tests::validate_refuses_wide_span ... ok
[INFO] [stdout] test diff::words::tests::japanese_words_tokenize_by_run ... ok
[INFO] [stdout] test diff::words::tests::unrelated_lines_stay_whole ... ok
[INFO] [stdout] test diff::parse::tests::parses_files_hunks_and_line_numbers ... ok
[INFO] [stdout] test deck::tests::validate_counts_japanese_by_chars_not_bytes ... ok
[INFO] [stdout] test highlight::tests::reconstruction_is_lossless ... ok
[INFO] [stdout] test highlight::tests::rust_keywords_strings_comments ... ok
[INFO] [stdout] test diff::words::tests::emphasizes_only_the_changed_word ... ok
[INFO] [stdout] test diff::words::tests::hunk_pairs_del_and_add_runs_positionally ... ok
[INFO] [stdout] test diff::words::tests::unpaired_addition_is_fully_emphasized ... ok
[INFO] [stdout] test diff::parse::tests::parses_rename ... ok
[INFO] [stdout] test highlight::tests::shell_hash_only_comments_at_word_edge ... ok
[INFO] [stdout] test highlight::tests::typescript_numbers_and_literals ... ok
[INFO] [stdout] test highlight::tests::unterminated_string_swallows_rest_of_line_only ... ok
[INFO] [stdout] test md::tests::bold_italic_code_are_styled_and_markers_removed ... ok
[INFO] [stdout] test md::tests::unclosed_markers_stay_literal ... ok
[INFO] [stdout] test md::tests::bullets_and_headings ... ok
[INFO] [stdout] test mdeck::tests::bad_anchor_and_unknown_flag_are_reported_with_slide_number ... ok
[INFO] [stdout] test mdeck::tests::parses_all_step_types ... ok
[INFO] [stdout] test mdeck::tests::prose_on_a_slide_is_refused_toward_speaker_notes ... ok
[INFO] [stdout] test mdeck::tests::deck_length_is_unbounded_in_markdown ... ok
[INFO] [stdout] test mdeck::tests::heading_depth_nests_sections_and_refuses_a_fourth_tier ... ok
[INFO] [stdout] test md::tests::japanese_text_passes_through ... ok
[INFO] [stdout] test mdeck::tests::question_marks_inside_notes_do_not_resplit ... ok
[INFO] [stdout] test mdeck::tests::schema_limits_apply_to_markdown_too ... ok
[INFO] [stdout] test resume::tests::no_git_dir_is_a_quiet_noop ... ok
[INFO] [stdout] test seen::tests::file_is_done_requires_all_seen_and_no_flags ... ok
[INFO] [stdout] test seen::tests::file_toggle_flips_between_all_and_none ... ok
[INFO] [stdout] test seen::tests::hash_ignores_position_but_not_content ... ok
[INFO] [stdout] test resume::tests::round_trips_per_deck ... ok
[INFO] [stdout] test seen::tests::identical_hunks_get_distinct_keys ... ok
[INFO] [stdout] test ui::tests::ask_prompt_carries_slide_context_and_diff ... ok
[INFO] [stdout] test seen::tests::survives_a_save_load_round_trip ... ok
[INFO] [stdout] test ui::tests::base64_matches_the_spec ... ok
[INFO] [stdout] test ui::tests::clicking_the_filmstrip_returns_focus_to_the_slides ... ok
[INFO] [stdout] test ui::tests::diff_fingerprint_tracks_content ... ok
[INFO] [stdout] test ui::tests::ask_popup_and_help_overlay_render ... ok
[INFO] [stdout] test ui::tests::dive_shows_full_hunk_with_line_numbers ... ok
[INFO] [stdout] test ui::tests::h_hides_fully_seen_files_from_the_sidebar ... ok
[INFO] [stdout] test ui::tests::cover_bullets_hang_left_aligned_when_wrapped ... ok
[INFO] [stdout] test ui::tests::cover_shows_title_and_bullets ... ok
[INFO] [stdout] test ui::tests::filmstrip_windows_around_current_for_long_decks ... ok
[INFO] [stdout] test ui::tests::map_aggregates_groups_and_reports_coverage ... ok
[INFO] [stdout] test ui::tests::down_arrow_steps_into_the_file_list_at_the_current_file ... ok
[INFO] [stdout] test ui::tests::missing_file_falls_back_to_note_not_panic ... ok
[INFO] [stdout] test ui::tests::before_after_splits_old_and_new ... ok
[INFO] [stdout] test ui::tests::point_shows_claim_excerpt_note_and_chrome ... ok
[INFO] [stdout] test ui::tests::page_is_slide_shaped_not_full_height ... ok
[INFO] [stdout] test ui::tests::paired_change_gets_stronger_tint_on_changed_word ... ok
[INFO] [stdout] test ui::tests::clicking_a_filmstrip_box_jumps_to_that_step ... ok
[INFO] [stdout] test ui::tests::risk_shows_severity_tag ... ok
[INFO] [stdout] test ui::tests::slide_v_never_touches_hunks_outside_the_range ... ok
[INFO] [stdout] test ui::tests::section_band_spans_its_slides_and_click_jumps_to_headline ... ok
[INFO] [stdout] test ui::tests::unpaired_add_gets_no_word_emphasis ... ok
[INFO] [stdout] test ui::tests::sidebar_focus_navigates_and_v_marks_whole_file ... ok
[INFO] [stdout] test ui::tests::v_in_hide_mode_does_not_advance_past_the_vanishing_row ... ok
[INFO] [stdout] test ui::tests::page_geometry_never_shifts_between_steps ... ok
[INFO] [stdout] test ui::tests::slide_v_marks_only_the_visible_range ... ok
[INFO] [stdout] test ui::tests::wrap_display_breaks_at_spaces_and_by_width ... ok
[INFO] [stdout] test ui::tests::sidebar_shows_seen_progress_and_not_in_deck_opens_dive ... ok
[INFO] [stdout] test ui::tests::speaker_notes_show_below_the_slide_and_toggle_off ... ok
[INFO] [stdout] test ui::tests::sidebar_lists_section_files_and_click_jumps ... ok
[INFO] [stdout] test ui::tests::v_marks_a_changed_line_seen_and_advances ... ok
[INFO] [stdout] test ui::tests::x_flags_a_line_loud_and_c_comments_it ... ok
[INFO] [stdout] test ui::tests::watch_reloads_an_edited_deck_and_keeps_a_broken_one_out ... ok
[INFO] [stdout] test ui::tests::subsections_indent_in_sidebar_and_get_their_own_band_row ... ok
[INFO] [stdout] 
[INFO] [stderr]      Running unittests src/main.rs (/opt/rustwide/target/release/build/slidiff/0f40536a3ccb6628/out/slidiff-0f40536a3ccb6628)
[INFO] [stdout] test result: ok. 77 passed; 0 failed; 0 ignored; 0 measured; 0 filtered out; finished in 0.06s
[INFO] [stdout] 
[INFO] [stdout] 
[INFO] [stdout] running 0 tests
[INFO] [stdout] 
[INFO] [stdout] test result: ok. 0 passed; 0 failed; 0 ignored; 0 measured; 0 filtered out; finished in 0.00s
[INFO] [stdout] 
[INFO] [stderr]      Running tests/git_diff.rs (/opt/rustwide/target/release/build/slidiff/671e7496cdca83a1/out/git_diff-671e7496cdca83a1)
[INFO] [stdout] 
[INFO] [stdout] running 2 tests
[INFO] [stdout] test default_base_is_head_worktree_changes ... ok
[INFO] [stdout] test diff_against_moved_base_shows_only_own_work ... ok
[INFO] [stdout] 
[INFO] [stdout] test result: ok. 2 passed; 0 failed; 0 ignored; 0 measured; 0 filtered out; finished in 0.09s
[INFO] [stdout] 
[INFO] [stderr]      Running tests/schema_golden.rs (/opt/rustwide/target/release/build/slidiff/5396b454740486a6/out/schema_golden-5396b454740486a6)
[INFO] [stdout] 
[INFO] [stdout] running 1 test
[INFO] [stdout] test schema_matches_golden ... FAILED
[INFO] [stdout] 
[INFO] [stdout] failures:
[INFO] [stdout] 
[INFO] [stdout] ---- schema_matches_golden stdout ----
[INFO] [stdout] 
[INFO] [stdout] thread 'schema_matches_golden' (1493) panicked at tests/schema_golden.rs:20:10:
[INFO] [stdout] schema/slidiff.schema.json missing — run UPDATE_GOLDEN=1 cargo test: Os { code: 2, kind: NotFound, message: "No such file or directory" }
[INFO] [stdout] stack backtrace:
[INFO] [stdout]    0:     0x650cbfd6a101 - <<std[617be2ca0a6fd877]::sys::backtrace::BacktraceLock>::print::DisplayBacktrace as core[a373ad73a504971]::fmt::Display>::fmt
[INFO] [stdout]    1:     0x650cbfd7e0fa - core[a373ad73a504971]::fmt::write
[INFO] [stdout]    2:     0x650cbfd6e31c - <alloc[2e1b2a31b91974c5]::vec::Vec<u8> as core[a373ad73a504971]::io::write::Write>::write_fmt
[INFO] [stdout]    3:     0x650cbfd45666 - std[617be2ca0a6fd877]::panicking::default_hook::{closure#0}
[INFO] [stdout]    4:     0x650cbfd62259 - std[617be2ca0a6fd877]::panicking::default_hook
[INFO] [stdout]    5:     0x650cbfcfd8d0 - test[aada8e7e76ba119b]::test_main_inner::{closure#0}
[INFO] [stdout]    6:     0x650cbfd62412 - std[617be2ca0a6fd877]::panicking::panic_with_hook
[INFO] [stdout]    7:     0x650cbfd45712 - std[617be2ca0a6fd877]::panicking::panic_handler::{closure#0}
[INFO] [stdout]    8:     0x650cbfd3e179 - std[617be2ca0a6fd877]::sys::backtrace::__rust_end_short_backtrace::<std[617be2ca0a6fd877]::panicking::panic_handler::{closure#0}, !>
[INFO] [stdout]    9:     0x650cbfd4631d - __rustc[ea4f61d10b84890b]::rust_begin_unwind
[INFO] [stdout]   10:     0x650cbfd7e82c - core[a373ad73a504971]::panicking::panic_fmt
[INFO] [stdout]   11:     0x650cbfd7e602 - core[a373ad73a504971]::result::unwrap_failed
[INFO] [stdout]   12:     0x650cbfccbfa0 - <schema_golden[dc9a2deb52803a4]::schema_matches_golden::{closure#0} as core[a373ad73a504971]::ops::function::FnOnce<()>>::call_once
[INFO] [stdout]   13:     0x650cbfcf0d1b - test[aada8e7e76ba119b]::__rust_begin_short_backtrace::<core[a373ad73a504971]::result::Result<(), alloc[2e1b2a31b91974c5]::string::String>, fn() -> core[a373ad73a504971]::result::Result<(), alloc[2e1b2a31b91974c5]::string::String>>
[INFO] [stdout]   14:     0x650cbfcfdef5 - test[aada8e7e76ba119b]::run_test::{closure#0}
[INFO] [stdout]   15:     0x650cbfcf77e4 - std[617be2ca0a6fd877]::sys::backtrace::__rust_begin_short_backtrace::<test[aada8e7e76ba119b]::run_test::{closure#1}, ()>
[INFO] [stdout]   16:     0x650cbfd00f82 - <std[617be2ca0a6fd877]::thread::lifecycle::spawn_unchecked<test[aada8e7e76ba119b]::run_test::{closure#1}, ()>::{closure#1} as core[a373ad73a504971]::ops::function::FnOnce<()>>::call_once::{shim:vtable#0}
[INFO] [stdout]   17:     0x650cbfd6941f - <std[617be2ca0a6fd877]::sys::thread::unix::Thread>::new::thread_start
[INFO] [stdout]   18:     0x7343f8730dfa - <unknown>
[INFO] [stdout]   19:     0x7343f87c43d4 - clone
[INFO] [stdout]   20:                0x0 - <unknown>
[INFO] [stdout] 
[INFO] [stdout] 
[INFO] [stdout] failures:
[INFO] [stdout]     schema_matches_golden
[INFO] [stdout] 
[INFO] [stdout] test result: FAILED. 0 passed; 1 failed; 0 ignored; 0 measured; 0 filtered out; finished in 0.00s
[INFO] [stdout] 
[INFO] [stderr] error: test failed, to rerun pass `--test schema_golden`
[INFO] running `Command { std: "docker" "inspect" "58c498adb461c48f465d024d6e16e76e7b5faae34765c4814f0cfdb87d912cd0", kill_on_drop: false }`
[INFO] running `Command { std: "docker" "rm" "-f" "58c498adb461c48f465d024d6e16e76e7b5faae34765c4814f0cfdb87d912cd0", kill_on_drop: false }`
[INFO] [stdout] 58c498adb461c48f465d024d6e16e76e7b5faae34765c4814f0cfdb87d912cd0
