[INFO] fetching crate slick 0.26.0...
[INFO] testing slick-0.26.0 against 1.100.0-beta.1+cargoflags=--release for beta-release-1.100-2
[INFO] extracting crate slick 0.26.0 into /workspace/builds/worker-7-tc2/source
[INFO] started tweaking crates.io crate slick 0.26.0
[INFO] removed 0 missing tests
[INFO] finished tweaking crates.io crate slick 0.26.0
[INFO] tweaked toml for crates.io crate slick 0.26.0 written to /workspace/builds/worker-7-tc2/source/Cargo.toml
[INFO] validating manifest of crates.io crate slick 0.26.0 on toolchain 1.100.0-beta.1
[INFO] running `Command { std: CARGO_HOME="/workspace/cargo-home" RUSTUP_HOME="/workspace/rustup-home" "/workspace/cargo-home/bin/cargo" "+1.100.0-beta.1" "metadata" "--manifest-path" "Cargo.toml" "--no-deps", kill_on_drop: false }`
[INFO] crate crates.io crate slick 0.26.0 already has a lockfile, it will not be regenerated
[INFO] running `Command { std: CARGO_HOME="/workspace/cargo-home" RUSTUP_HOME="/workspace/rustup-home" "/workspace/cargo-home/bin/cargo" "+1.100.0-beta.1" "fetch" "--manifest-path" "Cargo.toml", kill_on_drop: false }`
[INFO] [stderr] warning: `package.homepage` is redundant with `package.repository`
[INFO] [stderr]   --> Cargo.toml:84:12
[INFO] [stderr]    |
[INFO] [stderr] 84 | homepage = "https://github.com/nbari/slick"
[INFO] [stderr]    |            ^^^^^^^^^^^^^^^^^^^^^^^^^^^^^^^^
[INFO] [stderr] ...
[INFO] [stderr] 89 | repository = "https://github.com/nbari/slick"
[INFO] [stderr]    |              --------------------------------
[INFO] [stderr]    |
[INFO] [stderr]    = note: `cargo::redundant_homepage` is set to `warn` by default
[INFO] [stderr] help: consider removing `package.homepage`
[INFO] [stderr] warning: `slick` (manifest) generated 1 warning
[INFO] running `Command { std: "docker" "create" "-v" "/var/lib/crater-agent-workspace/builds/worker-7-tc2/source:/opt/rustwide/workdir:ro,Z" "-v" "/var/lib/crater-agent-workspace/builds/worker-7-tc2/target:/opt/rustwide/target:rw,Z" "-v" "/var/lib/crater-agent-workspace/cargo-home:/opt/rustwide/cargo-home:ro,Z" "-v" "/var/lib/crater-agent-workspace/rustup-home:/opt/rustwide/rustup-home:ro,Z" "-m" "1610612736" "--network" "none" "ghcr.io/rust-lang/crates-build-env/linux@sha256:77db811e55d90add9212f6832c23229e3de5f1c1f9905e8cb07319ea15df73ac" "sleep" "infinity", kill_on_drop: false }`
[INFO] [stdout] 95d7652a79100fcf6a6e0c8db305d3e43811573933310d15eb8d440ab7e1a2d1
[INFO] running `Command { std: "docker" "start" "95d7652a79100fcf6a6e0c8db305d3e43811573933310d15eb8d440ab7e1a2d1", kill_on_drop: false }`
[INFO] running `Command { std: "docker" "inspect" "95d7652a79100fcf6a6e0c8db305d3e43811573933310d15eb8d440ab7e1a2d1", kill_on_drop: false }`
[INFO] running `Command { std: "docker" "exec" "-e" "SOURCE_DIR=/opt/rustwide/workdir" "-e" "CARGO_HOME=/opt/rustwide/cargo-home" "-e" "RUSTUP_HOME=/opt/rustwide/rustup-home" "-e" "CARGO_TARGET_DIR=/opt/rustwide/target" "-w" "/opt/rustwide/workdir" "--user" "0:0" "95d7652a79100fcf6a6e0c8db305d3e43811573933310d15eb8d440ab7e1a2d1" "/opt/rustwide/cargo-home/bin/cargo" "+1.100.0-beta.1" "metadata" "--no-deps" "--format-version=1", kill_on_drop: false }`
[INFO] running `Command { std: "docker" "inspect" "95d7652a79100fcf6a6e0c8db305d3e43811573933310d15eb8d440ab7e1a2d1", kill_on_drop: false }`
[INFO] running `Command { std: "docker" "exec" "-e" "SOURCE_DIR=/opt/rustwide/workdir" "-e" "CARGO_HOME=/opt/rustwide/cargo-home" "-e" "RUSTUP_HOME=/opt/rustwide/rustup-home" "-e" "CARGO_TARGET_DIR=/opt/rustwide/target" "-e" "CARGO_INCREMENTAL=0" "-e" "RUST_BACKTRACE=full" "-e" "RUSTFLAGS=--cap-lints=warn" "-e" "RUSTDOCFLAGS=--cap-lints=warn" "-w" "/opt/rustwide/workdir" "--user" "0:0" "95d7652a79100fcf6a6e0c8db305d3e43811573933310d15eb8d440ab7e1a2d1" "/opt/rustwide/cargo-home/bin/cargo" "+1.100.0-beta.1" "build" "--frozen" "--message-format=json" "--release", kill_on_drop: false }`
[INFO] [stderr] warning: `package.homepage` is redundant with `package.repository`
[INFO] [stderr]   --> Cargo.toml:84:12
[INFO] [stderr]    |
[INFO] [stderr] 84 | homepage = "https://github.com/nbari/slick"
[INFO] [stderr]    |            ^^^^^^^^^^^^^^^^^^^^^^^^^^^^^^^^
[INFO] [stderr] ...
[INFO] [stderr] 89 | repository = "https://github.com/nbari/slick"
[INFO] [stderr]    |              --------------------------------
[INFO] [stderr]    |
[INFO] [stderr]    = note: `cargo::redundant_homepage` is set to `warn` by default
[INFO] [stderr] help: consider removing `package.homepage`
[INFO] [stderr] warning: `slick` (manifest) generated 1 warning
[INFO] [stderr]    Compiling libc v0.2.189
[INFO] [stderr]    Compiling find-msvc-tools v0.1.11
[INFO] [stderr]    Compiling proc-macro2 v1.0.107
[INFO] [stderr]    Compiling shlex v2.0.1
[INFO] [stderr]    Compiling pkg-config v0.3.34
[INFO] [stderr]    Compiling quote v1.0.47
[INFO] [stderr]    Compiling unicode-ident v1.0.24
[INFO] [stderr]    Compiling vcpkg v0.2.15
[INFO] [stderr]    Compiling utf8parse v0.2.2
[INFO] [stderr]    Compiling serde_core v1.0.229
[INFO] [stderr]    Compiling anstyle-query v1.1.5
[INFO] [stderr]    Compiling is_terminal_polyfill v1.70.2
[INFO] [stderr]    Compiling anstyle v1.0.14
[INFO] [stderr]    Compiling colorchoice v1.0.5
[INFO] [stderr]    Compiling zmij v1.0.23
[INFO] [stderr]    Compiling strsim v0.11.1
[INFO] [stderr]    Compiling anstyle-parse v1.0.0
[INFO] [stderr]    Compiling serde_json v1.0.151
[INFO] [stderr]    Compiling log v0.4.33
[INFO] [stderr]    Compiling clap_lex v1.1.0
[INFO] [stderr]    Compiling serde v1.0.229
[INFO] [stderr]    Compiling memchr v2.8.3
[INFO] [stderr]    Compiling itoa v1.0.18
[INFO] [stderr]    Compiling anstream v1.0.0
[INFO] [stderr]    Compiling bitflags v2.13.1
[INFO] [stderr]    Compiling bytes v1.12.1
[INFO] [stderr]    Compiling pin-project-lite v0.2.17
[INFO] [stderr]    Compiling compound_duration v2.0.0
[INFO] [stderr]    Compiling clap_builder v4.6.6
[INFO] [stderr]    Compiling syn v3.0.3
[INFO] [stderr]    Compiling errno v0.3.14
[INFO] [stderr]    Compiling mio v1.2.2
[INFO] [stderr]    Compiling uzers v0.12.2
[INFO] [stderr]    Compiling signal-hook-registry v1.4.8
[INFO] [stderr]    Compiling jobserver v0.1.35
[INFO] [stderr]    Compiling cc v1.4.3
[INFO] [stderr]    Compiling libz-sys v1.1.29
[INFO] [stderr]    Compiling libgit2-sys v0.18.7+1.9.6
[INFO] [stderr]    Compiling clap v4.6.6
[INFO] [stderr]    Compiling tokio-macros v2.7.2
[INFO] [stderr]    Compiling serde_derive v1.0.229
[INFO] [stderr]    Compiling tokio v1.53.1
[INFO] [stderr]    Compiling git2 v0.21.0
[INFO] [stderr]    Compiling slick v0.26.0 (/opt/rustwide/workdir)
[INFO] [stderr]     Finished `release` profile [optimized] target(s) in 1m 25s
[INFO] running `Command { std: "docker" "inspect" "95d7652a79100fcf6a6e0c8db305d3e43811573933310d15eb8d440ab7e1a2d1", kill_on_drop: false }`
[INFO] running `Command { std: "docker" "exec" "-e" "SOURCE_DIR=/opt/rustwide/workdir" "-e" "CARGO_HOME=/opt/rustwide/cargo-home" "-e" "RUSTUP_HOME=/opt/rustwide/rustup-home" "-e" "CARGO_TARGET_DIR=/opt/rustwide/target" "-e" "CARGO_INCREMENTAL=0" "-e" "RUST_BACKTRACE=full" "-e" "RUSTFLAGS=--cap-lints=warn" "-e" "RUSTDOCFLAGS=--cap-lints=warn" "-w" "/opt/rustwide/workdir" "--user" "0:0" "95d7652a79100fcf6a6e0c8db305d3e43811573933310d15eb8d440ab7e1a2d1" "/opt/rustwide/cargo-home/bin/cargo" "+1.100.0-beta.1" "test" "--frozen" "--no-run" "--message-format=json" "--release", kill_on_drop: false }`
[INFO] [stderr] warning: `package.homepage` is redundant with `package.repository`
[INFO] [stderr]   --> Cargo.toml:84:12
[INFO] [stderr]    |
[INFO] [stderr] 84 | homepage = "https://github.com/nbari/slick"
[INFO] [stderr]    |            ^^^^^^^^^^^^^^^^^^^^^^^^^^^^^^^^
[INFO] [stderr] ...
[INFO] [stderr] 89 | repository = "https://github.com/nbari/slick"
[INFO] [stderr]    |              --------------------------------
[INFO] [stderr]    |
[INFO] [stderr]    = note: `cargo::redundant_homepage` is set to `warn` by default
[INFO] [stderr] help: consider removing `package.homepage`
[INFO] [stderr] warning: `slick` (manifest) generated 1 warning
[INFO] [stderr]    Compiling serde_core v1.0.229
[INFO] [stderr]    Compiling crossbeam-utils v0.8.22
[INFO] [stderr]    Compiling serde v1.0.229
[INFO] [stderr]    Compiling zerocopy v0.8.56
[INFO] [stderr]    Compiling cfg-if v1.0.4
[INFO] [stderr]    Compiling crossbeam-epoch v0.9.20
[INFO] [stderr]    Compiling crossbeam-deque v0.8.7
[INFO] [stderr]    Compiling bitflags v2.13.1
[INFO] [stderr]    Compiling autocfg v1.5.1
[INFO] [stderr]    Compiling rayon-core v1.13.0
[INFO] [stderr]    Compiling either v1.17.0
[INFO] [stderr]    Compiling syn v2.0.119
[INFO] [stderr]    Compiling alloca v0.4.0
[INFO] [stderr]    Compiling ciborium-io v0.2.2
[INFO] [stderr]    Compiling getrandom v0.4.3
[INFO] [stderr]    Compiling plotters-backend v0.3.7
[INFO] [stderr]    Compiling regex-syntax v0.8.11
[INFO] [stderr]    Compiling rustix v1.1.4
[INFO] [stderr]    Compiling linux-raw-sys v0.12.1
[INFO] [stderr]    Compiling git2 v0.21.0
[INFO] [stderr]    Compiling same-file v1.0.6
[INFO] [stderr]    Compiling cast v0.3.0
[INFO] [stderr]    Compiling itertools v0.13.0
[INFO] [stderr]    Compiling walkdir v2.5.0
[INFO] [stderr]    Compiling page_size v0.6.0
[INFO] [stderr]    Compiling plotters-svg v0.3.7
[INFO] [stderr]    Compiling oorandom v11.1.5
[INFO] [stderr]    Compiling once_cell v1.21.4
[INFO] [stderr]    Compiling anes v0.1.6
[INFO] [stderr]    Compiling fastrand v2.5.0
[INFO] [stderr]    Compiling num-traits v0.2.19
[INFO] [stderr]    Compiling regex-automata v0.4.18
[INFO] [stderr]    Compiling rayon v1.12.0
[INFO] [stderr]    Compiling plotters v0.3.7
[INFO] [stderr]    Compiling criterion-plot v0.8.2
[INFO] [stderr]    Compiling regex v1.13.1
[INFO] [stderr]    Compiling tempfile v3.27.0
[INFO] [stderr]    Compiling serde_json v1.0.151
[INFO] [stderr]    Compiling zerocopy-derive v0.8.56
[INFO] [stderr]    Compiling tinytemplate v1.2.1
[INFO] [stderr]    Compiling slick v0.26.0 (/opt/rustwide/workdir)
[INFO] [stderr]    Compiling half v2.7.1
[INFO] [stderr]    Compiling ciborium-ll v0.2.2
[INFO] [stderr]    Compiling ciborium v0.2.2
[INFO] [stderr]    Compiling criterion v0.8.2
[INFO] [stderr]     Finished `release` profile [optimized] target(s) in 2m 22s
[INFO] running `Command { std: "docker" "inspect" "95d7652a79100fcf6a6e0c8db305d3e43811573933310d15eb8d440ab7e1a2d1", kill_on_drop: false }`
[INFO] running `Command { std: "docker" "exec" "-e" "SOURCE_DIR=/opt/rustwide/workdir" "-e" "CARGO_HOME=/opt/rustwide/cargo-home" "-e" "RUSTUP_HOME=/opt/rustwide/rustup-home" "-e" "CARGO_TARGET_DIR=/opt/rustwide/target" "-e" "CARGO_INCREMENTAL=0" "-e" "RUST_BACKTRACE=full" "-e" "RUSTFLAGS=--cap-lints=warn" "-e" "RUSTDOCFLAGS=--cap-lints=warn" "-w" "/opt/rustwide/workdir" "--user" "0:0" "95d7652a79100fcf6a6e0c8db305d3e43811573933310d15eb8d440ab7e1a2d1" "/opt/rustwide/cargo-home/bin/cargo" "+1.100.0-beta.1" "test" "--frozen" "--release", kill_on_drop: false }`
[INFO] [stderr] warning: `package.homepage` is redundant with `package.repository`
[INFO] [stderr]   --> Cargo.toml:84:12
[INFO] [stderr]    |
[INFO] [stderr] 84 | homepage = "https://github.com/nbari/slick"
[INFO] [stderr]    |            ^^^^^^^^^^^^^^^^^^^^^^^^^^^^^^^^
[INFO] [stderr] ...
[INFO] [stderr] 89 | repository = "https://github.com/nbari/slick"
[INFO] [stderr]    |              --------------------------------
[INFO] [stderr]    |
[INFO] [stderr]    = note: `cargo::redundant_homepage` is set to `warn` by default
[INFO] [stderr] help: consider removing `package.homepage`
[INFO] [stderr] warning: `slick` (manifest) generated 1 warning
[INFO] [stderr]     Finished `release` profile [optimized] target(s) in 0.22s
[INFO] [stderr]      Running unittests src/lib.rs (/opt/rustwide/target/release/build/slick/b4016b87ac9bedfa/out/slick-b4016b87ac9bedfa)
[INFO] [stdout] 
[INFO] [stdout] running 46 tests
[INFO] [stdout] test context::tests::test_get_k8s_label_uses_first_kubeconfig_basename ... ok
[INFO] [stdout] test context::tests::test_get_toolbox_name_from_paths_requires_toolboxenv_file ... ok
[INFO] [stdout] test context::tests::test_get_aws_label_falls_back_to_region ... ok
[INFO] [stdout] test context::tests::test_get_devpod_name_returns_workspace_id ... ok
[INFO] [stdout] test context::tests::test_get_aws_label_falls_back_to_generic_marker ... ok
[INFO] [stdout] test context::tests::test_get_aws_label_prefers_profile ... ok
[INFO] [stdout] test context::tests::test_format_context_marker_without_symbol ... ok
[INFO] [stdout] test context::tests::test_get_devpod_name_returns_none_when_unset ... ok
[INFO] [stdout] test context::tests::test_get_k8s_label_falls_back_when_basename_is_missing ... ok
[INFO] [stdout] test context::tests::test_get_k8s_label_falls_back_when_first_entry_is_empty ... ok
[INFO] [stdout] test context::tests::test_parse_pyenv_name_handles_multiple_versions ... ok
[INFO] [stdout] test context::tests::test_parse_pyenv_name_returns_none_for_system_only ... ok
[INFO] [stdout] test context::tests::test_parse_toolbox_name_returns_container_name ... ok
[INFO] [stdout] test context::tests::test_parse_pyenv_name_handles_virtualenv_style_names ... ok
[INFO] [stdout] test context::tests::test_parse_pyenv_name_skips_system_when_real_env_exists ... ok
[INFO] [stdout] test context::tests::test_get_aws_label_falls_back_to_default_region ... ok
[INFO] [stdout] test context::tests::test_parse_virtual_env_name_returns_last_path_segment ... ok
[INFO] [stdout] test precmd::tests::test_classify_fetch_output_maps_stderr_to_status ... ok
[INFO] [stdout] test precmd::tests::test_fetch_success_and_spawn_error_cache_behavior ... FAILED
[INFO] [stdout] test context::tests::test_strip_pipenv_hash_suffix_keeps_custom_names ... ok
[INFO] [stdout] test prompt::tests::test_append_branch_uses_separate_symbol_color ... ok
[INFO] [stdout] test context::tests::test_get_toolbox_name_from_paths_returns_name_for_toolbox ... ok
[INFO] [stdout] test context::tests::test_parse_pyenv_name_ignores_empty_entries_and_whitespace ... ok
[INFO] [stdout] test context::tests::test_get_devpod_name_falls_back_to_devpod ... ok
[INFO] [stdout] test context::tests::test_get_aws_label_returns_none_when_unset ... ok
[INFO] [stdout] test context::tests::test_get_k8s_label_returns_none_when_unset ... ok
[INFO] [stdout] test prompt::tests::test_compact_path_segments_escape_prompt_syntax ... ok
[INFO] [stdout] test prompt::tests::test_git_user_name_hidden_boolean_values ... ok
[INFO] [stdout] test context::tests::test_format_context_marker_with_symbol ... ok
[INFO] [stdout] test prompt::tests::test_escape_prompt_literal ... ok
[INFO] [stdout] test prompt::tests::test_prompt_literal_encoding_defaults_safely ... ok
[INFO] [stdout] test context::tests::test_parse_toolbox_name_returns_none_when_name_is_missing ... ok
[INFO] [stdout] test tests::test_get_env_unknown_returns_question_marks ... ok
[INFO] [stdout] test tests::test_get_env_var_or_returns_default ... ok
[INFO] [stdout] test context::tests::test_parse_virtual_env_name_keeps_non_pipenv_hyphenated_name ... ok
[INFO] [stdout] test tests::test_get_env_var_returns_empty_for_missing ... ok
[INFO] [stdout] test context::tests::test_parse_virtual_env_name_strips_pipenv_hash ... ok
[INFO] [stdout] test context::tests::test_strip_pipenv_hash_suffix_preserves_internal_hyphens ... ok
[INFO] [stdout] test prompt::tests::test_compact_path_for_absolute_path_outside_home ... ok
[INFO] [stdout] test precmd::tests::test_git_fetch_timeout_defaults_to_five_seconds ... ok
[INFO] [stdout] test precmd::tests::test_production_fetch_deadline_kills_process_group_and_preserves_auth_cache ... FAILED
[INFO] [stdout] test precmd::tests::test_unreachable_remote_is_cached_distinctly_from_auth_failure ... FAILED
[INFO] [stdout] test prompt::tests::test_compact_path_for_home_nested_path ... ok
[INFO] [stdout] test prompt::tests::test_compact_path_for_home_root ... ok
[INFO] [stdout] test tests::test_get_env_returns_default_colors ... ok
[INFO] [stdout] test tests::test_get_env_returns_default_symbol ... ok
[INFO] [stdout] 
[INFO] [stdout] failures:
[INFO] [stdout] 
[INFO] [stdout] ---- precmd::tests::test_fetch_success_and_spawn_error_cache_behavior stdout ----
[INFO] [stdout] Error: Os { code: 30, kind: ReadOnlyFilesystem, message: "Read-only file system" }
[INFO] [stdout] 
[INFO] [stdout] ---- precmd::tests::test_production_fetch_deadline_kills_process_group_and_preserves_auth_cache stdout ----
[INFO] [stdout] Error: Os { code: 30, kind: ReadOnlyFilesystem, message: "Read-only file system" }
[INFO] [stdout] 
[INFO] [stdout] ---- precmd::tests::test_unreachable_remote_is_cached_distinctly_from_auth_failure stdout ----
[INFO] [stdout] Error: Os { code: 30, kind: ReadOnlyFilesystem, message: "Read-only file system" }
[INFO] [stdout] 
[INFO] [stdout] 
[INFO] [stdout] failures:
[INFO] [stdout]     precmd::tests::test_fetch_success_and_spawn_error_cache_behavior
[INFO] [stdout]     precmd::tests::test_production_fetch_deadline_kills_process_group_and_preserves_auth_cache
[INFO] [stdout]     precmd::tests::test_unreachable_remote_is_cached_distinctly_from_auth_failure
[INFO] [stdout] 
[INFO] [stdout] test result: FAILED. 43 passed; 3 failed; 0 ignored; 0 measured; 0 filtered out; finished in 0.01s
[INFO] [stdout] 
[INFO] [stderr] error: test failed, to rerun pass `--lib`
[INFO] running `Command { std: "docker" "inspect" "95d7652a79100fcf6a6e0c8db305d3e43811573933310d15eb8d440ab7e1a2d1", kill_on_drop: false }`
[INFO] running `Command { std: "docker" "rm" "-f" "95d7652a79100fcf6a6e0c8db305d3e43811573933310d15eb8d440ab7e1a2d1", kill_on_drop: false }`
[INFO] [stdout] 95d7652a79100fcf6a6e0c8db305d3e43811573933310d15eb8d440ab7e1a2d1
