[INFO] fetching crate sliceable-ring-buffer 0.1.0...
[INFO] testing sliceable-ring-buffer-0.1.0 against 1.99.0-beta.8+cargoflags=--release for beta-release-1.100-2
[INFO] extracting crate sliceable-ring-buffer 0.1.0 into /workspace/builds/worker-0-tc1/source
[INFO] started tweaking crates.io crate sliceable-ring-buffer 0.1.0
[INFO] finished tweaking crates.io crate sliceable-ring-buffer 0.1.0
[INFO] tweaked toml for crates.io crate sliceable-ring-buffer 0.1.0 written to /workspace/builds/worker-0-tc1/source/Cargo.toml
[INFO] validating manifest of crates.io crate sliceable-ring-buffer 0.1.0 on toolchain 1.99.0-beta.8
[INFO] running `Command { std: CARGO_HOME="/workspace/cargo-home" RUSTUP_HOME="/workspace/rustup-home" "/workspace/cargo-home/bin/cargo" "+1.99.0-beta.8" "metadata" "--manifest-path" "Cargo.toml" "--no-deps", kill_on_drop: false }`
[INFO] crate crates.io crate sliceable-ring-buffer 0.1.0 already has a lockfile, it will not be regenerated
[INFO] running `Command { std: CARGO_HOME="/workspace/cargo-home" RUSTUP_HOME="/workspace/rustup-home" "/workspace/cargo-home/bin/cargo" "+1.99.0-beta.8" "fetch" "--manifest-path" "Cargo.toml", kill_on_drop: false }`
[INFO] [stderr] warning: Cargo.toml: `panic` setting is ignored for `bench` profile
[INFO] [stderr] warning: `sliceable-ring-buffer` (manifest) generated 1 warning
[INFO] [stderr]     Updating crates.io index
[INFO] [stderr]  Downloading crates ...
[INFO] [stderr]   Downloaded windows-core v0.62.1
[INFO] [stderr]   Downloaded windows-link v0.2.0
[INFO] [stderr]   Downloaded windows-numerics v0.3.0
[INFO] [stderr]   Downloaded windows-strings v0.5.0
[INFO] [stderr]   Downloaded windows-result v0.4.0
[INFO] [stderr]   Downloaded windows-threading v0.2.0
[INFO] [stderr]   Downloaded clap_lex v0.7.5
[INFO] [stderr]   Downloaded cfg-if v1.0.3
[INFO] [stderr]   Downloaded windows-interface v0.59.2
[INFO] [stderr]   Downloaded num-iter v0.1.45
[INFO] [stderr]   Downloaded wasm-bindgen-shared v0.2.104
[INFO] [stderr]   Downloaded wasm-bindgen-macro v0.2.104
[INFO] [stderr]   Downloaded windows-implement v0.60.1
[INFO] [stderr]   Downloaded windows-collections v0.3.1
[INFO] [stderr]   Downloaded signal-hook-registry v1.4.6
[INFO] [stderr]   Downloaded wasi v0.14.7+wasi-0.2.4
[INFO] [stderr]   Downloaded rusty-fork v0.3.0
[INFO] [stderr]   Downloaded mach2 v0.5.0
[INFO] [stderr]   Downloaded wasm-bindgen-macro-support v0.2.104
[INFO] [stderr]   Downloaded wasm-bindgen-backend v0.2.104
[INFO] [stderr]   Downloaded rustc-demangle v0.1.26
[INFO] [stderr]   Downloaded rand_core v0.9.3
[INFO] [stderr]   Downloaded criterion-plot v0.6.0
[INFO] [stderr]   Downloaded anstyle v1.0.11
[INFO] [stderr]   Downloaded lock_api v0.4.13
[INFO] [stderr]   Downloaded windows-future v0.3.1
[INFO] [stderr]   Downloaded parking_lot_core v0.9.11
[INFO] [stderr]   Downloaded wasm-bindgen v0.2.104
[INFO] [stderr]   Downloaded half v2.6.0
[INFO] [stderr]   Downloaded socket2 v0.6.0
[INFO] [stderr]   Downloaded parking_lot v0.12.4
[INFO] [stderr]   Downloaded bitflags v2.9.4
[INFO] [stderr]   Downloaded getrandom v0.3.3
[INFO] [stderr]   Downloaded clap v4.5.48
[INFO] [stderr]   Downloaded js-sys v0.3.81
[INFO] [stderr]   Downloaded rand v0.9.2
[INFO] [stderr]   Downloaded mio v1.0.4
[INFO] [stderr]   Downloaded io-uring v0.7.10
[INFO] [stderr]   Downloaded criterion v0.7.0
[INFO] [stderr]   Downloaded serde_json v1.0.145
[INFO] [stderr]   Downloaded regex v1.11.3
[INFO] [stderr]   Downloaded clap_builder v4.5.48
[INFO] [stderr]   Downloaded aho-corasick v1.1.3
[INFO] [stderr]   Downloaded proptest v1.8.0
[INFO] [stderr]   Downloaded syn v2.0.104
[INFO] [stderr]   Downloaded regex-syntax v0.8.6
[INFO] [stderr]   Downloaded regex-automata v0.4.11
[INFO] [stderr]   Downloaded web-sys v0.3.81
[INFO] [stderr]   Downloaded libc v0.2.175
[INFO] [stderr]   Downloaded tokio v1.47.1
[INFO] [stderr]   Downloaded windows v0.62.1
[INFO] running `Command { std: "docker" "create" "-v" "/var/lib/crater-agent-workspace/builds/worker-0-tc1/source:/opt/rustwide/workdir:ro,Z" "-v" "/var/lib/crater-agent-workspace/builds/worker-0-tc1/target:/opt/rustwide/target:rw,Z" "-v" "/var/lib/crater-agent-workspace/cargo-home:/opt/rustwide/cargo-home:ro,Z" "-v" "/var/lib/crater-agent-workspace/rustup-home:/opt/rustwide/rustup-home:ro,Z" "-m" "1610612736" "--network" "none" "ghcr.io/rust-lang/crates-build-env/linux@sha256:77db811e55d90add9212f6832c23229e3de5f1c1f9905e8cb07319ea15df73ac" "sleep" "infinity", kill_on_drop: false }`
[INFO] [stdout] b97141ad15a5b75911322c1ab168a11cfe50288ba4e3123a553070533e529e86
[INFO] running `Command { std: "docker" "start" "b97141ad15a5b75911322c1ab168a11cfe50288ba4e3123a553070533e529e86", kill_on_drop: false }`
[INFO] running `Command { std: "docker" "inspect" "b97141ad15a5b75911322c1ab168a11cfe50288ba4e3123a553070533e529e86", kill_on_drop: false }`
[INFO] running `Command { std: "docker" "exec" "-e" "SOURCE_DIR=/opt/rustwide/workdir" "-e" "CARGO_HOME=/opt/rustwide/cargo-home" "-e" "RUSTUP_HOME=/opt/rustwide/rustup-home" "-e" "CARGO_TARGET_DIR=/opt/rustwide/target" "-w" "/opt/rustwide/workdir" "--user" "0:0" "b97141ad15a5b75911322c1ab168a11cfe50288ba4e3123a553070533e529e86" "/opt/rustwide/cargo-home/bin/cargo" "+1.99.0-beta.8" "metadata" "--no-deps" "--format-version=1", kill_on_drop: false }`
[INFO] running `Command { std: "docker" "inspect" "b97141ad15a5b75911322c1ab168a11cfe50288ba4e3123a553070533e529e86", kill_on_drop: false }`
[INFO] running `Command { std: "docker" "exec" "-e" "SOURCE_DIR=/opt/rustwide/workdir" "-e" "CARGO_HOME=/opt/rustwide/cargo-home" "-e" "RUSTUP_HOME=/opt/rustwide/rustup-home" "-e" "CARGO_TARGET_DIR=/opt/rustwide/target" "-e" "CARGO_INCREMENTAL=0" "-e" "RUST_BACKTRACE=full" "-e" "RUSTFLAGS=--cap-lints=warn" "-e" "RUSTDOCFLAGS=--cap-lints=warn" "-w" "/opt/rustwide/workdir" "--user" "0:0" "b97141ad15a5b75911322c1ab168a11cfe50288ba4e3123a553070533e529e86" "/opt/rustwide/cargo-home/bin/cargo" "+1.99.0-beta.8" "build" "--frozen" "--message-format=json" "--release", kill_on_drop: false }`
[INFO] [stderr] warning: Cargo.toml: `panic` setting is ignored for `bench` profile
[INFO] [stderr] warning: `sliceable-ring-buffer` (manifest) generated 1 warning
[INFO] [stderr]    Compiling num-traits v0.2.19
[INFO] [stderr]    Compiling proc-macro2 v1.0.95
[INFO] [stderr]    Compiling unicode-ident v1.0.18
[INFO] [stderr]    Compiling cfg_aliases v0.2.1
[INFO] [stderr]    Compiling libc v0.2.175
[INFO] [stderr]    Compiling thiserror v2.0.17
[INFO] [stderr]    Compiling anyhow v1.0.100
[INFO] [stderr]    Compiling bitflags v2.9.4
[INFO] [stderr]    Compiling cfg-if v1.0.3
[INFO] [stderr]    Compiling nix v0.30.1
[INFO] [stderr]    Compiling quote v1.0.40
[INFO] [stderr]    Compiling syn v2.0.104
[INFO] [stderr]    Compiling num-integer v0.1.46
[INFO] [stderr]    Compiling num-complex v0.4.6
[INFO] [stderr]    Compiling num-bigint v0.4.6
[INFO] [stderr]    Compiling num-iter v0.1.45
[INFO] [stderr]    Compiling thiserror-impl v2.0.17
[INFO] [stderr]    Compiling num-rational v0.4.2
[INFO] [stderr]    Compiling num v0.4.3
[INFO] [stderr]    Compiling sliceable-ring-buffer v0.1.0 (/opt/rustwide/workdir)
[INFO] [stdout] warning: trait `MaybeUninitCompact` is never used
[INFO] [stdout]   --> src/stable.rs:17:11
[INFO] [stdout]    |
[INFO] [stdout] 17 | pub trait MaybeUninitCompact<T> {
[INFO] [stdout]    |           ^^^^^^^^^^^^^^^^^^
[INFO] [stdout]    |
[INFO] [stdout]    = note: `#[warn(dead_code)]` (part of `#[warn(unused)]`) on by default
[INFO] [stdout] 
[INFO] [stdout] 
[INFO] [stderr]     Finished `release` profile [optimized] target(s) in 12.49s
[INFO] running `Command { std: "docker" "inspect" "b97141ad15a5b75911322c1ab168a11cfe50288ba4e3123a553070533e529e86", kill_on_drop: false }`
[INFO] running `Command { std: "docker" "exec" "-e" "SOURCE_DIR=/opt/rustwide/workdir" "-e" "CARGO_HOME=/opt/rustwide/cargo-home" "-e" "RUSTUP_HOME=/opt/rustwide/rustup-home" "-e" "CARGO_TARGET_DIR=/opt/rustwide/target" "-e" "CARGO_INCREMENTAL=0" "-e" "RUST_BACKTRACE=full" "-e" "RUSTFLAGS=--cap-lints=warn" "-e" "RUSTDOCFLAGS=--cap-lints=warn" "-w" "/opt/rustwide/workdir" "--user" "0:0" "b97141ad15a5b75911322c1ab168a11cfe50288ba4e3123a553070533e529e86" "/opt/rustwide/cargo-home/bin/cargo" "+1.99.0-beta.8" "test" "--frozen" "--no-run" "--message-format=json" "--release", kill_on_drop: false }`
[INFO] [stderr] warning: Cargo.toml: `panic` setting is ignored for `bench` profile
[INFO] [stderr] warning: `sliceable-ring-buffer` (manifest) generated 1 warning
[INFO] [stderr]    Compiling num-traits v0.2.19
[INFO] [stderr]    Compiling syn v2.0.104
[INFO] [stderr]    Compiling getrandom v0.3.3
[INFO] [stderr]    Compiling serde_core v1.0.228
[INFO] [stderr]    Compiling bitflags v2.9.4
[INFO] [stderr]    Compiling rustix v1.1.2
[INFO] [stderr]    Compiling serde v1.0.228
[INFO] [stderr]    Compiling lock_api v0.4.13
[INFO] [stderr]    Compiling serde_json v1.0.145
[INFO] [stderr]    Compiling parking_lot_core v0.9.11
[INFO] [stderr]    Compiling linux-raw-sys v0.11.0
[INFO] [stderr]    Compiling regex-syntax v0.8.6
[INFO] [stderr]    Compiling zerocopy v0.8.27
[INFO] [stderr]    Compiling half v2.6.0
[INFO] [stderr]    Compiling crossbeam-epoch v0.9.18
[INFO] [stderr]    Compiling fastrand v2.3.0
[INFO] [stderr]    Compiling smallvec v1.15.1
[INFO] [stderr]    Compiling clap_lex v0.7.5
[INFO] [stderr]    Compiling anstyle v1.0.11
[INFO] [stderr]    Compiling once_cell v1.21.3
[INFO] [stderr]    Compiling plotters-backend v0.3.7
[INFO] [stderr]    Compiling ciborium-io v0.2.2
[INFO] [stderr]    Compiling memchr v2.7.6
[INFO] [stderr]    Compiling rand_core v0.9.3
[INFO] [stderr]    Compiling crossbeam-deque v0.8.6
[INFO] [stderr]    Compiling clap_builder v4.5.48
[INFO] [stderr]    Compiling ciborium-ll v0.2.2
[INFO] [stderr]    Compiling itertools v0.13.0
[INFO] [stderr]    Compiling wait-timeout v0.2.1
[INFO] [stderr]    Compiling quick-error v1.2.3
[INFO] [stderr]    Compiling cast v0.3.0
[INFO] [stderr]    Compiling bit-vec v0.8.0
[INFO] [stderr]    Compiling rayon-core v1.13.0
[INFO] [stderr]    Compiling plotters-svg v0.3.7
[INFO] [stderr]    Compiling nix v0.30.1
[INFO] [stderr]    Compiling rand v0.9.2
[INFO] [stderr]    Compiling parking_lot v0.12.4
[INFO] [stderr]    Compiling bit-set v0.8.0
[INFO] [stderr]    Compiling rand_xorshift v0.4.0
[INFO] [stderr]    Compiling socket2 v0.6.0
[INFO] [stderr]    Compiling mio v1.0.4
[INFO] [stderr]    Compiling signal-hook-registry v1.4.6
[INFO] [stderr]    Compiling num-integer v0.1.46
[INFO] [stderr]    Compiling num-complex v0.4.6
[INFO] [stderr]    Compiling rayon v1.11.0
[INFO] [stderr]    Compiling plotters v0.3.7
[INFO] [stderr]    Compiling num-bigint v0.4.6
[INFO] [stderr]    Compiling num-iter v0.1.45
[INFO] [stderr]    Compiling anes v0.1.6
[INFO] [stderr]    Compiling oorandom v11.1.5
[INFO] [stderr]    Compiling unarray v0.1.4
[INFO] [stderr]    Compiling bytes v1.10.1
[INFO] [stderr]    Compiling lazy_static v1.5.0
[INFO] [stderr]    Compiling tempfile v3.23.0
[INFO] [stderr]    Compiling ppv-lite86 v0.2.21
[INFO] [stderr]    Compiling rusty-fork v0.3.0
[INFO] [stderr]    Compiling regex-automata v0.4.11
[INFO] [stderr]    Compiling rand_chacha v0.9.0
[INFO] [stderr]    Compiling criterion-plot v0.6.0
[INFO] [stderr]    Compiling proptest v1.8.0
[INFO] [stderr]    Compiling num-rational v0.4.2
[INFO] [stderr]    Compiling clap v4.5.48
[INFO] [stderr]    Compiling serde_derive v1.0.228
[INFO] [stderr]    Compiling thiserror-impl v2.0.17
[INFO] [stderr]    Compiling num v0.4.3
[INFO] [stderr]    Compiling tokio-macros v2.5.0
[INFO] [stderr]    Compiling regex v1.11.3
[INFO] [stderr]    Compiling tokio v1.47.1
[INFO] [stderr]    Compiling thiserror v2.0.17
[INFO] [stderr]    Compiling sliceable-ring-buffer v0.1.0 (/opt/rustwide/workdir)
[INFO] [stdout] warning: trait `MaybeUninitCompact` is never used
[INFO] [stdout]   --> src/stable.rs:17:11
[INFO] [stdout]    |
[INFO] [stdout] 17 | pub trait MaybeUninitCompact<T> {
[INFO] [stdout]    |           ^^^^^^^^^^^^^^^^^^
[INFO] [stdout]    |
[INFO] [stdout]    = note: `#[warn(dead_code)]` (part of `#[warn(unused)]`) on by default
[INFO] [stdout] 
[INFO] [stdout] 
[INFO] [stderr]    Compiling tinytemplate v1.2.1
[INFO] [stderr]    Compiling ciborium v0.2.2
[INFO] [stderr]    Compiling criterion v0.7.0
[INFO] [stdout] warning: use of deprecated method `std::sync::atomic::Atomic::<usize>::fetch_update`: renamed to `try_update` for consistency
[INFO] [stdout]     --> src/lib.rs:1861:22
[INFO] [stdout]      |
[INFO] [stdout] 1861 |                     .fetch_update(Ordering::Relaxed, Ordering::Acquire, |x| Some(x + 1))
[INFO] [stdout]      |                      ^^^^^^^^^^^^
[INFO] [stdout]      |
[INFO] [stdout]      = note: `#[warn(deprecated)]` on by default
[INFO] [stdout] help: replace the use of the deprecated method
[INFO] [stdout]      |
[INFO] [stdout] 1861 -                     .fetch_update(Ordering::Relaxed, Ordering::Acquire, |x| Some(x + 1))
[INFO] [stdout] 1861 +                     .try_update(Ordering::Relaxed, Ordering::Acquire, |x| Some(x + 1))
[INFO] [stdout]      |
[INFO] [stdout] 
[INFO] [stdout] 
[INFO] [stdout] warning: trait `MaybeUninitCompact` is never used
[INFO] [stdout]   --> src/stable.rs:17:11
[INFO] [stdout]    |
[INFO] [stdout] 17 | pub trait MaybeUninitCompact<T> {
[INFO] [stdout]    |           ^^^^^^^^^^^^^^^^^^
[INFO] [stdout]    |
[INFO] [stdout]    = note: `#[warn(dead_code)]` (part of `#[warn(unused)]`) on by default
[INFO] [stdout] 
[INFO] [stdout] 
[INFO] [stderr]     Finished `release` profile [optimized] target(s) in 1m 18s
[INFO] running `Command { std: "docker" "inspect" "b97141ad15a5b75911322c1ab168a11cfe50288ba4e3123a553070533e529e86", kill_on_drop: false }`
[INFO] running `Command { std: "docker" "exec" "-e" "SOURCE_DIR=/opt/rustwide/workdir" "-e" "CARGO_HOME=/opt/rustwide/cargo-home" "-e" "RUSTUP_HOME=/opt/rustwide/rustup-home" "-e" "CARGO_TARGET_DIR=/opt/rustwide/target" "-e" "CARGO_INCREMENTAL=0" "-e" "RUST_BACKTRACE=full" "-e" "RUSTFLAGS=--cap-lints=warn" "-e" "RUSTDOCFLAGS=--cap-lints=warn" "-w" "/opt/rustwide/workdir" "--user" "0:0" "b97141ad15a5b75911322c1ab168a11cfe50288ba4e3123a553070533e529e86" "/opt/rustwide/cargo-home/bin/cargo" "+1.99.0-beta.8" "test" "--frozen" "--release", kill_on_drop: false }`
[INFO] [stderr] warning: Cargo.toml: `panic` setting is ignored for `bench` profile
[INFO] [stderr] warning: `sliceable-ring-buffer` (manifest) generated 1 warning
[INFO] [stderr] warning: trait `MaybeUninitCompact` is never used
[INFO] [stderr]   --> src/stable.rs:17:11
[INFO] [stderr]    |
[INFO] [stderr] 17 | pub trait MaybeUninitCompact<T> {
[INFO] [stderr]    |           ^^^^^^^^^^^^^^^^^^
[INFO] [stderr]    |
[INFO] [stderr]    = note: `#[warn(dead_code)]` (part of `#[warn(unused)]`) on by default
[INFO] [stderr] 
[INFO] [stderr] warning: `sliceable-ring-buffer` (lib) generated 1 warning
[INFO] [stderr] warning: use of deprecated method `std::sync::atomic::Atomic::<usize>::fetch_update`: renamed to `try_update` for consistency
[INFO] [stderr]     --> src/lib.rs:1861:22
[INFO] [stderr]      |
[INFO] [stderr] 1861 |                     .fetch_update(Ordering::Relaxed, Ordering::Acquire, |x| Some(x + 1))
[INFO] [stderr]      |                      ^^^^^^^^^^^^
[INFO] [stderr]      |
[INFO] [stderr]      = note: `#[warn(deprecated)]` on by default
[INFO] [stderr] help: replace the use of the deprecated method
[INFO] [stderr]      |
[INFO] [stderr] 1861 -                     .fetch_update(Ordering::Relaxed, Ordering::Acquire, |x| Some(x + 1))
[INFO] [stderr] 1861 +                     .try_update(Ordering::Relaxed, Ordering::Acquire, |x| Some(x + 1))
[INFO] [stderr]      |
[INFO] [stderr] 
[INFO] [stderr] warning: `sliceable-ring-buffer` (lib test) generated 2 warnings (1 duplicate) (run `cargo fix --lib -p sliceable-ring-buffer --tests` to apply 1 suggestion)
[INFO] [stderr]     Finished `release` profile [optimized] target(s) in 0.22s
[INFO] [stderr]      Running unittests src/lib.rs (/opt/rustwide/target/release/deps/sliceable_ring_buffer-47e1efc0561eaadf)
[INFO] [stdout] 
[INFO] [stdout] running 122 tests
[INFO] [stdout] test io::tests::test_read ... ok
[INFO] [stdout] test io::tests::test_write ... ok
[INFO] [stdout] test mirrored::buffer::tests::deref_and_deref_mut_traits ... ok
[INFO] [stdout] test mirrored::buffer::tests::deref_deref_mut_consistency ... ok
[INFO] [stdout] test mirrored::buffer::tests::slice_access_in_bounds ... ok
[INFO] [stdout] test mirrored::buffer::tests::different_capacities ... ok
[INFO] [stdout] test mirrored::buffer::tests::different_type_alignments ... ok
[INFO] [stdout] test mirrored::buffer::tests::mirrored_writes_are_correct ... ok
[INFO] [stdout] test mirrored::buffer::tests::slice_access_out_of_bounds - should panic ... FAILED
[INFO] [stdout] test io::tests::test_io_copy ... ok
[INFO] [stdout] test mirrored::buffer::tests::mirrored_writes_in_second_half_are_correct ... ok
[INFO] [stdout] test mirrored::buffer::tests::with_capacity_allocates_memory ... ok
[INFO] [stdout] test mirrored::buffer::tests::send_and_sync_traits ... ok
[INFO] [stdout] test mirrored::buffer::tests::as_uninit_virtual_slices ... ok
[INFO] [stdout] test mirrored::buffer::tests::different_type_sizes ... ok
[INFO] [stdout] test mirrored::buffer::tests::size_methods ... ok
[INFO] [stdout] test mirrored::buffer::tests::drop_deallocates ... ok
[INFO] [stdout] test mirrored::buffer::tests::virtual_uninit_slice_methods ... ok
[INFO] [stdout] test mirrored::buffer::tests::slice_access_starts_truly_out_of_bounds - should panic ... FAILED
[INFO] [stdout] test mirrored::buffer::tests::slice_methods_edge_cases ... ok
[INFO] [stdout] test mirrored::buffer::tests::test_mirrored_buffer_zst ... ok
[INFO] [stdout] test mirrored::buffer::tests::extreme_capacities - should panic ... ok
[INFO] [stdout] test mirrored::buffer::tests::new_and_default_are_empty ... ok
[INFO] [stdout] test mirrored::buffer::tests::alignment_test ... ok
[INFO] [stdout] test mirrored::buffer::tests::with_capacity_zero_is_empty ... ok
[INFO] [stdout] test mirrored::buffer::tests::zst_full_cap_when_new_or_default ... ok
[INFO] [stdout] test tests::test_append_front ... ok
[INFO] [stdout] test tests::test_clone_zst ... ok
[INFO] [stdout] test tests::test_append_front_both_empty ... ok
[INFO] [stdout] test mirrored::buffer::tests::zero_sized_types_extensive ... ok
[INFO] [stdout] test tests::test_clear ... ok
[INFO] [stdout] test tests::test_append_front_wraparound ... ok
[INFO] [stdout] test tests::test_clear_zst ... ok
[INFO] [stdout] test tests::test_append_front_zst ... ok
[INFO] [stdout] test tests::test_append_zst ... ok
[INFO] [stdout] test tests::test_clone ... ok
[INFO] [stdout] test tests::test_deref ... ok
[INFO] [stdout] test tests::test_deref_zst ... ok
[INFO] [stdout] test tests::test_drain_all ... ok
[INFO] [stdout] test tests::test_drain_drop_incomplete_move_back ... ok
[INFO] [stdout] test tests::test_append_front_to_empty ... ok
[INFO] [stdout] test tests::test_append_front_empty_source ... ok
[INFO] [stdout] test tests::test_append ... ok
[INFO] [stdout] test tests::test_drain_empty_range ... ok
[INFO] [stdout] test tests::test_drain_drop_incomplete_move_front ... ok
[INFO] [stdout] test tests::test_drain_mixed_next_and_next_back ... ok
[INFO] [stdout] test tests::test_drain_panic_end_out_of_bounds - should panic ... ok
[INFO] [stdout] test tests::test_drain_zst ... ok
[INFO] [stdout] test tests::test_drain_from_start ... ok
[INFO] [stdout] test tests::test_drain_middle ... ok
[INFO] [stdout] test tests::test_drain_next_back_only ... ok
[INFO] [stdout] test tests::test_drain_next_back_until_empty ... ok
[INFO] [stdout] test tests::test_drain_panic_start_out_of_bounds - should panic ... ok
[INFO] [stdout] test tests::test_drain_to_end ... ok
[INFO] [stdout] test tests::test_drain_zst_drop_incomplete ... ok
[INFO] [stdout] test tests::test_extend_zst ... ok
[INFO] [stdout] test tests::test_append_front_with_reallocation ... ok
[INFO] [stdout] test tests::test_drop ... ok
[INFO] [stdout] test tests::test_eq_and_ord ... ok
[INFO] [stdout] test tests::test_drain_next_back_zst ... ok
[INFO] [stdout] test tests::test_from_array_zst ... ok
[INFO] [stdout] test tests::test_from_iter ... ok
[INFO] [stdout] test tests::test_extend ... ok
[INFO] [stdout] test tests::test_from_array ... ok
[INFO] [stdout] test tests::test_from_iter_zst ... ok
[INFO] [stdout] test tests::test_get_and_get_mut_zst ... ok
[INFO] [stdout] test tests::test_new_zst ... ok
[INFO] [stdout] test tests::test_into_iter_zst ... ok
[INFO] [stdout] test tests::test_from_slice ... ok
[INFO] [stdout] test tests::test_from_slice_zst ... ok
[INFO] [stdout] test tests::test_front_back ... ok
[INFO] [stdout] test tests::test_front_back_zst ... ok
[INFO] [stdout] test tests::test_get_and_get_mut ... ok
[INFO] [stdout] test tests::test_push_front_and_pop_back_zst ... ok
[INFO] [stdout] test tests::test_insert ... ok
[INFO] [stdout] test tests::test_index_access ... ok
[INFO] [stdout] test tests::test_insert_zst ... ok
[INFO] [stdout] test tests::test_push_back_and_pop_back_zst ... ok
[INFO] [stdout] test tests::test_push_front_and_pop_front ... ok
[INFO] [stdout] test tests::test_new ... ok
[INFO] [stdout] test tests::test_push_back_and_pop_back ... ok
[INFO] [stdout] test tests::test_push_back_and_pop_front_zst ... ok
[INFO] [stdout] test tests::test_push_back_and_pop_front ... ok
[INFO] [stdout] test tests::test_into_iter ... ok
[INFO] [stdout] test tests::test_remove_out_of_bounds_zst - should panic ... ok
[INFO] [stdout] test tests::test_remove_zst ... ok
[INFO] [stdout] test tests::test_reserve_and_shrink_zst ... ok
[INFO] [stdout] test tests::test_reserve_zst ... ok
[INFO] [stdout] test tests::test_reserve_and_shrink ... ok
[INFO] [stdout] test tests::test_shrink_to_fit_zst ... ok
[INFO] [stdout] test tests::test_rotate ... ok
[INFO] [stdout] test tests::test_rotate_full ... ok
[INFO] [stdout] test tests::test_rotate_zst ... ok
[INFO] [stdout] test tests::test_shrink_to ... ok
[INFO] [stdout] test tests::test_shrink_to_fit ... ok
[INFO] [stdout] test tests::test_push_front_and_pop_back ... ok
[INFO] [stdout] test tests::test_push_front_and_pop_front_zst ... ok
[INFO] [stdout] test tests::test_sliceable_ring_buffer_empty ... ok
[INFO] [stdout] test tests::test_remove ... ok
[INFO] [stdout] test tests::test_sliceable_ring_buffer_empty_zst ... ok
[INFO] [stdout] test tests::test_reserve ... ok
[INFO] [stdout] test tests::test_remove_out_of_bounds - should panic ... ok
[INFO] [stdout] test tests::test_realloc ... ok
[INFO] [stdout] test tests::test_shrink_to_panic - should panic ... ok
[INFO] [stdout] test tests::test_split_off_zst ... ok
[INFO] [stdout] test tests::test_split_to ... ok
[INFO] [stdout] test tests::test_split_to_zst ... ok
[INFO] [stdout] test tests::test_split_off ... ok
[INFO] [stdout] test tests::test_swap_remove ... ok
[INFO] [stdout] test tests::test_swap_remove_zst ... ok
[INFO] [stdout] test tests::test_truncate_back ... ok
[INFO] [stdout] test tests::test_truncate_back_zst ... ok
[INFO] [stdout] test tests::test_try_insert ... ok
[INFO] [stdout] test tests::test_try_insert_zst ... ok
[INFO] [stdout] test tests::test_try_push_full ... ok
[INFO] [stdout] test tests::test_with_capacity ... ok
[INFO] [stdout] test tests::test_with_capacity_zst ... ok
[INFO] [stdout] test tests::test_wrap_around ... ok
[INFO] [stdout] test tests::test_wrap_push_back_and_pop_front ... ok
[INFO] [stdout] test tests::test_wrap_push_back_and_pop_front_zst ... ok
[INFO] [stdout] test tests::test_wrap_push_front_and_pop_back ... ok
[INFO] [stderr] error: test failed, to rerun pass `--lib`
[INFO] [stdout] test proptests::model_based_test ... ok
[INFO] [stdout] 
[INFO] [stdout] failures:
[INFO] [stdout] 
[INFO] [stdout] ---- mirrored::buffer::tests::slice_access_out_of_bounds stdout ----
[INFO] [stdout] note: test did not panic as expected at src/mirrored/buffer.rs:374:8
[INFO] [stdout] ---- mirrored::buffer::tests::slice_access_starts_truly_out_of_bounds stdout ----
[INFO] [stdout] note: test did not panic as expected at src/mirrored/buffer.rs:384:8
[INFO] [stdout] 
[INFO] [stdout] failures:
[INFO] [stdout]     mirrored::buffer::tests::slice_access_out_of_bounds
[INFO] [stdout]     mirrored::buffer::tests::slice_access_starts_truly_out_of_bounds
[INFO] [stdout] 
[INFO] [stdout] test result: FAILED. 120 passed; 2 failed; 0 ignored; 0 measured; 0 filtered out; finished in 0.06s
[INFO] [stdout] 
[INFO] running `Command { std: "docker" "inspect" "b97141ad15a5b75911322c1ab168a11cfe50288ba4e3123a553070533e529e86", kill_on_drop: false }`
[INFO] running `Command { std: "docker" "rm" "-f" "b97141ad15a5b75911322c1ab168a11cfe50288ba4e3123a553070533e529e86", kill_on_drop: false }`
[INFO] [stdout] b97141ad15a5b75911322c1ab168a11cfe50288ba4e3123a553070533e529e86
