[INFO] fetching crate slice_queue 0.3.2...
[INFO] testing slice_queue-0.3.2 against 1.100.0-beta.1+cargoflags=--release for beta-release-1.100-2
[INFO] extracting crate slice_queue 0.3.2 into /workspace/builds/worker-7-tc2/source
[INFO] started tweaking crates.io crate slice_queue 0.3.2
[INFO] finished tweaking crates.io crate slice_queue 0.3.2
[INFO] tweaked toml for crates.io crate slice_queue 0.3.2 written to /workspace/builds/worker-7-tc2/source/Cargo.toml
[INFO] validating manifest of crates.io crate slice_queue 0.3.2 on toolchain 1.100.0-beta.1
[INFO] running `Command { std: CARGO_HOME="/workspace/cargo-home" RUSTUP_HOME="/workspace/rustup-home" "/workspace/cargo-home/bin/cargo" "+1.100.0-beta.1" "metadata" "--manifest-path" "Cargo.toml" "--no-deps", kill_on_drop: false }`
[INFO] running `Command { std: CARGO_HOME="/workspace/cargo-home" RUSTUP_HOME="/workspace/rustup-home" "/workspace/cargo-home/bin/cargo" "+1.100.0-beta.1" "generate-lockfile" "--manifest-path" "Cargo.toml", kill_on_drop: false }`
[INFO] running `Command { std: CARGO_HOME="/workspace/cargo-home" RUSTUP_HOME="/workspace/rustup-home" "/workspace/cargo-home/bin/cargo" "+1.100.0-beta.1" "fetch" "--manifest-path" "Cargo.toml", kill_on_drop: false }`
[INFO] [stderr] warning: Cargo.toml: `package.edition` is unspecified, defaulting to `2015` while the latest is `2024`
[INFO] [stderr] warning: `slice_queue` (manifest) generated 1 warning
[INFO] running `Command { std: "docker" "create" "-v" "/var/lib/crater-agent-workspace/builds/worker-7-tc2/source:/opt/rustwide/workdir:ro,Z" "-v" "/var/lib/crater-agent-workspace/builds/worker-7-tc2/target:/opt/rustwide/target:rw,Z" "-v" "/var/lib/crater-agent-workspace/cargo-home:/opt/rustwide/cargo-home:ro,Z" "-v" "/var/lib/crater-agent-workspace/rustup-home:/opt/rustwide/rustup-home:ro,Z" "-m" "1610612736" "--network" "none" "ghcr.io/rust-lang/crates-build-env/linux@sha256:77db811e55d90add9212f6832c23229e3de5f1c1f9905e8cb07319ea15df73ac" "sleep" "infinity", kill_on_drop: false }`
[INFO] [stdout] df69470344757b18a725c237607513763a6011a536a12b968eafe608e5115bff
[INFO] running `Command { std: "docker" "start" "df69470344757b18a725c237607513763a6011a536a12b968eafe608e5115bff", kill_on_drop: false }`
[INFO] running `Command { std: "docker" "inspect" "df69470344757b18a725c237607513763a6011a536a12b968eafe608e5115bff", kill_on_drop: false }`
[INFO] running `Command { std: "docker" "exec" "-e" "SOURCE_DIR=/opt/rustwide/workdir" "-e" "CARGO_HOME=/opt/rustwide/cargo-home" "-e" "RUSTUP_HOME=/opt/rustwide/rustup-home" "-e" "CARGO_TARGET_DIR=/opt/rustwide/target" "-w" "/opt/rustwide/workdir" "--user" "0:0" "df69470344757b18a725c237607513763a6011a536a12b968eafe608e5115bff" "/opt/rustwide/cargo-home/bin/cargo" "+1.100.0-beta.1" "metadata" "--no-deps" "--format-version=1", kill_on_drop: false }`
[INFO] running `Command { std: "docker" "inspect" "df69470344757b18a725c237607513763a6011a536a12b968eafe608e5115bff", kill_on_drop: false }`
[INFO] running `Command { std: "docker" "exec" "-e" "SOURCE_DIR=/opt/rustwide/workdir" "-e" "CARGO_HOME=/opt/rustwide/cargo-home" "-e" "RUSTUP_HOME=/opt/rustwide/rustup-home" "-e" "CARGO_TARGET_DIR=/opt/rustwide/target" "-e" "CARGO_INCREMENTAL=0" "-e" "RUST_BACKTRACE=full" "-e" "RUSTFLAGS=--cap-lints=warn" "-e" "RUSTDOCFLAGS=--cap-lints=warn" "-w" "/opt/rustwide/workdir" "--user" "0:0" "df69470344757b18a725c237607513763a6011a536a12b968eafe608e5115bff" "/opt/rustwide/cargo-home/bin/cargo" "+1.100.0-beta.1" "build" "--frozen" "--message-format=json" "--release", kill_on_drop: false }`
[INFO] [stderr] warning: Cargo.toml: `package.edition` is unspecified, defaulting to `2015` while the latest is `2024`
[INFO] [stderr] warning: `slice_queue` (manifest) generated 1 warning
[INFO] [stderr]    Compiling slice_queue v0.3.2 (/opt/rustwide/workdir)
[INFO] [stdout] warning: use of deprecated module `std::usize`: all constants in this module replaced by associated constants on the type
[INFO] [stdout]  --> src/queue.rs:3:12
[INFO] [stdout]   |
[INFO] [stdout] 3 |     cmp::min, usize, io::{ Read, Write, Result as IoResult },
[INFO] [stdout]   |               ^^^^^
[INFO] [stdout]   |
[INFO] [stdout]   = note: `#[warn(deprecated)]` on by default
[INFO] [stdout] 
[INFO] [stdout] 
[INFO] [stdout] warning: use of deprecated constant `std::usize::MAX`: replaced by the `MAX` associated constant on this type
[INFO] [stdout]   --> src/queue.rs:43:50
[INFO] [stdout]    |
[INFO] [stdout] 43 |         SliceQueue{ backing: Vec::new(), limit: usize::MAX, auto_shrink_mode: Default::default() }
[INFO] [stdout]    |                                                        ^^^
[INFO] [stdout] 
[INFO] [stdout] 
[INFO] [stdout] warning: use of deprecated constant `std::usize::MAX`: replaced by the `MAX` associated constant on this type
[INFO] [stdout]   --> src/queue.rs:52:61
[INFO] [stdout]    |
[INFO] [stdout] 52 |         SliceQueue{ backing: Vec::with_capacity(n), limit: usize::MAX, auto_shrink_mode: Default::default() }
[INFO] [stdout]    |                                                                   ^^^
[INFO] [stdout] 
[INFO] [stdout] 
[INFO] [stdout] warning: use of deprecated constant `std::usize::MAX`: replaced by the `MAX` associated constant on this type
[INFO] [stdout]    --> src/queue.rs:427:54
[INFO] [stdout]     |
[INFO] [stdout] 427 |         SliceQueue{ backing: slice.to_vec(), limit: usize::MAX, auto_shrink_mode: Default::default() }
[INFO] [stdout]     |                                                            ^^^
[INFO] [stdout] 
[INFO] [stdout] 
[INFO] [stdout] warning: use of deprecated constant `std::usize::MAX`: replaced by the `MAX` associated constant on this type
[INFO] [stdout]    --> src/queue.rs:432:43
[INFO] [stdout]     |
[INFO] [stdout] 432 |         SliceQueue{ backing: vec, limit: usize::MAX, auto_shrink_mode: Default::default() }
[INFO] [stdout]     |                                                 ^^^
[INFO] [stdout] 
[INFO] [stdout] 
[INFO] [stderr]     Finished `release` profile [optimized] target(s) in 0.20s
[INFO] running `Command { std: "docker" "inspect" "df69470344757b18a725c237607513763a6011a536a12b968eafe608e5115bff", kill_on_drop: false }`
[INFO] running `Command { std: "docker" "exec" "-e" "SOURCE_DIR=/opt/rustwide/workdir" "-e" "CARGO_HOME=/opt/rustwide/cargo-home" "-e" "RUSTUP_HOME=/opt/rustwide/rustup-home" "-e" "CARGO_TARGET_DIR=/opt/rustwide/target" "-e" "CARGO_INCREMENTAL=0" "-e" "RUST_BACKTRACE=full" "-e" "RUSTFLAGS=--cap-lints=warn" "-e" "RUSTDOCFLAGS=--cap-lints=warn" "-w" "/opt/rustwide/workdir" "--user" "0:0" "df69470344757b18a725c237607513763a6011a536a12b968eafe608e5115bff" "/opt/rustwide/cargo-home/bin/cargo" "+1.100.0-beta.1" "test" "--frozen" "--no-run" "--message-format=json" "--release", kill_on_drop: false }`
[INFO] [stderr] warning: Cargo.toml: `package.edition` is unspecified, defaulting to `2015` while the latest is `2024`
[INFO] [stderr] warning: `slice_queue` (manifest) generated 1 warning
[INFO] [stdout] warning: use of deprecated module `std::usize`: all constants in this module replaced by associated constants on the type
[INFO] [stdout]  --> src/queue.rs:3:12
[INFO] [stdout]   |
[INFO] [stdout] 3 |     cmp::min, usize, io::{ Read, Write, Result as IoResult },
[INFO] [stdout]   |               ^^^^^
[INFO] [stdout]   |
[INFO] [stdout]   = note: `#[warn(deprecated)]` on by default
[INFO] [stdout] 
[INFO] [stdout] 
[INFO] [stdout] warning: use of deprecated constant `std::usize::MAX`: replaced by the `MAX` associated constant on this type
[INFO] [stdout]   --> src/queue.rs:43:50
[INFO] [stdout]    |
[INFO] [stdout] 43 |         SliceQueue{ backing: Vec::new(), limit: usize::MAX, auto_shrink_mode: Default::default() }
[INFO] [stdout]    |                                                        ^^^
[INFO] [stdout] 
[INFO] [stdout] 
[INFO] [stdout] warning: use of deprecated constant `std::usize::MAX`: replaced by the `MAX` associated constant on this type
[INFO] [stdout]   --> src/queue.rs:52:61
[INFO] [stdout]    |
[INFO] [stdout] 52 |         SliceQueue{ backing: Vec::with_capacity(n), limit: usize::MAX, auto_shrink_mode: Default::default() }
[INFO] [stdout]    |                                                                   ^^^
[INFO] [stdout] 
[INFO] [stdout] 
[INFO] [stdout] warning: use of deprecated constant `std::usize::MAX`: replaced by the `MAX` associated constant on this type
[INFO] [stdout]    --> src/queue.rs:427:54
[INFO] [stdout]     |
[INFO] [stdout] 427 |         SliceQueue{ backing: slice.to_vec(), limit: usize::MAX, auto_shrink_mode: Default::default() }
[INFO] [stdout]     |                                                            ^^^
[INFO] [stdout] 
[INFO] [stdout] 
[INFO] [stdout] warning: use of deprecated constant `std::usize::MAX`: replaced by the `MAX` associated constant on this type
[INFO] [stdout]    --> src/queue.rs:432:43
[INFO] [stdout]     |
[INFO] [stdout] 432 |         SliceQueue{ backing: vec, limit: usize::MAX, auto_shrink_mode: Default::default() }
[INFO] [stdout]     |                                                 ^^^
[INFO] [stdout] 
[INFO] [stdout] 
[INFO] [stderr]    Compiling slice_queue v0.3.2 (/opt/rustwide/workdir)
[INFO] [stdout] warning: use of deprecated module `std::usize`: all constants in this module replaced by associated constants on the type
[INFO] [stdout]  --> src/queue.rs:3:12
[INFO] [stdout]   |
[INFO] [stdout] 3 |     cmp::min, usize, io::{ Read, Write, Result as IoResult },
[INFO] [stdout]   |               ^^^^^
[INFO] [stdout]   |
[INFO] [stdout]   = note: `#[warn(deprecated)]` on by default
[INFO] [stdout] 
[INFO] [stdout] 
[INFO] [stdout] warning: use of deprecated constant `std::usize::MAX`: replaced by the `MAX` associated constant on this type
[INFO] [stdout]   --> src/queue.rs:43:50
[INFO] [stdout]    |
[INFO] [stdout] 43 |         SliceQueue{ backing: Vec::new(), limit: usize::MAX, auto_shrink_mode: Default::default() }
[INFO] [stdout]    |                                                        ^^^
[INFO] [stdout] 
[INFO] [stdout] 
[INFO] [stdout] warning: use of deprecated constant `std::usize::MAX`: replaced by the `MAX` associated constant on this type
[INFO] [stdout]   --> src/queue.rs:52:61
[INFO] [stdout]    |
[INFO] [stdout] 52 |         SliceQueue{ backing: Vec::with_capacity(n), limit: usize::MAX, auto_shrink_mode: Default::default() }
[INFO] [stdout]    |                                                                   ^^^
[INFO] [stdout] 
[INFO] [stdout] 
[INFO] [stdout] warning: use of deprecated constant `std::usize::MAX`: replaced by the `MAX` associated constant on this type
[INFO] [stdout]    --> src/queue.rs:427:54
[INFO] [stdout]     |
[INFO] [stdout] 427 |         SliceQueue{ backing: slice.to_vec(), limit: usize::MAX, auto_shrink_mode: Default::default() }
[INFO] [stdout]     |                                                            ^^^
[INFO] [stdout] 
[INFO] [stdout] 
[INFO] [stdout] warning: use of deprecated constant `std::usize::MAX`: replaced by the `MAX` associated constant on this type
[INFO] [stdout]    --> src/queue.rs:432:43
[INFO] [stdout]     |
[INFO] [stdout] 432 |         SliceQueue{ backing: vec, limit: usize::MAX, auto_shrink_mode: Default::default() }
[INFO] [stdout]     |                                                 ^^^
[INFO] [stdout] 
[INFO] [stdout] 
[INFO] [stderr]     Finished `release` profile [optimized] target(s) in 0.91s
[INFO] running `Command { std: "docker" "inspect" "df69470344757b18a725c237607513763a6011a536a12b968eafe608e5115bff", kill_on_drop: false }`
[INFO] running `Command { std: "docker" "exec" "-e" "SOURCE_DIR=/opt/rustwide/workdir" "-e" "CARGO_HOME=/opt/rustwide/cargo-home" "-e" "RUSTUP_HOME=/opt/rustwide/rustup-home" "-e" "CARGO_TARGET_DIR=/opt/rustwide/target" "-e" "CARGO_INCREMENTAL=0" "-e" "RUST_BACKTRACE=full" "-e" "RUSTFLAGS=--cap-lints=warn" "-e" "RUSTDOCFLAGS=--cap-lints=warn" "-w" "/opt/rustwide/workdir" "--user" "0:0" "df69470344757b18a725c237607513763a6011a536a12b968eafe608e5115bff" "/opt/rustwide/cargo-home/bin/cargo" "+1.100.0-beta.1" "test" "--frozen" "--release", kill_on_drop: false }`
[INFO] [stderr] warning: Cargo.toml: `package.edition` is unspecified, defaulting to `2015` while the latest is `2024`
[INFO] [stderr] warning: `slice_queue` (manifest) generated 1 warning
[INFO] [stderr] warning: use of deprecated module `std::usize`: all constants in this module replaced by associated constants on the type
[INFO] [stderr]  --> src/queue.rs:3:12
[INFO] [stderr]   |
[INFO] [stderr] 3 |     cmp::min, usize, io::{ Read, Write, Result as IoResult },
[INFO] [stderr]   |               ^^^^^
[INFO] [stderr]   |
[INFO] [stderr]   = note: `#[warn(deprecated)]` on by default
[INFO] [stderr] 
[INFO] [stderr] warning: use of deprecated constant `std::usize::MAX`: replaced by the `MAX` associated constant on this type
[INFO] [stderr]   --> src/queue.rs:43:50
[INFO] [stderr]    |
[INFO] [stderr] 43 |         SliceQueue{ backing: Vec::new(), limit: usize::MAX, auto_shrink_mode: Default::default() }
[INFO] [stderr]    |                                                        ^^^
[INFO] [stderr] 
[INFO] [stderr] warning: use of deprecated constant `std::usize::MAX`: replaced by the `MAX` associated constant on this type
[INFO] [stderr]   --> src/queue.rs:52:61
[INFO] [stderr]    |
[INFO] [stderr] 52 |         SliceQueue{ backing: Vec::with_capacity(n), limit: usize::MAX, auto_shrink_mode: Default::default() }
[INFO] [stderr]    |                                                                   ^^^
[INFO] [stderr] 
[INFO] [stderr] warning: use of deprecated constant `std::usize::MAX`: replaced by the `MAX` associated constant on this type
[INFO] [stderr]    --> src/queue.rs:427:54
[INFO] [stderr]     |
[INFO] [stderr] 427 |         SliceQueue{ backing: slice.to_vec(), limit: usize::MAX, auto_shrink_mode: Default::default() }
[INFO] [stderr]     |                                                            ^^^
[INFO] [stderr] 
[INFO] [stderr] warning: use of deprecated constant `std::usize::MAX`: replaced by the `MAX` associated constant on this type
[INFO] [stderr]    --> src/queue.rs:432:43
[INFO] [stderr]     |
[INFO] [stderr] 432 |         SliceQueue{ backing: vec, limit: usize::MAX, auto_shrink_mode: Default::default() }
[INFO] [stderr]     |                                                 ^^^
[INFO] [stderr] 
[INFO] [stderr] warning: `slice_queue` (lib) generated 5 warnings
[INFO] [stderr] warning: `slice_queue` (lib test) generated 5 warnings (5 duplicates)
[INFO] [stderr]     Finished `release` profile [optimized] target(s) in 0.01s
[INFO] [stderr]      Running unittests src/lib.rs (/opt/rustwide/target/release/build/slice_queue/bad577af8c1dd9e6/out/slice_queue-bad577af8c1dd9e6)
[INFO] [stdout] 
[INFO] [stdout] running 3 tests
[INFO] [stdout] test mem::tests::test_drain_into ... ok
[INFO] [stdout] test mem::tests::test_drop_n ... ok
[INFO] [stderr]      Running tests/err.rs (/opt/rustwide/target/release/build/slice_queue/7f36403fb6873dab/out/err-7f36403fb6873dab)
[INFO] [stdout] test mem::tests::test_drain_n ... ok
[INFO] [stdout] 
[INFO] [stdout] test result: ok. 3 passed; 0 failed; 0 ignored; 0 measured; 0 filtered out; finished in 0.00s
[INFO] [stdout] 
[INFO] [stdout] 
[INFO] [stdout] running 24 tests
[INFO] [stdout] test test_index_slice_range_begin - should panic ... ok
[INFO] [stdout] test test_index_slice_range_to - should panic ... ok
[INFO] [stdout] test test_index_slice_range_incl_end - should panic ... FAILED
[INFO] [stdout] test test_drop_n ... ok
[INFO] [stdout] test test_index_slice_range_end - should panic ... ok
[INFO] [stdout] test test_index_mut - should panic ... ok
[INFO] [stdout] test test_index_slice_range_from - should panic ... FAILED
[INFO] [stdout] test test_index_slice_range_incl_begin - should panic ... FAILED
[INFO] [stdout] test test_index_slice_to_incl - should panic ... FAILED
[INFO] [stdout] test test_index - should panic ... ok
[INFO] [stdout] test test_limit ... ok
[INFO] [stdout] test test_peek_n ... ok
[INFO] [stdout] test test_peek ... ok
[INFO] [stdout] test test_pop_into ... ok
[INFO] [stdout] test test_pop ... ok
[INFO] [stdout] test test_push_n ... ok
[INFO] [stdout] test test_pop_n ... ok
[INFO] [stdout] test test_reserve ... ok
[INFO] [stdout] test test_push_in_place_invalid_retval - should panic ... ok
[INFO] [stdout] test test_zero_limit_init - should panic ... ok
[INFO] [stdout] test test_zero_limit_set - should panic ... ok
[INFO] [stdout] test test_push ... ok
[INFO] [stdout] test test_push_from ... ok
[INFO] [stdout] test test_push_in_place_overpush - should panic ... ok
[INFO] [stdout] 
[INFO] [stdout] failures:
[INFO] [stdout] 
[INFO] [stdout] ---- test_index_slice_range_incl_end stdout ----
[INFO] [stdout] 
[INFO] [stdout] thread 'test_index_slice_range_incl_end' (214) panicked at tests/err.rs:181:28:
[INFO] [stdout] range end index 9 out of range for slice of length 9
[INFO] [stdout] stack backtrace:
[INFO] [stdout]    0:     0x6067a21e5b11 - <<std[617be2ca0a6fd877]::sys::backtrace::BacktraceLock>::print::DisplayBacktrace as core[a373ad73a504971]::fmt::Display>::fmt
[INFO] [stdout]    1:     0x6067a21f9aea - core[a373ad73a504971]::fmt::write
[INFO] [stdout]    2:     0x6067a21e9ddc - <alloc[2e1b2a31b91974c5]::vec::Vec<u8> as core[a373ad73a504971]::io::write::Write>::write_fmt
[INFO] [stdout]    3:     0x6067a21c1f76 - std[617be2ca0a6fd877]::panicking::default_hook::{closure#0}
[INFO] [stdout]    4:     0x6067a21de1a9 - std[617be2ca0a6fd877]::panicking::default_hook
[INFO] [stdout]    5:     0x6067a217a7f0 - test[aada8e7e76ba119b]::test_main_inner::{closure#0}
[INFO] [stdout]    6:     0x6067a21de362 - std[617be2ca0a6fd877]::panicking::panic_with_hook
[INFO] [stdout]    7:     0x6067a21c2022 - std[617be2ca0a6fd877]::panicking::panic_handler::{closure#0}
[INFO] [stdout]    8:     0x6067a21bad09 - std[617be2ca0a6fd877]::sys::backtrace::__rust_end_short_backtrace::<std[617be2ca0a6fd877]::panicking::panic_handler::{closure#0}, !>
[INFO] [stdout]    9:     0x6067a21c2c2d - __rustc[ea4f61d10b84890b]::rust_begin_unwind
[INFO] [stdout]   10:     0x6067a21fa21c - core[a373ad73a504971]::panicking::panic_fmt
[INFO] [stdout]   11:     0x6067a21fab78 - core[a373ad73a504971]::slice::index::slice_index_fail
[INFO] [stdout]   12:     0x6067a216c210 - err[878a84e324179c47]::test_index_slice_range_incl_end
[INFO] [stdout]   13:     0x6067a216da0e - <err[878a84e324179c47]::test_index_slice_range_incl_end::{closure#0} as core[a373ad73a504971]::ops::function::FnOnce<()>>::call_once
[INFO] [stdout]   14:     0x6067a216dc3b - test[aada8e7e76ba119b]::__rust_begin_short_backtrace::<core[a373ad73a504971]::result::Result<(), alloc[2e1b2a31b91974c5]::string::String>, fn() -> core[a373ad73a504971]::result::Result<(), alloc[2e1b2a31b91974c5]::string::String>>
[INFO] [stdout]   15:     0x6067a217ae15 - test[aada8e7e76ba119b]::run_test::{closure#0}
[INFO] [stdout]   16:     0x6067a2174704 - std[617be2ca0a6fd877]::sys::backtrace::__rust_begin_short_backtrace::<test[aada8e7e76ba119b]::run_test::{closure#1}, ()>
[INFO] [stdout]   17:     0x6067a217dea2 - <std[617be2ca0a6fd877]::thread::lifecycle::spawn_unchecked<test[aada8e7e76ba119b]::run_test::{closure#1}, ()>::{closure#1} as core[a373ad73a504971]::ops::function::FnOnce<()>>::call_once::{shim:vtable#0}
[INFO] [stdout]   18:     0x6067a21e536f - <std[617be2ca0a6fd877]::sys::thread::unix::Thread>::new::thread_start
[INFO] [stdout]   19:     0x74b09915adfa - <unknown>
[INFO] [stdout]   20:     0x74b0991ee3d4 - clone
[INFO] [stdout]   21:                0x0 - <unknown>
[INFO] [stdout] note: panic did not contain expected string
[INFO] [stdout]       panic message: "range end index 9 out of range for slice of length 9"
[INFO] [stdout]  expected substring: "index 10 out of range for slice of length 9"
[INFO] [stdout] ---- test_index_slice_range_from stdout ----
[INFO] [stdout] 
[INFO] [stdout] thread 'test_index_slice_range_from' (212) panicked at tests/err.rs:186:28:
[INFO] [stdout] range start index 10 out of range for slice of length 9
[INFO] [stdout] stack backtrace:
[INFO] [stdout]    0:     0x6067a21e5b11 - <<std[617be2ca0a6fd877]::sys::backtrace::BacktraceLock>::print::DisplayBacktrace as core[a373ad73a504971]::fmt::Display>::fmt
[INFO] [stdout]    1:     0x6067a21f9aea - core[a373ad73a504971]::fmt::write
[INFO] [stdout]    2:     0x6067a21e9ddc - <alloc[2e1b2a31b91974c5]::vec::Vec<u8> as core[a373ad73a504971]::io::write::Write>::write_fmt
[INFO] [stdout]    3:     0x6067a21c1f76 - std[617be2ca0a6fd877]::panicking::default_hook::{closure#0}
[INFO] [stdout]    4:     0x6067a21de1a9 - std[617be2ca0a6fd877]::panicking::default_hook
[INFO] [stdout]    5:     0x6067a217a7f0 - test[aada8e7e76ba119b]::test_main_inner::{closure#0}
[INFO] [stdout]    6:     0x6067a21de362 - std[617be2ca0a6fd877]::panicking::panic_with_hook
[INFO] [stdout]    7:     0x6067a21c2022 - std[617be2ca0a6fd877]::panicking::panic_handler::{closure#0}
[INFO] [stdout]    8:     0x6067a21bad09 - std[617be2ca0a6fd877]::sys::backtrace::__rust_end_short_backtrace::<std[617be2ca0a6fd877]::panicking::panic_handler::{closure#0}, !>
[INFO] [stdout]    9:     0x6067a21c2c2d - __rustc[ea4f61d10b84890b]::rust_begin_unwind
[INFO] [stdout]   10:     0x6067a21fa21c - core[a373ad73a504971]::panicking::panic_fmt
[INFO] [stdout]   11:     0x6067a21faaf8 - core[a373ad73a504971]::slice::index::slice_index_fail
[INFO] [stdout]   12:     0x6067a216c1b3 - err[878a84e324179c47]::test_index_slice_range_from
[INFO] [stdout]   13:     0x6067a216d9de - <err[878a84e324179c47]::test_index_slice_range_from::{closure#0} as core[a373ad73a504971]::ops::function::FnOnce<()>>::call_once
[INFO] [stdout]   14:     0x6067a216dc3b - test[aada8e7e76ba119b]::__rust_begin_short_backtrace::<core[a373ad73a504971]::result::Result<(), alloc[2e1b2a31b91974c5]::string::String>, fn() -> core[a373ad73a504971]::result::Result<(), alloc[2e1b2a31b91974c5]::string::String>>
[INFO] [stdout]   15:     0x6067a217ae15 - test[aada8e7e76ba119b]::run_test::{closure#0}
[INFO] [stdout]   16:     0x6067a2174704 - std[617be2ca0a6fd877]::sys::backtrace::__rust_begin_short_backtrace::<test[aada8e7e76ba119b]::run_test::{closure#1}, ()>
[INFO] [stdout]   17:     0x6067a217dea2 - <std[617be2ca0a6fd877]::thread::lifecycle::spawn_unchecked<test[aada8e7e76ba119b]::run_test::{closure#1}, ()>::{closure#1} as core[a373ad73a504971]::ops::function::FnOnce<()>>::call_once::{shim:vtable#0}
[INFO] [stdout]   18:     0x6067a21e536f - <std[617be2ca0a6fd877]::sys::thread::unix::Thread>::new::thread_start
[INFO] [stdout]   19:     0x74b09915adfa - <unknown>
[INFO] [stdout]   20:     0x74b0991ee3d4 - clone
[INFO] [stdout]   21:                0x0 - <unknown>
[INFO] [stdout] note: panic did not contain expected string
[INFO] [stdout]       panic message: "range start index 10 out of range for slice of length 9"
[INFO] [stdout]  expected substring: "slice index starts at 10 but ends at 9"
[INFO] [stdout] ---- test_index_slice_range_incl_begin stdout ----
[INFO] [stdout] 
[INFO] [stdout] thread 'test_index_slice_range_incl_begin' (213) panicked at tests/err.rs:176:28:
[INFO] [stdout] range end index 9 out of range for slice of length 9
[INFO] [stdout] stack backtrace:
[INFO] [stdout]    0:     0x6067a21e5b11 - <<std[617be2ca0a6fd877]::sys::backtrace::BacktraceLock>::print::DisplayBacktrace as core[a373ad73a504971]::fmt::Display>::fmt
[INFO] [stdout]    1:     0x6067a21f9aea - core[a373ad73a504971]::fmt::write
[INFO] [stdout]    2:     0x6067a21e9ddc - <alloc[2e1b2a31b91974c5]::vec::Vec<u8> as core[a373ad73a504971]::io::write::Write>::write_fmt
[INFO] [stdout]    3:     0x6067a21c1f76 - std[617be2ca0a6fd877]::panicking::default_hook::{closure#0}
[INFO] [stdout]    4:     0x6067a21de1a9 - std[617be2ca0a6fd877]::panicking::default_hook
[INFO] [stdout]    5:     0x6067a217a7f0 - test[aada8e7e76ba119b]::test_main_inner::{closure#0}
[INFO] [stdout]    6:     0x6067a21de362 - std[617be2ca0a6fd877]::panicking::panic_with_hook
[INFO] [stdout]    7:     0x6067a21c2022 - std[617be2ca0a6fd877]::panicking::panic_handler::{closure#0}
[INFO] [stdout]    8:     0x6067a21bad09 - std[617be2ca0a6fd877]::sys::backtrace::__rust_end_short_backtrace::<std[617be2ca0a6fd877]::panicking::panic_handler::{closure#0}, !>
[INFO] [stdout]    9:     0x6067a21c2c2d - __rustc[ea4f61d10b84890b]::rust_begin_unwind
[INFO] [stdout]   10:     0x6067a21fa21c - core[a373ad73a504971]::panicking::panic_fmt
[INFO] [stdout]   11:     0x6067a21fab78 - core[a373ad73a504971]::slice::index::slice_index_fail
[INFO] [stdout]   12:     0x6067a216c233 - err[878a84e324179c47]::test_index_slice_range_incl_begin
[INFO] [stdout]   13:     0x6067a216da16 - <err[878a84e324179c47]::test_index_slice_range_incl_begin::{closure#0} as core[a373ad73a504971]::ops::function::FnOnce<()>>::call_once
[INFO] [stdout]   14:     0x6067a216dc3b - test[aada8e7e76ba119b]::__rust_begin_short_backtrace::<core[a373ad73a504971]::result::Result<(), alloc[2e1b2a31b91974c5]::string::String>, fn() -> core[a373ad73a504971]::result::Result<(), alloc[2e1b2a31b91974c5]::string::String>>
[INFO] [stdout]   15:     0x6067a217ae15 - test[aada8e7e76ba119b]::run_test::{closure#0}
[INFO] [stdout]   16:     0x6067a2174704 - std[617be2ca0a6fd877]::sys::backtrace::__rust_begin_short_backtrace::<test[aada8e7e76ba119b]::run_test::{closure#1}, ()>
[INFO] [stdout]   17:     0x6067a217dea2 - <std[617be2ca0a6fd877]::thread::lifecycle::spawn_unchecked<test[aada8e7e76ba119b]::run_test::{closure#1}, ()>::{closure#1} as core[a373ad73a504971]::ops::function::FnOnce<()>>::call_once::{shim:vtable#0}
[INFO] [stdout]   18:     0x6067a21e536f - <std[617be2ca0a6fd877]::sys::thread::unix::Thread>::new::thread_start
[INFO] [stdout]   19:     0x74b09915adfa - <unknown>
[INFO] [stdout]   20:     0x74b0991ee3d4 - clone
[INFO] [stdout]   21:                0x0 - <unknown>
[INFO] [stdout] note: panic did not contain expected string
[INFO] [stdout]       panic message: "range end index 9 out of range for slice of length 9"
[INFO] [stdout]  expected substring: "index 10 out of range for slice of length 9"
[INFO] [stdout] ---- test_index_slice_to_incl stdout ----
[INFO] [stdout] 
[INFO] [stdout] thread 'test_index_slice_to_incl' (216) panicked at tests/err.rs:196:28:
[INFO] [stdout] range end index 9 out of range for slice of length 9
[INFO] [stdout] stack backtrace:
[INFO] [stdout]    0:     0x6067a21e5b11 - <<std[617be2ca0a6fd877]::sys::backtrace::BacktraceLock>::print::DisplayBacktrace as core[a373ad73a504971]::fmt::Display>::fmt
[INFO] [stdout]    1:     0x6067a21f9aea - core[a373ad73a504971]::fmt::write
[INFO] [stdout]    2:     0x6067a21e9ddc - <alloc[2e1b2a31b91974c5]::vec::Vec<u8> as core[a373ad73a504971]::io::write::Write>::write_fmt
[INFO] [stdout]    3:     0x6067a21c1f76 - std[617be2ca0a6fd877]::panicking::default_hook::{closure#0}
[INFO] [stdout]    4:     0x6067a21de1a9 - std[617be2ca0a6fd877]::panicking::default_hook
[INFO] [stdout]    5:     0x6067a217a7f0 - test[aada8e7e76ba119b]::test_main_inner::{closure#0}
[INFO] [stdout]    6:     0x6067a21de362 - std[617be2ca0a6fd877]::panicking::panic_with_hook
[INFO] [stdout]    7:     0x6067a21c2022 - std[617be2ca0a6fd877]::panicking::panic_handler::{closure#0}
[INFO] [stdout]    8:     0x6067a21bad09 - std[617be2ca0a6fd877]::sys::backtrace::__rust_end_short_backtrace::<std[617be2ca0a6fd877]::panicking::panic_handler::{closure#0}, !>
[INFO] [stdout]    9:     0x6067a21c2c2d - __rustc[ea4f61d10b84890b]::rust_begin_unwind
[INFO] [stdout]   10:     0x6067a21fa21c - core[a373ad73a504971]::panicking::panic_fmt
[INFO] [stdout]   11:     0x6067a21fab78 - core[a373ad73a504971]::slice::index::slice_index_fail
[INFO] [stdout]   12:     0x6067a216c150 - err[878a84e324179c47]::test_index_slice_to_incl
[INFO] [stdout]   13:     0x6067a216d9c6 - <err[878a84e324179c47]::test_index_slice_to_incl::{closure#0} as core[a373ad73a504971]::ops::function::FnOnce<()>>::call_once
[INFO] [stdout]   14:     0x6067a216dc3b - test[aada8e7e76ba119b]::__rust_begin_short_backtrace::<core[a373ad73a504971]::result::Result<(), alloc[2e1b2a31b91974c5]::string::String>, fn() -> core[a373ad73a504971]::result::Result<(), alloc[2e1b2a31b91974c5]::string::String>>
[INFO] [stdout]   15:     0x6067a217ae15 - test[aada8e7e76ba119b]::run_test::{closure#0}
[INFO] [stdout]   16:     0x6067a2174704 - std[617be2ca0a6fd877]::sys::backtrace::__rust_begin_short_backtrace::<test[aada8e7e76ba119b]::run_test::{closure#1}, ()>
[INFO] [stdout]   17:     0x6067a217dea2 - <std[617be2ca0a6fd877]::thread::lifecycle::spawn_unchecked<test[aada8e7e76ba119b]::run_test::{closure#1}, ()>::{closure#1} as core[a373ad73a504971]::ops::function::FnOnce<()>>::call_once::{shim:vtable#0}
[INFO] [stdout]   18:     0x6067a21e536f - <std[617be2ca0a6fd877]::sys::thread::unix::Thread>::new::thread_start
[INFO] [stdout]   19:     0x74b09915adfa - <unknown>
[INFO] [stdout]   20:     0x74b0991ee3d4 - clone
[INFO] [stdout]   21:                0x0 - <unknown>
[INFO] [stdout] note: panic did not contain expected string
[INFO] [stdout]       panic message: "range end index 9 out of range for slice of length 9"
[INFO] [stdout]  expected substring: "index 10 out of range for slice of length 9"
[INFO] [stdout] 
[INFO] [stdout] failures:
[INFO] [stdout]     test_index_slice_range_from
[INFO] [stdout]     test_index_slice_range_incl_begin
[INFO] [stdout]     test_index_slice_range_incl_end
[INFO] [stdout]     test_index_slice_to_incl
[INFO] [stdout] 
[INFO] [stdout] test result: FAILED. 20 passed; 4 failed; 0 ignored; 0 measured; 0 filtered out; finished in 0.01s
[INFO] [stdout] 
[INFO] [stderr] error: test failed, to rerun pass `--test err`
[INFO] running `Command { std: "docker" "inspect" "df69470344757b18a725c237607513763a6011a536a12b968eafe608e5115bff", kill_on_drop: false }`
[INFO] running `Command { std: "docker" "rm" "-f" "df69470344757b18a725c237607513763a6011a536a12b968eafe608e5115bff", kill_on_drop: false }`
[INFO] [stdout] df69470344757b18a725c237607513763a6011a536a12b968eafe608e5115bff
