[INFO] fetching crate sleepless 0.1.3...
[INFO] testing sleepless-0.1.3 against 1.100.0-beta.1+cargoflags=--release for beta-release-1.100-2
[INFO] extracting crate sleepless 0.1.3 into /workspace/builds/worker-2-tc2/source
[INFO] started tweaking crates.io crate sleepless 0.1.3
[INFO] removed 0 missing tests
[INFO] finished tweaking crates.io crate sleepless 0.1.3
[INFO] tweaked toml for crates.io crate sleepless 0.1.3 written to /workspace/builds/worker-2-tc2/source/Cargo.toml
[INFO] validating manifest of crates.io crate sleepless 0.1.3 on toolchain 1.100.0-beta.1
[INFO] running `Command { std: CARGO_HOME="/workspace/cargo-home" RUSTUP_HOME="/workspace/rustup-home" "/workspace/cargo-home/bin/cargo" "+1.100.0-beta.1" "metadata" "--manifest-path" "Cargo.toml" "--no-deps", kill_on_drop: false }`
[INFO] crate crates.io crate sleepless 0.1.3 already has a lockfile, it will not be regenerated
[INFO] running `Command { std: CARGO_HOME="/workspace/cargo-home" RUSTUP_HOME="/workspace/rustup-home" "/workspace/cargo-home/bin/cargo" "+1.100.0-beta.1" "fetch" "--manifest-path" "Cargo.toml", kill_on_drop: false }`
[INFO] [stderr] warning: `package.homepage` is redundant with `package.repository`
[INFO] [stderr]   --> Cargo.toml:44:12
[INFO] [stderr]    |
[INFO] [stderr] 44 | homepage = "https://github.com/lariocpt/sleepless"
[INFO] [stderr]    |            ^^^^^^^^^^^^^^^^^^^^^^^^^^^^^^^^^^^^^^^
[INFO] [stderr] ...
[INFO] [stderr] 49 | repository = "https://github.com/lariocpt/sleepless"
[INFO] [stderr]    |              ---------------------------------------
[INFO] [stderr]    |
[INFO] [stderr]    = note: `cargo::redundant_homepage` is set to `warn` by default
[INFO] [stderr] help: consider removing `package.homepage`
[INFO] [stderr] warning: `sleepless` (manifest) generated 1 warning
[INFO] running `Command { std: "docker" "create" "-v" "/var/lib/crater-agent-workspace/builds/worker-2-tc2/source:/opt/rustwide/workdir:ro,Z" "-v" "/var/lib/crater-agent-workspace/builds/worker-2-tc2/target:/opt/rustwide/target:rw,Z" "-v" "/var/lib/crater-agent-workspace/cargo-home:/opt/rustwide/cargo-home:ro,Z" "-v" "/var/lib/crater-agent-workspace/rustup-home:/opt/rustwide/rustup-home:ro,Z" "-m" "1610612736" "--network" "none" "ghcr.io/rust-lang/crates-build-env/linux@sha256:77db811e55d90add9212f6832c23229e3de5f1c1f9905e8cb07319ea15df73ac" "sleep" "infinity", kill_on_drop: false }`
[INFO] [stdout] a3112c531c66e634f7c40cc3b51f6386f9c8c59a825874fb52c35d43683f5e5b
[INFO] running `Command { std: "docker" "start" "a3112c531c66e634f7c40cc3b51f6386f9c8c59a825874fb52c35d43683f5e5b", kill_on_drop: false }`
[INFO] running `Command { std: "docker" "inspect" "a3112c531c66e634f7c40cc3b51f6386f9c8c59a825874fb52c35d43683f5e5b", kill_on_drop: false }`
[INFO] running `Command { std: "docker" "exec" "-e" "SOURCE_DIR=/opt/rustwide/workdir" "-e" "CARGO_HOME=/opt/rustwide/cargo-home" "-e" "RUSTUP_HOME=/opt/rustwide/rustup-home" "-e" "CARGO_TARGET_DIR=/opt/rustwide/target" "-w" "/opt/rustwide/workdir" "--user" "0:0" "a3112c531c66e634f7c40cc3b51f6386f9c8c59a825874fb52c35d43683f5e5b" "/opt/rustwide/cargo-home/bin/cargo" "+1.100.0-beta.1" "metadata" "--no-deps" "--format-version=1", kill_on_drop: false }`
[INFO] running `Command { std: "docker" "inspect" "a3112c531c66e634f7c40cc3b51f6386f9c8c59a825874fb52c35d43683f5e5b", kill_on_drop: false }`
[INFO] running `Command { std: "docker" "exec" "-e" "SOURCE_DIR=/opt/rustwide/workdir" "-e" "CARGO_HOME=/opt/rustwide/cargo-home" "-e" "RUSTUP_HOME=/opt/rustwide/rustup-home" "-e" "CARGO_TARGET_DIR=/opt/rustwide/target" "-e" "CARGO_INCREMENTAL=0" "-e" "RUST_BACKTRACE=full" "-e" "RUSTFLAGS=--cap-lints=warn" "-e" "RUSTDOCFLAGS=--cap-lints=warn" "-w" "/opt/rustwide/workdir" "--user" "0:0" "a3112c531c66e634f7c40cc3b51f6386f9c8c59a825874fb52c35d43683f5e5b" "/opt/rustwide/cargo-home/bin/cargo" "+1.100.0-beta.1" "build" "--frozen" "--message-format=json" "--release", kill_on_drop: false }`
[INFO] [stderr] warning: `package.homepage` is redundant with `package.repository`
[INFO] [stderr]   --> Cargo.toml:44:12
[INFO] [stderr]    |
[INFO] [stderr] 44 | homepage = "https://github.com/lariocpt/sleepless"
[INFO] [stderr]    |            ^^^^^^^^^^^^^^^^^^^^^^^^^^^^^^^^^^^^^^^
[INFO] [stderr] ...
[INFO] [stderr] 49 | repository = "https://github.com/lariocpt/sleepless"
[INFO] [stderr]    |              ---------------------------------------
[INFO] [stderr]    |
[INFO] [stderr]    = note: `cargo::redundant_homepage` is set to `warn` by default
[INFO] [stderr] help: consider removing `package.homepage`
[INFO] [stderr] warning: `sleepless` (manifest) generated 1 warning
[INFO] [stderr]    Compiling proc-macro2 v1.0.107
[INFO] [stderr]    Compiling quote v1.0.47
[INFO] [stderr]    Compiling unicode-ident v1.0.24
[INFO] [stderr]    Compiling libc v0.2.189
[INFO] [stderr]    Compiling pin-project-lite v0.2.17
[INFO] [stderr]    Compiling serde v1.0.229
[INFO] [stderr]    Compiling cfg-if v1.0.4
[INFO] [stderr]    Compiling crossbeam-utils v0.8.22
[INFO] [stderr]    Compiling bitflags v2.13.1
[INFO] [stderr]    Compiling serde_core v1.0.229
[INFO] [stderr]    Compiling parking v2.2.1
[INFO] [stderr]    Compiling winnow v1.0.4
[INFO] [stderr]    Compiling futures-core v0.3.33
[INFO] [stderr]    Compiling rustix v1.1.4
[INFO] [stderr]    Compiling hashbrown v0.17.1
[INFO] [stderr]    Compiling equivalent v1.0.2
[INFO] [stderr]    Compiling toml_datetime v1.1.1+spec-1.1.0
[INFO] [stderr]    Compiling linux-raw-sys v0.12.1
[INFO] [stderr]    Compiling heck v0.5.0
[INFO] [stderr]    Compiling fastrand v2.5.0
[INFO] [stderr]    Compiling foldhash v0.2.0
[INFO] [stderr]    Compiling allocator-api2 v0.2.21
[INFO] [stderr]    Compiling rustversion v1.0.23
[INFO] [stderr]    Compiling futures-io v0.3.33
[INFO] [stderr]    Compiling strsim v0.11.1
[INFO] [stderr]    Compiling ident_case v1.0.1
[INFO] [stderr]    Compiling thiserror v2.0.19
[INFO] [stderr]    Compiling log v0.4.33
[INFO] [stderr]    Compiling futures-lite v2.6.1
[INFO] [stderr]    Compiling concurrent-queue v2.5.0
[INFO] [stderr]    Compiling either v1.16.0
[INFO] [stderr]    Compiling autocfg v1.5.1
[INFO] [stderr]    Compiling slab v0.4.12
[INFO] [stderr]    Compiling indexmap v2.14.0
[INFO] [stderr]    Compiling hashbrown v0.16.1
[INFO] [stderr]    Compiling event-listener v5.4.1
[INFO] [stderr]    Compiling castaway v0.2.4
[INFO] [stderr]    Compiling itertools v0.14.0
[INFO] [stderr]    Compiling event-listener-strategy v0.5.4
[INFO] [stderr]    Compiling async-io v2.6.0
[INFO] [stderr]    Compiling itoa v1.0.18
[INFO] [stderr]    Compiling instability v0.3.12
[INFO] [stderr]    Compiling syn v2.0.119
[INFO] [stderr]    Compiling syn v3.0.3
[INFO] [stderr]    Compiling parking_lot_core v0.9.12
[INFO] [stderr]    Compiling unicode-segmentation v1.13.3
[INFO] [stderr]    Compiling unicode-width v0.2.2
[INFO] [stderr]    Compiling errno v0.3.14
[INFO] [stderr]    Compiling toml_parser v1.1.2+spec-1.1.0
[INFO] [stderr]    Compiling mio v1.2.2
[INFO] [stderr]    Compiling ryu v1.0.23
[INFO] [stderr]    Compiling signal-hook-registry v1.4.8
[INFO] [stderr]    Compiling static_assertions v1.1.0
[INFO] [stderr]    Compiling signal-hook v0.3.18
[INFO] [stderr]    Compiling compact_str v0.9.1
[INFO] [stderr]    Compiling lru v0.18.1
[INFO] [stderr]    Compiling convert_case v0.10.0
[INFO] [stderr]    Compiling scopeguard v1.2.0
[INFO] [stderr]    Compiling indoc v2.0.7
[INFO] [stderr]    Compiling endi v1.1.1
[INFO] [stderr]    Compiling smallvec v1.15.2
[INFO] [stderr]    Compiling async-task v4.7.1
[INFO] [stderr]    Compiling critical-section v1.2.0
[INFO] [stderr]    Compiling lock_api v0.4.14
[INFO] [stderr]    Compiling toml_edit v0.25.13+spec-1.1.0
[INFO] [stderr]    Compiling async-channel v2.5.0
[INFO] [stderr]    Compiling utf8parse v0.2.2
[INFO] [stderr]    Compiling litrs v1.0.0
[INFO] [stderr]    Compiling num-conv v0.2.2
[INFO] [stderr]    Compiling atomic-waker v1.1.2
[INFO] [stderr]    Compiling deranged v0.5.8
[INFO] [stderr]    Compiling powerfmt v0.2.0
[INFO] [stderr]    Compiling once_cell v1.21.4
[INFO] [stderr]    Compiling num_threads v0.1.7
[INFO] [stderr]    Compiling time-core v0.1.9
[INFO] [stderr]    Compiling tracing-core v0.1.36
[INFO] [stderr]    Compiling piper v0.2.5
[INFO] [stderr]    Compiling parking_lot v0.12.5
[INFO] [stderr]    Compiling signal-hook-mio v0.2.5
[INFO] [stderr]    Compiling anstyle-parse v1.0.0
[INFO] [stderr]    Compiling socket2 v0.6.5
[INFO] [stderr]    Compiling async-lock v3.4.2
[INFO] [stderr]    Compiling line-clipping v0.3.7
[INFO] [stderr]    Compiling anstyle v1.0.14
[INFO] [stderr]    Compiling colorchoice v1.0.5
[INFO] [stderr]    Compiling document-features v0.2.12
[INFO] [stderr]    Compiling is_terminal_polyfill v1.70.2
[INFO] [stderr]    Compiling anstyle-query v1.1.5
[INFO] [stderr]    Compiling bytes v1.12.1
[INFO] [stderr]    Compiling anstream v1.0.0
[INFO] [stderr]    Compiling blocking v1.6.2
[INFO] [stderr]    Compiling unicode-truncate v2.0.1
[INFO] [stderr]    Compiling proc-macro-crate v3.5.0
[INFO] [stderr]    Compiling async-executor v1.14.0
[INFO] [stderr]    Compiling async-broadcast v0.7.2
[INFO] [stderr]    Compiling ordered-stream v0.2.0
[INFO] [stderr]    Compiling anyhow v1.0.104
[INFO] [stderr]    Compiling signal-hook v0.4.4
[INFO] [stderr]    Compiling clap_lex v1.1.0
[INFO] [stderr]    Compiling futures-task v0.3.33
[INFO] [stderr]    Compiling hex v0.4.3
[INFO] [stderr]    Compiling toml_writer v1.1.2+spec-1.1.0
[INFO] [stderr]    Compiling pastey v0.2.3
[INFO] [stderr]    Compiling clap_builder v4.6.2
[INFO] [stderr]    Compiling time v0.3.54
[INFO] [stderr]    Compiling uuid v1.24.0
[INFO] [stderr]    Compiling serde_spanned v1.1.1
[INFO] [stderr]    Compiling toml v1.1.3+spec-1.1.0
[INFO] [stderr]    Compiling serde_derive v1.0.229
[INFO] [stderr]    Compiling thiserror-impl v2.0.19
[INFO] [stderr]    Compiling serde_repr v0.1.21
[INFO] [stderr]    Compiling async-trait v0.1.91
[INFO] [stderr]    Compiling clap_derive v4.6.4
[INFO] [stderr]    Compiling darling_core v0.23.0
[INFO] [stderr]    Compiling kasuari v0.4.12
[INFO] [stderr]    Compiling enumflags2_derive v0.7.12
[INFO] [stderr]    Compiling strum_macros v0.28.0
[INFO] [stderr]    Compiling derive_more-impl v2.1.1
[INFO] [stderr]    Compiling tracing-attributes v0.1.31
[INFO] [stderr]    Compiling tokio-macros v2.7.1
[INFO] [stderr]    Compiling async-recursion v1.1.1
[INFO] [stderr]    Compiling futures-macro v0.3.33
[INFO] [stderr]    Compiling futures-util v0.3.33
[INFO] [stderr]    Compiling tokio v1.53.1
[INFO] [stderr]    Compiling derive_more v2.1.1
[INFO] [stderr]    Compiling clap v4.6.4
[INFO] [stderr]    Compiling polling v3.11.0
[INFO] [stderr]    Compiling crossterm v0.29.0
[INFO] [stderr]    Compiling tracing v0.1.44
[INFO] [stderr]    Compiling zvariant_utils v3.5.0
[INFO] [stderr]    Compiling enumflags2 v0.7.12
[INFO] [stderr]    Compiling strum v0.28.0
[INFO] [stderr]    Compiling async-signal v0.2.14
[INFO] [stderr]    Compiling ratatui-core v0.1.2
[INFO] [stderr]    Compiling async-process v2.5.0
[INFO] [stderr]    Compiling zvariant_derive v5.13.1
[INFO] [stderr]    Compiling darling_macro v0.23.0
[INFO] [stderr]    Compiling darling v0.23.0
[INFO] [stderr]    Compiling zvariant v5.13.1
[INFO] [stderr]    Compiling ratatui-widgets v0.3.2
[INFO] [stderr]    Compiling ratatui-crossterm v0.1.2
[INFO] [stderr]    Compiling ratatui-macros v0.7.2
[INFO] [stderr]    Compiling ratatui v0.30.2
[INFO] [stderr]    Compiling zbus_names v4.3.4
[INFO] [stderr]    Compiling zbus_macros v5.18.0
[INFO] [stderr]    Compiling zbus v5.18.0
[INFO] [stderr]    Compiling ksni v0.3.6
[INFO] [stderr]    Compiling sleepless v0.1.3 (/opt/rustwide/workdir)
[INFO] [stderr]     Finished `release` profile [optimized] target(s) in 2m 36s
[INFO] running `Command { std: "docker" "inspect" "a3112c531c66e634f7c40cc3b51f6386f9c8c59a825874fb52c35d43683f5e5b", kill_on_drop: false }`
[INFO] running `Command { std: "docker" "exec" "-e" "SOURCE_DIR=/opt/rustwide/workdir" "-e" "CARGO_HOME=/opt/rustwide/cargo-home" "-e" "RUSTUP_HOME=/opt/rustwide/rustup-home" "-e" "CARGO_TARGET_DIR=/opt/rustwide/target" "-e" "CARGO_INCREMENTAL=0" "-e" "RUST_BACKTRACE=full" "-e" "RUSTFLAGS=--cap-lints=warn" "-e" "RUSTDOCFLAGS=--cap-lints=warn" "-w" "/opt/rustwide/workdir" "--user" "0:0" "a3112c531c66e634f7c40cc3b51f6386f9c8c59a825874fb52c35d43683f5e5b" "/opt/rustwide/cargo-home/bin/cargo" "+1.100.0-beta.1" "test" "--frozen" "--no-run" "--message-format=json" "--release", kill_on_drop: false }`
[INFO] [stderr] warning: `package.homepage` is redundant with `package.repository`
[INFO] [stderr]   --> Cargo.toml:44:12
[INFO] [stderr]    |
[INFO] [stderr] 44 | homepage = "https://github.com/lariocpt/sleepless"
[INFO] [stderr]    |            ^^^^^^^^^^^^^^^^^^^^^^^^^^^^^^^^^^^^^^^
[INFO] [stderr] ...
[INFO] [stderr] 49 | repository = "https://github.com/lariocpt/sleepless"
[INFO] [stderr]    |              ---------------------------------------
[INFO] [stderr]    |
[INFO] [stderr]    = note: `cargo::redundant_homepage` is set to `warn` by default
[INFO] [stderr] help: consider removing `package.homepage`
[INFO] [stderr] warning: `sleepless` (manifest) generated 1 warning
[INFO] [stderr]    Compiling rustix v1.1.4
[INFO] [stderr]    Compiling getrandom v0.4.3
[INFO] [stderr]    Compiling polling v3.11.0
[INFO] [stderr]    Compiling crossterm v0.29.0
[INFO] [stderr]    Compiling tempfile v3.27.0
[INFO] [stderr]    Compiling async-io v2.6.0
[INFO] [stderr]    Compiling async-signal v0.2.14
[INFO] [stderr]    Compiling async-process v2.5.0
[INFO] [stderr]    Compiling ratatui-crossterm v0.1.2
[INFO] [stderr]    Compiling ratatui v0.30.2
[INFO] [stderr]    Compiling zbus v5.18.0
[INFO] [stderr]    Compiling ksni v0.3.6
[INFO] [stderr]    Compiling sleepless v0.1.3 (/opt/rustwide/workdir)
[INFO] [stderr]     Finished `release` profile [optimized] target(s) in 2m 02s
[INFO] running `Command { std: "docker" "inspect" "a3112c531c66e634f7c40cc3b51f6386f9c8c59a825874fb52c35d43683f5e5b", kill_on_drop: false }`
[INFO] running `Command { std: "docker" "exec" "-e" "SOURCE_DIR=/opt/rustwide/workdir" "-e" "CARGO_HOME=/opt/rustwide/cargo-home" "-e" "RUSTUP_HOME=/opt/rustwide/rustup-home" "-e" "CARGO_TARGET_DIR=/opt/rustwide/target" "-e" "CARGO_INCREMENTAL=0" "-e" "RUST_BACKTRACE=full" "-e" "RUSTFLAGS=--cap-lints=warn" "-e" "RUSTDOCFLAGS=--cap-lints=warn" "-w" "/opt/rustwide/workdir" "--user" "0:0" "a3112c531c66e634f7c40cc3b51f6386f9c8c59a825874fb52c35d43683f5e5b" "/opt/rustwide/cargo-home/bin/cargo" "+1.100.0-beta.1" "test" "--frozen" "--release", kill_on_drop: false }`
[INFO] [stderr] warning: `package.homepage` is redundant with `package.repository`
[INFO] [stderr]   --> Cargo.toml:44:12
[INFO] [stderr]    |
[INFO] [stderr] 44 | homepage = "https://github.com/lariocpt/sleepless"
[INFO] [stderr]    |            ^^^^^^^^^^^^^^^^^^^^^^^^^^^^^^^^^^^^^^^
[INFO] [stderr] ...
[INFO] [stderr] 49 | repository = "https://github.com/lariocpt/sleepless"
[INFO] [stderr]    |              ---------------------------------------
[INFO] [stderr]    |
[INFO] [stderr]    = note: `cargo::redundant_homepage` is set to `warn` by default
[INFO] [stderr] help: consider removing `package.homepage`
[INFO] [stderr] warning: `sleepless` (manifest) generated 1 warning
[INFO] [stderr]     Finished `release` profile [optimized] target(s) in 0.35s
[INFO] [stderr]      Running unittests src/lib.rs (/opt/rustwide/target/release/build/sleepless/462a2aeb4a03ffe8/out/sleepless-462a2aeb4a03ffe8)
[INFO] [stdout] 
[INFO] [stdout] running 45 tests
[INFO] [stdout] test app::tests::decision_table ... ok
[INFO] [stdout] test art::tests::all_supported_glyphs_are_consistent ... ok
[INFO] [stdout] test ascii::tests::replaces_anything_else_and_never_breaks_the_line ... ok
[INFO] [stdout] test cli::tests::lid_and_toggles_follow_the_same_order ... ok
[INFO] [stdout] test cli::tests::mode_label_is_the_spelling_config_and_state_use ... ok
[INFO] [stdout] test cli::tests::precedence_is_flags_then_state_then_file ... ok
[INFO] [stdout] test art::tests::compact_art_fits_narrow_terminals ... ok
[INFO] [stdout] test cli::tests::splash_selection_and_the_unknown_name_warning ... ok
[INFO] [stdout] test cli::tests::tray_and_pulse_default_on_and_are_switched_off_by_flags_or_file ... ok
[INFO] [stdout] test cli::tests::why_falls_back_through_flag_file_default ... ok
[INFO] [stdout] test art::tests::arbitrary_text_renders ... ok
[INFO] [stdout] test config::tests::base_path_rules ... ok
[INFO] [stdout] test app::tests::splash_cycling_wraps_both_ways ... ok
[INFO] [stdout] test ascii::tests::passes_ascii_through_unchanged ... ok
[INFO] [stdout] test art::tests::wide_art_fits_80_columns ... ok
[INFO] [stdout] test art::tests::tiny_terminal_gets_plain_text ... ok
[INFO] [stdout] test config::tests::clearing_state_is_idempotent ... ok
[INFO] [stdout] test config::tests::a_failing_state_write_warns_once_and_backs_off ... ok
[INFO] [stdout] test art::tests::raw_art_fit_and_fallback ... ok
[INFO] [stdout] test config::tests::parses_full_config ... ok
[INFO] [stdout] test config::tests::bad_splash_defs_warn_and_skip ... ok
[INFO] [stdout] test cli::tests::clap_definition_is_valid ... ok
[INFO] [stdout] test app::tests::mode_toggles_round_trip ... ok
[INFO] [stdout] test config::tests::color_parsing ... ok
[INFO] [stdout] test art::tests::the_supported_set_is_exactly_what_has_glyphs ... ok
[INFO] [stdout] test config::tests::real_paths_end_in_the_app_dir ... ok
[INFO] [stdout] test config::tests::every_known_key_is_actually_accepted ... ok
[INFO] [stdout] test power::tests::desktop_without_supplies_counts_as_ac ... ok
[INFO] [stdout] test run::tests::a_bare_c_is_not_quit ... ok
[INFO] [stdout] test run::tests::every_documented_key_does_something ... ok
[INFO] [stdout] test power::tests::laptop_on_ac ... ok
[INFO] [stdout] test power::tests::charge_limited_battery_is_not_an_ac_signal ... ok
[INFO] [stdout] test config::tests::state_round_trips ... ok
[INFO] [stdout] test power::tests::laptop_on_battery ... ok
[INFO] [stdout] test inhibit::imp::tests::still_owned_rules ... ok
[INFO] [stdout] test power::tests::no_mains_driver_falls_back_to_battery_status ... ok
[INFO] [stdout] test config::tests::state_writer_only_writes_on_change ... ok
[INFO] [stdout] test config::tests::state_writer_recovers_after_the_directory_becomes_writable ... ok
[INFO] [stdout] test power::tests::peripheral_battery_is_ignored ... ok
[INFO] [stdout] test config::tests::bad_state_is_ignored ... ok
[INFO] [stdout] test config::tests::unknown_keys_warn_and_are_ignored ... ok
[INFO] [stdout] test ascii::tests::spells_out_what_the_program_itself_emits ... ok
[INFO] [stdout] test run::tests::the_pulse_cadences_are_what_the_docs_quote ... ok
[INFO] [stdout] test art::tests::oversized_art_never_fits_and_never_panics ... ok
[INFO] [stdout] test inhibit::imp::tests::a_lock_stops_being_live_when_its_owner_goes_away ... ok
[INFO] [stdout] 
[INFO] [stdout] test result: ok. 45 passed; 0 failed; 0 ignored; 0 measured; 0 filtered out; finished in 0.39s
[INFO] [stdout] 
[INFO] [stderr]      Running unittests src/main.rs (/opt/rustwide/target/release/build/sleepless/1a064861b4969aa9/out/sleepless-1a064861b4969aa9)
[INFO] [stderr]      Running tests/cli.rs (/opt/rustwide/target/release/build/sleepless/99d0b0e7a32a82d2/out/cli-99d0b0e7a32a82d2)
[INFO] [stdout] 
[INFO] [stdout] running 0 tests
[INFO] [stdout] 
[INFO] [stdout] test result: ok. 0 passed; 0 failed; 0 ignored; 0 measured; 0 filtered out; finished in 0.00s
[INFO] [stdout] 
[INFO] [stdout] 
[INFO] [stdout] running 7 tests
[INFO] [stdout] test contradictory_modes_are_refused_rather_than_guessed ... ok
[INFO] [stdout] test help_works_when_it_is_not_a_terminal ... ok
[INFO] [stdout] test version_matches_the_package ... ok
[INFO] [stdout] test the_sandbox_really_is_one ... ok
[INFO] [stdout] test smoke_output_is_ascii_on_the_error_path_too ... ok
[INFO] [stdout] test reset_state_forgets_the_saved_settings ... ok
[INFO] [stdout] test every_documented_flag_is_accepted ... ok
[INFO] [stderr]      Running tests/docs.rs (/opt/rustwide/target/release/build/sleepless/72fe80223ae1b8f7/out/docs-72fe80223ae1b8f7)
[INFO] [stdout] 
[INFO] [stdout] test result: ok. 7 passed; 0 failed; 0 ignored; 0 measured; 0 filtered out; finished in 0.11s
[INFO] [stdout] 
[INFO] [stdout] 
[INFO] [stdout] running 11 tests
[INFO] [stdout] test every_key_the_readme_documents_does_something ... ok
[INFO] [stdout] test readme_lists_the_built_in_splashes_that_exist ... ok
[INFO] [stdout] test readme_documents_every_flag_the_program_has ... ok
[INFO] [stdout] test readme_block_font_charset_matches_the_font ... ok
[INFO] [stdout] test readme_config_keys_are_exactly_the_keys_the_program_reads ... ok
[INFO] [stdout] test the_readme_names_the_checksum_files_that_actually_exist ... ok
[INFO] [stdout] test neither_document_invents_a_flag ... FAILED
[INFO] [stdout] test the_sites_pulse_matches_the_programs ... FAILED
[INFO] [stdout] test the_sites_block_font_is_the_programs_block_font ... FAILED
[INFO] [stdout] test the_site_does_not_deny_the_state_directory ... FAILED
[INFO] [stdout] test the_install_methods_are_the_same_on_both_pages ... FAILED
[INFO] [stderr] error: test failed, to rerun pass `--test docs`
[INFO] [stdout] 
[INFO] [stdout] failures:
[INFO] [stdout] 
[INFO] [stdout] ---- neither_document_invents_a_flag stdout ----
[INFO] [stdout] 
[INFO] [stdout] thread 'neither_document_invents_a_flag' (3754) panicked at tests/docs.rs:22:52:
[INFO] [stdout] cannot read /opt/rustwide/workdir/docs/index.html: No such file or directory (os error 2)
[INFO] [stdout] stack backtrace:
[INFO] [stdout]    0:     0x5d7c9842b9d6 - <unknown>
[INFO] [stdout]    1:     0x5d7c983b612a - <unknown>
[INFO] [stdout]    2:     0x5d7c98430efc - <unknown>
[INFO] [stdout]    3:     0x5d7c98408682 - <unknown>
[INFO] [stdout]    4:     0x5d7c98423f71 - <unknown>
[INFO] [stdout]    5:     0x5d7c98424152 - <unknown>
[INFO] [stdout]    6:     0x5d7c98408732 - <unknown>
[INFO] [stdout]    7:     0x5d7c98401409 - <unknown>
[INFO] [stdout]    8:     0x5d7c9840934d - <unknown>
[INFO] [stdout]    9:     0x5d7c983b685c - <unknown>
[INFO] [stdout]   10:     0x5d7c983c8be9 - <unknown>
[INFO] [stdout]   11:     0x5d7c983ca67f - <unknown>
[INFO] [stdout]   12:     0x5d7c983c8fac - <unknown>
[INFO] [stdout]   13:     0x5d7c983cf745 - <unknown>
[INFO] [stdout]   14:     0x5d7c98432f6b - <unknown>
[INFO] [stdout]   15:     0x5d7c98440e14 - <unknown>
[INFO] [stdout]   16:     0x5d7c9843a544 - <unknown>
[INFO] [stdout]   17:     0x5d7c98444bd2 - <unknown>
[INFO] [stdout]   18:     0x5d7c9842ab34 - <unknown>
[INFO] [stdout]   19:     0x70408c86adfa - <unknown>
[INFO] [stdout]   20:     0x70408c8fe3d4 - clone
[INFO] [stdout]   21:                0x0 - <unknown>
[INFO] [stdout] 
[INFO] [stdout] ---- the_sites_pulse_matches_the_programs stdout ----
[INFO] [stdout] 
[INFO] [stdout] thread 'the_sites_pulse_matches_the_programs' (3763) panicked at tests/docs.rs:22:52:
[INFO] [stdout] cannot read /opt/rustwide/workdir/docs/index.html: No such file or directory (os error 2)
[INFO] [stdout] stack backtrace:
[INFO] [stdout]    0:     0x5d7c9842b9d6 - <unknown>
[INFO] [stdout]    1:     0x5d7c983b612a - <unknown>
[INFO] [stdout]    2:     0x5d7c98430efc - <unknown>
[INFO] [stdout]    3:     0x5d7c98408682 - <unknown>
[INFO] [stdout]    4:     0x5d7c98423f71 - <unknown>
[INFO] [stdout]    5:     0x5d7c98424152 - <unknown>
[INFO] [stdout]    6:     0x5d7c98408732 - <unknown>
[INFO] [stdout]    7:     0x5d7c98401409 - <unknown>
[INFO] [stdout]    8:     0x5d7c9840934d - <unknown>
[INFO] [stdout]    9:     0x5d7c983b685c - <unknown>
[INFO] [stdout]   10:     0x5d7c983c8be9 - <unknown>
[INFO] [stdout]   11:     0x5d7c983ca67f - <unknown>
[INFO] [stdout]   12:     0x5d7c983d0cf2 - <unknown>
[INFO] [stdout]   13:     0x5d7c98432f6b - <unknown>
[INFO] [stdout]   14:     0x5d7c98440e14 - <unknown>
[INFO] [stdout]   15:     0x5d7c9843a544 - <unknown>
[INFO] [stdout]   16:     0x5d7c98444bd2 - <unknown>
[INFO] [stdout]   17:     0x5d7c9842ab34 - <unknown>
[INFO] [stdout]   18:     0x70408c86adfa - <unknown>
[INFO] [stdout]   19:     0x70408c8fe3d4 - clone
[INFO] [stdout]   20:                0x0 - <unknown>
[INFO] [stdout] 
[INFO] [stdout] ---- the_sites_block_font_is_the_programs_block_font stdout ----
[INFO] [stdout] 
[INFO] [stdout] thread 'the_sites_block_font_is_the_programs_block_font' (3762) panicked at tests/docs.rs:22:52:
[INFO] [stdout] cannot read /opt/rustwide/workdir/docs/index.html: No such file or directory (os error 2)
[INFO] [stdout] stack backtrace:
[INFO] [stdout]    0:     0x5d7c9842b9d6 - <unknown>
[INFO] [stdout]    1:     0x5d7c983b612a - <unknown>
[INFO] [stdout]    2:     0x5d7c98430efc - <unknown>
[INFO] [stdout]    3:     0x5d7c98408682 - <unknown>
[INFO] [stdout]    4:     0x5d7c98423f71 - <unknown>
[INFO] [stdout]    5:     0x5d7c98424152 - <unknown>
[INFO] [stdout]    6:     0x5d7c98408732 - <unknown>
[INFO] [stdout]    7:     0x5d7c98401409 - <unknown>
[INFO] [stdout]    8:     0x5d7c9840934d - <unknown>
[INFO] [stdout]    9:     0x5d7c983b685c - <unknown>
[INFO] [stdout]   10:     0x5d7c983c8be9 - <unknown>
[INFO] [stdout]   11:     0x5d7c983ca67f - <unknown>
[INFO] [stdout]   12:     0x5d7c983d378d - <unknown>
[INFO] [stdout]   13:     0x5d7c98432f6b - <unknown>
[INFO] [stdout]   14:     0x5d7c98440e14 - <unknown>
[INFO] [stdout]   15:     0x5d7c9843a544 - <unknown>
[INFO] [stdout]   16:     0x5d7c98444bd2 - <unknown>
[INFO] [stdout]   17:     0x5d7c9842ab34 - <unknown>
[INFO] [stdout]   18:     0x70408c86adfa - <unknown>
[INFO] [stdout]   19:     0x70408c8fe3d4 - clone
[INFO] [stdout]   20:                0x0 - <unknown>
[INFO] [stdout] 
[INFO] [stdout] ---- the_site_does_not_deny_the_state_directory stdout ----
[INFO] [stdout] 
[INFO] [stdout] thread 'the_site_does_not_deny_the_state_directory' (3761) panicked at tests/docs.rs:22:52:
[INFO] [stdout] cannot read /opt/rustwide/workdir/docs/index.html: No such file or directory (os error 2)
[INFO] [stdout] stack backtrace:
[INFO] [stdout]    0:     0x5d7c9842b9d6 - <unknown>
[INFO] [stdout]    1:     0x5d7c983b612a - <unknown>
[INFO] [stdout]    2:     0x5d7c98430efc - <unknown>
[INFO] [stdout]    3:     0x5d7c98408682 - <unknown>
[INFO] [stdout]    4:     0x5d7c98423f71 - <unknown>
[INFO] [stdout]    5:     0x5d7c98424152 - <unknown>
[INFO] [stdout]    6:     0x5d7c98408732 - <unknown>
[INFO] [stdout]    7:     0x5d7c98401409 - <unknown>
[INFO] [stdout]    8:     0x5d7c9840934d - <unknown>
[INFO] [stdout]    9:     0x5d7c983b685c - <unknown>
[INFO] [stdout]   10:     0x5d7c983c8be9 - <unknown>
[INFO] [stdout]   11:     0x5d7c983ca67f - <unknown>
[INFO] [stdout]   12:     0x5d7c983d1ed5 - <unknown>
[INFO] [stdout]   13:     0x5d7c98432f6b - <unknown>
[INFO] [stdout]   14:     0x5d7c98440e14 - <unknown>
[INFO] [stdout]   15:     0x5d7c9843a544 - <unknown>
[INFO] [stdout]   16:     0x5d7c98444bd2 - <unknown>
[INFO] [stdout]   17:     0x5d7c9842ab34 - <unknown>
[INFO] [stdout]   18:     0x70408c86adfa - <unknown>
[INFO] [stdout]   19:     0x70408c8fe3d4 - clone
[INFO] [stdout]   20:                0x0 - <unknown>
[INFO] [stdout] 
[INFO] [stdout] ---- the_install_methods_are_the_same_on_both_pages stdout ----
[INFO] [stdout] 
[INFO] [stdout] thread 'the_install_methods_are_the_same_on_both_pages' (3759) panicked at tests/docs.rs:22:52:
[INFO] [stdout] cannot read /opt/rustwide/workdir/docs/index.html: No such file or directory (os error 2)
[INFO] [stdout] stack backtrace:
[INFO] [stdout]    0:     0x5d7c9842b9d6 - <unknown>
[INFO] [stdout]    1:     0x5d7c983b612a - <unknown>
[INFO] [stdout]    2:     0x5d7c98430efc - <unknown>
[INFO] [stdout]    3:     0x5d7c98408682 - <unknown>
[INFO] [stdout]    4:     0x5d7c98423f71 - <unknown>
[INFO] [stdout]    5:     0x5d7c98424152 - <unknown>
[INFO] [stdout]    6:     0x5d7c98408732 - <unknown>
[INFO] [stdout]    7:     0x5d7c98401409 - <unknown>
[INFO] [stdout]    8:     0x5d7c9840934d - <unknown>
[INFO] [stdout]    9:     0x5d7c983b685c - <unknown>
[INFO] [stdout]   10:     0x5d7c983c8be9 - <unknown>
[INFO] [stdout]   11:     0x5d7c983ca67f - <unknown>
[INFO] [stdout]   12:     0x5d7c983d2fcd - <unknown>
[INFO] [stdout]   13:     0x5d7c98432f6b - <unknown>
[INFO] [stdout]   14:     0x5d7c98440e14 - <unknown>
[INFO] [stdout]   15:     0x5d7c9843a544 - <unknown>
[INFO] [stdout]   16:     0x5d7c98444bd2 - <unknown>
[INFO] [stdout]   17:     0x5d7c9842ab34 - <unknown>
[INFO] [stdout]   18:     0x70408c86adfa - <unknown>
[INFO] [stdout]   19:     0x70408c8fe3d4 - clone
[INFO] [stdout]   20:                0x0 - <unknown>
[INFO] [stdout] 
[INFO] [stdout] 
[INFO] [stdout] failures:
[INFO] [stdout]     neither_document_invents_a_flag
[INFO] [stdout]     the_install_methods_are_the_same_on_both_pages
[INFO] [stdout]     the_site_does_not_deny_the_state_directory
[INFO] [stdout]     the_sites_block_font_is_the_programs_block_font
[INFO] [stdout]     the_sites_pulse_matches_the_programs
[INFO] [stdout] 
[INFO] [stdout] test result: FAILED. 6 passed; 5 failed; 0 ignored; 0 measured; 0 filtered out; finished in 0.00s
[INFO] [stdout] 
[INFO] running `Command { std: "docker" "inspect" "a3112c531c66e634f7c40cc3b51f6386f9c8c59a825874fb52c35d43683f5e5b", kill_on_drop: false }`
[INFO] running `Command { std: "docker" "rm" "-f" "a3112c531c66e634f7c40cc3b51f6386f9c8c59a825874fb52c35d43683f5e5b", kill_on_drop: false }`
[INFO] [stdout] a3112c531c66e634f7c40cc3b51f6386f9c8c59a825874fb52c35d43683f5e5b
