[INFO] fetching crate sleek 0.5.0...
[INFO] testing sleek-0.5.0 against 1.99.0-beta.8+cargoflags=--release for beta-release-1.100-2
[INFO] extracting crate sleek 0.5.0 into /workspace/builds/worker-3-tc1/source
[INFO] started tweaking crates.io crate sleek 0.5.0
[INFO] removed 0 missing tests
[INFO] finished tweaking crates.io crate sleek 0.5.0
[INFO] tweaked toml for crates.io crate sleek 0.5.0 written to /workspace/builds/worker-3-tc1/source/Cargo.toml
[INFO] validating manifest of crates.io crate sleek 0.5.0 on toolchain 1.99.0-beta.8
[INFO] running `Command { std: CARGO_HOME="/workspace/cargo-home" RUSTUP_HOME="/workspace/rustup-home" "/workspace/cargo-home/bin/cargo" "+1.99.0-beta.8" "metadata" "--manifest-path" "Cargo.toml" "--no-deps", kill_on_drop: false }`
[INFO] crate crates.io crate sleek 0.5.0 already has a lockfile, it will not be regenerated
[INFO] running `Command { std: CARGO_HOME="/workspace/cargo-home" RUSTUP_HOME="/workspace/rustup-home" "/workspace/cargo-home/bin/cargo" "+1.99.0-beta.8" "fetch" "--manifest-path" "Cargo.toml", kill_on_drop: false }`
[INFO] [stderr]  Downloading crates ...
[INFO] [stderr]   Downloaded winnow v0.6.26
[INFO] [stderr]   Downloaded sqlformat v0.3.5
[INFO] running `Command { std: "docker" "create" "-v" "/var/lib/crater-agent-workspace/builds/worker-3-tc1/source:/opt/rustwide/workdir:ro,Z" "-v" "/var/lib/crater-agent-workspace/builds/worker-3-tc1/target:/opt/rustwide/target:rw,Z" "-v" "/var/lib/crater-agent-workspace/cargo-home:/opt/rustwide/cargo-home:ro,Z" "-v" "/var/lib/crater-agent-workspace/rustup-home:/opt/rustwide/rustup-home:ro,Z" "-m" "1610612736" "--network" "none" "ghcr.io/rust-lang/crates-build-env/linux@sha256:77db811e55d90add9212f6832c23229e3de5f1c1f9905e8cb07319ea15df73ac" "sleep" "infinity", kill_on_drop: false }`
[INFO] [stdout] c68a9e1c3c89589ac6e5ae0b7b46eeed4cf386c7e050641b99a683e20bf20c15
[INFO] running `Command { std: "docker" "start" "c68a9e1c3c89589ac6e5ae0b7b46eeed4cf386c7e050641b99a683e20bf20c15", kill_on_drop: false }`
[INFO] running `Command { std: "docker" "inspect" "c68a9e1c3c89589ac6e5ae0b7b46eeed4cf386c7e050641b99a683e20bf20c15", kill_on_drop: false }`
[INFO] running `Command { std: "docker" "exec" "-e" "SOURCE_DIR=/opt/rustwide/workdir" "-e" "CARGO_HOME=/opt/rustwide/cargo-home" "-e" "RUSTUP_HOME=/opt/rustwide/rustup-home" "-e" "CARGO_TARGET_DIR=/opt/rustwide/target" "-w" "/opt/rustwide/workdir" "--user" "0:0" "c68a9e1c3c89589ac6e5ae0b7b46eeed4cf386c7e050641b99a683e20bf20c15" "/opt/rustwide/cargo-home/bin/cargo" "+1.99.0-beta.8" "metadata" "--no-deps" "--format-version=1", kill_on_drop: false }`
[INFO] running `Command { std: "docker" "inspect" "c68a9e1c3c89589ac6e5ae0b7b46eeed4cf386c7e050641b99a683e20bf20c15", kill_on_drop: false }`
[INFO] running `Command { std: "docker" "exec" "-e" "SOURCE_DIR=/opt/rustwide/workdir" "-e" "CARGO_HOME=/opt/rustwide/cargo-home" "-e" "RUSTUP_HOME=/opt/rustwide/rustup-home" "-e" "CARGO_TARGET_DIR=/opt/rustwide/target" "-e" "CARGO_INCREMENTAL=0" "-e" "RUST_BACKTRACE=full" "-e" "RUSTFLAGS=--cap-lints=warn" "-e" "RUSTDOCFLAGS=--cap-lints=warn" "-w" "/opt/rustwide/workdir" "--user" "0:0" "c68a9e1c3c89589ac6e5ae0b7b46eeed4cf386c7e050641b99a683e20bf20c15" "/opt/rustwide/cargo-home/bin/cargo" "+1.99.0-beta.8" "build" "--frozen" "--message-format=json" "--release", kill_on_drop: false }`
[INFO] [stderr]    Compiling syn v2.0.101
[INFO] [stderr]    Compiling unicode_categories v0.1.1
[INFO] [stderr]    Compiling glob v0.3.2
[INFO] [stderr]    Compiling winnow v0.6.26
[INFO] [stderr]    Compiling clap_builder v4.5.38
[INFO] [stderr]    Compiling sqlformat v0.3.5
[INFO] [stderr]    Compiling clap_derive v4.5.32
[INFO] [stderr]    Compiling thiserror-impl v2.0.12
[INFO] [stderr]    Compiling thiserror v2.0.12
[INFO] [stderr]    Compiling clap v4.5.38
[INFO] [stderr]    Compiling sleek v0.5.0 (/opt/rustwide/workdir)
[INFO] [stderr]     Finished `release` profile [optimized] target(s) in 16.20s
[INFO] running `Command { std: "docker" "inspect" "c68a9e1c3c89589ac6e5ae0b7b46eeed4cf386c7e050641b99a683e20bf20c15", kill_on_drop: false }`
[INFO] running `Command { std: "docker" "exec" "-e" "SOURCE_DIR=/opt/rustwide/workdir" "-e" "CARGO_HOME=/opt/rustwide/cargo-home" "-e" "RUSTUP_HOME=/opt/rustwide/rustup-home" "-e" "CARGO_TARGET_DIR=/opt/rustwide/target" "-e" "CARGO_INCREMENTAL=0" "-e" "RUST_BACKTRACE=full" "-e" "RUSTFLAGS=--cap-lints=warn" "-e" "RUSTDOCFLAGS=--cap-lints=warn" "-w" "/opt/rustwide/workdir" "--user" "0:0" "c68a9e1c3c89589ac6e5ae0b7b46eeed4cf386c7e050641b99a683e20bf20c15" "/opt/rustwide/cargo-home/bin/cargo" "+1.99.0-beta.8" "test" "--frozen" "--no-run" "--message-format=json" "--release", kill_on_drop: false }`
[INFO] [stderr]    Compiling libc v0.2.172
[INFO] [stderr]    Compiling rustix v1.0.7
[INFO] [stderr]    Compiling linux-raw-sys v0.9.4
[INFO] [stderr]    Compiling bitflags v2.9.1
[INFO] [stderr]    Compiling getrandom v0.3.3
[INFO] [stderr]    Compiling tempfile v3.20.0
[INFO] [stderr]    Compiling sleek v0.5.0 (/opt/rustwide/workdir)
[INFO] [stderr]     Finished `release` profile [optimized] target(s) in 6.45s
[INFO] running `Command { std: "docker" "inspect" "c68a9e1c3c89589ac6e5ae0b7b46eeed4cf386c7e050641b99a683e20bf20c15", kill_on_drop: false }`
[INFO] running `Command { std: "docker" "exec" "-e" "SOURCE_DIR=/opt/rustwide/workdir" "-e" "CARGO_HOME=/opt/rustwide/cargo-home" "-e" "RUSTUP_HOME=/opt/rustwide/rustup-home" "-e" "CARGO_TARGET_DIR=/opt/rustwide/target" "-e" "CARGO_INCREMENTAL=0" "-e" "RUST_BACKTRACE=full" "-e" "RUSTFLAGS=--cap-lints=warn" "-e" "RUSTDOCFLAGS=--cap-lints=warn" "-w" "/opt/rustwide/workdir" "--user" "0:0" "c68a9e1c3c89589ac6e5ae0b7b46eeed4cf386c7e050641b99a683e20bf20c15" "/opt/rustwide/cargo-home/bin/cargo" "+1.99.0-beta.8" "test" "--frozen" "--release", kill_on_drop: false }`
[INFO] [stderr]     Finished `release` profile [optimized] target(s) in 0.12s
[INFO] [stderr]      Running unittests src/main.rs (/opt/rustwide/target/release/deps/sleek-02e187b116c63ee0)
[INFO] [stdout] 
[INFO] [stdout] running 0 tests
[INFO] [stdout] 
[INFO] [stdout] test result: ok. 0 passed; 0 failed; 0 ignored; 0 measured; 0 filtered out; finished in 0.00s
[INFO] [stdout] 
[INFO] [stderr]      Running tests/integration_tests.rs (/opt/rustwide/target/release/deps/integration_tests-b9cf220bff526212)
[INFO] [stdout] 
[INFO] [stdout] running 37 tests
[INFO] [stdout] test test_check_file_unformatted ... ok
[INFO] [stdout] test test_both_boolean_formats_work ... ok
[INFO] [stdout] test test_complex_sql_formatting ... ok
[INFO] [stdout] test test_error_message_quality ... ok
[INFO] [stdout] test test_boolean_flags_work_with_files ... ok
[INFO] [stdout] test test_check_flag_formatted_input ... ok
[INFO] [stdout] test test_check_flag_unformatted_input ... ok
[INFO] [stdout] test test_file_with_no_extension ... ok
[INFO] [stdout] test test_check_file_formatted ... ok
[INFO] [stdout] test test_invalid_boolean_values ... ok
[INFO] [stdout] test test_check_mode_with_all_files_formatted ... ok
[INFO] [stdout] test test_empty_input_from_stdin ... ok
[INFO] [stdout] test test_default_behavior_when_flags_not_specified ... ok
[INFO] [stdout] test test_custom_indent_spaces ... ok
[INFO] [stdout] test test_check_mode_with_multiple_files ... ok
[INFO] [stdout] test test_combining_all_flags ... ok
[INFO] [stdout] test test_help_flag ... ok
[INFO] [stdout] test test_format_from_stdin ... ok
[INFO] [stdout] test test_invalid_indent_spaces_value ... ok
[INFO] [stdout] test test_full_outer_join_formatting ... ok
[INFO] [stdout] test test_nonexistent_file ... ok
[INFO] [stdout] test test_format_file ... ok
[INFO] [stdout] test test_issue_60_comma_separated_lists_current_behavior ... ok
[INFO] [stdout] test test_uppercase_flag ... ok
[INFO] [stdout] test test_short_flag_aliases ... ok
[INFO] [stdout] test test_trailing_newline_flag ... ok
[INFO] [stdout] test test_whitespace_only_input ... ok
[INFO] [stdout] test test_multiple_files_with_glob_pattern ... ok
[INFO] [stdout] test test_lines_between_queries_flag ... ok
[INFO] [stdout] test test_version_flag ... ok
[INFO] [stdout] test test_readonly_file_error_handling ... FAILED
[INFO] [stdout] test test_very_large_indent_spaces ... ok
[INFO] [stdout] test test_stdin_with_check_mode_and_custom_options ... ok
[INFO] [stdout] test test_left_outer_join_formatting_works_correctly ... ok
[INFO] [stdout] test test_sql_with_comments ... ok
[INFO] [stdout] test test_old_flag_syntax_should_fail ... ok
[INFO] [stdout] test test_explicit_boolean_flags_required ... ok
[INFO] [stderr] error: test failed, to rerun pass `--test integration_tests`
[INFO] [stdout] 
[INFO] [stdout] failures:
[INFO] [stdout] 
[INFO] [stdout] ---- test_readonly_file_error_handling stdout ----
[INFO] [stdout] 
[INFO] [stdout] thread 'test_readonly_file_error_handling' (590) panicked at tests/integration_tests.rs:777:9:
[INFO] [stdout] should fail on read-only file
[INFO] [stdout] stack backtrace:
[INFO] [stdout]    0:     0x62570a0dcfa1 - <<std[70759c8f55707aa4]::sys::backtrace::BacktraceLock>::print::DisplayBacktrace as core[df12db4294e9bfd3]::fmt::Display>::fmt
[INFO] [stdout]    1:     0x62570a0f15aa - core[df12db4294e9bfd3]::fmt::write
[INFO] [stdout]    2:     0x62570a0e172c - <alloc[2182bb758b4b3781]::vec::Vec<u8> as core[df12db4294e9bfd3]::io::write::Write>::write_fmt
[INFO] [stdout]    3:     0x62570a0b7606 - std[70759c8f55707aa4]::panicking::default_hook::{closure#0}
[INFO] [stdout]    4:     0x62570a0d4959 - std[70759c8f55707aa4]::panicking::default_hook
[INFO] [stdout]    5:     0x62570a06ddc0 - test[9d35eded1c95d3be]::test_main_inner::<test[9d35eded1c95d3be]::test_main_static::{closure#0}>::{closure#0}
[INFO] [stdout]    6:     0x62570a0d4b12 - std[70759c8f55707aa4]::panicking::panic_with_hook
[INFO] [stdout]    7:     0x62570a0b76e4 - std[70759c8f55707aa4]::panicking::panic_handler::{closure#0}
[INFO] [stdout]    8:     0x62570a0b0189 - std[70759c8f55707aa4]::sys::backtrace::__rust_end_short_backtrace::<std[70759c8f55707aa4]::panicking::panic_handler::{closure#0}, !>
[INFO] [stdout]    9:     0x62570a0b836d - __rustc[8fa7c3cbc660c2b3]::rust_begin_unwind
[INFO] [stdout]   10:     0x62570a0f1cdc - core[df12db4294e9bfd3]::panicking::panic_fmt
[INFO] [stdout]   11:     0x62570a05d85d - <integration_tests[2bb3baf4d53a0aad]::test_readonly_file_error_handling::{closure#0} as core[df12db4294e9bfd3]::ops::function::FnOnce<()>>::call_once
[INFO] [stdout]   12:     0x62570a0610ab - test[9d35eded1c95d3be]::__rust_begin_short_backtrace::<core[df12db4294e9bfd3]::result::Result<(), alloc[2182bb758b4b3781]::string::String>, fn() -> core[df12db4294e9bfd3]::result::Result<(), alloc[2182bb758b4b3781]::string::String>>
[INFO] [stdout]   13:     0x62570a06e715 - test[9d35eded1c95d3be]::run_test::{closure#0}
[INFO] [stdout]   14:     0x62570a067fd4 - std[70759c8f55707aa4]::sys::backtrace::__rust_begin_short_backtrace::<test[9d35eded1c95d3be]::run_test::{closure#1}, ()>
[INFO] [stdout]   15:     0x62570a071872 - <std[70759c8f55707aa4]::thread::lifecycle::spawn_unchecked<test[9d35eded1c95d3be]::run_test::{closure#1}, ()>::{closure#1} as core[df12db4294e9bfd3]::ops::function::FnOnce<()>>::call_once::{shim:vtable#0}
[INFO] [stdout]   16:     0x62570a0dc319 - <std[70759c8f55707aa4]::sys::thread::unix::Thread>::new::thread_start
[INFO] [stdout]   17:     0x75b458802dfa - <unknown>
[INFO] [stdout]   18:     0x75b4588963d4 - clone
[INFO] [stdout]   19:                0x0 - <unknown>
[INFO] [stdout] 
[INFO] [stdout] 
[INFO] [stdout] failures:
[INFO] [stdout]     test_readonly_file_error_handling
[INFO] [stdout] 
[INFO] [stdout] test result: FAILED. 36 passed; 1 failed; 0 ignored; 0 measured; 0 filtered out; finished in 0.08s
[INFO] [stdout] 
[INFO] running `Command { std: "docker" "inspect" "c68a9e1c3c89589ac6e5ae0b7b46eeed4cf386c7e050641b99a683e20bf20c15", kill_on_drop: false }`
[INFO] running `Command { std: "docker" "rm" "-f" "c68a9e1c3c89589ac6e5ae0b7b46eeed4cf386c7e050641b99a683e20bf20c15", kill_on_drop: false }`
[INFO] [stdout] c68a9e1c3c89589ac6e5ae0b7b46eeed4cf386c7e050641b99a683e20bf20c15
