[INFO] fetching crate sled 1.0.0-alpha.124...
[INFO] testing sled-1.0.0-alpha.124 against 1.99.0-beta.8+cargoflags=--release for beta-release-1.100-2
[INFO] extracting crate sled 1.0.0-alpha.124 into /workspace/builds/worker-6-tc1/source
[INFO] started tweaking crates.io crate sled 1.0.0-alpha.124
[INFO] removed 0 missing tests
[INFO] finished tweaking crates.io crate sled 1.0.0-alpha.124
[INFO] tweaked toml for crates.io crate sled 1.0.0-alpha.124 written to /workspace/builds/worker-6-tc1/source/Cargo.toml
[INFO] validating manifest of crates.io crate sled 1.0.0-alpha.124 on toolchain 1.99.0-beta.8
[INFO] running `Command { std: CARGO_HOME="/workspace/cargo-home" RUSTUP_HOME="/workspace/rustup-home" "/workspace/cargo-home/bin/cargo" "+1.99.0-beta.8" "metadata" "--manifest-path" "Cargo.toml" "--no-deps", kill_on_drop: false }`
[INFO] crate crates.io crate sled 1.0.0-alpha.124 already has a lockfile, it will not be regenerated
[INFO] running `Command { std: CARGO_HOME="/workspace/cargo-home" RUSTUP_HOME="/workspace/rustup-home" "/workspace/cargo-home/bin/cargo" "+1.99.0-beta.8" "fetch" "--manifest-path" "Cargo.toml", kill_on_drop: false }`
[INFO] [stderr] warning: Cargo.toml: `panic` setting is ignored for `test` profile
[INFO] [stderr] warning: `sled` (manifest) generated 1 warning
[INFO] [stderr]     Updating crates.io index
[INFO] [stderr]  Downloading crates ...
[INFO] [stderr]   Downloaded zstd v0.12.4
[INFO] [stderr]   Downloaded pkg-config v0.3.30
[INFO] [stderr]   Downloaded pagetable v0.4.6
[INFO] [stderr]   Downloaded stack-map v1.0.5
[INFO] [stderr]   Downloaded shared-local-state v0.1.4
[INFO] [stderr]   Downloaded fault-injection v1.0.10
[INFO] [stderr]   Downloaded crossbeam-queue v0.3.11
[INFO] [stderr]   Downloaded cache-advisor v1.0.16
[INFO] [stderr]   Downloaded ebr v0.2.13
[INFO] [stderr]   Downloaded inline-array v0.1.13
[INFO] [stderr]   Downloaded cc v1.1.15
[INFO] [stderr]   Downloaded crossbeam-deque v0.8.5
[INFO] [stderr]   Downloaded redox_syscall v0.5.3
[INFO] [stderr]   Downloaded zstd-safe v6.0.6
[INFO] [stderr]   Downloaded quickcheck v1.0.3
[INFO] [stderr]   Downloaded concurrent-map v5.0.37
[INFO] [stderr]   Downloaded env_logger v0.8.4
[INFO] [stderr]   Downloaded serde_derive v1.0.209
[INFO] [stderr]   Downloaded serde v1.0.209
[INFO] [stderr]   Downloaded libm v0.2.8
[INFO] [stderr]   Downloaded syn v2.0.77
[INFO] [stderr]   Downloaded regex v1.10.6
[INFO] [stderr]   Downloaded regex-syntax v0.8.4
[INFO] [stderr]   Downloaded zstd-sys v2.0.13+zstd.1.5.6
[INFO] [stderr]   Downloaded regex-automata v0.4.7
[INFO] [stderr]   Downloaded libc v0.2.158
[INFO] running `Command { std: "docker" "create" "-v" "/var/lib/crater-agent-workspace/builds/worker-6-tc1/source:/opt/rustwide/workdir:ro,Z" "-v" "/var/lib/crater-agent-workspace/builds/worker-6-tc1/target:/opt/rustwide/target:rw,Z" "-v" "/var/lib/crater-agent-workspace/cargo-home:/opt/rustwide/cargo-home:ro,Z" "-v" "/var/lib/crater-agent-workspace/rustup-home:/opt/rustwide/rustup-home:ro,Z" "-m" "1610612736" "--network" "none" "ghcr.io/rust-lang/crates-build-env/linux@sha256:77db811e55d90add9212f6832c23229e3de5f1c1f9905e8cb07319ea15df73ac" "sleep" "infinity", kill_on_drop: false }`
[INFO] [stdout] b372806cb6c955c3cc12037ba3655fe72183ea0592a58db1d0d2b51f787d1803
[INFO] running `Command { std: "docker" "start" "b372806cb6c955c3cc12037ba3655fe72183ea0592a58db1d0d2b51f787d1803", kill_on_drop: false }`
[INFO] running `Command { std: "docker" "inspect" "b372806cb6c955c3cc12037ba3655fe72183ea0592a58db1d0d2b51f787d1803", kill_on_drop: false }`
[INFO] running `Command { std: "docker" "exec" "-e" "SOURCE_DIR=/opt/rustwide/workdir" "-e" "CARGO_HOME=/opt/rustwide/cargo-home" "-e" "RUSTUP_HOME=/opt/rustwide/rustup-home" "-e" "CARGO_TARGET_DIR=/opt/rustwide/target" "-w" "/opt/rustwide/workdir" "--user" "0:0" "b372806cb6c955c3cc12037ba3655fe72183ea0592a58db1d0d2b51f787d1803" "/opt/rustwide/cargo-home/bin/cargo" "+1.99.0-beta.8" "metadata" "--no-deps" "--format-version=1", kill_on_drop: false }`
[INFO] running `Command { std: "docker" "inspect" "b372806cb6c955c3cc12037ba3655fe72183ea0592a58db1d0d2b51f787d1803", kill_on_drop: false }`
[INFO] running `Command { std: "docker" "exec" "-e" "SOURCE_DIR=/opt/rustwide/workdir" "-e" "CARGO_HOME=/opt/rustwide/cargo-home" "-e" "RUSTUP_HOME=/opt/rustwide/rustup-home" "-e" "CARGO_TARGET_DIR=/opt/rustwide/target" "-e" "CARGO_INCREMENTAL=0" "-e" "RUST_BACKTRACE=full" "-e" "RUSTFLAGS=--cap-lints=warn" "-e" "RUSTDOCFLAGS=--cap-lints=warn" "-w" "/opt/rustwide/workdir" "--user" "0:0" "b372806cb6c955c3cc12037ba3655fe72183ea0592a58db1d0d2b51f787d1803" "/opt/rustwide/cargo-home/bin/cargo" "+1.99.0-beta.8" "build" "--frozen" "--message-format=json" "--release", kill_on_drop: false }`
[INFO] [stderr] warning: Cargo.toml: `panic` setting is ignored for `test` profile
[INFO] [stderr] warning: `sled` (manifest) generated 1 warning
[INFO] [stderr]    Compiling libc v0.2.158
[INFO] [stderr]    Compiling proc-macro2 v1.0.86
[INFO] [stderr]    Compiling unicode-ident v1.0.12
[INFO] [stderr]    Compiling crossbeam-utils v0.8.20
[INFO] [stderr]    Compiling autocfg v1.3.0
[INFO] [stderr]    Compiling parking_lot_core v0.9.10
[INFO] [stderr]    Compiling cfg-if v1.0.0
[INFO] [stderr]    Compiling shlex v1.3.0
[INFO] [stderr]    Compiling smallvec v1.13.2
[INFO] [stderr]    Compiling scopeguard v1.2.0
[INFO] [stderr]    Compiling serde v1.0.209
[INFO] [stderr]    Compiling pkg-config v0.3.30
[INFO] [stderr]    Compiling rayon-core v1.12.1
[INFO] [stderr]    Compiling zstd-safe v6.0.6
[INFO] [stderr]    Compiling either v1.13.0
[INFO] [stderr]    Compiling remove_dir_all v0.5.3
[INFO] [stderr]    Compiling crc32fast v1.4.2
[INFO] [stderr]    Compiling lock_api v0.4.12
[INFO] [stderr]    Compiling fnv v1.0.7
[INFO] [stderr]    Compiling fault-injection v1.0.10
[INFO] [stderr]    Compiling pagetable v0.4.6
[INFO] [stderr]    Compiling log v0.4.22
[INFO] [stderr]    Compiling crossbeam-epoch v0.9.18
[INFO] [stderr]    Compiling crossbeam-queue v0.3.11
[INFO] [stderr]    Compiling quote v1.0.37
[INFO] [stderr]    Compiling jobserver v0.1.32
[INFO] [stderr]    Compiling crossbeam-channel v0.5.13
[INFO] [stderr]    Compiling cache-advisor v1.0.16
[INFO] [stderr]    Compiling syn v2.0.77
[INFO] [stderr]    Compiling rand v0.4.6
[INFO] [stderr]    Compiling crossbeam-deque v0.8.5
[INFO] [stderr]    Compiling cc v1.1.15
[INFO] [stderr]    Compiling parking_lot v0.12.3
[INFO] [stderr]    Compiling fs2 v0.4.3
[INFO] [stderr]    Compiling shared-local-state v0.1.4
[INFO] [stderr]    Compiling ebr v0.2.13
[INFO] [stderr]    Compiling tempdir v0.3.7
[INFO] [stderr]    Compiling rayon v1.10.0
[INFO] [stderr]    Compiling zstd-sys v2.0.13+zstd.1.5.6
[INFO] [stderr]    Compiling serde_derive v1.0.209
[INFO] [stderr]    Compiling stack-map v1.0.5
[INFO] [stderr]    Compiling concurrent-map v5.0.37
[INFO] [stderr]    Compiling inline-array v0.1.13
[INFO] [stderr]    Compiling bincode v1.3.3
[INFO] [stderr]    Compiling zstd v0.12.4
[INFO] [stderr]    Compiling sled v1.0.0-alpha.124 (/opt/rustwide/workdir)
[INFO] [stdout] warning: hiding a lifetime that's elided elsewhere is confusing
[INFO] [stdout]    --> src/object_cache.rs:357:35
[INFO] [stdout]     |
[INFO] [stdout] 357 |     pub fn check_into_flush_epoch(&self) -> FlushEpochGuard {
[INFO] [stdout]     |                                   ^^^^^     ^^^^^^^^^^^^^^^ the same lifetime is hidden here
[INFO] [stdout]     |                                   |
[INFO] [stdout]     |                                   the lifetime is elided here
[INFO] [stdout]     |
[INFO] [stdout]     = help: the same lifetime is referred to in inconsistent ways, making the signature confusing
[INFO] [stdout]     = note: `#[warn(mismatched_lifetime_syntaxes)]` on by default
[INFO] [stdout] help: use `'_` for type paths
[INFO] [stdout]     |
[INFO] [stdout] 357 |     pub fn check_into_flush_epoch(&self) -> FlushEpochGuard<'_> {
[INFO] [stdout]     |                                                            ++++
[INFO] [stdout] 
[INFO] [stdout] 
[INFO] [stderr]     Finished `release` profile [optimized + debuginfo] target(s) in 1m 59s
[INFO] running `Command { std: "docker" "inspect" "b372806cb6c955c3cc12037ba3655fe72183ea0592a58db1d0d2b51f787d1803", kill_on_drop: false }`
[INFO] running `Command { std: "docker" "exec" "-e" "SOURCE_DIR=/opt/rustwide/workdir" "-e" "CARGO_HOME=/opt/rustwide/cargo-home" "-e" "RUSTUP_HOME=/opt/rustwide/rustup-home" "-e" "CARGO_TARGET_DIR=/opt/rustwide/target" "-e" "CARGO_INCREMENTAL=0" "-e" "RUST_BACKTRACE=full" "-e" "RUSTFLAGS=--cap-lints=warn" "-e" "RUSTDOCFLAGS=--cap-lints=warn" "-w" "/opt/rustwide/workdir" "--user" "0:0" "b372806cb6c955c3cc12037ba3655fe72183ea0592a58db1d0d2b51f787d1803" "/opt/rustwide/cargo-home/bin/cargo" "+1.99.0-beta.8" "test" "--frozen" "--no-run" "--message-format=json" "--release", kill_on_drop: false }`
[INFO] [stderr] warning: Cargo.toml: `panic` setting is ignored for `test` profile
[INFO] [stderr] warning: `sled` (manifest) generated 1 warning
[INFO] [stderr]    Compiling libc v0.2.158
[INFO] [stderr]    Compiling proc-macro2 v1.0.86
[INFO] [stderr]    Compiling cfg-if v1.0.0
[INFO] [stderr]    Compiling crossbeam-utils v0.8.20
[INFO] [stderr]    Compiling smallvec v1.13.2
[INFO] [stderr]    Compiling scopeguard v1.2.0
[INFO] [stderr]    Compiling memchr v2.7.4
[INFO] [stderr]    Compiling byteorder v1.5.0
[INFO] [stderr]    Compiling lock_api v0.4.12
[INFO] [stderr]    Compiling regex-syntax v0.8.4
[INFO] [stderr]    Compiling libm v0.2.8
[INFO] [stderr]    Compiling log v0.4.22
[INFO] [stderr]    Compiling parking_lot_core v0.9.10
[INFO] [stderr]    Compiling getrandom v0.2.15
[INFO] [stderr]    Compiling rand_core v0.6.4
[INFO] [stderr]    Compiling zstd-sys v2.0.13+zstd.1.5.6
[INFO] [stderr]    Compiling num-traits v0.2.19
[INFO] [stderr]    Compiling parking_lot v0.12.3
[INFO] [stderr]    Compiling aho-corasick v1.1.3
[INFO] [stderr]    Compiling zstd-safe v6.0.6
[INFO] [stderr]    Compiling quote v1.0.37
[INFO] [stderr]    Compiling shared-local-state v0.1.4
[INFO] [stderr]    Compiling syn v2.0.77
[INFO] [stderr]    Compiling crossbeam-epoch v0.9.18
[INFO] [stderr]    Compiling ebr v0.2.13
[INFO] [stderr]    Compiling crossbeam-deque v0.8.5
[INFO] [stderr]    Compiling rayon-core v1.12.1
[INFO] [stderr]    Compiling crossbeam-queue v0.3.11
[INFO] [stderr]    Compiling rand v0.4.6
[INFO] [stderr]    Compiling either v1.13.0
[INFO] [stderr]    Compiling remove_dir_all v0.5.3
[INFO] [stderr]    Compiling cache-advisor v1.0.16
[INFO] [stderr]    Compiling regex-automata v0.4.7
[INFO] [stderr]    Compiling tempdir v0.3.7
[INFO] [stderr]    Compiling rayon v1.10.0
[INFO] [stderr]    Compiling zstd v0.12.4
[INFO] [stderr]    Compiling crossbeam-channel v0.5.13
[INFO] [stderr]    Compiling fs2 v0.4.3
[INFO] [stderr]    Compiling is-terminal v0.4.13
[INFO] [stderr]    Compiling crc32fast v1.4.2
[INFO] [stderr]    Compiling fault-injection v1.0.10
[INFO] [stderr]    Compiling itoa v1.0.11
[INFO] [stderr]    Compiling arrayvec v0.7.6
[INFO] [stderr]    Compiling pagetable v0.4.6
[INFO] [stderr]    Compiling termcolor v1.4.1
[INFO] [stderr]    Compiling zerocopy-derive v0.7.35
[INFO] [stderr]    Compiling serde_derive v1.0.209
[INFO] [stderr]    Compiling fnv v1.0.7
[INFO] [stderr]    Compiling humantime v2.1.0
[INFO] [stderr]    Compiling num-format v0.4.4
[INFO] [stderr]    Compiling zerocopy v0.7.35
[INFO] [stderr]    Compiling ppv-lite86 v0.2.20
[INFO] [stderr]    Compiling rand_chacha v0.3.1
[INFO] [stderr]    Compiling regex v1.10.6
[INFO] [stderr]    Compiling rand v0.8.5
[INFO] [stderr]    Compiling serde v1.0.209
[INFO] [stderr]    Compiling env_logger v0.8.4
[INFO] [stderr]    Compiling rand_distr v0.4.3
[INFO] [stderr]    Compiling env_logger v0.10.2
[INFO] [stderr]    Compiling quickcheck v1.0.3
[INFO] [stderr]    Compiling stack-map v1.0.5
[INFO] [stderr]    Compiling concurrent-map v5.0.37
[INFO] [stderr]    Compiling inline-array v0.1.13
[INFO] [stderr]    Compiling bincode v1.3.3
[INFO] [stderr]    Compiling sled v1.0.0-alpha.124 (/opt/rustwide/workdir)
[INFO] [stdout] warning: hiding a lifetime that's elided elsewhere is confusing
[INFO] [stdout]    --> src/object_cache.rs:357:35
[INFO] [stdout]     |
[INFO] [stdout] 357 |     pub fn check_into_flush_epoch(&self) -> FlushEpochGuard {
[INFO] [stdout]     |                                   ^^^^^     ^^^^^^^^^^^^^^^ the same lifetime is hidden here
[INFO] [stdout]     |                                   |
[INFO] [stdout]     |                                   the lifetime is elided here
[INFO] [stdout]     |
[INFO] [stdout]     = help: the same lifetime is referred to in inconsistent ways, making the signature confusing
[INFO] [stdout]     = note: `#[warn(mismatched_lifetime_syntaxes)]` on by default
[INFO] [stdout] help: use `'_` for type paths
[INFO] [stdout]     |
[INFO] [stdout] 357 |     pub fn check_into_flush_epoch(&self) -> FlushEpochGuard<'_> {
[INFO] [stdout]     |                                                            ++++
[INFO] [stdout] 
[INFO] [stdout] 
[INFO] [stdout] warning: hiding a lifetime that's elided elsewhere is confusing
[INFO] [stdout]    --> src/object_cache.rs:357:35
[INFO] [stdout]     |
[INFO] [stdout] 357 |     pub fn check_into_flush_epoch(&self) -> FlushEpochGuard {
[INFO] [stdout]     |                                   ^^^^^     ^^^^^^^^^^^^^^^ the same lifetime is hidden here
[INFO] [stdout]     |                                   |
[INFO] [stdout]     |                                   the lifetime is elided here
[INFO] [stdout]     |
[INFO] [stdout]     = help: the same lifetime is referred to in inconsistent ways, making the signature confusing
[INFO] [stdout]     = note: `#[warn(mismatched_lifetime_syntaxes)]` on by default
[INFO] [stdout] help: use `'_` for type paths
[INFO] [stdout]     |
[INFO] [stdout] 357 |     pub fn check_into_flush_epoch(&self) -> FlushEpochGuard<'_> {
[INFO] [stdout]     |                                                            ++++
[INFO] [stdout] 
[INFO] [stdout] 
[INFO] [stdout] warning: unexpected `cfg` condition value: `failpoints`
[INFO] [stdout]  --> tests/test_tree_failpoints.rs:1:8
[INFO] [stdout]   |
[INFO] [stdout] 1 | #![cfg(feature = "failpoints")]
[INFO] [stdout]   |        ^^^^^^^^^^^^^^^^^^^^^^
[INFO] [stdout]   |
[INFO] [stdout]   = note: expected values for `feature` are: `for-internal-testing-only`, `monotonic-behavior`, `testing-count-allocator`, and `testing-shred-allocator`
[INFO] [stdout]   = help: consider adding `failpoints` as a feature in `Cargo.toml`
[INFO] [stdout]   = note: see <https://doc.rust-lang.org/nightly/rustc/check-cfg/cargo-specifics.html> for more information about checking conditional configuration
[INFO] [stdout]   = note: `#[warn(unexpected_cfgs)]` on by default
[INFO] [stdout] 
[INFO] [stdout] 
[INFO] [stdout] warning: unused variable: `heap`
[INFO] [stdout]  --> tests/crash_tests/crash_heap.rs:9:24
[INFO] [stdout]   |
[INFO] [stdout] 9 |     let HeapRecovery { heap, recovered_nodes, was_recovered } =
[INFO] [stdout]   |                        ^^^^ help: try ignoring the field: `heap: _`
[INFO] [stdout]   |
[INFO] [stdout]   = note: `#[warn(unused_variables)]` (part of `#[warn(unused)]`) on by default
[INFO] [stdout] 
[INFO] [stdout] 
[INFO] [stdout] warning: unused variable: `recovered_nodes`
[INFO] [stdout]  --> tests/crash_tests/crash_heap.rs:9:30
[INFO] [stdout]   |
[INFO] [stdout] 9 |     let HeapRecovery { heap, recovered_nodes, was_recovered } =
[INFO] [stdout]   |                              ^^^^^^^^^^^^^^^ help: try ignoring the field: `recovered_nodes: _`
[INFO] [stdout] 
[INFO] [stdout] 
[INFO] [stdout] warning: unused variable: `was_recovered`
[INFO] [stdout]  --> tests/crash_tests/crash_heap.rs:9:47
[INFO] [stdout]   |
[INFO] [stdout] 9 |     let HeapRecovery { heap, recovered_nodes, was_recovered } =
[INFO] [stdout]   |                                               ^^^^^^^^^^^^^ help: try ignoring the field: `was_recovered: _`
[INFO] [stdout] 
[INFO] [stdout] 
[INFO] [stdout] warning: unused variable: `metadata_store`
[INFO] [stdout]  --> tests/crash_tests/crash_metadata_store.rs:4:10
[INFO] [stdout]   |
[INFO] [stdout] 4 |     let (metadata_store, recovered) =
[INFO] [stdout]   |          ^^^^^^^^^^^^^^ help: if this is intentional, prefix it with an underscore: `_metadata_store`
[INFO] [stdout] 
[INFO] [stdout] 
[INFO] [stdout] warning: unused variable: `recovered`
[INFO] [stdout]  --> tests/crash_tests/crash_metadata_store.rs:4:26
[INFO] [stdout]   |
[INFO] [stdout] 4 |     let (metadata_store, recovered) =
[INFO] [stdout]   |                          ^^^^^^^^^ help: if this is intentional, prefix it with an underscore: `_recovered`
[INFO] [stdout] 
[INFO] [stdout] 
[INFO] [stdout] warning: unused variable: `oc`
[INFO] [stdout]  --> tests/crash_tests/crash_object_cache.rs:9:10
[INFO] [stdout]   |
[INFO] [stdout] 9 |     let (oc, collections, was_recovered): (ObjectCache<FANOUT>, _, bool) =
[INFO] [stdout]   |          ^^ help: if this is intentional, prefix it with an underscore: `_oc`
[INFO] [stdout] 
[INFO] [stdout] 
[INFO] [stdout] warning: unused variable: `collections`
[INFO] [stdout]  --> tests/crash_tests/crash_object_cache.rs:9:14
[INFO] [stdout]   |
[INFO] [stdout] 9 |     let (oc, collections, was_recovered): (ObjectCache<FANOUT>, _, bool) =
[INFO] [stdout]   |              ^^^^^^^^^^^ help: if this is intentional, prefix it with an underscore: `_collections`
[INFO] [stdout] 
[INFO] [stdout] 
[INFO] [stdout] warning: unused variable: `was_recovered`
[INFO] [stdout]  --> tests/crash_tests/crash_object_cache.rs:9:27
[INFO] [stdout]   |
[INFO] [stdout] 9 |     let (oc, collections, was_recovered): (ObjectCache<FANOUT>, _, bool) =
[INFO] [stdout]   |                           ^^^^^^^^^^^^^ help: if this is intentional, prefix it with an underscore: `_was_recovered`
[INFO] [stdout] 
[INFO] [stdout] 
[INFO] [stderr]     Finished `release` profile [optimized + debuginfo] target(s) in 4m 03s
[INFO] running `Command { std: "docker" "inspect" "b372806cb6c955c3cc12037ba3655fe72183ea0592a58db1d0d2b51f787d1803", kill_on_drop: false }`
[INFO] running `Command { std: "docker" "exec" "-e" "SOURCE_DIR=/opt/rustwide/workdir" "-e" "CARGO_HOME=/opt/rustwide/cargo-home" "-e" "RUSTUP_HOME=/opt/rustwide/rustup-home" "-e" "CARGO_TARGET_DIR=/opt/rustwide/target" "-e" "CARGO_INCREMENTAL=0" "-e" "RUST_BACKTRACE=full" "-e" "RUSTFLAGS=--cap-lints=warn" "-e" "RUSTDOCFLAGS=--cap-lints=warn" "-w" "/opt/rustwide/workdir" "--user" "0:0" "b372806cb6c955c3cc12037ba3655fe72183ea0592a58db1d0d2b51f787d1803" "/opt/rustwide/cargo-home/bin/cargo" "+1.99.0-beta.8" "test" "--frozen" "--release", kill_on_drop: false }`
[INFO] [stderr] warning: Cargo.toml: `panic` setting is ignored for `test` profile
[INFO] [stderr] warning: `sled` (manifest) generated 1 warning
[INFO] [stderr] warning: hiding a lifetime that's elided elsewhere is confusing
[INFO] [stderr]    --> src/object_cache.rs:357:35
[INFO] [stderr]     |
[INFO] [stderr] 357 |     pub fn check_into_flush_epoch(&self) -> FlushEpochGuard {
[INFO] [stderr]     |                                   ^^^^^     ^^^^^^^^^^^^^^^ the same lifetime is hidden here
[INFO] [stderr]     |                                   |
[INFO] [stderr]     |                                   the lifetime is elided here
[INFO] [stderr]     |
[INFO] [stderr]     = help: the same lifetime is referred to in inconsistent ways, making the signature confusing
[INFO] [stderr]     = note: `#[warn(mismatched_lifetime_syntaxes)]` on by default
[INFO] [stderr] help: use `'_` for type paths
[INFO] [stderr]     |
[INFO] [stderr] 357 |     pub fn check_into_flush_epoch(&self) -> FlushEpochGuard<'_> {
[INFO] [stderr]     |                                                            ++++
[INFO] [stderr] 
[INFO] [stderr] warning: `sled` (lib) generated 1 warning (run `cargo fix --lib -p sled` to apply 1 suggestion)
[INFO] [stderr] warning: unexpected `cfg` condition value: `failpoints`
[INFO] [stderr]  --> tests/test_tree_failpoints.rs:1:8
[INFO] [stderr]   |
[INFO] [stderr] 1 | #![cfg(feature = "failpoints")]
[INFO] [stderr]   |        ^^^^^^^^^^^^^^^^^^^^^^
[INFO] [stderr]   |
[INFO] [stderr]   = note: expected values for `feature` are: `for-internal-testing-only`, `monotonic-behavior`, `testing-count-allocator`, and `testing-shred-allocator`
[INFO] [stderr]   = help: consider adding `failpoints` as a feature in `Cargo.toml`
[INFO] [stderr]   = note: see <https://doc.rust-lang.org/nightly/rustc/check-cfg/cargo-specifics.html> for more information about checking conditional configuration
[INFO] [stderr]   = note: `#[warn(unexpected_cfgs)]` on by default
[INFO] [stderr] 
[INFO] [stderr] warning: unused variable: `heap`
[INFO] [stderr]  --> tests/crash_tests/crash_heap.rs:9:24
[INFO] [stderr]   |
[INFO] [stderr] 9 |     let HeapRecovery { heap, recovered_nodes, was_recovered } =
[INFO] [stderr]   |                        ^^^^ help: try ignoring the field: `heap: _`
[INFO] [stderr]   |
[INFO] [stderr]   = note: `#[warn(unused_variables)]` (part of `#[warn(unused)]`) on by default
[INFO] [stderr] 
[INFO] [stderr] warning: unused variable: `recovered_nodes`
[INFO] [stderr]  --> tests/crash_tests/crash_heap.rs:9:30
[INFO] [stderr]   |
[INFO] [stderr] 9 |     let HeapRecovery { heap, recovered_nodes, was_recovered } =
[INFO] [stderr]   |                              ^^^^^^^^^^^^^^^ help: try ignoring the field: `recovered_nodes: _`
[INFO] [stderr] 
[INFO] [stderr] warning: unused variable: `was_recovered`
[INFO] [stderr]  --> tests/crash_tests/crash_heap.rs:9:47
[INFO] [stderr]   |
[INFO] [stderr] 9 |     let HeapRecovery { heap, recovered_nodes, was_recovered } =
[INFO] [stderr]   |                                               ^^^^^^^^^^^^^ help: try ignoring the field: `was_recovered: _`
[INFO] [stderr] 
[INFO] [stderr] warning: unused variable: `metadata_store`
[INFO] [stderr]  --> tests/crash_tests/crash_metadata_store.rs:4:10
[INFO] [stderr]   |
[INFO] [stderr] 4 |     let (metadata_store, recovered) =
[INFO] [stderr]   |          ^^^^^^^^^^^^^^ help: if this is intentional, prefix it with an underscore: `_metadata_store`
[INFO] [stderr] 
[INFO] [stderr] warning: unused variable: `recovered`
[INFO] [stderr]  --> tests/crash_tests/crash_metadata_store.rs:4:26
[INFO] [stderr]   |
[INFO] [stderr] 4 |     let (metadata_store, recovered) =
[INFO] [stderr]   |                          ^^^^^^^^^ help: if this is intentional, prefix it with an underscore: `_recovered`
[INFO] [stderr] 
[INFO] [stderr] warning: unused variable: `oc`
[INFO] [stderr]  --> tests/crash_tests/crash_object_cache.rs:9:10
[INFO] [stderr]   |
[INFO] [stderr] 9 |     let (oc, collections, was_recovered): (ObjectCache<FANOUT>, _, bool) =
[INFO] [stderr]   |          ^^ help: if this is intentional, prefix it with an underscore: `_oc`
[INFO] [stderr] 
[INFO] [stderr] warning: unused variable: `collections`
[INFO] [stderr]  --> tests/crash_tests/crash_object_cache.rs:9:14
[INFO] [stderr]   |
[INFO] [stderr] 9 |     let (oc, collections, was_recovered): (ObjectCache<FANOUT>, _, bool) =
[INFO] [stderr]   |              ^^^^^^^^^^^ help: if this is intentional, prefix it with an underscore: `_collections`
[INFO] [stderr] 
[INFO] [stderr] warning: unused variable: `was_recovered`
[INFO] [stderr]  --> tests/crash_tests/crash_object_cache.rs:9:27
[INFO] [stderr]   |
[INFO] [stderr] 9 |     let (oc, collections, was_recovered): (ObjectCache<FANOUT>, _, bool) =
[INFO] [stderr]   |                           ^^^^^^^^^^^^^ help: if this is intentional, prefix it with an underscore: `_was_recovered`
[INFO] [stderr] 
[INFO] [stderr] warning: `sled` (lib test) generated 1 warning (1 duplicate)
[INFO] [stderr] warning: `sled` (test "test_tree_failpoints") generated 1 warning
[INFO] [stderr] warning: `sled` (test "test_crash_recovery") generated 8 warnings (run `cargo fix --test "test_crash_recovery" -p sled` to apply 8 suggestions)
[INFO] [stderr]     Finished `release` profile [optimized + debuginfo] target(s) in 0.16s
[INFO] [stderr]      Running unittests src/lib.rs (/opt/rustwide/target/release/deps/sled-b14e84319b7bd824)
[INFO] [stdout] 
[INFO] [stdout] running 2 tests
[INFO] [stdout] test flush_epoch::flush_epoch_basic_functionality ... ok
[INFO] [stdout] test flush_epoch::concurrent_flush_epoch_burn_in ... ok
[INFO] [stdout] 
[INFO] [stdout] test result: ok. 2 passed; 0 failed; 0 ignored; 0 measured; 0 filtered out; finished in 56.16s
[INFO] [stdout] 
[INFO] [stderr]      Running tests/00_regression.rs (/opt/rustwide/target/release/deps/00_regression-a27a0901865008bb)
[INFO] [stdout] 
[INFO] [stdout] running 35 tests
[INFO] [stdout] test tree_bug_00 ... ok
[INFO] [stdout] test tree_bug_07 ... ok
[INFO] [stdout] test tree_bug_04 ... ok
[INFO] [stdout] test tree_bug_01 ... ok
[INFO] [stdout] test tree_bug_06 ... ok
[INFO] [stdout] test tree_bug_05 ... ok
[INFO] [stderr] ERROR sled_flusher         metadata_store compaction thread terminating after global error set to Custom { kind: Other, error: "system has been shut down" }
[INFO] [stdout] test tree_bug_03 ... ok
[INFO] [stdout] test tree_bug_02 ... ok
[INFO] [stdout] test tree_bug_09 ... ok
[INFO] [stdout] test tree_bug_10 ... ok
[INFO] [stdout] test tree_bug_11 ... ok
[INFO] [stdout] test tree_bug_08 ... ok
[INFO] [stdout] test tree_bug_14 ... ok
[INFO] [stdout] test tree_bug_15 ... ok
[INFO] [stdout] test tree_bug_17 ... ok
[INFO] [stdout] test tree_bug_18 ... ok
[INFO] [stdout] test tree_bug_20 ... ok
[INFO] [stdout] test tree_bug_19 ... ok
[INFO] [stdout] test tree_bug_21 ... ok
[INFO] [stdout] test tree_bug_13 ... ok
[INFO] [stdout] test tree_bug_12 ... ok
[INFO] [stdout] test tree_bug_31 ... ok
[INFO] [stdout] test tree_bug_32 ... ok
[INFO] [stdout] test tree_bug_35 ... ok
[INFO] [stdout] test tree_bug_37 ... ok
[INFO] [stdout] test tree_bug_33 ... ok
[INFO] [stdout] test tree_bug_23 ... ok
[INFO] [stdout] test tree_bug_41 ... ok
[INFO] [stdout] test tree_bug_50 ... ok
[INFO] [stdout] test tree_bug_48 ... ok
[INFO] [stdout] test tree_bug_40 ... ok
[INFO] [stdout] test tree_bug_51 ... ok
[INFO] [stdout] test tree_bug_47 ... ok
[INFO] [stdout] test tree_bug_43 ... ok
[INFO] [stdout] test tree_bug_46 ... ok
[INFO] [stdout] 
[INFO] [stdout] test result: ok. 35 passed; 0 failed; 0 ignored; 0 measured; 0 filtered out; finished in 1.32s
[INFO] [stdout] 
[INFO] [stderr]      Running tests/concurrent_batch_atomicity.rs (/opt/rustwide/target/release/deps/concurrent_batch_atomicity-5fbd7343af1ab1f7)
[INFO] [stdout] 
[INFO] [stdout] running 1 test
[INFO] [stdout] test concurrent_batch_atomicity ... FAILED
[INFO] [stdout] 
[INFO] [stdout] failures:
[INFO] [stdout] 
[INFO] [stdout] ---- concurrent_batch_atomicity stdout ----
[INFO] [stdout] 
[INFO] [stdout] thread 'concurrent_batch_atomicity' (5043) panicked at tests/concurrent_batch_atomicity.rs:29:6:
[INFO] [stdout] called `Result::unwrap()` on an `Err` value: Custom { kind: ReadOnlyFilesystem, error: "sled:src/heap.rs:731 -> Read-only file system (os error 30)" }
[INFO] [stdout] stack backtrace:
[INFO] [stdout]    0:     0x6047981c7b01 - std[70759c8f55707aa4]::backtrace_rs::backtrace::libunwind::trace
[INFO] [stdout]                                at /rustc/dfb0accb7f508ae8be965d8629557221c889dd98/library/std/src/../../backtrace/src/backtrace/libunwind.rs:117:9
[INFO] [stdout]    1:     0x6047981c7b01 - std[70759c8f55707aa4]::backtrace_rs::backtrace::trace_unsynchronized::<std[70759c8f55707aa4]::sys::backtrace::_print_fmt::{closure#1}>
[INFO] [stdout]                                at /rustc/dfb0accb7f508ae8be965d8629557221c889dd98/library/std/src/../../backtrace/src/backtrace/mod.rs:66:14
[INFO] [stdout]    2:     0x6047981c7b01 - std[70759c8f55707aa4]::sys::backtrace::_print_fmt
[INFO] [stdout]                                at /rustc/dfb0accb7f508ae8be965d8629557221c889dd98/library/std/src/sys/backtrace.rs:74:9
[INFO] [stdout]    3:     0x6047981c7b01 - <<std[70759c8f55707aa4]::sys::backtrace::BacktraceLock>::print::DisplayBacktrace as core[df12db4294e9bfd3]::fmt::Display>::fmt
[INFO] [stdout]                                at /rustc/dfb0accb7f508ae8be965d8629557221c889dd98/library/std/src/sys/backtrace.rs:44:26
[INFO] [stdout]    4:     0x6047981ddd4a - <core[df12db4294e9bfd3]::fmt::rt::Argument>::fmt
[INFO] [stdout]                                at /rustc/dfb0accb7f508ae8be965d8629557221c889dd98/library/core/src/fmt/rt.rs:152:76
[INFO] [stdout]    5:     0x6047981ddd4a - core[df12db4294e9bfd3]::fmt::write
[INFO] [stdout]    6:     0x6047981cc67c - core[df12db4294e9bfd3]::io::write::default_write_fmt::<alloc[2182bb758b4b3781]::vec::Vec<u8>>
[INFO] [stdout]                                at /rustc/dfb0accb7f508ae8be965d8629557221c889dd98/library/core/src/io/write.rs:402:11
[INFO] [stdout]    7:     0x6047981cc67c - <alloc[2182bb758b4b3781]::vec::Vec<u8> as core[df12db4294e9bfd3]::io::write::Write>::write_fmt
[INFO] [stdout]                                at /rustc/dfb0accb7f508ae8be965d8629557221c889dd98/library/core/src/io/write.rs:335:13
[INFO] [stdout]    8:     0x6047981a0da6 - <std[70759c8f55707aa4]::sys::backtrace::BacktraceLock>::print
[INFO] [stdout]                                at /rustc/dfb0accb7f508ae8be965d8629557221c889dd98/library/std/src/sys/backtrace.rs:47:9
[INFO] [stdout]    9:     0x6047981a0da6 - std[70759c8f55707aa4]::panicking::default_hook::{closure#0}
[INFO] [stdout]                                at /rustc/dfb0accb7f508ae8be965d8629557221c889dd98/library/std/src/panicking.rs:292:27
[INFO] [stdout]   10:     0x6047981be429 - std[70759c8f55707aa4]::panicking::default_hook
[INFO] [stdout]                                at /rustc/dfb0accb7f508ae8be965d8629557221c889dd98/library/std/src/panicking.rs:316:9
[INFO] [stdout]   11:     0x604798023080 - <alloc[2182bb758b4b3781]::boxed::Box<dyn for<'a, 'b> core[df12db4294e9bfd3]::ops::function::Fn<(&'a std[70759c8f55707aa4]::panic::PanicHookInfo<'b>,), Output = ()> + core[df12db4294e9bfd3]::marker::Send + core[df12db4294e9bfd3]::marker::Sync> as core[df12db4294e9bfd3]::ops::function::Fn<(&std[70759c8f55707aa4]::panic::PanicHookInfo,)>>::call
[INFO] [stdout]                                at /rustc/dfb0accb7f508ae8be965d8629557221c889dd98/library/alloc/src/boxed.rs:2334:9
[INFO] [stdout]   12:     0x604798023080 - test[9d35eded1c95d3be]::test_main_inner::<test[9d35eded1c95d3be]::test_main_static::{closure#0}>::{closure#0}
[INFO] [stdout]                                at /rustc/dfb0accb7f508ae8be965d8629557221c889dd98/library/test/src/lib.rs:155:21
[INFO] [stdout]   13:     0x6047981be752 - <alloc[2182bb758b4b3781]::boxed::Box<dyn for<'a, 'b> core[df12db4294e9bfd3]::ops::function::Fn<(&'a std[70759c8f55707aa4]::panic::PanicHookInfo<'b>,), Output = ()> + core[df12db4294e9bfd3]::marker::Send + core[df12db4294e9bfd3]::marker::Sync> as core[df12db4294e9bfd3]::ops::function::Fn<(&std[70759c8f55707aa4]::panic::PanicHookInfo,)>>::call
[INFO] [stdout]                                at /rustc/dfb0accb7f508ae8be965d8629557221c889dd98/library/alloc/src/boxed.rs:2334:9
[INFO] [stdout]   14:     0x6047981be752 - std[70759c8f55707aa4]::panicking::panic_with_hook
[INFO] [stdout]                                at /rustc/dfb0accb7f508ae8be965d8629557221c889dd98/library/std/src/panicking.rs:823:13
[INFO] [stdout]   15:     0x6047981a0e52 - std[70759c8f55707aa4]::panicking::panic_handler::{closure#0}
[INFO] [stdout]                                at /rustc/dfb0accb7f508ae8be965d8629557221c889dd98/library/std/src/panicking.rs:688:13
[INFO] [stdout]   16:     0x604798199299 - std[70759c8f55707aa4]::sys::backtrace::__rust_end_short_backtrace::<std[70759c8f55707aa4]::panicking::panic_handler::{closure#0}, !>
[INFO] [stdout]                                at /rustc/dfb0accb7f508ae8be965d8629557221c889dd98/library/std/src/sys/backtrace.rs:182:18
[INFO] [stdout]   17:     0x6047981a1b8d - __rustc[8fa7c3cbc660c2b3]::rust_begin_unwind
[INFO] [stdout]                                at /rustc/dfb0accb7f508ae8be965d8629557221c889dd98/library/std/src/panicking.rs:679:5
[INFO] [stdout]   18:     0x6047981de4ac - core[df12db4294e9bfd3]::panicking::panic_fmt
[INFO] [stdout]                                at /rustc/dfb0accb7f508ae8be965d8629557221c889dd98/library/core/src/panicking.rs:80:14
[INFO] [stdout]   19:     0x6047981de282 - core[df12db4294e9bfd3]::result::unwrap_failed
[INFO] [stdout]                                at /rustc/dfb0accb7f508ae8be965d8629557221c889dd98/library/core/src/result.rs:1871:5
[INFO] [stdout]   20:     0x604798007c5b - <core[df12db4294e9bfd3]::result::Result<sled[e38ad9db2cc10cb5]::db::Db<8usize>, core[df12db4294e9bfd3]::io::error::Error>>::unwrap
[INFO] [stdout]                                at /rustc/dfb0accb7f508ae8be965d8629557221c889dd98/library/core/src/result.rs:1232:23
[INFO] [stdout]   21:     0x604798007c5b - concurrent_batch_atomicity[8e8c1e063e7d5e14]::concurrent_batch_atomicity
[INFO] [stdout]                                at /opt/rustwide/workdir/tests/concurrent_batch_atomicity.rs:29:6
[INFO] [stdout]   22:     0x604798007c5b - concurrent_batch_atomicity[8e8c1e063e7d5e14]::concurrent_batch_atomicity::{closure#0}
[INFO] [stdout]                                at /opt/rustwide/workdir/tests/concurrent_batch_atomicity.rs:23:32
[INFO] [stdout]   23:     0x604798007c5b - <concurrent_batch_atomicity[8e8c1e063e7d5e14]::concurrent_batch_atomicity::{closure#0} as core[df12db4294e9bfd3]::ops::function::FnOnce<()>>::call_once
[INFO] [stdout]                                at /rustc/dfb0accb7f508ae8be965d8629557221c889dd98/library/core/src/ops/function.rs:250:5
[INFO] [stdout]   24:     0x60479801636b - <fn() -> core[df12db4294e9bfd3]::result::Result<(), alloc[2182bb758b4b3781]::string::String> as core[df12db4294e9bfd3]::ops::function::FnOnce<()>>::call_once
[INFO] [stdout]                                at /rustc/dfb0accb7f508ae8be965d8629557221c889dd98/library/core/src/ops/function.rs:250:5
[INFO] [stdout]   25:     0x60479801636b - test[9d35eded1c95d3be]::__rust_begin_short_backtrace::<core[df12db4294e9bfd3]::result::Result<(), alloc[2182bb758b4b3781]::string::String>, fn() -> core[df12db4294e9bfd3]::result::Result<(), alloc[2182bb758b4b3781]::string::String>>
[INFO] [stdout]                                at /rustc/dfb0accb7f508ae8be965d8629557221c889dd98/library/test/src/lib.rs:733:18
[INFO] [stdout]   26:     0x6047980239d5 - test[9d35eded1c95d3be]::run_test_in_process::{closure#0}
[INFO] [stdout]                                at /rustc/dfb0accb7f508ae8be965d8629557221c889dd98/library/test/src/lib.rs:756:74
[INFO] [stdout]   27:     0x6047980239d5 - <core[df12db4294e9bfd3]::panic::unwind_safe::AssertUnwindSafe<test[9d35eded1c95d3be]::run_test_in_process::{closure#0}> as core[df12db4294e9bfd3]::ops::function::FnOnce<()>>::call_once
[INFO] [stdout]                                at /rustc/dfb0accb7f508ae8be965d8629557221c889dd98/library/core/src/panic/unwind_safe.rs:275:9
[INFO] [stdout]   28:     0x6047980239d5 - std[70759c8f55707aa4]::panicking::catch_unwind::do_call::<core[df12db4294e9bfd3]::panic::unwind_safe::AssertUnwindSafe<test[9d35eded1c95d3be]::run_test_in_process::{closure#0}>, core[df12db4294e9bfd3]::result::Result<(), alloc[2182bb758b4b3781]::string::String>>
[INFO] [stdout]                                at /rustc/dfb0accb7f508ae8be965d8629557221c889dd98/library/std/src/panicking.rs:576:43
[INFO] [stdout]   29:     0x6047980239d5 - std[70759c8f55707aa4]::panicking::catch_unwind::<core[df12db4294e9bfd3]::result::Result<(), alloc[2182bb758b4b3781]::string::String>, core[df12db4294e9bfd3]::panic::unwind_safe::AssertUnwindSafe<test[9d35eded1c95d3be]::run_test_in_process::{closure#0}>>
[INFO] [stdout]                                at /rustc/dfb0accb7f508ae8be965d8629557221c889dd98/library/std/src/panicking.rs:544:19
[INFO] [stdout]   30:     0x6047980239d5 - std[70759c8f55707aa4]::panic::catch_unwind::<core[df12db4294e9bfd3]::panic::unwind_safe::AssertUnwindSafe<test[9d35eded1c95d3be]::run_test_in_process::{closure#0}>, core[df12db4294e9bfd3]::result::Result<(), alloc[2182bb758b4b3781]::string::String>>
[INFO] [stdout]                                at /rustc/dfb0accb7f508ae8be965d8629557221c889dd98/library/std/src/panic.rs:359:14
[INFO] [stdout]   31:     0x6047980239d5 - test[9d35eded1c95d3be]::run_test_in_process
[INFO] [stdout]                                at /rustc/dfb0accb7f508ae8be965d8629557221c889dd98/library/test/src/lib.rs:756:27
[INFO] [stdout]   32:     0x6047980239d5 - test[9d35eded1c95d3be]::run_test::{closure#0}
[INFO] [stdout]                                at /rustc/dfb0accb7f508ae8be965d8629557221c889dd98/library/test/src/lib.rs:677:43
[INFO] [stdout]   33:     0x60479801d294 - test[9d35eded1c95d3be]::run_test::{closure#1}
[INFO] [stdout]                                at /rustc/dfb0accb7f508ae8be965d8629557221c889dd98/library/test/src/lib.rs:707:41
[INFO] [stdout]   34:     0x60479801d294 - std[70759c8f55707aa4]::sys::backtrace::__rust_begin_short_backtrace::<test[9d35eded1c95d3be]::run_test::{closure#1}, ()>
[INFO] [stdout]                                at /rustc/dfb0accb7f508ae8be965d8629557221c889dd98/library/std/src/sys/backtrace.rs:166:18
[INFO] [stdout]   35:     0x604798026b32 - std[70759c8f55707aa4]::thread::lifecycle::spawn_unchecked::<test[9d35eded1c95d3be]::run_test::{closure#1}, ()>::{closure#1}::{closure#0}
[INFO] [stdout]                                at /rustc/dfb0accb7f508ae8be965d8629557221c889dd98/library/std/src/thread/lifecycle.rs:70:13
[INFO] [stdout]   36:     0x604798026b32 - <core[df12db4294e9bfd3]::panic::unwind_safe::AssertUnwindSafe<std[70759c8f55707aa4]::thread::lifecycle::spawn_unchecked<test[9d35eded1c95d3be]::run_test::{closure#1}, ()>::{closure#1}::{closure#0}> as core[df12db4294e9bfd3]::ops::function::FnOnce<()>>::call_once
[INFO] [stdout]                                at /rustc/dfb0accb7f508ae8be965d8629557221c889dd98/library/core/src/panic/unwind_safe.rs:275:9
[INFO] [stdout]   37:     0x604798026b32 - std[70759c8f55707aa4]::panicking::catch_unwind::do_call::<core[df12db4294e9bfd3]::panic::unwind_safe::AssertUnwindSafe<std[70759c8f55707aa4]::thread::lifecycle::spawn_unchecked<test[9d35eded1c95d3be]::run_test::{closure#1}, ()>::{closure#1}::{closure#0}>, ()>
[INFO] [stdout]                                at /rustc/dfb0accb7f508ae8be965d8629557221c889dd98/library/std/src/panicking.rs:576:43
[INFO] [stdout]   38:     0x604798026b32 - std[70759c8f55707aa4]::panicking::catch_unwind::<(), core[df12db4294e9bfd3]::panic::unwind_safe::AssertUnwindSafe<std[70759c8f55707aa4]::thread::lifecycle::spawn_unchecked<test[9d35eded1c95d3be]::run_test::{closure#1}, ()>::{closure#1}::{closure#0}>>
[INFO] [stdout]                                at /rustc/dfb0accb7f508ae8be965d8629557221c889dd98/library/std/src/panicking.rs:544:19
[INFO] [stdout]   39:     0x604798026b32 - std[70759c8f55707aa4]::panic::catch_unwind::<core[df12db4294e9bfd3]::panic::unwind_safe::AssertUnwindSafe<std[70759c8f55707aa4]::thread::lifecycle::spawn_unchecked<test[9d35eded1c95d3be]::run_test::{closure#1}, ()>::{closure#1}::{closure#0}>, ()>
[INFO] [stdout]                                at /rustc/dfb0accb7f508ae8be965d8629557221c889dd98/library/std/src/panic.rs:359:14
[INFO] [stdout]   40:     0x604798026b32 - std[70759c8f55707aa4]::thread::lifecycle::spawn_unchecked::<test[9d35eded1c95d3be]::run_test::{closure#1}, ()>::{closure#1}
[INFO] [stdout]                                at /rustc/dfb0accb7f508ae8be965d8629557221c889dd98/library/std/src/thread/lifecycle.rs:68:26
[INFO] [stdout]   41:     0x604798026b32 - <std[70759c8f55707aa4]::thread::lifecycle::spawn_unchecked<test[9d35eded1c95d3be]::run_test::{closure#1}, ()>::{closure#1} as core[df12db4294e9bfd3]::ops::function::FnOnce<()>>::call_once::{shim:vtable#0}
[INFO] [stdout]                                at /rustc/dfb0accb7f508ae8be965d8629557221c889dd98/library/core/src/ops/function.rs:250:5
[INFO] [stdout]   42:     0x6047981c6bf9 - <alloc[2182bb758b4b3781]::boxed::Box<dyn core[df12db4294e9bfd3]::ops::function::FnOnce<(), Output = ()> + core[df12db4294e9bfd3]::marker::Send> as core[df12db4294e9bfd3]::ops::function::FnOnce<()>>::call_once
[INFO] [stdout]                                at /rustc/dfb0accb7f508ae8be965d8629557221c889dd98/library/alloc/src/boxed.rs:2320:9
[INFO] [stdout]   43:     0x6047981c6bf9 - <std[70759c8f55707aa4]::sys::thread::unix::Thread>::new::thread_start
[INFO] [stdout]                                at /rustc/dfb0accb7f508ae8be965d8629557221c889dd98/library/std/src/sys/thread/unix.rs:123:17
[INFO] [stdout]   44:     0x7b447425bdfa - <unknown>
[INFO] [stdout]   45:     0x7b44742ef3d4 - clone
[INFO] [stdout]   46:                0x0 - <unknown>
[INFO] [stdout] 
[INFO] [stdout] 
[INFO] [stdout] failures:
[INFO] [stdout]     concurrent_batch_atomicity
[INFO] [stdout] 
[INFO] [stdout] test result: FAILED. 0 passed; 1 failed; 0 ignored; 0 measured; 0 filtered out; finished in 0.06s
[INFO] [stdout] 
[INFO] [stderr] error: test failed, to rerun pass `--test concurrent_batch_atomicity`
[INFO] running `Command { std: "docker" "inspect" "b372806cb6c955c3cc12037ba3655fe72183ea0592a58db1d0d2b51f787d1803", kill_on_drop: false }`
[INFO] running `Command { std: "docker" "rm" "-f" "b372806cb6c955c3cc12037ba3655fe72183ea0592a58db1d0d2b51f787d1803", kill_on_drop: false }`
[INFO] [stdout] b372806cb6c955c3cc12037ba3655fe72183ea0592a58db1d0d2b51f787d1803
