[INFO] fetching crate sldo-install 0.1.2...
[INFO] testing sldo-install-0.1.2 against 1.99.0-beta.8+cargoflags=--release for beta-release-1.100-2
[INFO] extracting crate sldo-install 0.1.2 into /workspace/builds/worker-3-tc1/source
[INFO] started tweaking crates.io crate sldo-install 0.1.2
[INFO] removed 0 missing tests
[INFO] finished tweaking crates.io crate sldo-install 0.1.2
[INFO] tweaked toml for crates.io crate sldo-install 0.1.2 written to /workspace/builds/worker-3-tc1/source/Cargo.toml
[INFO] validating manifest of crates.io crate sldo-install 0.1.2 on toolchain 1.99.0-beta.8
[INFO] running `Command { std: CARGO_HOME="/workspace/cargo-home" RUSTUP_HOME="/workspace/rustup-home" "/workspace/cargo-home/bin/cargo" "+1.99.0-beta.8" "metadata" "--manifest-path" "Cargo.toml" "--no-deps", kill_on_drop: false }`
[INFO] crate crates.io crate sldo-install 0.1.2 already has a lockfile, it will not be regenerated
[INFO] running `Command { std: CARGO_HOME="/workspace/cargo-home" RUSTUP_HOME="/workspace/rustup-home" "/workspace/cargo-home/bin/cargo" "+1.99.0-beta.8" "fetch" "--manifest-path" "Cargo.toml", kill_on_drop: false }`
[INFO] [stderr]     Updating crates.io index
[INFO] [stderr]  Downloading crates ...
[INFO] [stderr]   Downloaded sldo-common v0.1.2
[INFO] running `Command { std: "docker" "create" "-v" "/var/lib/crater-agent-workspace/builds/worker-3-tc1/source:/opt/rustwide/workdir:ro,Z" "-v" "/var/lib/crater-agent-workspace/builds/worker-3-tc1/target:/opt/rustwide/target:rw,Z" "-v" "/var/lib/crater-agent-workspace/cargo-home:/opt/rustwide/cargo-home:ro,Z" "-v" "/var/lib/crater-agent-workspace/rustup-home:/opt/rustwide/rustup-home:ro,Z" "-m" "1610612736" "--network" "none" "ghcr.io/rust-lang/crates-build-env/linux@sha256:77db811e55d90add9212f6832c23229e3de5f1c1f9905e8cb07319ea15df73ac" "sleep" "infinity", kill_on_drop: false }`
[INFO] [stdout] 2b04dec21937c352e8293ea59f62d95ae85d6ed69a5b6962ca9a64181eb6ce0b
[INFO] running `Command { std: "docker" "start" "2b04dec21937c352e8293ea59f62d95ae85d6ed69a5b6962ca9a64181eb6ce0b", kill_on_drop: false }`
[INFO] running `Command { std: "docker" "inspect" "2b04dec21937c352e8293ea59f62d95ae85d6ed69a5b6962ca9a64181eb6ce0b", kill_on_drop: false }`
[INFO] running `Command { std: "docker" "exec" "-e" "SOURCE_DIR=/opt/rustwide/workdir" "-e" "CARGO_HOME=/opt/rustwide/cargo-home" "-e" "RUSTUP_HOME=/opt/rustwide/rustup-home" "-e" "CARGO_TARGET_DIR=/opt/rustwide/target" "-w" "/opt/rustwide/workdir" "--user" "0:0" "2b04dec21937c352e8293ea59f62d95ae85d6ed69a5b6962ca9a64181eb6ce0b" "/opt/rustwide/cargo-home/bin/cargo" "+1.99.0-beta.8" "metadata" "--no-deps" "--format-version=1", kill_on_drop: false }`
[INFO] running `Command { std: "docker" "inspect" "2b04dec21937c352e8293ea59f62d95ae85d6ed69a5b6962ca9a64181eb6ce0b", kill_on_drop: false }`
[INFO] running `Command { std: "docker" "exec" "-e" "SOURCE_DIR=/opt/rustwide/workdir" "-e" "CARGO_HOME=/opt/rustwide/cargo-home" "-e" "RUSTUP_HOME=/opt/rustwide/rustup-home" "-e" "CARGO_TARGET_DIR=/opt/rustwide/target" "-e" "CARGO_INCREMENTAL=0" "-e" "RUST_BACKTRACE=full" "-e" "RUSTFLAGS=--cap-lints=warn" "-e" "RUSTDOCFLAGS=--cap-lints=warn" "-w" "/opt/rustwide/workdir" "--user" "0:0" "2b04dec21937c352e8293ea59f62d95ae85d6ed69a5b6962ca9a64181eb6ce0b" "/opt/rustwide/cargo-home/bin/cargo" "+1.99.0-beta.8" "build" "--frozen" "--message-format=json" "--release", kill_on_drop: false }`
[INFO] [stderr]    Compiling anyhow v1.0.102
[INFO] [stderr]    Compiling winnow v1.0.2
[INFO] [stderr]    Compiling regex-automata v0.4.14
[INFO] [stderr]    Compiling colored v2.2.0
[INFO] [stderr]    Compiling clap_derive v4.6.1
[INFO] [stderr]    Compiling which v8.0.2
[INFO] [stderr]    Compiling serde v1.0.228
[INFO] [stderr]    Compiling chrono v0.4.44
[INFO] [stderr]    Compiling toml_parser v1.1.2+spec-1.1.0
[INFO] [stderr]    Compiling toml v1.1.2+spec-1.1.0
[INFO] [stderr]    Compiling clap v4.6.1
[INFO] [stderr]    Compiling regex v1.12.3
[INFO] [stderr]    Compiling sldo-common v0.1.2
[INFO] [stderr]    Compiling sldo-install v0.1.2 (/opt/rustwide/workdir)
[INFO] [stderr]     Finished `release` profile [optimized] target(s) in 20.64s
[INFO] running `Command { std: "docker" "inspect" "2b04dec21937c352e8293ea59f62d95ae85d6ed69a5b6962ca9a64181eb6ce0b", kill_on_drop: false }`
[INFO] running `Command { std: "docker" "exec" "-e" "SOURCE_DIR=/opt/rustwide/workdir" "-e" "CARGO_HOME=/opt/rustwide/cargo-home" "-e" "RUSTUP_HOME=/opt/rustwide/rustup-home" "-e" "CARGO_TARGET_DIR=/opt/rustwide/target" "-e" "CARGO_INCREMENTAL=0" "-e" "RUST_BACKTRACE=full" "-e" "RUSTFLAGS=--cap-lints=warn" "-e" "RUSTDOCFLAGS=--cap-lints=warn" "-w" "/opt/rustwide/workdir" "--user" "0:0" "2b04dec21937c352e8293ea59f62d95ae85d6ed69a5b6962ca9a64181eb6ce0b" "/opt/rustwide/cargo-home/bin/cargo" "+1.99.0-beta.8" "test" "--frozen" "--no-run" "--message-format=json" "--release", kill_on_drop: false }`
[INFO] [stderr]    Compiling getrandom v0.4.2
[INFO] [stderr]    Compiling rustix v1.1.4
[INFO] [stderr]    Compiling tempfile v3.27.0
[INFO] [stderr]    Compiling sldo-install v0.1.2 (/opt/rustwide/workdir)
[INFO] [stdout] warning: unused import: `Path`
[INFO] [stdout]   --> tests/e2e_biz_followup_m5.rs:18:17
[INFO] [stdout]    |
[INFO] [stdout] 18 | use std::path::{Path, PathBuf};
[INFO] [stdout]    |                 ^^^^
[INFO] [stdout]    |
[INFO] [stdout]    = note: `#[warn(unused_imports)]` (part of `#[warn(unused)]`) on by default
[INFO] [stdout] 
[INFO] [stdout] 
[INFO] [stderr]     Finished `release` profile [optimized] target(s) in 21.08s
[INFO] running `Command { std: "docker" "inspect" "2b04dec21937c352e8293ea59f62d95ae85d6ed69a5b6962ca9a64181eb6ce0b", kill_on_drop: false }`
[INFO] running `Command { std: "docker" "exec" "-e" "SOURCE_DIR=/opt/rustwide/workdir" "-e" "CARGO_HOME=/opt/rustwide/cargo-home" "-e" "RUSTUP_HOME=/opt/rustwide/rustup-home" "-e" "CARGO_TARGET_DIR=/opt/rustwide/target" "-e" "CARGO_INCREMENTAL=0" "-e" "RUST_BACKTRACE=full" "-e" "RUSTFLAGS=--cap-lints=warn" "-e" "RUSTDOCFLAGS=--cap-lints=warn" "-w" "/opt/rustwide/workdir" "--user" "0:0" "2b04dec21937c352e8293ea59f62d95ae85d6ed69a5b6962ca9a64181eb6ce0b" "/opt/rustwide/cargo-home/bin/cargo" "+1.99.0-beta.8" "test" "--frozen" "--release", kill_on_drop: false }`
[INFO] [stderr] warning: unused import: `Path`
[INFO] [stderr]   --> tests/e2e_biz_followup_m5.rs:18:17
[INFO] [stderr]    |
[INFO] [stderr] 18 | use std::path::{Path, PathBuf};
[INFO] [stderr]    |                 ^^^^
[INFO] [stderr]    |
[INFO] [stderr]    = note: `#[warn(unused_imports)]` (part of `#[warn(unused)]`) on by default
[INFO] [stderr] 
[INFO] [stderr] warning: `sldo-install` (test "e2e_biz_followup_m5") generated 1 warning (run `cargo fix --test "e2e_biz_followup_m5" -p sldo-install` to apply 1 suggestion)
[INFO] [stderr]     Finished `release` profile [optimized] target(s) in 0.10s
[INFO] [stderr]      Running unittests src/main.rs (/opt/rustwide/target/release/deps/sldo_install-c5b215ff4b6b0934)
[INFO] [stdout] 
[INFO] [stdout] running 18 tests
[INFO] [stdout] test host::tests::codex_descriptor_matches_expected_paths ... ok
[INFO] [stdout] test manifest::tests::load_v1_manifest_defaults_entries_to_claude_code ... ok
[INFO] [stdout] test install::tests::discover_skills_picks_up_dirs_with_skill_md ... ok
[INFO] [stdout] test paths::tests::global_skills_root_under_home ... ok
[INFO] [stdout] test manifest::tests::load_missing_returns_empty ... ok
[INFO] [stdout] test paths::tests::github_copilot_roots_use_copilot_config_dir ... ok
[INFO] [stdout] test paths::tests::home_resolution_accepts_windows_drive_and_path ... ok
[INFO] [stdout] test paths::tests::home_resolution_accepts_windows_userprofile ... ok
[INFO] [stdout] test paths::tests::home_resolution_prefers_home_when_present ... ok
[INFO] [stdout] test paths::tests::home_resolution_rejects_empty_values ... ok
[INFO] [stdout] test manifest::tests::save_then_load_roundtrips ... ok
[INFO] [stdout] test manifest::tests::remove_returns_entry_and_deletes_only_selected_host ... ok
[INFO] [stdout] test manifest::tests::upsert_replaces_existing_for_same_host_only ... ok
[INFO] [stdout] test host::tests::claude_code_descriptor_matches_expected_paths ... ok
[INFO] [stdout] test paths::tests::codex_roots_use_codex_config_dir ... ok
[INFO] [stdout] test paths::tests::local_skills_root_under_cwd ... ok
[INFO] [stdout] test install::tests::discover_skills_errors_on_missing_dir ... ok
[INFO] [stdout] test host::tests::github_copilot_descriptor_matches_expected_paths ... ok
[INFO] [stdout] 
[INFO] [stdout] test result: ok. 18 passed; 0 failed; 0 ignored; 0 measured; 0 filtered out; finished in 0.01s
[INFO] [stdout] 
[INFO] [stderr]      Running tests/e2e_agent_host_m1.rs (/opt/rustwide/target/release/deps/e2e_agent_host_m1-829f39d302de3de9)
[INFO] [stdout] 
[INFO] [stdout] running 9 tests
[INFO] [stdout] test test_github_copilot_local_install_uses_repo_state ... ok
[INFO] [stdout] test test_codex_local_install_uses_repo_state ... ok
[INFO] [stdout] test test_unknown_host_fails_loud ... ok
[INFO] [stdout] test test_status_and_verify_report_selected_host ... ok
[INFO] [stdout] test test_codex_status_and_verify_report_selected_host ... ok
[INFO] [stdout] test test_legacy_manifest_upgrades_without_breaking_uninstall ... ok
[INFO] [stdout] test test_install_root_escape_refused_on_verify ... ok
[INFO] [stdout] test test_uninstall_only_removes_selected_host_entries ... ok
[INFO] [stdout] test test_claude_copilot_and_codex_roots_are_distinct ... ok
[INFO] [stdout] 
[INFO] [stdout] test result: ok. 9 passed; 0 failed; 0 ignored; 0 measured; 0 filtered out; finished in 0.02s
[INFO] [stdout] 
[INFO] [stderr]      Running tests/e2e_agent_host_m2.rs (/opt/rustwide/target/release/deps/e2e_agent_host_m2-2c25a0fe98d9ee8a)
[INFO] [stdout] 
[INFO] [stdout] running 4 tests
[INFO] [stdout] test test_capability_matrix_marks_headless_non_claude_hosts_as_unsupported ... FAILED
[INFO] [stdout] test test_living_docs_distinguish_catalog_from_overlays ... FAILED
[INFO] [stdout] test test_readme_links_to_getting_started_and_getting_started_has_first_run_sections ... FAILED
[INFO] [stdout] test test_architecture_doc_matches_surviving_workspace_members ... FAILED
[INFO] [stdout] 
[INFO] [stdout] failures:
[INFO] [stdout] 
[INFO] [stdout] ---- test_capability_matrix_marks_headless_non_claude_hosts_as_unsupported stdout ----
[INFO] [stdout] 
[INFO] [stdout] thread 'test_capability_matrix_marks_headless_non_claude_hosts_as_unsupported' (2762) panicked at tests/e2e_agent_host_m2.rs:15:29:
[INFO] [stdout] missing required file: docs/slo/design/agent-host-capabilities.md
[INFO] [stdout] stack backtrace:
[INFO] [stdout]    0:     0x5bb0c093be01 - <<std[70759c8f55707aa4]::sys::backtrace::BacktraceLock>::print::DisplayBacktrace as core[df12db4294e9bfd3]::fmt::Display>::fmt
[INFO] [stdout]    1:     0x5bb0c095004a - core[df12db4294e9bfd3]::fmt::write
[INFO] [stdout]    2:     0x5bb0c094029c - <alloc[2182bb758b4b3781]::vec::Vec<u8> as core[df12db4294e9bfd3]::io::write::Write>::write_fmt
[INFO] [stdout]    3:     0x5bb0c0917df6 - std[70759c8f55707aa4]::panicking::default_hook::{closure#0}
[INFO] [stdout]    4:     0x5bb0c09341f9 - std[70759c8f55707aa4]::panicking::default_hook
[INFO] [stdout]    5:     0x5bb0c08cfea0 - test[9d35eded1c95d3be]::test_main_inner::<test[9d35eded1c95d3be]::test_main_static::{closure#0}>::{closure#0}
[INFO] [stdout]    6:     0x5bb0c09343b2 - std[70759c8f55707aa4]::panicking::panic_with_hook
[INFO] [stdout]    7:     0x5bb0c0917ea2 - std[70759c8f55707aa4]::panicking::panic_handler::{closure#0}
[INFO] [stdout]    8:     0x5bb0c0910a99 - std[70759c8f55707aa4]::sys::backtrace::__rust_end_short_backtrace::<std[70759c8f55707aa4]::panicking::panic_handler::{closure#0}, !>
[INFO] [stdout]    9:     0x5bb0c0918a9d - __rustc[8fa7c3cbc660c2b3]::rust_begin_unwind
[INFO] [stdout]   10:     0x5bb0c095077c - core[df12db4294e9bfd3]::panicking::panic_fmt
[INFO] [stdout]   11:     0x5bb0c08c19ef - e2e_agent_host_m2[3842bd19deb41264]::read::{closure#0}
[INFO] [stdout]   12:     0x5bb0c08c1cbe - e2e_agent_host_m2[3842bd19deb41264]::read
[INFO] [stdout]   13:     0x5bb0c08c2b75 - <e2e_agent_host_m2[3842bd19deb41264]::test_capability_matrix_marks_headless_non_claude_hosts_as_unsupported::{closure#0} as core[df12db4294e9bfd3]::ops::function::FnOnce<()>>::call_once
[INFO] [stdout]   14:     0x5bb0c08c318b - test[9d35eded1c95d3be]::__rust_begin_short_backtrace::<core[df12db4294e9bfd3]::result::Result<(), alloc[2182bb758b4b3781]::string::String>, fn() -> core[df12db4294e9bfd3]::result::Result<(), alloc[2182bb758b4b3781]::string::String>>
[INFO] [stdout]   15:     0x5bb0c08d07f5 - test[9d35eded1c95d3be]::run_test::{closure#0}
[INFO] [stdout]   16:     0x5bb0c08ca0b4 - std[70759c8f55707aa4]::sys::backtrace::__rust_begin_short_backtrace::<test[9d35eded1c95d3be]::run_test::{closure#1}, ()>
[INFO] [stdout]   17:     0x5bb0c08d3952 - <std[70759c8f55707aa4]::thread::lifecycle::spawn_unchecked<test[9d35eded1c95d3be]::run_test::{closure#1}, ()>::{closure#1} as core[df12db4294e9bfd3]::ops::function::FnOnce<()>>::call_once::{shim:vtable#0}
[INFO] [stdout]   18:     0x5bb0c093b369 - <std[70759c8f55707aa4]::sys::thread::unix::Thread>::new::thread_start
[INFO] [stdout]   19:     0x7ade40cf5dfa - <unknown>
[INFO] [stdout]   20:     0x7ade40d893d4 - clone
[INFO] [stdout]   21:                0x0 - <unknown>
[INFO] [stdout] 
[INFO] [stdout] ---- test_living_docs_distinguish_catalog_from_overlays stdout ----
[INFO] [stdout] 
[INFO] [stdout] thread 'test_living_docs_distinguish_catalog_from_overlays' (2763) panicked at tests/e2e_agent_host_m2.rs:15:29:
[INFO] [stdout] missing required file: docs/skill-pack-catalog.md
[INFO] [stdout] stack backtrace:
[INFO] [stdout]    0:     0x5bb0c093be01 - <<std[70759c8f55707aa4]::sys::backtrace::BacktraceLock>::print::DisplayBacktrace as core[df12db4294e9bfd3]::fmt::Display>::fmt
[INFO] [stdout]    1:     0x5bb0c095004a - core[df12db4294e9bfd3]::fmt::write
[INFO] [stdout]    2:     0x5bb0c094029c - <alloc[2182bb758b4b3781]::vec::Vec<u8> as core[df12db4294e9bfd3]::io::write::Write>::write_fmt
[INFO] [stdout]    3:     0x5bb0c0917df6 - std[70759c8f55707aa4]::panicking::default_hook::{closure#0}
[INFO] [stdout]    4:     0x5bb0c09341f9 - std[70759c8f55707aa4]::panicking::default_hook
[INFO] [stdout]    5:     0x5bb0c08cfea0 - test[9d35eded1c95d3be]::test_main_inner::<test[9d35eded1c95d3be]::test_main_static::{closure#0}>::{closure#0}
[INFO] [stdout]    6:     0x5bb0c09343b2 - std[70759c8f55707aa4]::panicking::panic_with_hook
[INFO] [stdout]    7:     0x5bb0c0917ea2 - std[70759c8f55707aa4]::panicking::panic_handler::{closure#0}
[INFO] [stdout]    8:     0x5bb0c0910a99 - std[70759c8f55707aa4]::sys::backtrace::__rust_end_short_backtrace::<std[70759c8f55707aa4]::panicking::panic_handler::{closure#0}, !>
[INFO] [stdout]    9:     0x5bb0c0918a9d - __rustc[8fa7c3cbc660c2b3]::rust_begin_unwind
[INFO] [stdout]   10:     0x5bb0c095077c - core[df12db4294e9bfd3]::panicking::panic_fmt
[INFO] [stdout]   11:     0x5bb0c08c19ef - e2e_agent_host_m2[3842bd19deb41264]::read::{closure#0}
[INFO] [stdout]   12:     0x5bb0c08c1cbe - e2e_agent_host_m2[3842bd19deb41264]::read
[INFO] [stdout]   13:     0x5bb0c08c25b7 - <e2e_agent_host_m2[3842bd19deb41264]::test_living_docs_distinguish_catalog_from_overlays::{closure#0} as core[df12db4294e9bfd3]::ops::function::FnOnce<()>>::call_once
[INFO] [stdout]   14:     0x5bb0c08c318b - test[9d35eded1c95d3be]::__rust_begin_short_backtrace::<core[df12db4294e9bfd3]::result::Result<(), alloc[2182bb758b4b3781]::string::String>, fn() -> core[df12db4294e9bfd3]::result::Result<(), alloc[2182bb758b4b3781]::string::String>>
[INFO] [stdout]   15:     0x5bb0c08d07f5 - test[9d35eded1c95d3be]::run_test::{closure#0}
[INFO] [stdout]   16:     0x5bb0c08ca0b4 - std[70759c8f55707aa4]::sys::backtrace::__rust_begin_short_backtrace::<test[9d35eded1c95d3be]::run_test::{closure#1}, ()>
[INFO] [stdout]   17:     0x5bb0c08d3952 - <std[70759c8f55707aa4]::thread::lifecycle::spawn_unchecked<test[9d35eded1c95d3be]::run_test::{closure#1}, ()>::{closure#1} as core[df12db4294e9bfd3]::ops::function::FnOnce<()>>::call_once::{shim:vtable#0}
[INFO] [stdout]   18:     0x5bb0c093b369 - <std[70759c8f55707aa4]::sys::thread::unix::Thread>::new::thread_start
[INFO] [stdout]   19:     0x7ade40cf5dfa - <unknown>
[INFO] [stdout]   20:     0x7ade40d893d4 - clone
[INFO] [stdout]   21:                0x0 - <unknown>
[INFO] [stdout] 
[INFO] [stdout] ---- test_readme_links_to_getting_started_and_getting_started_has_first_run_sections stdout ----
[INFO] [stdout] 
[INFO] [stdout] thread 'test_readme_links_to_getting_started_and_getting_started_has_first_run_sections' (2764) panicked at tests/e2e_agent_host_m2.rs:15:29:
[INFO] [stdout] missing required file: README.md
[INFO] [stdout] stack backtrace:
[INFO] [stdout]    0:     0x5bb0c093be01 - <<std[70759c8f55707aa4]::sys::backtrace::BacktraceLock>::print::DisplayBacktrace as core[df12db4294e9bfd3]::fmt::Display>::fmt
[INFO] [stdout]    1:     0x5bb0c095004a - core[df12db4294e9bfd3]::fmt::write
[INFO] [stdout]    2:     0x5bb0c094029c - <alloc[2182bb758b4b3781]::vec::Vec<u8> as core[df12db4294e9bfd3]::io::write::Write>::write_fmt
[INFO] [stdout]    3:     0x5bb0c0917df6 - std[70759c8f55707aa4]::panicking::default_hook::{closure#0}
[INFO] [stdout]    4:     0x5bb0c09341f9 - std[70759c8f55707aa4]::panicking::default_hook
[INFO] [stdout]    5:     0x5bb0c08cfea0 - test[9d35eded1c95d3be]::test_main_inner::<test[9d35eded1c95d3be]::test_main_static::{closure#0}>::{closure#0}
[INFO] [stdout]    6:     0x5bb0c09343b2 - std[70759c8f55707aa4]::panicking::panic_with_hook
[INFO] [stdout]    7:     0x5bb0c0917ea2 - std[70759c8f55707aa4]::panicking::panic_handler::{closure#0}
[INFO] [stdout]    8:     0x5bb0c0910a99 - std[70759c8f55707aa4]::sys::backtrace::__rust_end_short_backtrace::<std[70759c8f55707aa4]::panicking::panic_handler::{closure#0}, !>
[INFO] [stdout]    9:     0x5bb0c0918a9d - __rustc[8fa7c3cbc660c2b3]::rust_begin_unwind
[INFO] [stdout]   10:     0x5bb0c095077c - core[df12db4294e9bfd3]::panicking::panic_fmt
[INFO] [stdout]   11:     0x5bb0c08c19ef - e2e_agent_host_m2[3842bd19deb41264]::read::{closure#0}
[INFO] [stdout]   12:     0x5bb0c08c1cbe - e2e_agent_host_m2[3842bd19deb41264]::read
[INFO] [stdout]   13:     0x5bb0c08c2d4a - <e2e_agent_host_m2[3842bd19deb41264]::test_readme_links_to_getting_started_and_getting_started_has_first_run_sections::{closure#0} as core[df12db4294e9bfd3]::ops::function::FnOnce<()>>::call_once
[INFO] [stdout]   14:     0x5bb0c08c318b - test[9d35eded1c95d3be]::__rust_begin_short_backtrace::<core[df12db4294e9bfd3]::result::Result<(), alloc[2182bb758b4b3781]::string::String>, fn() -> core[df12db4294e9bfd3]::result::Result<(), alloc[2182bb758b4b3781]::string::String>>
[INFO] [stdout]   15:     0x5bb0c08d07f5 - test[9d35eded1c95d3be]::run_test::{closure#0}
[INFO] [stdout]   16:     0x5bb0c08ca0b4 - std[70759c8f55707aa4]::sys::backtrace::__rust_begin_short_backtrace::<test[9d35eded1c95d3be]::run_test::{closure#1}, ()>
[INFO] [stdout]   17:     0x5bb0c08d3952 - <std[70759c8f55707aa4]::thread::lifecycle::spawn_unchecked<test[9d35eded1c95d3be]::run_test::{closure#1}, ()>::{closure#1} as core[df12db4294e9bfd3]::ops::function::FnOnce<()>>::call_once::{shim:vtable#0}
[INFO] [stdout]   18:     0x5bb0c093b369 - <std[70759c8f55707aa4]::sys::thread::unix::Thread>::new::thread_start
[INFO] [stdout]   19:     0x7ade40cf5dfa - <unknown>
[INFO] [stdout]   20:     0x7ade40d893d4 - clone
[INFO] [stdout]   21:                0x0 - <unknown>
[INFO] [stdout] 
[INFO] [stdout] ---- test_architecture_doc_matches_surviving_workspace_members stdout ----
[INFO] [stdout] 
[INFO] [stdout] thread 'test_architecture_doc_matches_surviving_workspace_members' (2761) panicked at tests/e2e_agent_host_m2.rs:15:29:
[INFO] [stdout] missing required file: README.md
[INFO] [stdout] stack backtrace:
[INFO] [stdout]    0:     0x5bb0c093be01 - <<std[70759c8f55707aa4]::sys::backtrace::BacktraceLock>::print::DisplayBacktrace as core[df12db4294e9bfd3]::fmt::Display>::fmt
[INFO] [stdout]    1:     0x5bb0c095004a - core[df12db4294e9bfd3]::fmt::write
[INFO] [stdout]    2:     0x5bb0c094029c - <alloc[2182bb758b4b3781]::vec::Vec<u8> as core[df12db4294e9bfd3]::io::write::Write>::write_fmt
[INFO] [stdout]    3:     0x5bb0c0917df6 - std[70759c8f55707aa4]::panicking::default_hook::{closure#0}
[INFO] [stdout]    4:     0x5bb0c09341f9 - std[70759c8f55707aa4]::panicking::default_hook
[INFO] [stdout]    5:     0x5bb0c08cfea0 - test[9d35eded1c95d3be]::test_main_inner::<test[9d35eded1c95d3be]::test_main_static::{closure#0}>::{closure#0}
[INFO] [stdout]    6:     0x5bb0c09343b2 - std[70759c8f55707aa4]::panicking::panic_with_hook
[INFO] [stdout]    7:     0x5bb0c0917ea2 - std[70759c8f55707aa4]::panicking::panic_handler::{closure#0}
[INFO] [stdout]    8:     0x5bb0c0910a99 - std[70759c8f55707aa4]::sys::backtrace::__rust_end_short_backtrace::<std[70759c8f55707aa4]::panicking::panic_handler::{closure#0}, !>
[INFO] [stdout]    9:     0x5bb0c0918a9d - __rustc[8fa7c3cbc660c2b3]::rust_begin_unwind
[INFO] [stdout]   10:     0x5bb0c095077c - core[df12db4294e9bfd3]::panicking::panic_fmt
[INFO] [stdout]   11:     0x5bb0c08c19ef - e2e_agent_host_m2[3842bd19deb41264]::read::{closure#0}
[INFO] [stdout]   12:     0x5bb0c08c1cbe - e2e_agent_host_m2[3842bd19deb41264]::read
[INFO] [stdout]   13:     0x5bb0c08c2909 - <e2e_agent_host_m2[3842bd19deb41264]::test_architecture_doc_matches_surviving_workspace_members::{closure#0} as core[df12db4294e9bfd3]::ops::function::FnOnce<()>>::call_once
[INFO] [stdout]   14:     0x5bb0c08c318b - test[9d35eded1c95d3be]::__rust_begin_short_backtrace::<core[df12db4294e9bfd3]::result::Result<(), alloc[2182bb758b4b3781]::string::String>, fn() -> core[df12db4294e9bfd3]::result::Result<(), alloc[2182bb758b4b3781]::string::String>>
[INFO] [stdout]   15:     0x5bb0c08d07f5 - test[9d35eded1c95d3be]::run_test::{closure#0}
[INFO] [stdout]   16:     0x5bb0c08ca0b4 - std[70759c8f55707aa4]::sys::backtrace::__rust_begin_short_backtrace::<test[9d35eded1c95d3be]::run_test::{closure#1}, ()>
[INFO] [stdout]   17:     0x5bb0c08d3952 - <std[70759c8f55707aa4]::thread::lifecycle::spawn_unchecked<test[9d35eded1c95d3be]::run_test::{closure#1}, ()>::{closure#1} as core[df12db4294e9bfd3]::ops::function::FnOnce<()>>::call_once::{shim:vtable#0}
[INFO] [stdout]   18:     0x5bb0c093b369 - <std[70759c8f55707aa4]::sys::thread::unix::Thread>::new::thread_start
[INFO] [stdout]   19:     0x7ade40cf5dfa - <unknown>
[INFO] [stdout]   20:     0x7ade40d893d4 - clone
[INFO] [stdout]   21:                0x0 - <unknown>
[INFO] [stdout] 
[INFO] [stdout] 
[INFO] [stdout] failures:
[INFO] [stdout]     test_architecture_doc_matches_surviving_workspace_members
[INFO] [stdout]     test_capability_matrix_marks_headless_non_claude_hosts_as_unsupported
[INFO] [stdout]     test_living_docs_distinguish_catalog_from_overlays
[INFO] [stdout]     test_readme_links_to_getting_started_and_getting_started_has_first_run_sections
[INFO] [stdout] 
[INFO] [stdout] test result: FAILED. 0 passed; 4 failed; 0 ignored; 0 measured; 0 filtered out; finished in 0.00s
[INFO] [stdout] 
[INFO] [stderr] error: test failed, to rerun pass `--test e2e_agent_host_m2`
[INFO] running `Command { std: "docker" "inspect" "2b04dec21937c352e8293ea59f62d95ae85d6ed69a5b6962ca9a64181eb6ce0b", kill_on_drop: false }`
[INFO] running `Command { std: "docker" "rm" "-f" "2b04dec21937c352e8293ea59f62d95ae85d6ed69a5b6962ca9a64181eb6ce0b", kill_on_drop: false }`
[INFO] [stdout] 2b04dec21937c352e8293ea59f62d95ae85d6ed69a5b6962ca9a64181eb6ce0b
