[INFO] fetching crate slatec 0.1.0...
[INFO] testing slatec-0.1.0 against 1.100.0-beta.1+cargoflags=--release for beta-release-1.100-2
[INFO] extracting crate slatec 0.1.0 into /workspace/builds/worker-0-tc2/source
[INFO] started tweaking crates.io crate slatec 0.1.0
[INFO] removed 0 missing examples
[INFO] removed 0 missing tests
[INFO] finished tweaking crates.io crate slatec 0.1.0
[INFO] tweaked toml for crates.io crate slatec 0.1.0 written to /workspace/builds/worker-0-tc2/source/Cargo.toml
[INFO] validating manifest of crates.io crate slatec 0.1.0 on toolchain 1.100.0-beta.1
[INFO] running `Command { std: CARGO_HOME="/workspace/cargo-home" RUSTUP_HOME="/workspace/rustup-home" "/workspace/cargo-home/bin/cargo" "+1.100.0-beta.1" "metadata" "--manifest-path" "Cargo.toml" "--no-deps", kill_on_drop: false }`
[INFO] crate crates.io crate slatec 0.1.0 already has a lockfile, it will not be regenerated
[INFO] running `Command { std: CARGO_HOME="/workspace/cargo-home" RUSTUP_HOME="/workspace/rustup-home" "/workspace/cargo-home/bin/cargo" "+1.100.0-beta.1" "fetch" "--manifest-path" "Cargo.toml", kill_on_drop: false }`
[INFO] [stderr] warning: `package.homepage` is redundant with `package.repository`
[INFO] [stderr]    --> Cargo.toml:474:12
[INFO] [stderr]     |
[INFO] [stderr] 474 | homepage = "https://github.com/evnekdev/slatec-rs"
[INFO] [stderr]     |            ^^^^^^^^^^^^^^^^^^^^^^^^^^^^^^^^^^^^^^^
[INFO] [stderr] ...
[INFO] [stderr] 480 | repository = "https://github.com/evnekdev/slatec-rs"
[INFO] [stderr]     |              ---------------------------------------
[INFO] [stderr]     |
[INFO] [stderr]     = note: `cargo::redundant_homepage` is set to `warn` by default
[INFO] [stderr] help: consider removing `package.homepage`
[INFO] [stderr] warning: `slatec` (manifest) generated 1 warning
[INFO] running `Command { std: "docker" "create" "-v" "/var/lib/crater-agent-workspace/builds/worker-0-tc2/source:/opt/rustwide/workdir:ro,Z" "-v" "/var/lib/crater-agent-workspace/builds/worker-0-tc2/target:/opt/rustwide/target:rw,Z" "-v" "/var/lib/crater-agent-workspace/cargo-home:/opt/rustwide/cargo-home:ro,Z" "-v" "/var/lib/crater-agent-workspace/rustup-home:/opt/rustwide/rustup-home:ro,Z" "-m" "1610612736" "--network" "none" "ghcr.io/rust-lang/crates-build-env/linux@sha256:77db811e55d90add9212f6832c23229e3de5f1c1f9905e8cb07319ea15df73ac" "sleep" "infinity", kill_on_drop: false }`
[INFO] [stdout] 6560d1970c0987f34dd012abd544c0c53b0cb9974b4e5d7df2ff0e65b1d072d5
[INFO] running `Command { std: "docker" "start" "6560d1970c0987f34dd012abd544c0c53b0cb9974b4e5d7df2ff0e65b1d072d5", kill_on_drop: false }`
[INFO] running `Command { std: "docker" "inspect" "6560d1970c0987f34dd012abd544c0c53b0cb9974b4e5d7df2ff0e65b1d072d5", kill_on_drop: false }`
[INFO] running `Command { std: "docker" "exec" "-e" "SOURCE_DIR=/opt/rustwide/workdir" "-e" "CARGO_HOME=/opt/rustwide/cargo-home" "-e" "RUSTUP_HOME=/opt/rustwide/rustup-home" "-e" "CARGO_TARGET_DIR=/opt/rustwide/target" "-w" "/opt/rustwide/workdir" "--user" "0:0" "6560d1970c0987f34dd012abd544c0c53b0cb9974b4e5d7df2ff0e65b1d072d5" "/opt/rustwide/cargo-home/bin/cargo" "+1.100.0-beta.1" "metadata" "--no-deps" "--format-version=1", kill_on_drop: false }`
[INFO] running `Command { std: "docker" "inspect" "6560d1970c0987f34dd012abd544c0c53b0cb9974b4e5d7df2ff0e65b1d072d5", kill_on_drop: false }`
[INFO] running `Command { std: "docker" "exec" "-e" "SOURCE_DIR=/opt/rustwide/workdir" "-e" "CARGO_HOME=/opt/rustwide/cargo-home" "-e" "RUSTUP_HOME=/opt/rustwide/rustup-home" "-e" "CARGO_TARGET_DIR=/opt/rustwide/target" "-e" "CARGO_INCREMENTAL=0" "-e" "RUST_BACKTRACE=full" "-e" "RUSTFLAGS=--cap-lints=warn" "-e" "RUSTDOCFLAGS=--cap-lints=warn" "-w" "/opt/rustwide/workdir" "--user" "0:0" "6560d1970c0987f34dd012abd544c0c53b0cb9974b4e5d7df2ff0e65b1d072d5" "/opt/rustwide/cargo-home/bin/cargo" "+1.100.0-beta.1" "build" "--frozen" "--message-format=json" "--release", kill_on_drop: false }`
[INFO] [stderr] warning: `package.homepage` is redundant with `package.repository`
[INFO] [stderr]    --> Cargo.toml:474:12
[INFO] [stderr]     |
[INFO] [stderr] 474 | homepage = "https://github.com/evnekdev/slatec-rs"
[INFO] [stderr]     |            ^^^^^^^^^^^^^^^^^^^^^^^^^^^^^^^^^^^^^^^
[INFO] [stderr] ...
[INFO] [stderr] 480 | repository = "https://github.com/evnekdev/slatec-rs"
[INFO] [stderr]     |              ---------------------------------------
[INFO] [stderr]     |
[INFO] [stderr]     = note: `cargo::redundant_homepage` is set to `warn` by default
[INFO] [stderr] help: consider removing `package.homepage`
[INFO] [stderr] warning: `slatec` (manifest) generated 1 warning
[INFO] [stderr]    Compiling generic-array v0.14.7
[INFO] [stderr]    Compiling typenum v1.20.1
[INFO] [stderr]    Compiling quote v1.0.46
[INFO] [stderr]    Compiling serde_json v1.0.150
[INFO] [stderr]    Compiling itoa v1.0.18
[INFO] [stderr]    Compiling cpufeatures v0.2.17
[INFO] [stderr]    Compiling cfg-if v1.0.4
[INFO] [stderr]    Compiling memchr v2.8.3
[INFO] [stderr]    Compiling slatec-sys v0.1.0
[INFO] [stderr]    Compiling proc-macro2 v1.0.106
[INFO] [stderr]    Compiling serde_core v1.0.228
[INFO] [stderr]    Compiling zmij v1.0.23
[INFO] [stderr]    Compiling serde v1.0.228
[INFO] [stderr]    Compiling slatec-core v0.1.0
[INFO] [stderr]    Compiling syn v2.0.118
[INFO] [stderr]    Compiling block-buffer v0.10.4
[INFO] [stderr]    Compiling crypto-common v0.1.7
[INFO] [stderr]    Compiling digest v0.10.7
[INFO] [stderr]    Compiling sha2 v0.10.9
[INFO] [stderr]    Compiling serde_derive v1.0.228
[INFO] [stderr]    Compiling slatec-bundled-x86_64-unknown-linux-gnu v0.1.0
[INFO] [stderr]    Compiling slatec-src v0.1.0
[INFO] [stderr]    Compiling slatec v0.1.0 (/opt/rustwide/workdir)
[INFO] [stderr] warning: unused dependency `slatec-core`
[INFO] [stderr]  --> Cargo.toml:6:15
[INFO] [stderr]   |
[INFO] [stderr] 6 | [dependencies.slatec-core]
[INFO] [stderr]   |               ^^^^^^^^^^^^
[INFO] [stderr]   |
[INFO] [stderr]   = note: `cargo::unused_dependencies` is set to `warn` by default
[INFO] [stderr] help: consider removing the dependency on `slatec-core`
[INFO] [stderr] warning: `slatec` (manifest) generated 1 warning
[INFO] [stderr]     Finished `release` profile [optimized] target(s) in 11.02s
[INFO] running `Command { std: "docker" "inspect" "6560d1970c0987f34dd012abd544c0c53b0cb9974b4e5d7df2ff0e65b1d072d5", kill_on_drop: false }`
[INFO] running `Command { std: "docker" "exec" "-e" "SOURCE_DIR=/opt/rustwide/workdir" "-e" "CARGO_HOME=/opt/rustwide/cargo-home" "-e" "RUSTUP_HOME=/opt/rustwide/rustup-home" "-e" "CARGO_TARGET_DIR=/opt/rustwide/target" "-e" "CARGO_INCREMENTAL=0" "-e" "RUST_BACKTRACE=full" "-e" "RUSTFLAGS=--cap-lints=warn" "-e" "RUSTDOCFLAGS=--cap-lints=warn" "-w" "/opt/rustwide/workdir" "--user" "0:0" "6560d1970c0987f34dd012abd544c0c53b0cb9974b4e5d7df2ff0e65b1d072d5" "/opt/rustwide/cargo-home/bin/cargo" "+1.100.0-beta.1" "test" "--frozen" "--no-run" "--message-format=json" "--release", kill_on_drop: false }`
[INFO] [stderr] warning: `package.homepage` is redundant with `package.repository`
[INFO] [stderr]    --> Cargo.toml:474:12
[INFO] [stderr]     |
[INFO] [stderr] 474 | homepage = "https://github.com/evnekdev/slatec-rs"
[INFO] [stderr]     |            ^^^^^^^^^^^^^^^^^^^^^^^^^^^^^^^^^^^^^^^
[INFO] [stderr] ...
[INFO] [stderr] 480 | repository = "https://github.com/evnekdev/slatec-rs"
[INFO] [stderr]     |              ---------------------------------------
[INFO] [stderr]     |
[INFO] [stderr]     = note: `cargo::redundant_homepage` is set to `warn` by default
[INFO] [stderr] help: consider removing `package.homepage`
[INFO] [stderr] warning: `slatec` (manifest) generated 1 warning
[INFO] [stderr]    Compiling slatec v0.1.0 (/opt/rustwide/workdir)
[INFO] [stderr] warning: unused dependency `slatec-core`
[INFO] [stderr]  --> Cargo.toml:6:15
[INFO] [stderr]   |
[INFO] [stderr] 6 | [dependencies.slatec-core]
[INFO] [stderr]   |               ^^^^^^^^^^^^
[INFO] [stderr]   |
[INFO] [stderr]   = note: `cargo::unused_dependencies` is set to `warn` by default
[INFO] [stderr] help: consider removing the dependency on `slatec-core`
[INFO] [stderr] warning: `slatec` (manifest) generated 1 warning
[INFO] [stderr]     Finished `release` profile [optimized] target(s) in 2.14s
[INFO] running `Command { std: "docker" "inspect" "6560d1970c0987f34dd012abd544c0c53b0cb9974b4e5d7df2ff0e65b1d072d5", kill_on_drop: false }`
[INFO] running `Command { std: "docker" "exec" "-e" "SOURCE_DIR=/opt/rustwide/workdir" "-e" "CARGO_HOME=/opt/rustwide/cargo-home" "-e" "RUSTUP_HOME=/opt/rustwide/rustup-home" "-e" "CARGO_TARGET_DIR=/opt/rustwide/target" "-e" "CARGO_INCREMENTAL=0" "-e" "RUST_BACKTRACE=full" "-e" "RUSTFLAGS=--cap-lints=warn" "-e" "RUSTDOCFLAGS=--cap-lints=warn" "-w" "/opt/rustwide/workdir" "--user" "0:0" "6560d1970c0987f34dd012abd544c0c53b0cb9974b4e5d7df2ff0e65b1d072d5" "/opt/rustwide/cargo-home/bin/cargo" "+1.100.0-beta.1" "test" "--frozen" "--release", kill_on_drop: false }`
[INFO] [stderr] warning: `package.homepage` is redundant with `package.repository`
[INFO] [stderr]    --> Cargo.toml:474:12
[INFO] [stderr]     |
[INFO] [stderr] 474 | homepage = "https://github.com/evnekdev/slatec-rs"
[INFO] [stderr]     |            ^^^^^^^^^^^^^^^^^^^^^^^^^^^^^^^^^^^^^^^
[INFO] [stderr] ...
[INFO] [stderr] 480 | repository = "https://github.com/evnekdev/slatec-rs"
[INFO] [stderr]     |              ---------------------------------------
[INFO] [stderr]     |
[INFO] [stderr]     = note: `cargo::redundant_homepage` is set to `warn` by default
[INFO] [stderr] help: consider removing `package.homepage`
[INFO] [stderr] warning: `slatec` (manifest) generated 1 warning
[INFO] [stderr] warning: unused dependency `slatec-core`
[INFO] [stderr]  --> Cargo.toml:6:15
[INFO] [stderr]   |
[INFO] [stderr] 6 | [dependencies.slatec-core]
[INFO] [stderr]   |               ^^^^^^^^^^^^
[INFO] [stderr]   |
[INFO] [stderr]   = note: `cargo::unused_dependencies` is set to `warn` by default
[INFO] [stderr] help: consider removing the dependency on `slatec-core`
[INFO] [stderr] warning: `slatec` (manifest) generated 1 warning
[INFO] [stderr]     Finished `release` profile [optimized] target(s) in 0.07s
[INFO] [stderr]      Running unittests src/lib.rs (/opt/rustwide/target/release/build/slatec/2dc13018f239329b/out/slatec-2dc13018f239329b)
[INFO] [stdout] 
[INFO] [stdout] running 0 tests
[INFO] [stdout] 
[INFO] [stdout] test result: ok. 0 passed; 0 failed; 0 ignored; 0 measured; 0 filtered out; finished in 0.00s
[INFO] [stdout] 
[INFO] [stderr]      Running tests/airy_native.rs (/opt/rustwide/target/release/build/slatec/72c50bbb9c8e954e/out/airy_native-72c50bbb9c8e954e)
[INFO] [stdout] 
[INFO] [stdout] running 0 tests
[INFO] [stdout] 
[INFO] [stdout] test result: ok. 0 passed; 0 failed; 0 ignored; 0 measured; 0 filtered out; finished in 0.00s
[INFO] [stdout] 
[INFO] [stderr]      Running tests/airy_raw_link.rs (/opt/rustwide/target/release/build/slatec/15416501ae660fd5/out/airy_raw_link-15416501ae660fd5)
[INFO] [stdout] 
[INFO] [stdout] running 0 tests
[INFO] [stdout] 
[INFO] [stdout] test result: ok. 0 passed; 0 failed; 0 ignored; 0 measured; 0 filtered out; finished in 0.00s
[INFO] [stdout] 
[INFO] [stderr]      Running tests/all_feature_raw_link.rs (/opt/rustwide/target/release/build/slatec/19a55370b4bb0ce3/out/all_feature_raw_link-19a55370b4bb0ce3)
[INFO] [stdout] 
[INFO] [stdout] running 0 tests
[INFO] [stdout] 
[INFO] [stdout] test result: ok. 0 passed; 0 failed; 0 ignored; 0 measured; 0 filtered out; finished in 0.00s
[INFO] [stdout] 
[INFO] [stderr]      Running tests/banded_native.rs (/opt/rustwide/target/release/build/slatec/85b6d93dddb231df/out/banded_native-85b6d93dddb231df)
[INFO] [stdout] 
[INFO] [stdout] running 0 tests
[INFO] [stdout] 
[INFO] [stdout] test result: ok. 0 passed; 0 failed; 0 ignored; 0 measured; 0 filtered out; finished in 0.00s
[INFO] [stdout] 
[INFO] [stderr]      Running tests/blas_level1_concurrency.rs (/opt/rustwide/target/release/build/slatec/300612260213e07d/out/blas_level1_concurrency-300612260213e07d)
[INFO] [stdout] 
[INFO] [stdout] running 0 tests
[INFO] [stdout] 
[INFO] [stdout] test result: ok. 0 passed; 0 failed; 0 ignored; 0 measured; 0 filtered out; finished in 0.00s
[INFO] [stdout] 
[INFO] [stderr]      Running tests/blas_level1_native.rs (/opt/rustwide/target/release/build/slatec/1bb413ee5c82822c/out/blas_level1_native-1bb413ee5c82822c)
[INFO] [stdout] 
[INFO] [stdout] running 0 tests
[INFO] [stdout] 
[INFO] [stdout] test result: ok. 0 passed; 0 failed; 0 ignored; 0 measured; 0 filtered out; finished in 0.00s
[INFO] [stdout] 
[INFO] [stderr]      Running tests/blas_level23_native.rs (/opt/rustwide/target/release/build/slatec/829d8540fb1adf75/out/blas_level23_native-829d8540fb1adf75)
[INFO] [stdout] 
[INFO] [stdout] running 0 tests
[INFO] [stdout] 
[INFO] [stdout] test result: ok. 0 passed; 0 failed; 0 ignored; 0 measured; 0 filtered out; finished in 0.00s
[INFO] [stdout] 
[INFO] [stderr]      Running tests/blas_raw_link.rs (/opt/rustwide/target/release/build/slatec/70835c3e997bebf6/out/blas_raw_link-70835c3e997bebf6)
[INFO] [stdout] 
[INFO] [stdout] running 0 tests
[INFO] [stdout] 
[INFO] [stdout] test result: ok. 0 passed; 0 failed; 0 ignored; 0 measured; 0 filtered out; finished in 0.00s
[INFO] [stdout] 
[INFO] [stderr]      Running tests/blas_raw_native.rs (/opt/rustwide/target/release/build/slatec/aa16760b7f1ba1e9/out/blas_raw_native-aa16760b7f1ba1e9)
[INFO] [stdout] 
[INFO] [stdout] running 0 tests
[INFO] [stdout] 
[INFO] [stdout] test result: ok. 0 passed; 0 failed; 0 ignored; 0 measured; 0 filtered out; finished in 0.00s
[INFO] [stdout] 
[INFO] [stderr]      Running tests/bounded_constrained_least_squares_native.rs (/opt/rustwide/target/release/build/slatec/7420fad55b7af9fc/out/bounded_constrained_least_squares_native-7420fad55b7af9fc)
[INFO] [stdout] 
[INFO] [stdout] running 0 tests
[INFO] [stdout] 
[INFO] [stdout] test result: ok. 0 passed; 0 failed; 0 ignored; 0 measured; 0 filtered out; finished in 0.00s
[INFO] [stdout] 
[INFO] [stderr]      Running tests/bounded_least_squares_native.rs (/opt/rustwide/target/release/build/slatec/18ea14f8864e5212/out/bounded_least_squares_native-18ea14f8864e5212)
[INFO] [stdout] 
[INFO] [stdout] running 0 tests
[INFO] [stdout] 
[INFO] [stdout] test result: ok. 0 passed; 0 failed; 0 ignored; 0 measured; 0 filtered out; finished in 0.00s
[INFO] [stdout] 
[INFO] [stderr]      Running tests/bspline_native.rs (/opt/rustwide/target/release/build/slatec/eb2db08d5c12b1fc/out/bspline_native-eb2db08d5c12b1fc)
[INFO] [stdout] 
[INFO] [stdout] running 0 tests
[INFO] [stdout] 
[INFO] [stdout] test result: ok. 0 passed; 0 failed; 0 ignored; 0 measured; 0 filtered out; finished in 0.00s
[INFO] [stdout] 
[INFO] [stderr]      Running tests/constrained_least_squares_native.rs (/opt/rustwide/target/release/build/slatec/f4de9e144c56377a/out/constrained_least_squares_native-f4de9e144c56377a)
[INFO] [stdout] 
[INFO] [stdout] running 0 tests
[INFO] [stdout] 
[INFO] [stdout] test result: ok. 0 passed; 0 failed; 0 ignored; 0 measured; 0 filtered out; finished in 0.00s
[INFO] [stdout] 
[INFO] [stdout] 
[INFO] [stdout] running 0 tests
[INFO] [stdout] 
[INFO] [stdout] test result: ok. 0 passed; 0 failed; 0 ignored; 0 measured; 0 filtered out; finished in 0.00s
[INFO] [stdout] 
[INFO] [stderr]      Running tests/covariance_native.rs (/opt/rustwide/target/release/build/slatec/ea627caf7d0695d5/out/covariance_native-ea627caf7d0695d5)
[INFO] [stderr]      Running tests/dassl_native.rs (/opt/rustwide/target/release/build/slatec/23684135bc0ce6c0/out/dassl_native-23684135bc0ce6c0)
[INFO] [stderr]      Running tests/fftpack_complex_native.rs (/opt/rustwide/target/release/build/slatec/dfa17676426ad48b/out/fftpack_complex_native-dfa17676426ad48b)
[INFO] [stdout] 
[INFO] [stdout] running 0 tests
[INFO] [stdout] 
[INFO] [stdout] test result: ok. 0 passed; 0 failed; 0 ignored; 0 measured; 0 filtered out; finished in 0.00s
[INFO] [stdout] 
[INFO] [stdout] 
[INFO] [stdout] running 0 tests
[INFO] [stdout] 
[INFO] [stdout] test result: ok. 0 passed; 0 failed; 0 ignored; 0 measured; 0 filtered out; finished in 0.00s
[INFO] [stdout] 
[INFO] [stderr]      Running tests/fftpack_native.rs (/opt/rustwide/target/release/build/slatec/77100d402d85377f/out/fftpack_native-77100d402d85377f)
[INFO] [stdout] 
[INFO] [stdout] running 0 tests
[INFO] [stdout] 
[INFO] [stdout] test result: ok. 0 passed; 0 failed; 0 ignored; 0 measured; 0 filtered out; finished in 0.00s
[INFO] [stdout] 
[INFO] [stderr]      Running tests/fishpack_cartesian_2d_native.rs (/opt/rustwide/target/release/build/slatec/045c7fb2f8f4c638/out/fishpack_cartesian_2d_native-045c7fb2f8f4c638)
[INFO] [stdout] 
[INFO] [stdout] running 0 tests
[INFO] [stdout] 
[INFO] [stdout] test result: ok. 0 passed; 0 failed; 0 ignored; 0 measured; 0 filtered out; finished in 0.00s
[INFO] [stdout] 
[INFO] [stderr]      Running tests/fishpack_pois3d_native.rs (/opt/rustwide/target/release/build/slatec/07bd6ebbe4ad3052/out/fishpack_pois3d_native-07bd6ebbe4ad3052)
[INFO] [stdout] 
[INFO] [stdout] running 0 tests
[INFO] [stdout] 
[INFO] [stdout] test result: ok. 0 passed; 0 failed; 0 ignored; 0 measured; 0 filtered out; finished in 0.00s
[INFO] [stdout] 
[INFO] [stdout] 
[INFO] [stdout] running 0 tests
[INFO] [stdout] 
[INFO] [stdout] test result: ok. 0 passed; 0 failed; 0 ignored; 0 measured; 0 filtered out; finished in 0.00s
[INFO] [stdout] 
[INFO] [stderr]      Running tests/least_squares_native.rs (/opt/rustwide/target/release/build/slatec/fa742f96d404f057/out/least_squares_native-fa742f96d404f057)
[INFO] [stderr]      Running tests/linear_programming_native.rs (/opt/rustwide/target/release/build/slatec/72ed9662a6077ca7/out/linear_programming_native-72ed9662a6077ca7)
[INFO] [stdout] 
[INFO] [stdout] running 0 tests
[INFO] [stdout] 
[INFO] [stdout] test result: ok. 0 passed; 0 failed; 0 ignored; 0 measured; 0 filtered out; finished in 0.00s
[INFO] [stdout] 
[INFO] [stderr]      Running tests/native_serialization.rs (/opt/rustwide/target/release/build/slatec/d81e580dbef4d0df/out/native_serialization-d81e580dbef4d0df)
[INFO] [stdout] 
[INFO] [stdout] running 0 tests
[INFO] [stdout] 
[INFO] [stdout] test result: ok. 0 passed; 0 failed; 0 ignored; 0 measured; 0 filtered out; finished in 0.00s
[INFO] [stdout] 
[INFO] [stderr]      Running tests/nonlinear_expert_native.rs (/opt/rustwide/target/release/build/slatec/722f579b6c11a292/out/nonlinear_expert_native-722f579b6c11a292)
[INFO] [stdout] 
[INFO] [stdout] running 0 tests
[INFO] [stdout] 
[INFO] [stdout] test result: ok. 0 passed; 0 failed; 0 ignored; 0 measured; 0 filtered out; finished in 0.00s
[INFO] [stdout] 
[INFO] [stderr]      Running tests/nonlinear_native.rs (/opt/rustwide/target/release/build/slatec/726ad846141189c9/out/nonlinear_native-726ad846141189c9)
[INFO] [stdout] 
[INFO] [stdout] running 0 tests
[INFO] [stdout] 
[INFO] [stdout] test result: ok. 0 passed; 0 failed; 0 ignored; 0 measured; 0 filtered out; finished in 0.00s
[INFO] [stdout] 
[INFO] [stderr]      Running tests/nonnegative_least_squares_native.rs (/opt/rustwide/target/release/build/slatec/d6e12564feb969d4/out/nonnegative_least_squares_native-d6e12564feb969d4)
[INFO] [stdout] 
[INFO] [stdout] running 0 tests
[INFO] [stdout] 
[INFO] [stdout] test result: ok. 0 passed; 0 failed; 0 ignored; 0 measured; 0 filtered out; finished in 0.00s
[INFO] [stdout] 
[INFO] [stderr]      Running tests/ode_sdrive_native.rs (/opt/rustwide/target/release/build/slatec/1559e5334c41b66a/out/ode_sdrive_native-1559e5334c41b66a)
[INFO] [stderr]      Running tests/pchip_native.rs (/opt/rustwide/target/release/build/slatec/9865c5e62dc51167/out/pchip_native-9865c5e62dc51167)
[INFO] [stdout] 
[INFO] [stdout] running 0 tests
[INFO] [stdout] 
[INFO] [stdout] test result: ok. 0 passed; 0 failed; 0 ignored; 0 measured; 0 filtered out; finished in 0.00s
[INFO] [stdout] 
[INFO] [stdout] 
[INFO] [stdout] running 0 tests
[INFO] [stdout] 
[INFO] [stdout] test result: ok. 0 passed; 0 failed; 0 ignored; 0 measured; 0 filtered out; finished in 0.00s
[INFO] [stdout] 
[INFO] [stderr]      Running tests/piecewise_polynomial_native.rs (/opt/rustwide/target/release/build/slatec/f524c551d0e0cd30/out/piecewise_polynomial_native-f524c551d0e0cd30)
[INFO] [stdout] 
[INFO] [stderr]      Running tests/public_module_layout.rs (/opt/rustwide/target/release/build/slatec/0583f33f637dfb6e/out/public_module_layout-0583f33f637dfb6e)
[INFO] [stdout] running 0 tests
[INFO] [stdout] 
[INFO] [stdout] test result: ok. 0 passed; 0 failed; 0 ignored; 0 measured; 0 filtered out; finished in 0.00s
[INFO] [stdout] 
[INFO] [stderr]      Running tests/quadrature_native.rs (/opt/rustwide/target/release/build/slatec/64d0c2d9ac3a1c5b/out/quadrature_native-64d0c2d9ac3a1c5b)
[INFO] [stdout] 
[INFO] [stdout] running 1 test
[INFO] [stdout] test permanent_structural_domains_are_visible_without_numerical_features ... ok
[INFO] [stdout] 
[INFO] [stdout] test result: ok. 1 passed; 0 failed; 0 ignored; 0 measured; 0 filtered out; finished in 0.00s
[INFO] [stdout] 
[INFO] [stdout] 
[INFO] [stdout] running 0 tests
[INFO] [stdout] 
[INFO] [stdout] test result: ok. 0 passed; 0 failed; 0 ignored; 0 measured; 0 filtered out; finished in 0.00s
[INFO] [stdout] 
[INFO] [stderr]      Running tests/raw_batch_a_link_01.rs (/opt/rustwide/target/release/build/slatec/14777194f941e2a3/out/raw_batch_a_link_01-14777194f941e2a3)
[INFO] [stderr]      Running tests/raw_batch_a_link_02.rs (/opt/rustwide/target/release/build/slatec/2ce9fcb0220b6f6b/out/raw_batch_a_link_02-2ce9fcb0220b6f6b)
[INFO] [stdout] 
[INFO] [stdout] running 0 tests
[INFO] [stdout] 
[INFO] [stdout] test result: ok. 0 passed; 0 failed; 0 ignored; 0 measured; 0 filtered out; finished in 0.00s
[INFO] [stdout] 
[INFO] [stdout] 
[INFO] [stderr]      Running tests/raw_batch_a_link_03.rs (/opt/rustwide/target/release/build/slatec/5176bc20e2395996/out/raw_batch_a_link_03-5176bc20e2395996)
[INFO] [stdout] running 0 tests
[INFO] [stdout] 
[INFO] [stdout] test result: ok. 0 passed; 0 failed; 0 ignored; 0 measured; 0 filtered out; finished in 0.00s
[INFO] [stdout] 
[INFO] [stdout] 
[INFO] [stdout] running 0 tests
[INFO] [stdout] 
[INFO] [stdout] test result: ok. 0 passed; 0 failed; 0 ignored; 0 measured; 0 filtered out; finished in 0.00s
[INFO] [stdout] 
[INFO] [stderr]      Running tests/raw_batch_a_link_04.rs (/opt/rustwide/target/release/build/slatec/b7dba9c3f74346dd/out/raw_batch_a_link_04-b7dba9c3f74346dd)
[INFO] [stderr]      Running tests/raw_batch_a_link_05.rs (/opt/rustwide/target/release/build/slatec/a26cea8bc647ea21/out/raw_batch_a_link_05-a26cea8bc647ea21)
[INFO] [stdout] 
[INFO] [stdout] running 0 tests
[INFO] [stdout] 
[INFO] [stdout] test result: ok. 0 passed; 0 failed; 0 ignored; 0 measured; 0 filtered out; finished in 0.00s
[INFO] [stdout] 
[INFO] [stdout] 
[INFO] [stdout] running 0 tests
[INFO] [stdout] 
[INFO] [stderr]      Running tests/raw_batch_a_native.rs (/opt/rustwide/target/release/build/slatec/568c47396f26fef4/out/raw_batch_a_native-568c47396f26fef4)
[INFO] [stdout] test result: ok. 0 passed; 0 failed; 0 ignored; 0 measured; 0 filtered out; finished in 0.00s
[INFO] [stdout] 
[INFO] [stdout] 
[INFO] [stdout] running 0 tests
[INFO] [stdout] 
[INFO] [stderr]      Running tests/raw_batch_b_link_01.rs (/opt/rustwide/target/release/build/slatec/a4e2285ea5fd6a8a/out/raw_batch_b_link_01-a4e2285ea5fd6a8a)
[INFO] [stdout] test result: ok. 0 passed; 0 failed; 0 ignored; 0 measured; 0 filtered out; finished in 0.00s
[INFO] [stdout] 
[INFO] [stdout] 
[INFO] [stderr]      Running tests/raw_batch_b_native.rs (/opt/rustwide/target/release/build/slatec/885fea735e3e41f0/out/raw_batch_b_native-885fea735e3e41f0)
[INFO] [stdout] running 0 tests
[INFO] [stdout] 
[INFO] [stdout] test result: ok. 0 passed; 0 failed; 0 ignored; 0 measured; 0 filtered out; finished in 0.00s
[INFO] [stdout] 
[INFO] [stderr]      Running tests/raw_batch_c_link_01.rs (/opt/rustwide/target/release/build/slatec/b645870141fc17c0/out/raw_batch_c_link_01-b645870141fc17c0)
[INFO] [stdout] 
[INFO] [stdout] running 0 tests
[INFO] [stdout] 
[INFO] [stdout] test result: ok. 0 passed; 0 failed; 0 ignored; 0 measured; 0 filtered out; finished in 0.00s
[INFO] [stdout] 
[INFO] [stdout] 
[INFO] [stdout] running 0 tests
[INFO] [stdout] 
[INFO] [stdout] test result: ok. 0 passed; 0 failed; 0 ignored; 0 measured; 0 filtered out; finished in 0.00s
[INFO] [stdout] 
[INFO] [stderr]      Running tests/raw_batch_c_link_02.rs (/opt/rustwide/target/release/build/slatec/0863903a0a13ba94/out/raw_batch_c_link_02-0863903a0a13ba94)
[INFO] [stdout] 
[INFO] [stderr]      Running tests/raw_batch_c_native.rs (/opt/rustwide/target/release/build/slatec/3e61ef8682e129b5/out/raw_batch_c_native-3e61ef8682e129b5)
[INFO] [stdout] running 0 tests
[INFO] [stdout] 
[INFO] [stdout] test result: ok. 0 passed; 0 failed; 0 ignored; 0 measured; 0 filtered out; finished in 0.00s
[INFO] [stdout] 
[INFO] [stderr]      Running tests/raw_batch_d_link.rs (/opt/rustwide/target/release/build/slatec/4b8da0c2b9350568/out/raw_batch_d_link-4b8da0c2b9350568)
[INFO] [stdout] 
[INFO] [stdout] running 0 tests
[INFO] [stdout] 
[INFO] [stdout] test result: ok. 0 passed; 0 failed; 0 ignored; 0 measured; 0 filtered out; finished in 0.00s
[INFO] [stdout] 
[INFO] [stdout] 
[INFO] [stdout] running 0 tests
[INFO] [stdout] 
[INFO] [stdout] test result: ok. 0 passed; 0 failed; 0 ignored; 0 measured; 0 filtered out; finished in 0.00s
[INFO] [stdout] 
[INFO] [stderr]      Running tests/roots_native.rs (/opt/rustwide/target/release/build/slatec/f0b596d6e94329a6/out/roots_native-f0b596d6e94329a6)
[INFO] [stdout] 
[INFO] [stderr]      Running tests/safe_api_metadata.rs (/opt/rustwide/target/release/build/slatec/f83e89d1d4289e77/out/safe_api_metadata-f83e89d1d4289e77)
[INFO] [stdout] running 0 tests
[INFO] [stdout] 
[INFO] [stdout] test result: ok. 0 passed; 0 failed; 0 ignored; 0 measured; 0 filtered out; finished in 0.00s
[INFO] [stdout] 
[INFO] [stdout] 
[INFO] [stdout] running 2 tests
[INFO] [stdout] test safe_api_metadata_is_compact_and_contains_no_source_text ... FAILED
[INFO] [stdout] test family_linkage_metadata_is_compact_and_contains_no_native_bytes ... FAILED
[INFO] [stdout] 
[INFO] [stdout] failures:
[INFO] [stdout] 
[INFO] [stdout] ---- safe_api_metadata_is_compact_and_contains_no_source_text stdout ----
[INFO] [stdout] 
[INFO] [stdout] thread 'safe_api_metadata_is_compact_and_contains_no_source_text' (1925) panicked at tests/safe_api_metadata.rs:56:59:
[INFO] [stdout] committed safe API metadata: Os { code: 2, kind: NotFound, message: "No such file or directory" }
[INFO] [stdout] stack backtrace:
[INFO] [stdout]    0:     0x5aa6c4cdabc1 - <<std[617be2ca0a6fd877]::sys::backtrace::BacktraceLock>::print::DisplayBacktrace as core[a373ad73a504971]::fmt::Display>::fmt
[INFO] [stdout]    1:     0x5aa6c4ceeaba - core[a373ad73a504971]::fmt::write
[INFO] [stdout]    2:     0x5aa6c4cdeddc - <alloc[2e1b2a31b91974c5]::vec::Vec<u8> as core[a373ad73a504971]::io::write::Write>::write_fmt
[INFO] [stdout]    3:     0x5aa6c4cb6b86 - std[617be2ca0a6fd877]::panicking::default_hook::{closure#0}
[INFO] [stdout]    4:     0x5aa6c4cd2f49 - std[617be2ca0a6fd877]::panicking::default_hook
[INFO] [stdout]    5:     0x5aa6c4c6ef10 - test[aada8e7e76ba119b]::test_main_inner::{closure#0}
[INFO] [stdout]    6:     0x5aa6c4cd3102 - std[617be2ca0a6fd877]::panicking::panic_with_hook
[INFO] [stdout]    7:     0x5aa6c4cb6c32 - std[617be2ca0a6fd877]::panicking::panic_handler::{closure#0}
[INFO] [stdout]    8:     0x5aa6c4caf7b9 - std[617be2ca0a6fd877]::sys::backtrace::__rust_end_short_backtrace::<std[617be2ca0a6fd877]::panicking::panic_handler::{closure#0}, !>
[INFO] [stdout]    9:     0x5aa6c4cb783d - __rustc[ea4f61d10b84890b]::rust_begin_unwind
[INFO] [stdout]   10:     0x5aa6c4cef1ec - core[a373ad73a504971]::panicking::panic_fmt
[INFO] [stdout]   11:     0x5aa6c4ceefc2 - core[a373ad73a504971]::result::unwrap_failed
[INFO] [stdout]   12:     0x5aa6c4c61dd4 - <safe_api_metadata[f498d05fd060aea1]::safe_api_metadata_is_compact_and_contains_no_source_text::{closure#0} as core[a373ad73a504971]::ops::function::FnOnce<()>>::call_once
[INFO] [stdout]   13:     0x5aa6c4c6235b - test[aada8e7e76ba119b]::__rust_begin_short_backtrace::<core[a373ad73a504971]::result::Result<(), alloc[2e1b2a31b91974c5]::string::String>, fn() -> core[a373ad73a504971]::result::Result<(), alloc[2e1b2a31b91974c5]::string::String>>
[INFO] [stdout]   14:     0x5aa6c4c6f535 - test[aada8e7e76ba119b]::run_test::{closure#0}
[INFO] [stdout]   15:     0x5aa6c4c68e24 - std[617be2ca0a6fd877]::sys::backtrace::__rust_begin_short_backtrace::<test[aada8e7e76ba119b]::run_test::{closure#1}, ()>
[INFO] [stdout]   16:     0x5aa6c4c725c2 - <std[617be2ca0a6fd877]::thread::lifecycle::spawn_unchecked<test[aada8e7e76ba119b]::run_test::{closure#1}, ()>::{closure#1} as core[a373ad73a504971]::ops::function::FnOnce<()>>::call_once::{shim:vtable#0}
[INFO] [stdout]   17:     0x5aa6c4cda10f - <std[617be2ca0a6fd877]::sys::thread::unix::Thread>::new::thread_start
[INFO] [stdout]   18:     0x7df8f6de9dfa - <unknown>
[INFO] [stdout]   19:     0x7df8f6e7d3d4 - clone
[INFO] [stdout]   20:                0x0 - <unknown>
[INFO] [stdout] 
[INFO] [stdout] ---- family_linkage_metadata_is_compact_and_contains_no_native_bytes stdout ----
[INFO] [stdout] 
[INFO] [stdout] thread 'family_linkage_metadata_is_compact_and_contains_no_native_bytes' (1924) panicked at tests/safe_api_metadata.rs:98:58:
[INFO] [stdout] committed linkage metadata: Os { code: 2, kind: NotFound, message: "No such file or directory" }
[INFO] [stdout] stack backtrace:
[INFO] [stdout]    0:     0x5aa6c4cdabc1 - <<std[617be2ca0a6fd877]::sys::backtrace::BacktraceLock>::print::DisplayBacktrace as core[a373ad73a504971]::fmt::Display>::fmt
[INFO] [stdout]    1:     0x5aa6c4ceeaba - core[a373ad73a504971]::fmt::write
[INFO] [stdout]    2:     0x5aa6c4cdeddc - <alloc[2e1b2a31b91974c5]::vec::Vec<u8> as core[a373ad73a504971]::io::write::Write>::write_fmt
[INFO] [stdout]    3:     0x5aa6c4cb6b86 - std[617be2ca0a6fd877]::panicking::default_hook::{closure#0}
[INFO] [stdout]    4:     0x5aa6c4cd2f49 - std[617be2ca0a6fd877]::panicking::default_hook
[INFO] [stdout]    5:     0x5aa6c4c6ef10 - test[aada8e7e76ba119b]::test_main_inner::{closure#0}
[INFO] [stdout]    6:     0x5aa6c4cd3102 - std[617be2ca0a6fd877]::panicking::panic_with_hook
[INFO] [stdout]    7:     0x5aa6c4cb6c32 - std[617be2ca0a6fd877]::panicking::panic_handler::{closure#0}
[INFO] [stdout]    8:     0x5aa6c4caf7b9 - std[617be2ca0a6fd877]::sys::backtrace::__rust_end_short_backtrace::<std[617be2ca0a6fd877]::panicking::panic_handler::{closure#0}, !>
[INFO] [stdout]    9:     0x5aa6c4cb783d - __rustc[ea4f61d10b84890b]::rust_begin_unwind
[INFO] [stdout]   10:     0x5aa6c4cef1ec - core[a373ad73a504971]::panicking::panic_fmt
[INFO] [stdout]   11:     0x5aa6c4ceefc2 - core[a373ad73a504971]::result::unwrap_failed
[INFO] [stdout]   12:     0x5aa6c4c6223c - <safe_api_metadata[f498d05fd060aea1]::family_linkage_metadata_is_compact_and_contains_no_native_bytes::{closure#0} as core[a373ad73a504971]::ops::function::FnOnce<()>>::call_once
[INFO] [stdout]   13:     0x5aa6c4c6235b - test[aada8e7e76ba119b]::__rust_begin_short_backtrace::<core[a373ad73a504971]::result::Result<(), alloc[2e1b2a31b91974c5]::string::String>, fn() -> core[a373ad73a504971]::result::Result<(), alloc[2e1b2a31b91974c5]::string::String>>
[INFO] [stdout]   14:     0x5aa6c4c6f535 - test[aada8e7e76ba119b]::run_test::{closure#0}
[INFO] [stdout]   15:     0x5aa6c4c68e24 - std[617be2ca0a6fd877]::sys::backtrace::__rust_begin_short_backtrace::<test[aada8e7e76ba119b]::run_test::{closure#1}, ()>
[INFO] [stdout]   16:     0x5aa6c4c725c2 - <std[617be2ca0a6fd877]::thread::lifecycle::spawn_unchecked<test[aada8e7e76ba119b]::run_test::{closure#1}, ()>::{closure#1} as core[a373ad73a504971]::ops::function::FnOnce<()>>::call_once::{shim:vtable#0}
[INFO] [stdout]   17:     0x5aa6c4cda10f - <std[617be2ca0a6fd877]::sys::thread::unix::Thread>::new::thread_start
[INFO] [stdout]   18:     0x7df8f6de9dfa - <unknown>
[INFO] [stdout]   19:     0x7df8f6e7d3d4 - clone
[INFO] [stdout]   20:                0x0 - <unknown>
[INFO] [stdout] 
[INFO] [stdout] 
[INFO] [stdout] failures:
[INFO] [stdout]     family_linkage_metadata_is_compact_and_contains_no_native_bytes
[INFO] [stdout]     safe_api_metadata_is_compact_and_contains_no_source_text
[INFO] [stdout] 
[INFO] [stdout] test result: FAILED. 0 passed; 2 failed; 0 ignored; 0 measured; 0 filtered out; finished in 0.00s
[INFO] [stdout] 
[INFO] [stderr] error: test failed, to rerun pass `--test safe_api_metadata`
[INFO] running `Command { std: "docker" "inspect" "6560d1970c0987f34dd012abd544c0c53b0cb9974b4e5d7df2ff0e65b1d072d5", kill_on_drop: false }`
[INFO] running `Command { std: "docker" "rm" "-f" "6560d1970c0987f34dd012abd544c0c53b0cb9974b4e5d7df2ff0e65b1d072d5", kill_on_drop: false }`
[INFO] [stdout] 6560d1970c0987f34dd012abd544c0c53b0cb9974b4e5d7df2ff0e65b1d072d5
