[INFO] fetching crate slate-reactive 1.0.1...
[INFO] testing slate-reactive-1.0.1 against 1.100.0-beta.1+cargoflags=--release for beta-release-1.100-2
[INFO] extracting crate slate-reactive 1.0.1 into /workspace/builds/worker-2-tc2/source
[INFO] started tweaking crates.io crate slate-reactive 1.0.1
[INFO] removed 0 missing tests
[INFO] finished tweaking crates.io crate slate-reactive 1.0.1
[INFO] tweaked toml for crates.io crate slate-reactive 1.0.1 written to /workspace/builds/worker-2-tc2/source/Cargo.toml
[INFO] validating manifest of crates.io crate slate-reactive 1.0.1 on toolchain 1.100.0-beta.1
[INFO] running `Command { std: CARGO_HOME="/workspace/cargo-home" RUSTUP_HOME="/workspace/rustup-home" "/workspace/cargo-home/bin/cargo" "+1.100.0-beta.1" "metadata" "--manifest-path" "Cargo.toml" "--no-deps", kill_on_drop: false }`
[INFO] crate crates.io crate slate-reactive 1.0.1 already has a lockfile, it will not be regenerated
[INFO] running `Command { std: CARGO_HOME="/workspace/cargo-home" RUSTUP_HOME="/workspace/rustup-home" "/workspace/cargo-home/bin/cargo" "+1.100.0-beta.1" "fetch" "--manifest-path" "Cargo.toml", kill_on_drop: false }`
[INFO] running `Command { std: "docker" "create" "-v" "/var/lib/crater-agent-workspace/builds/worker-2-tc2/source:/opt/rustwide/workdir:ro,Z" "-v" "/var/lib/crater-agent-workspace/builds/worker-2-tc2/target:/opt/rustwide/target:rw,Z" "-v" "/var/lib/crater-agent-workspace/cargo-home:/opt/rustwide/cargo-home:ro,Z" "-v" "/var/lib/crater-agent-workspace/rustup-home:/opt/rustwide/rustup-home:ro,Z" "-m" "1610612736" "--network" "none" "ghcr.io/rust-lang/crates-build-env/linux@sha256:77db811e55d90add9212f6832c23229e3de5f1c1f9905e8cb07319ea15df73ac" "sleep" "infinity", kill_on_drop: false }`
[INFO] [stdout] 886f1a78a59a0d0c5f78922a436214224a3f261e2aae1704344832edc1c0f3c7
[INFO] running `Command { std: "docker" "start" "886f1a78a59a0d0c5f78922a436214224a3f261e2aae1704344832edc1c0f3c7", kill_on_drop: false }`
[INFO] running `Command { std: "docker" "inspect" "886f1a78a59a0d0c5f78922a436214224a3f261e2aae1704344832edc1c0f3c7", kill_on_drop: false }`
[INFO] running `Command { std: "docker" "exec" "-e" "SOURCE_DIR=/opt/rustwide/workdir" "-e" "CARGO_HOME=/opt/rustwide/cargo-home" "-e" "RUSTUP_HOME=/opt/rustwide/rustup-home" "-e" "CARGO_TARGET_DIR=/opt/rustwide/target" "-w" "/opt/rustwide/workdir" "--user" "0:0" "886f1a78a59a0d0c5f78922a436214224a3f261e2aae1704344832edc1c0f3c7" "/opt/rustwide/cargo-home/bin/cargo" "+1.100.0-beta.1" "metadata" "--no-deps" "--format-version=1", kill_on_drop: false }`
[INFO] running `Command { std: "docker" "inspect" "886f1a78a59a0d0c5f78922a436214224a3f261e2aae1704344832edc1c0f3c7", kill_on_drop: false }`
[INFO] running `Command { std: "docker" "exec" "-e" "SOURCE_DIR=/opt/rustwide/workdir" "-e" "CARGO_HOME=/opt/rustwide/cargo-home" "-e" "RUSTUP_HOME=/opt/rustwide/rustup-home" "-e" "CARGO_TARGET_DIR=/opt/rustwide/target" "-e" "CARGO_INCREMENTAL=0" "-e" "RUST_BACKTRACE=full" "-e" "RUSTFLAGS=--cap-lints=warn" "-e" "RUSTDOCFLAGS=--cap-lints=warn" "-w" "/opt/rustwide/workdir" "--user" "0:0" "886f1a78a59a0d0c5f78922a436214224a3f261e2aae1704344832edc1c0f3c7" "/opt/rustwide/cargo-home/bin/cargo" "+1.100.0-beta.1" "build" "--frozen" "--message-format=json" "--release", kill_on_drop: false }`
[INFO] [stderr]    Compiling parking_lot_core v0.9.12
[INFO] [stderr]    Compiling parking_lot v0.12.5
[INFO] [stderr]    Compiling slate-reactive v1.0.1 (/opt/rustwide/workdir)
[INFO] [stderr]     Finished `release` profile [optimized] target(s) in 1.33s
[INFO] running `Command { std: "docker" "inspect" "886f1a78a59a0d0c5f78922a436214224a3f261e2aae1704344832edc1c0f3c7", kill_on_drop: false }`
[INFO] running `Command { std: "docker" "exec" "-e" "SOURCE_DIR=/opt/rustwide/workdir" "-e" "CARGO_HOME=/opt/rustwide/cargo-home" "-e" "RUSTUP_HOME=/opt/rustwide/rustup-home" "-e" "CARGO_TARGET_DIR=/opt/rustwide/target" "-e" "CARGO_INCREMENTAL=0" "-e" "RUST_BACKTRACE=full" "-e" "RUSTFLAGS=--cap-lints=warn" "-e" "RUSTDOCFLAGS=--cap-lints=warn" "-w" "/opt/rustwide/workdir" "--user" "0:0" "886f1a78a59a0d0c5f78922a436214224a3f261e2aae1704344832edc1c0f3c7" "/opt/rustwide/cargo-home/bin/cargo" "+1.100.0-beta.1" "test" "--frozen" "--no-run" "--message-format=json" "--release", kill_on_drop: false }`
[INFO] [stderr]    Compiling winnow v1.0.2
[INFO] [stderr]    Compiling target-triple v1.0.0
[INFO] [stderr]    Compiling toml_writer v1.1.1+spec-1.1.0
[INFO] [stderr]    Compiling glob v0.3.3
[INFO] [stderr]    Compiling toml_datetime v1.1.1+spec-1.1.0
[INFO] [stderr]    Compiling serde_spanned v1.1.1
[INFO] [stderr]    Compiling serde v1.0.228
[INFO] [stderr]    Compiling serde_json v1.0.149
[INFO] [stderr]    Compiling toml_parser v1.1.2+spec-1.1.0
[INFO] [stderr]    Compiling toml v1.1.2+spec-1.1.0
[INFO] [stderr]    Compiling trybuild v1.0.116
[INFO] [stderr]    Compiling slate-reactive v1.0.1 (/opt/rustwide/workdir)
[INFO] [stderr]     Finished `release` profile [optimized] target(s) in 16.57s
[INFO] running `Command { std: "docker" "inspect" "886f1a78a59a0d0c5f78922a436214224a3f261e2aae1704344832edc1c0f3c7", kill_on_drop: false }`
[INFO] running `Command { std: "docker" "exec" "-e" "SOURCE_DIR=/opt/rustwide/workdir" "-e" "CARGO_HOME=/opt/rustwide/cargo-home" "-e" "RUSTUP_HOME=/opt/rustwide/rustup-home" "-e" "CARGO_TARGET_DIR=/opt/rustwide/target" "-e" "CARGO_INCREMENTAL=0" "-e" "RUST_BACKTRACE=full" "-e" "RUSTFLAGS=--cap-lints=warn" "-e" "RUSTDOCFLAGS=--cap-lints=warn" "-w" "/opt/rustwide/workdir" "--user" "0:0" "886f1a78a59a0d0c5f78922a436214224a3f261e2aae1704344832edc1c0f3c7" "/opt/rustwide/cargo-home/bin/cargo" "+1.100.0-beta.1" "test" "--frozen" "--release", kill_on_drop: false }`
[INFO] [stderr]     Finished `release` profile [optimized] target(s) in 0.08s
[INFO] [stderr]      Running unittests src/lib.rs (/opt/rustwide/target/release/build/slate-reactive/c37fbbf3281bdae0/out/slate_reactive-c37fbbf3281bdae0)
[INFO] [stdout] 
[INFO] [stdout] running 25 tests
[INFO] [stdout] test effect::tests::effect_with_owner ... ok
[INFO] [stdout] test ids::tests::ids_are_send_sync ... ok
[INFO] [stdout] test memo::tests::basic_memo ... ok
[INFO] [stdout] test ids::tests::ids_are_copy ... ok
[INFO] [stdout] test memo::tests::memo_caches_result ... ok
[INFO] [stdout] test effect::tests::effect_runs_on_creation ... ok
[INFO] [stdout] test effect::tests::effect_not_send ... ok
[INFO] [stdout] test observer::tests::nested_observers ... ok
[INFO] [stdout] test memo::tests::memo_recomputes_when_stale ... ok
[INFO] [stdout] test owner::tests::nested_owners ... ok
[INFO] [stdout] test signal::tests::clone_shares_inner ... ok
[INFO] [stdout] test signal::tests::signal_send_sync ... ok
[INFO] [stdout] test signal::tests::subscription_tracking ... ok
[INFO] [stdout] test observer::tests::panic_safety ... ok
[INFO] [stdout] test owner::tests::owner_scope_entry_exit ... ok
[INFO] [stdout] test owner::tests::panic_safety ... ok
[INFO] [stdout] test runtime::tests::dirty_coalescing ... ok
[INFO] [stdout] test signal::tests::try_get_returns_some_inside_scope ... ok
[INFO] [stdout] test runtime::tests::next_ids_increment ... ok
[INFO] [stdout] test observer::tests::stack_depth ... ok
[INFO] [stdout] test signal::tests::try_get_returns_none_outside_scope ... ok
[INFO] [stdout] test runtime::tests::runtime_send_sync ... ok
[INFO] [stdout] test signal::tests::update_in_place ... ok
[INFO] [stderr]      Running tests/cross_thread_set.rs (/opt/rustwide/target/release/build/slate-reactive/d76fb484db96593a/out/cross_thread_set-d76fb484db96593a)
[INFO] [stdout] test signal::tests::basic_get_set ... ok
[INFO] [stdout] test memo::tests::memo_send_sync ... ok
[INFO] [stdout] 
[INFO] [stdout] test result: ok. 25 passed; 0 failed; 0 ignored; 0 measured; 0 filtered out; finished in 0.01s
[INFO] [stdout] 
[INFO] [stdout] 
[INFO] [stdout] running 4 tests
[INFO] [stdout] test set_from_background_triggers_redraw ... ok
[INFO] [stdout] test concurrent_get_and_set ... ok
[INFO] [stdout] test ten_threads_thousand_sets ... ok
[INFO] [stdout] test no_deadlock_under_contention ... ok
[INFO] [stdout] 
[INFO] [stdout] test result: ok. 4 passed; 0 failed; 0 ignored; 0 measured; 0 filtered out; finished in 0.02s
[INFO] [stdout] 
[INFO] [stderr]      Running tests/effect_drain.rs (/opt/rustwide/target/release/build/slate-reactive/273a0b89c1292f14/out/effect_drain-273a0b89c1292f14)
[INFO] [stdout] 
[INFO] [stdout] running 3 tests
[INFO] [stdout] test effect_rerun_after_signal_set_and_drain ... ok
[INFO] [stdout] test effect_runs_on_creation ... ok
[INFO] [stdout] test multiple_effects_all_run ... ok
[INFO] [stdout] 
[INFO] [stdout] test result: ok. 3 passed; 0 failed; 0 ignored; 0 measured; 0 filtered out; finished in 0.00s
[INFO] [stdout] 
[INFO] [stderr]      Running tests/memo_caching.rs (/opt/rustwide/target/release/build/slate-reactive/e512c9e62619db47/out/memo_caching-e512c9e62619db47)
[INFO] [stdout] 
[INFO] [stdout] running 5 tests
[INFO] [stdout] test memo_caches_on_get ... ok
[INFO] [stdout] test memo_clone_shares_cache ... ok
[INFO] [stdout] test memo_send_sync ... ok
[INFO] [stdout] test memo_with_complex_value ... ok
[INFO] [stdout] test memo_computes_lazily ... ok
[INFO] [stdout] 
[INFO] [stdout] test result: ok. 5 passed; 0 failed; 0 ignored; 0 measured; 0 filtered out; finished in 0.00s
[INFO] [stdout] 
[INFO] [stderr]      Running tests/observer_stack.rs (/opt/rustwide/target/release/build/slate-reactive/5ec1e38899f92bdb/out/observer_stack-5ec1e38899f92bdb)
[INFO] [stdout] 
[INFO] [stdout] running 4 tests
[INFO] [stdout] test nested_observers_pop_order ... ok
[INFO] [stdout] test deeply_nested_observers ... ok
[INFO] [stdout] test panic_inside_observer_pops_correctly ... ok
[INFO] [stdout] test observer_scope_isolated_per_thread ... ok
[INFO] [stdout] 
[INFO] [stdout] test result: ok. 4 passed; 0 failed; 0 ignored; 0 measured; 0 filtered out; finished in 0.00s
[INFO] [stdout] 
[INFO] [stderr]      Running tests/owner_drop.rs (/opt/rustwide/target/release/build/slate-reactive/1b86e5969b0dbdd1/out/owner_drop-1b86e5969b0dbdd1)
[INFO] [stdout] 
[INFO] [stdout] running 4 tests
[INFO] [stdout] test owner_scope_isolation ... ok
[INFO] [stdout] test nested_owners_with_effects ... ok
[INFO] [stdout] test effect_runs_on_creation_with_owner ... ok
[INFO] [stdout] test effect_without_owner_still_runs ... ok
[INFO] [stdout] 
[INFO] [stdout] test result: ok. 4 passed; 0 failed; 0 ignored; 0 measured; 0 filtered out; finished in 0.00s
[INFO] [stdout] 
[INFO] [stderr]      Running tests/profiling_reentrancy.rs (/opt/rustwide/target/release/build/slate-reactive/d96eb3128ca63ea3/out/profiling_reentrancy-d96eb3128ca63ea3)
[INFO] [stdout] 
[INFO] [stdout] running 0 tests
[INFO] [stdout] 
[INFO] [stdout] test result: ok. 0 passed; 0 failed; 0 ignored; 0 measured; 0 filtered out; finished in 0.00s
[INFO] [stdout] 
[INFO] [stderr]      Running tests/profiling_signal.rs (/opt/rustwide/target/release/build/slate-reactive/86775b16b67f8d6f/out/profiling_signal-86775b16b67f8d6f)
[INFO] [stdout] 
[INFO] [stdout] running 0 tests
[INFO] [stdout] 
[INFO] [stdout] test result: ok. 0 passed; 0 failed; 0 ignored; 0 measured; 0 filtered out; finished in 0.00s
[INFO] [stdout] 
[INFO] [stderr]      Running tests/runtime_coalesce.rs (/opt/rustwide/target/release/build/slate-reactive/cca34fea14d88bb0/out/runtime_coalesce-cca34fea14d88bb0)
[INFO] [stdout] 
[INFO] [stdout] running 2 tests
[INFO] [stdout] test concurrent_mark_and_drain ... ok
[INFO] [stdout] test thousand_threads_coalesce ... ok
[INFO] [stdout] 
[INFO] [stdout] test result: ok. 2 passed; 0 failed; 0 ignored; 0 measured; 0 filtered out; finished in 0.14s
[INFO] [stdout] 
[INFO] [stderr]      Running tests/runtime_redraw.rs (/opt/rustwide/target/release/build/slate-reactive/2392acd3ea31388c/out/runtime_redraw-2392acd3ea31388c)
[INFO] [stdout] 
[INFO] [stdout] running 4 tests
[INFO] [stdout] test install_and_trigger_redraw ... ok
[INFO] [stdout] test redraw_coalesced_without_drain ... ok
[INFO] [stdout] test no_callback_installed ... ok
[INFO] [stdout] test redraw_fires_again_after_drain ... ok
[INFO] [stdout] 
[INFO] [stdout] test result: ok. 4 passed; 0 failed; 0 ignored; 0 measured; 0 filtered out; finished in 0.00s
[INFO] [stdout] 
[INFO] [stderr]      Running tests/signal_basic.rs (/opt/rustwide/target/release/build/slate-reactive/410a2bed88f79e3a/out/signal_basic-410a2bed88f79e3a)
[INFO] [stdout] 
[INFO] [stdout] running 9 tests
[INFO] [stdout] test get_set_untracked ... ok
[INFO] [stdout] test set_marks_runtime_dirty ... ok
[INFO] [stdout] test get_untracked_does_not_subscribe ... ok
[INFO] [stdout] test multiple_observers_all_subscribed ... ok
[INFO] [stdout] test clone_shares_state ... ok
[INFO] [stdout] test subscription_via_get_in_observer_scope ... ok
[INFO] [stdout] test update_modifies_value ... ok
[INFO] [stdout] test try_get_semantics ... ok
[INFO] [stdout] test update_marks_runtime_dirty ... ok
[INFO] [stdout] 
[INFO] [stdout] test result: ok. 9 passed; 0 failed; 0 ignored; 0 measured; 0 filtered out; finished in 0.00s
[INFO] [stdout] 
[INFO] [stderr]      Running tests/signal_reentry.rs (/opt/rustwide/target/release/build/slate-reactive/d29f716733b5f973/out/signal_reentry-d29f716733b5f973)
[INFO] [stdout] 
[INFO] [stdout] running 3 tests
[INFO] [stderr]      Running tests/signal_send_sync.rs (/opt/rustwide/target/release/build/slate-reactive/f06f36e6842839b6/out/signal_send_sync-f06f36e6842839b6)
[INFO] [stdout] test set_during_notify_does_not_deadlock ... ok
[INFO] [stdout] test update_during_redraw ... ok
[INFO] [stdout] test nested_signal_set_in_redraw ... ok
[INFO] [stdout] 
[INFO] [stdout] test result: ok. 3 passed; 0 failed; 0 ignored; 0 measured; 0 filtered out; finished in 0.00s
[INFO] [stdout] 
[INFO] [stdout] 
[INFO] [stdout] running 5 tests
[INFO] [stdout] test signal_string_is_send_sync ... ok
[INFO] [stdout] test signal_arc_is_send_sync ... ok
[INFO] [stdout] test signal_can_be_sent_to_thread ... ok
[INFO] [stdout] test signal_u32_is_send_sync ... ok
[INFO] [stdout] test signal_vec_is_send_sync ... ok
[INFO] [stdout] 
[INFO] [stdout] test result: ok. 5 passed; 0 failed; 0 ignored; 0 measured; 0 filtered out; finished in 0.00s
[INFO] [stdout] 
[INFO] [stderr]      Running tests/trybuild.rs (/opt/rustwide/target/release/build/slate-reactive/99f2d8b1d3b99f29/out/trybuild-99f2d8b1d3b99f29)
[INFO] [stdout] 
[INFO] [stdout] running 1 test
[INFO] [stderr]    Compiling libc v0.2.186
[INFO] [stderr]    Compiling parking_lot_core v0.9.12
[INFO] [stderr]     Checking scopeguard v1.2.0
[INFO] [stderr]     Checking smallvec v1.15.1
[INFO] [stderr]     Checking cfg-if v1.0.4
[INFO] [stderr]     Checking log v0.4.29
[INFO] [stderr]     Checking lock_api v0.4.14
[INFO] [stderr]     Checking parking_lot v0.12.5
[INFO] [stderr]     Checking slate-reactive v1.0.1 (/opt/rustwide/workdir)
[INFO] [stderr]     Checking slate-reactive-tests v0.0.0 (/opt/rustwide/target/tests/trybuild/slate-reactive)
[INFO] [stderr]     Finished `dev` profile [unoptimized + debuginfo] target(s) in 2.27s
[INFO] [stderr] 
[INFO] [stderr] 
[INFO] [stderr] test tests/trybuild/ui/effect_send.rs ... mismatch
[INFO] [stderr] 
[INFO] [stderr] EXPECTED:
[INFO] [stderr] ┈┈┈┈┈┈┈┈┈┈┈┈┈┈┈┈┈┈┈┈┈┈┈┈┈┈┈┈┈┈┈┈┈┈┈┈┈┈┈┈┈┈┈┈┈┈┈┈┈┈┈┈┈┈┈┈┈┈┈┈
[INFO] [stderr] error[E0277]: `*const ()` cannot be sent between threads safely
[INFO] [stderr]   --> tests/trybuild/ui/effect_send.rs:12:17
[INFO] [stderr]    |
[INFO] [stderr] 12 |     assert_send(effect);
[INFO] [stderr]    |     ----------- ^^^^^^ `*const ()` cannot be sent between threads safely
[INFO] [stderr]    |     |
[INFO] [stderr]    |     required by a bound introduced by this call
[INFO] [stderr]    |
[INFO] [stderr]    = help: within `Effect`, the trait `Send` is not implemented for `*const ()`
[INFO] [stderr] note: required because it appears within the type `PhantomData<*const ()>`
[INFO] [stderr]   --> $RUST/core/src/marker.rs
[INFO] [stderr]    |
[INFO] [stderr]    | pub struct PhantomData<T: PointeeSized>;
[INFO] [stderr]    |            ^^^^^^^^^^^
[INFO] [stderr] note: required because it appears within the type `Effect`
[INFO] [stderr]   --> src/effect.rs
[INFO] [stderr]    |
[INFO] [stderr]    | pub struct Effect {
[INFO] [stderr]    |            ^^^^^^
[INFO] [stderr] note: required by a bound in `assert_send`
[INFO] [stderr]   --> tests/trybuild/ui/effect_send.rs:3:19
[INFO] [stderr]    |
[INFO] [stderr]  3 | fn assert_send<T: Send>(_: T) {}
[INFO] [stderr]    |                   ^^^^ required by this bound in `assert_send`
[INFO] [stderr] ┈┈┈┈┈┈┈┈┈┈┈┈┈┈┈┈┈┈┈┈┈┈┈┈┈┈┈┈┈┈┈┈┈┈┈┈┈┈┈┈┈┈┈┈┈┈┈┈┈┈┈┈┈┈┈┈┈┈┈┈
[INFO] [stderr] 
[INFO] [stderr] ACTUAL OUTPUT:
[INFO] [stderr] ┈┈┈┈┈┈┈┈┈┈┈┈┈┈┈┈┈┈┈┈┈┈┈┈┈┈┈┈┈┈┈┈┈┈┈┈┈┈┈┈┈┈┈┈┈┈┈┈┈┈┈┈┈┈┈┈┈┈┈┈
[INFO] [stderr] error[E0277]: `*const ()` cannot be sent between threads safely
[INFO] [stderr]   --> tests/trybuild/ui/effect_send.rs:12:17
[INFO] [stderr]    |
[INFO] [stderr] 12 |     assert_send(effect);
[INFO] [stderr]    |     ----------- ^^^^^^ `*const ()` cannot be sent between threads safely
[INFO] [stderr]    |     |
[INFO] [stderr]    |     required by a bound introduced by this call
[INFO] [stderr]    |
[INFO] [stderr]    = help: within `Effect`, the trait `Send` is not implemented for `*const ()`
[INFO] [stderr] note: required because it appears within the type `PhantomData<*const ()>`
[INFO] [stderr]   --> $RUST/core/src/marker.rs
[INFO] [stderr] note: required because it appears within the type `Effect`
[INFO] [stderr]   --> src/effect.rs
[INFO] [stderr]    |
[INFO] [stderr]    | pub struct Effect {
[INFO] [stderr]    |            ^^^^^^
[INFO] [stderr] note: required by a bound in `assert_send`
[INFO] [stderr]   --> tests/trybuild/ui/effect_send.rs:3:19
[INFO] [stderr]    |
[INFO] [stderr]  3 | fn assert_send<T: Send>(_: T) {}
[INFO] [stderr]    |                   ^^^^ required by this bound in `assert_send`
[INFO] [stderr] ┈┈┈┈┈┈┈┈┈┈┈┈┈┈┈┈┈┈┈┈┈┈┈┈┈┈┈┈┈┈┈┈┈┈┈┈┈┈┈┈┈┈┈┈┈┈┈┈┈┈┈┈┈┈┈┈┈┈┈┈
[INFO] [stderr] note: If the actual output is the correct output you can bless it by rerunning
[INFO] [stderr]       your test with the environment variable TRYBUILD=overwrite
[INFO] [stderr] 
[INFO] [stderr] 
[INFO] [stderr] 
[INFO] [stdout] test compile_fail_tests ... FAILED
[INFO] [stdout] 
[INFO] [stdout] failures:
[INFO] [stdout] 
[INFO] [stdout] ---- compile_fail_tests stdout ----
[INFO] [stdout] 
[INFO] [stdout] thread 'compile_fail_tests' (1991) panicked at /opt/rustwide/cargo-home/registry/src/index.crates.io-1949cf8c6b5b557f/trybuild-1.0.116/src/run.rs:102:13:
[INFO] [stdout] 1 of 1 tests failed
[INFO] [stdout] stack backtrace:
[INFO] [stdout]    0:     0x5daf8de75a81 - <<std[617be2ca0a6fd877]::sys::backtrace::BacktraceLock>::print::DisplayBacktrace as core[a373ad73a504971]::fmt::Display>::fmt
[INFO] [stdout]    1:     0x5daf8de8bd6a - core[a373ad73a504971]::fmt::write
[INFO] [stdout]    2:     0x5daf8de7a2cc - <alloc[2e1b2a31b91974c5]::vec::Vec<u8> as core[a373ad73a504971]::io::write::Write>::write_fmt
[INFO] [stdout]    3:     0x5daf8de4eee6 - std[617be2ca0a6fd877]::panicking::default_hook::{closure#0}
[INFO] [stdout]    4:     0x5daf8de6d029 - std[617be2ca0a6fd877]::panicking::default_hook
[INFO] [stdout]    5:     0x5daf8de06630 - test[aada8e7e76ba119b]::test_main_inner::{closure#0}
[INFO] [stdout]    6:     0x5daf8de6d1e2 - std[617be2ca0a6fd877]::panicking::panic_with_hook
[INFO] [stdout]    7:     0x5daf8de4ef92 - std[617be2ca0a6fd877]::panicking::panic_handler::{closure#0}
[INFO] [stdout]    8:     0x5daf8de477e9 - std[617be2ca0a6fd877]::sys::backtrace::__rust_end_short_backtrace::<std[617be2ca0a6fd877]::panicking::panic_handler::{closure#0}, !>
[INFO] [stdout]    9:     0x5daf8de4fb9d - __rustc[ea4f61d10b84890b]::rust_begin_unwind
[INFO] [stdout]   10:     0x5daf8de8c4dc - core[a373ad73a504971]::panicking::panic_fmt
[INFO] [stdout]   11:     0x5daf8dd58b0b - <trybuild[8e93aee9203ecbf0]::Runner>::run
[INFO] [stdout]   12:     0x5daf8dd5bc20 - <trybuild[8e93aee9203ecbf0]::TestCases as core[a373ad73a504971]::ops::drop::Drop>::drop
[INFO] [stdout]   13:     0x5daf8dd51e78 - trybuild[b523de6eeaf9ccc0]::compile_fail_tests
[INFO] [stdout]   14:     0x5daf8dd52079 - <trybuild[b523de6eeaf9ccc0]::compile_fail_tests::{closure#0} as core[a373ad73a504971]::ops::function::FnOnce<()>>::call_once
[INFO] [stdout]   15:     0x5daf8ddf9a7b - test[aada8e7e76ba119b]::__rust_begin_short_backtrace::<core[a373ad73a504971]::result::Result<(), alloc[2e1b2a31b91974c5]::string::String>, fn() -> core[a373ad73a504971]::result::Result<(), alloc[2e1b2a31b91974c5]::string::String>>
[INFO] [stdout]   16:     0x5daf8de06c55 - test[aada8e7e76ba119b]::run_test::{closure#0}
[INFO] [stdout]   17:     0x5daf8de00544 - std[617be2ca0a6fd877]::sys::backtrace::__rust_begin_short_backtrace::<test[aada8e7e76ba119b]::run_test::{closure#1}, ()>
[INFO] [stdout]   18:     0x5daf8de09ce2 - <std[617be2ca0a6fd877]::thread::lifecycle::spawn_unchecked<test[aada8e7e76ba119b]::run_test::{closure#1}, ()>::{closure#1} as core[a373ad73a504971]::ops::function::FnOnce<()>>::call_once::{shim:vtable#0}
[INFO] [stdout]   19:     0x5daf8de74cdf - <std[617be2ca0a6fd877]::sys::thread::unix::Thread>::new::thread_start
[INFO] [stdout]   20:     0x7f83e5836dfa - <unknown>
[INFO] [stdout]   21:     0x7f83e58ca3d4 - clone
[INFO] [stdout]   22:                0x0 - <unknown>
[INFO] [stdout] 
[INFO] [stdout] 
[INFO] [stdout] failures:
[INFO] [stdout]     compile_fail_tests
[INFO] [stdout] 
[INFO] [stdout] test result: FAILED. 0 passed; 1 failed; 0 ignored; 0 measured; 0 filtered out; finished in 4.17s
[INFO] [stdout] 
[INFO] [stderr] error: test failed, to rerun pass `--test trybuild`
[INFO] running `Command { std: "docker" "inspect" "886f1a78a59a0d0c5f78922a436214224a3f261e2aae1704344832edc1c0f3c7", kill_on_drop: false }`
[INFO] running `Command { std: "docker" "rm" "-f" "886f1a78a59a0d0c5f78922a436214224a3f261e2aae1704344832edc1c0f3c7", kill_on_drop: false }`
[INFO] [stdout] 886f1a78a59a0d0c5f78922a436214224a3f261e2aae1704344832edc1c0f3c7
